--
-- Host: localhost    Database: glascard_konfigurator
-- ------------------------------------------------------


--
-- Table structure for table `ArticleEntry`
--

CREATE TABLE `ArticleEntry` (
  `ArticleEntry_ID` int(10) unsigned NOT NULL AUTO_INCREMENT,
  `ArticleEntry_Date` date NOT NULL DEFAULT '0000-00-00',
  `ArticleEntry_Expire` date NOT NULL DEFAULT '0000-00-00',
  `ArticleEntry_Time` time DEFAULT NULL,
  `ArticleEntry_Value` float DEFAULT NULL,
  `ArticleEntry_Rating` int(11) DEFAULT NULL,
  `ArticleEntry_Rating_Count` int(11) DEFAULT NULL,
  `ArticleEntry_Template` varchar(255) DEFAULT NULL,
  `Person_ID_Edit` int(10) unsigned DEFAULT NULL,
  `Table_Edit` timestamp NOT NULL DEFAULT CURRENT_TIMESTAMP ON UPDATE CURRENT_TIMESTAMP,
  `Person_ID_Create` int(10) unsigned DEFAULT NULL,
  `Table_Create` timestamp NOT NULL DEFAULT '0000-00-00 00:00:00',
  PRIMARY KEY (`ArticleEntry_ID`),
  KEY `IDX_ArticleEntry_1` (`ArticleEntry_Date`),
  KEY `IDX_ArticleEntry_2` (`ArticleEntry_Rating_Count`),
  KEY `IDX_Person_Person_ID_Edit` (`Person_ID_Edit`),
  KEY `IDX_Person_Person_ID_Create` (`Person_ID_Create`),
  CONSTRAINT `ArticleEntry_ibfk_1` FOREIGN KEY (`Person_ID_Edit`) REFERENCES `Person` (`Person_ID`) ON DELETE NO ACTION ON UPDATE NO ACTION,
  CONSTRAINT `ArticleEntry_ibfk_2` FOREIGN KEY (`Person_ID_Create`) REFERENCES `Person` (`Person_ID`) ON DELETE NO ACTION ON UPDATE NO ACTION
) ENGINE=InnoDB AUTO_INCREMENT=131 DEFAULT CHARSET=utf8;

--
-- Dumping data for table `ArticleEntry`
--

INSERT INTO `ArticleEntry` VALUES (1,'0000-00-00','0000-00-00',NULL,NULL,NULL,NULL,NULL,1,'2012-03-26 08:21:38',1,'2012-03-26 08:21:38'),(2,'0000-00-00','0000-00-00',NULL,NULL,NULL,NULL,NULL,1,'2012-03-26 08:21:38',1,'2012-03-26 08:21:38'),(3,'0000-00-00','0000-00-00',NULL,NULL,NULL,NULL,NULL,1,'2012-03-26 08:21:38',1,'2012-03-26 08:21:38'),(4,'0000-00-00','0000-00-00',NULL,NULL,NULL,NULL,NULL,1,'2012-03-26 08:21:38',1,'2012-03-26 08:21:38'),(5,'0000-00-00','0000-00-00',NULL,NULL,NULL,NULL,NULL,1,'2012-03-26 08:21:38',1,'2012-03-26 08:21:38'),(6,'0000-00-00','0000-00-00',NULL,NULL,NULL,NULL,NULL,1,'2012-03-26 08:21:38',1,'2012-03-26 08:21:38'),(7,'0000-00-00','0000-00-00',NULL,NULL,NULL,NULL,NULL,1,'2012-03-26 08:21:38',1,'2012-03-26 08:21:38'),(8,'0000-00-00','0000-00-00',NULL,NULL,NULL,NULL,NULL,1,'2012-03-26 08:21:38',1,'2012-03-26 08:21:38'),(9,'2008-07-21','0000-00-00',NULL,NULL,NULL,NULL,NULL,1,'2012-03-26 08:21:38',1,'2012-03-26 08:21:38'),(10,'2008-07-21','0000-00-00',NULL,NULL,NULL,NULL,NULL,1,'2012-03-26 08:21:38',1,'2012-03-26 08:21:38'),(11,'2008-07-21','0000-00-00',NULL,NULL,NULL,NULL,NULL,1,'2012-03-26 08:21:38',1,'2012-03-26 08:21:38'),(12,'2008-07-21','0000-00-00',NULL,NULL,NULL,NULL,NULL,2,'2015-09-30 12:20:36',1,'2012-03-26 08:21:38'),(13,'0000-00-00','0000-00-00',NULL,NULL,NULL,NULL,NULL,1,'2012-03-26 08:21:38',1,'2012-03-26 08:21:38'),(14,'0000-00-00','0000-00-00',NULL,NULL,NULL,NULL,NULL,9,'2015-09-17 06:03:44',1,'2012-03-26 08:21:38'),(15,'0000-00-00','0000-00-00',NULL,NULL,NULL,NULL,NULL,1,'2012-03-26 08:21:38',1,'2012-03-26 08:21:38'),(16,'0000-00-00','0000-00-00',NULL,NULL,NULL,NULL,NULL,1,'2012-03-26 08:21:38',1,'2012-03-26 08:21:38'),(17,'0000-00-00','0000-00-00',NULL,NULL,NULL,NULL,NULL,9,'2018-12-13 08:44:17',1,'2012-03-26 08:37:42'),(18,'0000-00-00','0000-00-00',NULL,NULL,NULL,NULL,NULL,9,'2018-12-13 08:44:24',1,'2012-03-26 08:38:36'),(19,'0000-00-00','0000-00-00',NULL,NULL,NULL,NULL,NULL,9,'2018-12-13 08:45:01',1,'2012-03-26 08:39:56'),(20,'0000-00-00','0000-00-00',NULL,NULL,NULL,NULL,NULL,9,'2018-12-13 08:45:27',1,'2012-03-26 08:40:53'),(21,'0000-00-00','0000-00-00',NULL,NULL,NULL,NULL,NULL,1,'2012-03-26 08:41:50',1,'2012-03-26 08:41:50'),(22,'0000-00-00','0000-00-00',NULL,NULL,NULL,NULL,NULL,1,'2012-03-26 08:42:19',1,'2012-03-26 08:42:19'),(23,'0000-00-00','0000-00-00',NULL,NULL,NULL,NULL,NULL,9,'2016-03-18 14:59:16',1,'2012-03-26 08:42:59'),(24,'0000-00-00','0000-00-00',NULL,NULL,NULL,NULL,NULL,2,'2015-09-07 09:47:33',1,'2012-03-26 08:43:49'),(25,'0000-00-00','0000-00-00',NULL,NULL,NULL,NULL,NULL,2,'2015-09-15 15:51:18',1,'2012-03-26 08:44:10'),(26,'0000-00-00','0000-00-00',NULL,NULL,NULL,NULL,NULL,1,'2012-03-26 08:44:35',1,'2012-03-26 08:44:35'),(27,'0000-00-00','0000-00-00',NULL,NULL,NULL,NULL,NULL,2,'2015-09-07 09:48:08',1,'2012-03-26 08:44:59'),(28,'0000-00-00','0000-00-00',NULL,NULL,NULL,NULL,NULL,1,'2012-03-26 08:46:02',1,'2012-03-26 08:45:28'),(29,'0000-00-00','0000-00-00',NULL,NULL,NULL,NULL,NULL,1,'2012-03-26 08:46:34',1,'2012-03-26 08:46:34'),(30,'0000-00-00','0000-00-00',NULL,NULL,NULL,NULL,NULL,9,'2016-03-18 14:59:49',1,'2012-03-26 08:47:36'),(31,'0000-00-00','0000-00-00',NULL,NULL,NULL,NULL,NULL,1,'2012-03-26 08:48:49',1,'2012-03-26 08:48:49'),(32,'0000-00-00','0000-00-00',NULL,NULL,NULL,NULL,NULL,1,'2012-03-26 08:49:39',1,'2012-03-26 08:49:39'),(33,'0000-00-00','0000-00-00',NULL,NULL,NULL,NULL,NULL,1,'2012-03-26 08:50:05',1,'2012-03-26 08:50:05'),(34,'0000-00-00','0000-00-00',NULL,NULL,NULL,NULL,NULL,9,'2016-03-18 14:59:54',1,'2012-03-26 08:50:47'),(35,'0000-00-00','0000-00-00',NULL,NULL,NULL,NULL,NULL,1,'2012-03-26 08:51:56',1,'2012-03-26 08:51:56'),(36,'0000-00-00','0000-00-00',NULL,NULL,NULL,NULL,NULL,2,'2015-08-18 08:42:41',1,'2012-03-26 08:52:32'),(37,'0000-00-00','0000-00-00',NULL,NULL,NULL,NULL,NULL,2,'2015-09-15 15:52:16',1,'2012-03-26 08:53:05'),(38,'0000-00-00','0000-00-00',NULL,NULL,NULL,NULL,NULL,1,'2012-03-26 08:53:41',1,'2012-03-26 08:53:41'),(39,'0000-00-00','0000-00-00',NULL,NULL,NULL,NULL,NULL,9,'2016-03-18 15:00:00',1,'2012-03-26 08:57:01'),(40,'0000-00-00','0000-00-00',NULL,NULL,NULL,NULL,NULL,1,'2012-03-26 08:57:35',1,'2012-03-26 08:57:35'),(41,'0000-00-00','0000-00-00',NULL,NULL,NULL,NULL,NULL,2,'2015-06-22 11:53:13',2,'2015-06-10 14:38:25'),(45,'0000-00-00','0000-00-00',NULL,NULL,NULL,NULL,NULL,2,'2015-08-03 13:11:39',2,'2015-08-03 13:09:59'),(46,'0000-00-00','0000-00-00',NULL,NULL,NULL,NULL,NULL,9,'2015-09-15 14:53:10',2,'2015-08-03 13:10:06'),(47,'0000-00-00','0000-00-00',NULL,NULL,NULL,NULL,NULL,9,'2015-09-15 14:58:14',2,'2015-08-03 13:10:10'),(49,'0000-00-00','0000-00-00',NULL,NULL,NULL,NULL,NULL,9,'2015-09-15 14:36:52',2,'2015-08-03 13:10:41'),(50,'0000-00-00','0000-00-00',NULL,NULL,NULL,NULL,NULL,9,'2015-09-15 14:33:51',2,'2015-08-03 13:10:44'),(51,'0000-00-00','0000-00-00',NULL,NULL,NULL,NULL,NULL,9,'2015-09-15 14:42:41',2,'2015-08-03 13:10:46'),(53,'0000-00-00','0000-00-00',NULL,NULL,NULL,NULL,NULL,2,'2015-08-26 12:10:35',2,'2015-08-26 12:09:39'),(54,'0000-00-00','0000-00-00',NULL,NULL,NULL,NULL,NULL,2,'2015-08-26 12:17:54',2,'2015-08-26 12:17:47'),(56,'0000-00-00','0000-00-00',NULL,NULL,NULL,NULL,NULL,2,'2015-09-16 11:34:56',1,'2015-09-16 11:16:22'),(57,'0000-00-00','0000-00-00',NULL,NULL,NULL,NULL,NULL,2,'2015-09-16 11:35:05',1,'2015-09-16 11:16:25'),(58,'0000-00-00','0000-00-00',NULL,NULL,NULL,NULL,NULL,2,'2015-09-16 11:35:15',1,'2015-09-16 11:16:28'),(59,'0000-00-00','0000-00-00',NULL,NULL,NULL,NULL,NULL,2,'2015-09-16 11:35:22',1,'2015-09-16 11:16:32'),(60,'0000-00-00','0000-00-00',NULL,NULL,NULL,NULL,NULL,2,'2015-09-16 11:35:32',1,'2015-09-16 11:16:35'),(61,'0000-00-00','0000-00-00',NULL,NULL,NULL,NULL,NULL,2,'2015-09-16 11:35:41',1,'2015-09-16 11:16:37'),(62,'0000-00-00','0000-00-00',NULL,NULL,NULL,NULL,NULL,2,'2015-09-16 11:35:50',1,'2015-09-16 11:16:40'),(63,'0000-00-00','0000-00-00',NULL,NULL,NULL,NULL,NULL,2,'2015-09-16 11:35:58',1,'2015-09-16 11:16:43'),(64,'0000-00-00','0000-00-00',NULL,NULL,NULL,NULL,NULL,2,'2015-09-16 11:36:07',1,'2015-09-16 11:16:44'),(65,'0000-00-00','0000-00-00',NULL,NULL,NULL,NULL,NULL,2,'2015-09-16 11:36:17',1,'2015-09-16 11:16:46'),(66,'0000-00-00','0000-00-00',NULL,NULL,NULL,NULL,NULL,2,'2015-09-16 11:36:25',1,'2015-09-16 11:16:47'),(67,'0000-00-00','0000-00-00',NULL,NULL,NULL,NULL,NULL,2,'2015-09-16 11:37:26',1,'2015-09-16 11:16:51'),(68,'0000-00-00','0000-00-00',NULL,NULL,NULL,NULL,NULL,2,'2015-09-16 11:36:33',1,'2015-09-16 11:16:51'),(69,'0000-00-00','0000-00-00',NULL,NULL,NULL,NULL,NULL,2,'2015-09-16 11:36:41',1,'2015-09-16 11:16:52'),(70,'0000-00-00','0000-00-00',NULL,NULL,NULL,NULL,NULL,2,'2015-09-16 11:36:50',1,'2015-09-16 11:16:55'),(71,'0000-00-00','0000-00-00',NULL,NULL,NULL,NULL,NULL,2,'2015-09-16 11:36:59',1,'2015-09-16 11:16:58'),(72,'0000-00-00','0000-00-00',NULL,NULL,NULL,NULL,NULL,2,'2015-09-16 11:37:08',1,'2015-09-16 11:17:02'),(73,'0000-00-00','0000-00-00',NULL,NULL,NULL,NULL,NULL,2,'2015-09-16 11:37:17',1,'2015-09-16 11:17:04'),(74,'0000-00-00','0000-00-00',NULL,NULL,NULL,NULL,NULL,2,'2015-09-16 11:32:51',1,'2015-09-16 11:17:06'),(75,'0000-00-00','0000-00-00',NULL,NULL,NULL,NULL,NULL,2,'2015-09-16 11:33:01',1,'2015-09-16 11:17:07'),(76,'0000-00-00','0000-00-00',NULL,NULL,NULL,NULL,NULL,2,'2015-09-16 11:33:12',1,'2015-09-16 11:17:08'),(77,'0000-00-00','0000-00-00',NULL,NULL,NULL,NULL,NULL,2,'2015-09-16 11:33:22',1,'2015-09-16 11:17:08'),(78,'0000-00-00','0000-00-00',NULL,NULL,NULL,NULL,NULL,2,'2015-09-16 11:33:32',1,'2015-09-16 11:17:09'),(79,'0000-00-00','0000-00-00',NULL,NULL,NULL,NULL,NULL,2,'2015-09-16 11:33:43',1,'2015-09-16 11:17:10'),(80,'0000-00-00','0000-00-00',NULL,NULL,NULL,NULL,NULL,2,'2015-09-16 11:33:52',1,'2015-09-16 11:17:11'),(81,'0000-00-00','0000-00-00',NULL,NULL,NULL,NULL,NULL,2,'2015-09-16 11:34:02',1,'2015-09-16 11:17:12'),(82,'0000-00-00','0000-00-00',NULL,NULL,NULL,NULL,NULL,2,'2015-09-16 11:34:12',1,'2015-09-16 11:17:13'),(83,'0000-00-00','0000-00-00',NULL,NULL,NULL,NULL,NULL,2,'2015-09-16 11:34:21',1,'2015-09-16 11:17:13'),(84,'0000-00-00','0000-00-00',NULL,NULL,NULL,NULL,NULL,2,'2015-09-16 11:34:29',1,'2015-09-16 11:17:14'),(85,'0000-00-00','0000-00-00',NULL,NULL,NULL,NULL,NULL,2,'2015-09-16 11:34:38',1,'2015-09-16 11:17:15'),(86,'0000-00-00','0000-00-00',NULL,NULL,NULL,NULL,NULL,2,'2015-09-16 11:34:47',1,'2015-09-16 11:17:16'),(87,'0000-00-00','0000-00-00',NULL,NULL,NULL,NULL,NULL,2,'2015-09-16 11:30:33',1,'2015-09-16 11:17:17'),(88,'0000-00-00','0000-00-00',NULL,NULL,NULL,NULL,NULL,2,'2015-09-16 11:31:59',1,'2015-09-16 11:17:18'),(89,'0000-00-00','0000-00-00',NULL,NULL,NULL,NULL,NULL,2,'2015-09-16 11:32:12',1,'2015-09-16 11:17:18'),(90,'0000-00-00','0000-00-00',NULL,NULL,NULL,NULL,NULL,2,'2015-09-16 11:32:22',1,'2015-09-16 11:17:19'),(91,'0000-00-00','0000-00-00',NULL,NULL,NULL,NULL,NULL,2,'2015-09-16 11:32:34',1,'2015-09-16 11:17:20'),(92,'0000-00-00','0000-00-00',NULL,NULL,NULL,NULL,NULL,2,'2015-09-29 13:48:48',NULL,'0000-00-00 00:00:00'),(93,'0000-00-00','0000-00-00',NULL,NULL,NULL,NULL,NULL,2,'2015-09-29 13:53:10',NULL,'0000-00-00 00:00:00'),(94,'0000-00-00','0000-00-00',NULL,NULL,NULL,NULL,NULL,2,'2015-10-12 10:44:09',2,'2015-10-12 10:05:04'),(95,'0000-00-00','0000-00-00',NULL,NULL,NULL,NULL,NULL,2,'2015-10-12 10:05:42',2,'2015-10-12 10:05:42'),(101,'0000-00-00','0000-00-00',NULL,NULL,NULL,NULL,NULL,9,'2019-01-08 14:35:45',2,'2016-02-10 15:02:47'),(102,'0000-00-00','0000-00-00',NULL,NULL,NULL,NULL,NULL,2,'2016-02-17 14:48:48',2,'2016-02-17 14:21:05'),(108,'0000-00-00','0000-00-00',NULL,NULL,NULL,NULL,NULL,2,'2016-02-25 15:34:37',2,'2016-02-25 15:25:05'),(109,'0000-00-00','0000-00-00',NULL,NULL,NULL,NULL,NULL,9,'2016-03-25 10:43:54',9,'2016-03-25 10:41:09'),(110,'0000-00-00','0000-00-00',NULL,NULL,NULL,NULL,NULL,9,'2016-03-25 10:55:07',9,'2016-03-25 10:54:31'),(111,'0000-00-00','0000-00-00',NULL,NULL,NULL,NULL,NULL,9,'2016-03-25 13:02:21',9,'2016-03-25 10:56:08'),(112,'0000-00-00','0000-00-00',NULL,NULL,NULL,NULL,NULL,9,'2016-03-25 12:16:56',9,'2016-03-25 12:14:16'),(113,'0000-00-00','0000-00-00',NULL,NULL,NULL,NULL,NULL,9,'2016-03-25 12:20:05',9,'2016-03-25 12:19:04'),(114,'0000-00-00','0000-00-00',NULL,NULL,NULL,NULL,NULL,9,'2016-03-25 12:28:14',9,'2016-03-25 12:27:28'),(115,'0000-00-00','0000-00-00',NULL,NULL,NULL,NULL,NULL,9,'2016-03-25 12:32:55',9,'2016-03-25 12:32:23'),(116,'0000-00-00','0000-00-00',NULL,NULL,NULL,NULL,NULL,9,'2016-03-25 12:50:28',9,'2016-03-25 12:49:49'),(117,'0000-00-00','0000-00-00',NULL,NULL,NULL,NULL,NULL,9,'2016-03-25 12:53:21',9,'2016-03-25 12:52:43'),(118,'0000-00-00','0000-00-00',NULL,NULL,NULL,NULL,NULL,9,'2016-03-25 12:59:17',9,'2016-03-25 12:55:12'),(119,'0000-00-00','0000-00-00',NULL,NULL,NULL,NULL,NULL,9,'2016-03-25 12:59:03',9,'2016-03-25 12:58:36'),(120,'0000-00-00','0000-00-00',NULL,NULL,NULL,NULL,NULL,9,'2016-03-25 13:13:45',9,'2016-03-25 13:11:06'),(121,'0000-00-00','0000-00-00',NULL,NULL,NULL,NULL,NULL,2,'2016-09-02 17:34:59',2,'2016-09-02 17:19:37'),(122,'0000-00-00','0000-00-00',NULL,NULL,NULL,NULL,NULL,2,'2016-09-20 13:07:25',2,'2016-09-20 13:07:14'),(123,'0000-00-00','0000-00-00',NULL,NULL,NULL,NULL,NULL,2,'2016-10-17 12:14:13',2,'2016-10-17 12:14:02'),(124,'0000-00-00','0000-00-00',NULL,NULL,NULL,NULL,NULL,2,'2017-05-18 05:57:58',2,'2017-05-18 05:12:24'),(126,'0000-00-00','0000-00-00',NULL,NULL,NULL,NULL,NULL,2,'2017-05-18 06:00:30',2,'2017-05-18 06:00:21'),(127,'0000-00-00','0000-00-00',NULL,NULL,NULL,NULL,NULL,2,'2017-05-18 06:01:03',2,'2017-05-18 06:00:57'),(128,'0000-00-00','0000-00-00',NULL,NULL,NULL,NULL,NULL,2,'2017-05-18 06:01:53',2,'2017-05-18 06:01:47'),(129,'0000-00-00','0000-00-00',NULL,NULL,NULL,NULL,NULL,2,'2017-05-18 06:02:22',2,'2017-05-18 06:02:15'),(130,'0000-00-00','0000-00-00',NULL,NULL,NULL,NULL,NULL,2,'2017-05-18 06:02:47',2,'2017-05-18 06:02:41');

--
-- Table structure for table `ArticleEntryDateTime`
--

CREATE TABLE `ArticleEntryDateTime` (
  `ArticleEntryDateTime_ID` int(11) NOT NULL AUTO_INCREMENT,
  `ArticleEntry_ID` int(10) unsigned DEFAULT NULL,
  `ArticleEntryDateTimeType_Code` varchar(40) DEFAULT NULL,
  `ArticleEntryDateTime_Main` enum('true','false') DEFAULT 'false',
  `ArticleEntryDateTime_Active` enum('true','false') DEFAULT 'false',
  `ArticleEntryDateTime_DateFrom` date DEFAULT NULL,
  `ArticleEntryDateTime_DateTo` date DEFAULT NULL,
  `ArticleEntryDateTime_TimeFrom` time DEFAULT NULL,
  `ArticleEntryDateTime_TimeTo` time DEFAULT NULL,
  `Person_ID_Edit` int(10) unsigned DEFAULT NULL,
  `Table_Edit` timestamp NOT NULL DEFAULT CURRENT_TIMESTAMP ON UPDATE CURRENT_TIMESTAMP,
  `Person_ID_Create` int(10) unsigned DEFAULT NULL,
  `Table_Create` timestamp NOT NULL DEFAULT '0000-00-00 00:00:00',
  PRIMARY KEY (`ArticleEntryDateTime_ID`),
  KEY `IDX_ArticleEntryDateTime_1` (`ArticleEntry_ID`),
  KEY `IDX_ArticleEntryDateTime_2` (`ArticleEntryDateTime_DateFrom`,`ArticleEntryDateTime_DateTo`),
  KEY `IDX_ArticleEntryDateTime_3` (`ArticleEntryDateTime_DateFrom`,`ArticleEntry_ID`,`ArticleEntryDateTime_DateTo`),
  KEY `IDX_ArticleEntryDateTime_4` (`ArticleEntryDateTimeType_Code`),
  KEY `IDX_Person_Person_ID_Edit` (`Person_ID_Edit`),
  KEY `IDX_Person_Person_ID_Create` (`Person_ID_Create`),
  CONSTRAINT `ArticleEntryDateTimeType_ArticleEntryDateTime` FOREIGN KEY (`ArticleEntryDateTimeType_Code`) REFERENCES `ArticleEntryDateTimeType` (`ArticleEntryDateTimeType_Code`),
  CONSTRAINT `ArticleEntryDateTime_ibfk_1` FOREIGN KEY (`Person_ID_Edit`) REFERENCES `Person` (`Person_ID`) ON DELETE NO ACTION ON UPDATE NO ACTION,
  CONSTRAINT `ArticleEntryDateTime_ibfk_2` FOREIGN KEY (`Person_ID_Create`) REFERENCES `Person` (`Person_ID`) ON DELETE NO ACTION ON UPDATE NO ACTION,
  CONSTRAINT `ArticleEntry_ArticleEntryDateTime` FOREIGN KEY (`ArticleEntry_ID`) REFERENCES `ArticleEntry` (`ArticleEntry_ID`) ON DELETE CASCADE
) ENGINE=InnoDB DEFAULT CHARSET=utf8;

--
-- Dumping data for table `ArticleEntryDateTime`
--


--
-- Table structure for table `ArticleEntryDateTimeType`
--

CREATE TABLE `ArticleEntryDateTimeType` (
  `ArticleEntryDateTimeType_Code` varchar(40) NOT NULL,
  `ArticleEntryDateTimeType_Name` varchar(255) DEFAULT NULL,
  `Person_ID_Edit` int(10) unsigned DEFAULT NULL,
  `Table_Edit` timestamp NOT NULL DEFAULT CURRENT_TIMESTAMP ON UPDATE CURRENT_TIMESTAMP,
  `Person_ID_Create` int(10) unsigned DEFAULT NULL,
  `Table_Create` timestamp NOT NULL DEFAULT '0000-00-00 00:00:00',
  PRIMARY KEY (`ArticleEntryDateTimeType_Code`),
  KEY `IDX_Person_Person_ID_Edit` (`Person_ID_Edit`),
  KEY `IDX_Person_Person_ID_Create` (`Person_ID_Create`),
  CONSTRAINT `ArticleEntryDateTimeType_ibfk_1` FOREIGN KEY (`Person_ID_Edit`) REFERENCES `Person` (`Person_ID`) ON DELETE NO ACTION ON UPDATE NO ACTION,
  CONSTRAINT `ArticleEntryDateTimeType_ibfk_2` FOREIGN KEY (`Person_ID_Create`) REFERENCES `Person` (`Person_ID`) ON DELETE NO ACTION ON UPDATE NO ACTION
) ENGINE=InnoDB DEFAULT CHARSET=utf8;

--
-- Dumping data for table `ArticleEntryDateTimeType`
--

INSERT INTO `ArticleEntryDateTimeType` VALUES ('default','Default',NULL,'2015-05-29 10:38:07',NULL,'0000-00-00 00:00:00');

--
-- Table structure for table `ArticleEntry_Document`
--

CREATE TABLE `ArticleEntry_Document` (
  `ArticleEntry_ID` int(10) unsigned NOT NULL,
  `Document_ID` int(10) unsigned NOT NULL,
  `ArticleEntry_Document_Order` int(10) unsigned NOT NULL,
  `Person_ID_Edit` int(10) unsigned DEFAULT NULL,
  `Table_Edit` timestamp NOT NULL DEFAULT CURRENT_TIMESTAMP ON UPDATE CURRENT_TIMESTAMP,
  `Person_ID_Create` int(10) unsigned DEFAULT NULL,
  `Table_Create` timestamp NOT NULL DEFAULT '0000-00-00 00:00:00',
  PRIMARY KEY (`ArticleEntry_ID`,`Document_ID`),
  KEY `IDX_ArticleEntry_Document_1` (`ArticleEntry_ID`),
  KEY `IDX_ArticleEntry_Document_2` (`Document_ID`),
  KEY `IDX_ArticleEntry_Document_3` (`ArticleEntry_Document_Order`),
  KEY `IDX_ArticleEntry_Document_4` (`ArticleEntry_ID`,`ArticleEntry_Document_Order`),
  KEY `IDX_Person_Person_ID_Edit` (`Person_ID_Edit`),
  KEY `IDX_Person_Person_ID_Create` (`Person_ID_Create`),
  CONSTRAINT `ArticleEntry_ArticleEntry_Document` FOREIGN KEY (`ArticleEntry_ID`) REFERENCES `ArticleEntry` (`ArticleEntry_ID`) ON DELETE CASCADE,
  CONSTRAINT `ArticleEntry_Document_ibfk_1` FOREIGN KEY (`Person_ID_Edit`) REFERENCES `Person` (`Person_ID`) ON DELETE NO ACTION ON UPDATE NO ACTION,
  CONSTRAINT `ArticleEntry_Document_ibfk_2` FOREIGN KEY (`Person_ID_Create`) REFERENCES `Person` (`Person_ID`) ON DELETE NO ACTION ON UPDATE NO ACTION,
  CONSTRAINT `Document_ArticleEntry_Document` FOREIGN KEY (`Document_ID`) REFERENCES `Document` (`Document_ID`) ON DELETE CASCADE
) ENGINE=InnoDB DEFAULT CHARSET=utf8;

--
-- Dumping data for table `ArticleEntry_Document`
--


--
-- Table structure for table `ArticleEntry_Language`
--

CREATE TABLE `ArticleEntry_Language` (
  `ArticleEntry_ID` int(10) unsigned NOT NULL,
  `Language_Code` varchar(3) NOT NULL,
  `ArticleEntry_Language_Title` varchar(255) NOT NULL,
  `ArticleEntry_Language_Head` text,
  `ArticleEntry_Language_Text` longtext,
  `ArticleEntry_Language_Appendix` varchar(255) DEFAULT NULL,
  `ArticleEntry_Language_TextCode` varchar(255) DEFAULT NULL,
  `ArticleEntry_Language_Show` enum('true','false') DEFAULT 'true',
  `ArticleEntry_Language_HTML` enum('true','false') DEFAULT 'false',
  `ArticleEntry_Language_Menu` varchar(255) DEFAULT NULL,
  `ArticleEntry_Language_SiteTitle` varchar(255) DEFAULT NULL,
  `ArticleEntry_Language_SiteDescription` varchar(255) DEFAULT NULL,
  `ArticleEntry_Language_Keyword` varchar(255) DEFAULT NULL,
  `ArticleEntry_Language_Additional` text,
  `ArticleEntry_Language_ShowFrom` datetime DEFAULT NULL,
  `ArticleEntry_Language_ShowTo` datetime DEFAULT NULL,
  `Person_ID_Edit` int(10) unsigned DEFAULT NULL,
  `Table_Edit` timestamp NOT NULL DEFAULT CURRENT_TIMESTAMP ON UPDATE CURRENT_TIMESTAMP,
  `Person_ID_Create` int(10) unsigned DEFAULT NULL,
  `Table_Create` timestamp NOT NULL DEFAULT '0000-00-00 00:00:00',
  PRIMARY KEY (`ArticleEntry_ID`,`Language_Code`),
  KEY `ArticleEntry_Language_Language_Code` (`Language_Code`),
  KEY `IDX_ArticleEntry_Language2` (`ArticleEntry_ID`),
  KEY `IDX_Person_Person_ID_Edit` (`Person_ID_Edit`),
  KEY `IDX_Person_Person_ID_Create` (`Person_ID_Create`),
  CONSTRAINT `ArticleEntry_Language_ibfk_1` FOREIGN KEY (`Language_Code`) REFERENCES `Language` (`Language_Code`),
  CONSTRAINT `ArticleEntry_Language_ibfk_2` FOREIGN KEY (`ArticleEntry_ID`) REFERENCES `ArticleEntry` (`ArticleEntry_ID`) ON DELETE CASCADE,
  CONSTRAINT `ArticleEntry_Language_ibfk_3` FOREIGN KEY (`Person_ID_Edit`) REFERENCES `Person` (`Person_ID`) ON DELETE NO ACTION ON UPDATE NO ACTION,
  CONSTRAINT `ArticleEntry_Language_ibfk_4` FOREIGN KEY (`Person_ID_Create`) REFERENCES `Person` (`Person_ID`) ON DELETE NO ACTION ON UPDATE NO ACTION
) ENGINE=InnoDB DEFAULT CHARSET=utf8;

--
-- Dumping data for table `ArticleEntry_Language`
--

INSERT INTO `ArticleEntry_Language` VALUES (1,'de','Medien','','',NULL,'medien','true','false','','','',NULL,NULL,NULL,NULL,1,'2012-03-26 08:21:38',1,'2012-03-26 08:21:38'),(2,'de','Demo-Startseite','','<p><strong>Lorem ipsum facer</strong> simul perpetua nec ex, id mel diam populo perfecto. No sit novum error accusam. Sit homero convenire an, meis dolores aliquando ne cum. Ignota impetus luptatum ea est, vim tantas soleat philosophia at. Eu eum sint commune ocurreret.</p>\r\n\r\n<ul>\r\n<li>An tempor regione deserunt per</li>\r\n<li>Feugait aliquando rationibus qui id</li>\r\n<li>Sea veniam ceteros tincidunt no</li>\r\n<li>Sed ei lorem possit principes</li>\r\n</ul>\r\n\r\n<p><b>Malis aliquam</b> adversarium et sit, mucius rationibus conclusionemque qui te. Quo at enim etiam urbanitas, usu liber perfecto neglegentur an. Rebum essent accusam eos no, id molestiae philosophia reprehendunt nec. Nam ei tibique eleifend, et nec natum blandit. Tale probo congue usu et.</p>\r\n\r\n<ol>\r\n<li>An tempor regione deserunt per</li>\r\n<li>Feugait aliquando rationibus qui id</li>\r\n<li>Sea veniam ceteros tincidunt no</li>\r\n<li>Sed ei lorem possit principes</li>\r\n</ol>\r\n\r\n<p>Eam <a href=\"http://www.buyclix.at\">id semper temporibus</a>, ea utinam suscipit indoctum mel. Ocurreret maluisset eam eu, ex vim veri dicunt. No mea quodsi accusam, dictas aeterno eu has. Scaevola urbanitas signiferumque sed ea, an nam unum labitur, ne quando persius minimum sit. Latine hendrerit te qui, ipsum menandri sed ex. Deseruisse incorrupte an eos, vim sale aperiam accommodare no. Error fabulas temporibus duo eu, nullam virtute invidunt qui in.</p>\r\n\r\n\r\n',NULL,'demo-startseite','true','false','','','',NULL,NULL,NULL,NULL,1,'2012-03-26 08:21:38',1,'2012-03-26 08:21:38'),(3,'de','Demo-About','','<p><strong>Lorem ipsum facer</strong> simul perpetua nec ex, id mel diam populo perfecto. No sit novum error accusam. Sit homero convenire an, meis dolores aliquando ne cum. Ignota impetus luptatum ea est, vim tantas soleat philosophia at. Eu eum sint commune ocurreret.</p>\r\n\r\n<ul>\r\n<li>An tempor regione deserunt per</li>\r\n<li>Feugait aliquando rationibus qui id</li>\r\n<li>Sea veniam ceteros tincidunt no</li>\r\n<li>Sed ei lorem possit principes</li>\r\n</ul>\r\n\r\n<p><b>Malis aliquam</b> adversarium et sit, mucius rationibus conclusionemque qui te. Quo at enim etiam urbanitas, usu liber perfecto neglegentur an. Rebum essent accusam eos no, id molestiae philosophia reprehendunt nec. Nam ei tibique eleifend, et nec natum blandit. Tale probo congue usu et.</p>\r\n\r\n<ol>\r\n<li>An tempor regione deserunt per</li>\r\n<li>Feugait aliquando rationibus qui id</li>\r\n<li>Sea veniam ceteros tincidunt no</li>\r\n<li>Sed ei lorem possit principes</li>\r\n</ol>\r\n\r\n<p>Eam <a href=\"http://www.buyclix.at\">id semper temporibus</a>, ea utinam suscipit indoctum mel. Ocurreret maluisset eam eu, ex vim veri dicunt. No mea quodsi accusam, dictas aeterno eu has. Scaevola urbanitas signiferumque sed ea, an nam unum labitur, ne quando persius minimum sit. Latine hendrerit te qui, ipsum menandri sed ex. Deseruisse incorrupte an eos, vim sale aperiam accommodare no. Error fabulas temporibus duo eu, nullam virtute invidunt qui in.</p>\r\n\r\n\r\n',NULL,'demo-about','true','false','','','',NULL,NULL,NULL,NULL,1,'2012-03-26 08:21:38',1,'2012-03-26 08:21:38'),(4,'de','Demo-News','','<p><strong>Lorem ipsum facer</strong> simul perpetua nec ex, id mel diam populo perfecto. No sit novum error accusam. Sit homero convenire an, meis dolores aliquando ne cum. Ignota impetus luptatum ea est, vim tantas soleat philosophia at. Eu eum sint commune ocurreret.</p>\r\n\r\n\r\n',NULL,'demo-news','true','false','','','',NULL,NULL,NULL,NULL,1,'2012-03-26 08:21:38',1,'2012-03-26 08:21:38'),(5,'de','Demo-Liste','','<p>Eam <a href=\"http://www.buyclix.at\">id semper temporibus</a>, ea utinam suscipit indoctum mel. Ocurreret maluisset eam eu, ex vim veri dicunt. No mea quodsi accusam, dictas aeterno eu has. Scaevola urbanitas signiferumque sed ea, an nam unum labitur, ne quando persius minimum sit. Latine hendrerit te qui, ipsum menandri sed ex. Deseruisse incorrupte an eos, vim sale aperiam accommodare no. Error fabulas temporibus duo eu, nullam virtute invidunt qui in.</p>\r\n\r\n\r\n',NULL,'demo-liste','true','false','','','',NULL,NULL,NULL,NULL,1,'2012-03-26 08:21:38',1,'2012-03-26 08:21:38'),(6,'de','Demo-Kontakt','','<p><strong>Lorem ipsum facer</strong> simul perpetua nec ex, id mel diam populo perfecto. No sit novum error accusam. Sit homero convenire an, meis dolores aliquando ne cum. Ignota impetus luptatum ea est, vim tantas soleat philosophia at. Eu eum sint commune ocurreret.</p>\r\n\r\n\r\n',NULL,'demo-kontakt','true','false','','','',NULL,NULL,NULL,NULL,1,'2012-03-26 08:21:38',1,'2012-03-26 08:21:38'),(7,'de','Demo-Listeneintrag #1',NULL,'<p><b>Malis aliquam</b> adversarium et sit, mucius rationibus conclusionemque qui te. Quo at enim etiam urbanitas, usu liber perfecto neglegentur an. Rebum essent accusam eos no, id molestiae philosophia reprehendunt nec. Nam ei tibique eleifend, et nec natum blandit. Tale probo congue usu et.</p>',NULL,'demo-listeneintrag_1','true','false','','','',NULL,NULL,NULL,NULL,1,'2012-03-26 08:21:38',1,'2012-03-26 08:21:38'),(8,'de','Demo-Listeneintrag #2',NULL,'<p><b>Malis aliquam</b> adversarium et sit, mucius rationibus conclusionemque qui te. Quo at enim etiam urbanitas, usu liber perfecto neglegentur an. Rebum essent accusam eos no, id molestiae philosophia reprehendunt nec. Nam ei tibique eleifend, et nec natum blandit. Tale probo congue usu et.</p>',NULL,'demo-listeneintrag_2','true','false','','','',NULL,NULL,NULL,NULL,1,'2012-03-26 08:21:38',1,'2012-03-26 08:21:38'),(9,'de','Demo-News #1','','<p><b>Malis aliquam</b> adversarium et sit, mucius rationibus conclusionemque qui te. Quo at enim etiam urbanitas, usu liber perfecto neglegentur an. Rebum essent accusam eos no, id molestiae philosophia reprehendunt nec. Nam ei tibique eleifend, et nec natum blandit. Tale probo congue usu et.</p>',NULL,'demo-news_1','true','false',NULL,'','',NULL,NULL,NULL,NULL,1,'2012-03-26 08:21:38',1,'2012-03-26 08:21:38'),(10,'de','Demo News #2','','<p><b>Malis aliquam</b> adversarium et sit, mucius rationibus conclusionemque qui te. Quo at enim etiam urbanitas, usu liber perfecto neglegentur an. Rebum essent accusam eos no, id molestiae philosophia reprehendunt nec. Nam ei tibique eleifend, et nec natum blandit. Tale probo congue usu et.</p>',NULL,'demo_news_2','true','false',NULL,'','',NULL,NULL,NULL,NULL,1,'2012-03-26 08:21:38',1,'2012-03-26 08:21:38'),(11,'de','Produkte','','',NULL,'produkte','true','false','','','',NULL,NULL,NULL,NULL,1,'2012-03-26 08:21:38',1,'2012-03-26 08:21:38'),(12,'de','Startseite',NULL,NULL,NULL,'startseite','true','false',NULL,'Glascard - Glasbilder online gestalten','Hochwertige Erinnerungen mit Bildern aus Glas. Gestalten Sie Ihr individuelles Glasbild oder eine Glasbild-Collage schon ab 10,90€.',NULL,NULL,NULL,NULL,2,'2015-09-30 12:20:36',1,'2012-03-26 08:21:38'),(13,'de','Neu im Shop','','',NULL,'neu-im-shop','true','false','','','',NULL,NULL,NULL,NULL,1,'2012-03-26 08:21:38',1,'2012-03-26 08:21:38'),(14,'de','Topseller',NULL,NULL,NULL,'topseller','true','false',NULL,NULL,NULL,NULL,NULL,NULL,NULL,9,'2015-09-17 06:03:44',1,'2012-03-26 08:21:38'),(15,'de','Sale','','',NULL,'sale','true','false','','','',NULL,NULL,NULL,NULL,1,'2012-03-26 08:21:38',1,'2012-03-26 08:21:38'),(16,'de','Startseite Topseller','','',NULL,'startseite-topseller','true','false','','','',NULL,NULL,NULL,NULL,1,'2012-03-26 08:21:38',1,'2012-03-26 08:21:38'),(17,'de','Impressum',NULL,'<p class=\"small\">Impressum gem. &sect;25 Mediengesetz sowie Anbieteridentifizierung<br />\r\ngem. &sect; 5 Abs 1 ECG Medieninhaber, Herausgeber, Hersteller und Redaktion:</p>\r\n\r\n<p><strong>Austriaglas eine Marke der XGLASTEC GmbH</strong><br />\r\nIndustriegasse 4<br />\r\n8311 Markt Hartmannsdorf<br />\r\n&Ouml;sterreich</p>\r\n\r\n<p>Gesch&auml;ftsf&uuml;hrer: Engelbert Artauf<br />\r\nFirmenbuchnummer: FN193468m<br />\r\nUID: ATU48959505<br />\r\nTelefon: +43 (0) 3114 3360<br />\r\nE-Mail: i<a href=\"mailto:info@austriaglas.at?subject=Austria%20Glas%20Konfigurator%20-%20ANFRAGE\">nfo@austriaglas.at</a></p>\r\n\r\n<p><strong>Kundenservice</strong><br />\r\nAustriaglas<br />\r\nIndustriegasse 4<br />\r\nA-8311 Markt Hartmannsdorf<br />\r\nMobil: +43 664 45 56 131<br />\r\nE-Mail:<a href=\"mailto:info@austriaglas.at?subject=Austria%20Glas%20Konfigurator%20-%20ANFRAGE\"> info@austriaglas.at</a></p>\r\n\r\n<p><span style=\"font-weight: bold;\">Haftungsausschluss</span><br />\r\nAuf unserer Website finden Sie Verweise (Hyperlinks) zu anderen Seiten im Internet. F&uuml;r alle diese Links gilt, dass wir keinerlei Einfluss auf die Gestaltung und die Inhalte dieser externen Seiten haben. Daher &uuml;bernehmen wir keinerlei Verantwortung f&uuml;r Inhalt und Gestaltung dieser Seiten. Diese Erkl&auml;rung gilt f&uuml;r alle auf unserer Internetpr&auml;senz angezeigten externen Verweise</p>\r\n',NULL,'impressum','true','false',NULL,NULL,NULL,NULL,NULL,NULL,NULL,9,'2018-12-13 08:44:17',1,'2012-03-26 08:37:42'),(18,'de','Kontakt',NULL,'<p>Sie haben eine Frage, eine Anregung oder m&ouml;chten uns Ihre Meinung per E-Mail mitteilen? Dann nutzen Sie daf&uuml;r einfach das nachfolgende Kontaktformular. Bei Fragen zu Ihrer Bestellung teilen Sie uns bitte auch Ihre Bestellnummer mit.</p>\r\n',NULL,'kontakt','true','false',NULL,NULL,NULL,NULL,NULL,NULL,NULL,9,'2018-12-13 08:44:24',1,'2012-03-26 08:38:36'),(19,'de','AGB',NULL,'<p><strong>1. Geltung</strong><br />\r\nDie Lieferungen, Leistungen und Angebote bzw. Vertragsabschl&uuml;sse unseres Unternehmens, im folgenden Auftragnehmer genannt, mit einem Auftraggeber auch auf elektronischem Wege erfolgen ausschlie&szlig;lich aufgrund dieser Gesch&auml;ftsbedingungen.<br />\r\nEntgegenstehende oder von den Gesch&auml;ftsbedingungen des Auftragsnehmers abweichende Bedingungen des Kunden, im folgenden Auftraggeber genannt, werden nicht anerkannt, es sei denn, der Auftragnehmer h&auml;tte ausdr&uuml;cklich ihrer Geltung zugestimmt. Vertragserf&uuml;llungshandlungen gelten insofern nicht als Zustimmung.<br />\r\nDer Auftraggeber stimmt zu, dass im Falle der Verwendung von AGB durch ihn, im Zweifel von den Bedingungen des Auftragnehmers auszugehen ist, auch wenn die Bedingungen des Auftraggebers unwidersprochen geblieben sind.<br />\r\nSofern einzelne Bestimmungen dieser AGB ganz oder teilweise ung&uuml;ltig sein oder werden sollten, wird dadurch die Wirksamkeit der &uuml;brigen Teile dieser AGB nicht ber&uuml;hrt.</p>\r\n\r\n<p><strong>2. Angebote</strong><br />\r\nDie Angebote des Auftragnehmers sind freibleibend und richten sich an voll gesch&auml;ftsf&auml;hige nat&uuml;rliche Personen, welche das 18. Lebensjahr &uuml;berschritten haben bzw an juristische Personen. Ein Vertragsangebot eines Auftraggebers bedarf einer Auftragsbest&auml;tigung. Letztverbraucher sind an ihr Vertragsangebot f&uuml;r die Dauer von zwei Wochen gebunden. Auch das Absenden der vom Auftraggeber bestellten Ware bewirkt den Vertragsabschluss.<br />\r\nWerden an den Auftragnehmer Angebote gerichtete, so ist der Anbietende eine angemessene, mindestens jedoch 8-t&auml;gige Frist ab Zugang des Angebotes daran gebunden.</p>\r\n\r\n<p><strong>3. Preis</strong><br />\r\nAngegebene Preise gelten, wenn nicht ausdr&uuml;cklich Gegenteiliges vereinbart wurde, auch auf Internetseiten ab Betrieb ohne Verpackung, ohne Versicherung und ohne Versandkosten und bei Konsumenten inklusive Mehrwertsteuer. Im Falle von offensichtlichen Fehlern bei Preis-, Produkt-, oder Lieferangaben, steht dem Auftragnehmer ab Erkennen des Fehlers binnen zwei Wochen ein R&uuml;cktrittsrecht zu, sofern der Auftraggeber den Vertrag nicht binnen einer Woche ab Benachrichtigung mit den ge&auml;nderten Bedingungen nochmals best&auml;tigt.<br />\r\nDie genannten oder vereinbarten Preise des Auftragnehmers entsprechen der aktuellen Kalkulationssituation.<br />\r\nSollten sich die Lohnkosten aufgrund kollektivvertraglicher Regelungen in der Branche oder anderer, f&uuml;r die Kalkulation relevante Kostenstellen des Kostenvoranschlages oder zur Leistungserstellung notwendiger, von uns nicht beeinflussbarer Kosten wie jene f&uuml;r Materialien, Energie, Transporte, Fremdarbeiten, Finanzierung ver&auml;ndern, ist der Auftragnehmer berechtigt, die Preise entsprechend anzupassen.<br />\r\nBei Konsumenten gilt dieses Preisanpassungsrechte erst nach Ablauf von 2 Monaten nach Vertragsabschluss, es sei denn, dieses Recht wurde ausdr&uuml;cklich ausgehandelt.</p>\r\n\r\n<p><strong>4. Technische Gesch&auml;ftsbedingungen</strong><br />\r\nDie Errechnung der f&uuml;r die Preisermittlung relevanten Ma&szlig;e ergibt sich aus den handels&uuml;blichen Gepflogenheiten. F&uuml;r Verglasungen von Fenster und Fensterw&auml;nden, Trennw&auml;nden, Dachverglasungen sowie Wandverkleidungen etc. aus Glas gelten die Bestimmungen aus den geltenden Normen und Verglasungsrichtlinien.<br />\r\nLieferungen erfolgen in handels&uuml;blicher Qualit&auml;t. Die von den Lieferwerten beanspruchten Toleranzen hinsichtlich der Dicke, sonstiger Ma&szlig;e sowie der Fehler, Farb- und Strukturunterschiede usw. gelten auch vom Auftraggeber als genehmigt. F&uuml;r Verbraucher gilt, dass der Unternehmer eine von ihm zu erbringenden Leistung einseitig &auml;ndern oder von ihr abweichen kann, wenn dem Verbraucher diese &Auml;nderung beziehungsweise Abweichung zumutbar ist, besonders weil sie geringf&uuml;gig und sachlich gerechtfertigt ist, sofern dies mit dem Verbraucher im Einzelnen ausgehandelt wurde. Hingewiesen wird darauf, dass Unterschiede in Farbton und Struktur bei Flachglas produktionsbedingt sind. Sie k&ouml;nnen insbesondere bei Nachlieferungen und Reparaturen nicht ausgeschlossen werden und stellen daher keine M&auml;ngel dar.</p>\r\n\r\n<p><strong>5. &Uuml;bersendetes Material des Auftraggebers, Urheberrechte</strong><br />\r\nDer Auftraggeber best&auml;tigt, dass anl&auml;sslich des Auftrages von ihm &uuml;bermittelte Skizzen, Pl&auml;ne oder sonstige Dokumente vom Auftragnehmer auftragsgem&auml;&szlig; verarbeitet werden d&uuml;rfen und h&auml;lt den Auftragnehmer hinsichtlich allf&auml;lliger Urheber- oder sonstiger Rechte auch Dritter vollkommen schad- und klaglos.<br />\r\nPl&auml;ne, Skizzen oder sonstige technische Unterlagen des Auftragnehmers bleiben ebenso wie Muster, Kataloge, Prospekte, Abbildungen udgl. stets geistiges Eigentum des Auftragnehmers; der Auftraggeber erh&auml;lt oder erwirbt daran keine wie immer gearteten Werksnutzungs- oder Verwertungsrechte.<br />\r\nAllf&auml;llige &Uuml;bermittlungsfehler bei der elektronischen &Uuml;bertragung von Daten zwischen den Vertragsparteien gehen nicht zu Lasten des Auftragsnehmers.</p>\r\n\r\n<p><strong>6. Datenschutz</strong><br />\r\nDer Auftraggeber stimmt ausdr&uuml;cklich zu, dass folgende Daten, n&auml;mlich: Name, Adresse, Telefonverbindung und Email-Adresse zum Zweck der Personalisierung von Webshopangeboten f&uuml;r k&uuml;nftige Besuche im Webshop und zur Kaufabwicklung verarbeitet werden k&ouml;nnen.<br />\r\nDiese personen- oder firmenbezogenen Daten einschlie&szlig;lich der Haus- und E-Mail-Adresse werden nicht ohne ausdr&uuml;ckliche und jederzeit widerrufliche Einwilligung des Auftraggebers an Dritte, welche nicht in die Auftragsbearbeitung eingebunden sind, weitergegeben.</p>\r\n\r\n<p><strong>7. Widerrufsbelehrung f&uuml;r Verbraucher im Fernabsatz (Webshop)</strong></p>\r\n\r\n<p><em>Widerrufsrecht:</em><br />\r\nVerbraucher k&ouml;nnen ihre Vertragserkl&auml;rung innerhalb von 14 Tagen ohne Angabe von Gr&uuml;nden in Textform (z.B. Brief, Fax, Email) oder &ndash; wenn Ihnen die Sache vor Fristablauf &uuml;berlassen wird &ndash; durch R&uuml;cksendung der Ware und Erkl&auml;rung des Widerrufs widerrufen. Die Frist beginnt nach Erhalt dieser Belehrung in Textform, jedoch nicht vor Eingang der Ware beim Empf&auml;nger (bei der wiederkehrenden Lieferung gleichartiger Waren nicht vor Eingang der ersten Teillieferung) und auch nicht vor Erf&uuml;llung der Informationspflichten des Auftragnehmers.<br />\r\nZur Wahrung der Widerrufsfrist gen&uuml;gt die rechtzeitige Absendung des erkl&auml;rten Widerrufs oder der Sache. Der Widerruf ist zu richten an:</p>\r\n\r\n<p>Austriaglas eine Marke der XGLASTEC GmbH<br />\r\nIndustriegasse 4<br />\r\n8311 Markt Hartmannsdorf<br />\r\nAustria</p>\r\n\r\n<p><em>Widerrufsfolgen:</em><br />\r\nWenn Sie diesen Vertrag widerrufen, haben Ihnen alle Zahlungen die wir von Ihnen erhalten haben, einschlie&szlig;lich der Lieferkosten (mit Ausnahme der zus&auml;tzlichen Kosten, die sich daraus ergeben, dass sie eine andere Art der Lieferung, als die von uns angebotene g&uuml;nstigste Standardlieferung gew&auml;hlt haben) unverz&uuml;glich und sp&auml;testens binnen 14 Tagen ab dem Tag zur&uuml;ckzuzahlen, an dem die Mitteilung &uuml;ber ihren Widerruf dieses Vertrages bei uns eingegangen ist.<br />\r\nF&uuml;r diese R&uuml;ckzahlung verwenden wir dasselbe Zahlungsmittel, dass Sie bei der urspr&uuml;nglichen Transaktion eingesetzt haben, es sei denn mit Ihnen wurde ausdr&uuml;cklich etwas anderes vereinbart. In keinem Fall werden Ihnen wegen dieser R&uuml;ckzahlung Entgelte berechnet. Wir k&ouml;nnen die R&uuml;ckzahlung verweigern, bis wir die Waren wieder zur&uuml;ckerhalten haben oder bis Sie den Nachweis erbracht haben, dass Sie die Waren zur&uuml;ckgesandt haben, je nachdem welches der fr&uuml;here Zeitpunkt ist.</p>\r\n\r\n<p><strong>8. Garantieerkl&auml;rung f&uuml;r Isolierglas</strong><br />\r\nDer Hersteller des Isolierglases garantiert f&uuml;r einen Zeitraum von 5 Jahren &ndash; gerechnet vom Zeitpunkt der Lieferung ab Werk des Herstellers &ndash; daf&uuml;r, dass sich zwischen den Scheiben kein wie immer gearteter Beschlag bildet, der eine einwandfreie Durchsicht beeintr&auml;chtigt. Diese Garantie verpflichtet nur zum kostenlosen Ersatz der fehlerhaften Isolierglaselemente. Das Ausglasen schadhafter Isolierglaselemente sowie das Einglasen der Ersatzelemente gehen zu Lasten des Auftraggebers. Dadurch werden gesetzliche Gew&auml;hrleistungsanspr&uuml;che nicht ber&uuml;hrt.<br />\r\nDer Auftragnehmer verpflichtet sich, die Verglasungsvorschriften der Isolierglaserzeugung einzuhalten und die Arbeiten gegen angemessenes Entgelt durchzuf&uuml;hren. Voraussetzung f&uuml;r oben stehende Garantieleistungen ist eine fachgerechte Wartung und Instandhaltung des Rahmens und des Dichtungsmaterials durch den Bauherrn bzw. Auftraggeber.</p>\r\n\r\n<p><strong>9. Gew&auml;hrleistung, Untersuchungs- und R&uuml;gepflicht</strong><br />\r\nIst das KSchG nicht anwendbar, so erf&uuml;llt der Auftragnehmer Gew&auml;hrleistungsanspr&uuml;che des Kunden durch Behebung oder durch Preisminderung. Schadenersatzanspr&uuml;che des Kunden, die auf Behebung des Mangels zielen, k&ouml;nnen erst geltend gemacht werden, wenn der Auftragnehmer mit der Erf&uuml;llung der Gew&auml;hrleistungsanspr&uuml;che trotz Setzung einer angemessenen Nachfrist in Verzug geraten ist.<br />\r\nIst das KSchG nicht anwendbar, so ist im Sinne der &sect;&sect; 377 ff UGB die Ware nach der Ablieferung unverz&uuml;glich, l&auml;ngstens aber binnen 3 Werktagen zu untersuchen. Dabei festgestellte M&auml;ngel sind dem Auftragnehmer innerhalb von 3 Werktagen ab Lieferung unter Bekanntgabe von Art und Umfang des Mangels bekannt zu geben. Versteckte M&auml;ngel sind unverz&uuml;glich, l&auml;ngsten aber binnen 3 Werktagen nach ihrer Entdeckung zu r&uuml;gen.<br />\r\nWird eine M&auml;ngelr&uuml;ge au&szlig;erhalb des Anwendungsbereiches des KSchG jedenfalls nicht oder nicht rechtzeitig erhoben, so gilt die Ware als genehmigt. Glasbruch ist von der Gew&auml;hrleistung ausgeschlossen. Die Gew&auml;hrleistung oder Garantie erlischt au&szlig;erhalb des Anwendungsbereiches des KSchG mit Verarbeitung oder Ver&auml;nderung des Liefergegenstandes durch den Auftraggeber oder durch Dritte.</p>\r\n\r\n<p><strong>10. Haftung, Schadenersatz</strong><br />\r\nS&auml;mtliche Schadenersatzanspr&uuml;che sind in F&auml;llen leichter Fahrl&auml;ssigkeit ausgeschlossen. Im Anwendungsbereich des KSchG gilt dies nicht f&uuml;r Personensch&auml;den oder Sch&auml;den an zur Bearbeitung &uuml;bernommenen Gegenst&auml;nden.<br />\r\nDas Vorliegen grober Fahrl&auml;ssigkeit hat, sofern das KSchG nicht anwendbar ist, der Gesch&auml;digte zu beweisen.<br />\r\nDie absolute Verj&auml;hrungsfrist f&uuml;r Schadenersatzanspr&uuml;che betr&auml;gt au&szlig;erhalb des KSchG 10 Jahre jeweils ab Gefahren&uuml;bergang, sofern der Gesch&auml;digte innerhalb von sechs Monaten nach Erkennbarkeit des Schadens seine Anspr&uuml;che gerichtlich geltend macht.<br />\r\nDie in diesen Gesch&auml;ftsbedingungen enthaltenen oder sonst vereinbarten Bestimmungen &uuml;ber Schadenersatz gelten auch dann, wenn der Schadenersatzanspruch neben oder anstelle eines Gew&auml;hrleistungsanspruches geltend gemacht wird.<br />\r\nF&uuml;r die unsachgem&auml;&szlig;e An- und Verwendung der Ware und des Zubeh&ouml;rs wird keinerlei Haftung &uuml;bernommen.<br />\r\n11. Produkthaftung<br />\r\nRegressforderungen im Sinne des &sect; 12 Produkthaftungsgesetz sind ausgeschlossen, es sei denn, der Regressberechtigte weist nach, dass der Fehler in unserer Sph&auml;re verursacht und zumindest grob fahrl&auml;ssig verschuldet worden ist.</p>\r\n\r\n<p><strong>12. Eigentumsvorbehalt</strong><br />\r\nBis zur vollst&auml;ndigen Bezahlung des Kaufpreises einschl. aller Nebenforderungen bleibt die Ware &ndash; gleich in welchem Zustand &ndash; unbeschr&auml;nkt Eigentum des Auftragnehmers, auch dann, wenn sie im Betrieb des Auftraggebers bearbeitet oder verwendet wird.<br />\r\nScheck- und Wechselzahlungen haben keine schuldbefreiende Wirkung, sie werden nur zahlungshalber, nicht an Zahlung statt entgegengenommen. Der Auftraggeber darf die ihm gelieferte Ware bis zur vollst&auml;ndigen Bezahlung weder verpf&auml;nden noch zur Sicherheit &uuml;bereignen. Im Falle einer vom Auftragnehmer genehmigten Ver&auml;u&szlig;erung der im Vorbehaltseigentum stehenden Ware, erkl&auml;rt der Auftraggeber schon jetzt, seine Forderung gegen den Erwerber an den Auftragnehmer abzutreten, einen entsprechenden Buchvermerk samt Eintragung in die offenen Postenliste vorzunehmen und den Auftragnehmer umgehend von der Ver&auml;u&szlig;erung zu verst&auml;ndigen.</p>\r\n\r\n<p><strong>13. Lieferung / &Uuml;bernahme</strong><br />\r\nDer Auftragnehmer ist berechtigt, die vereinbarten Termine und Lieferfristen um bis zu 2 Wochen zu &uuml;berschreiten. Erst nach Ablauf dieser Frist kann der Auftraggeber eine angemessene, mindestens 2 weitere Wochen umfassende Nachfrist setzen und gem. &sect; 918 ABGB vom Vertrag zur&uuml;ckzutreten, wenn innerhalb dieser Nachfrist vom Auftragnehmer nicht erf&uuml;llt oder die Erf&uuml;llung angeboten wird. Der Auftragnehmer ist berechtigt, Teil- oder Vorlieferungen durchzuf&uuml;hren und zu verrechnen.<br />\r\nZur Leistungsausf&uuml;hrung ist der Auftragnehmer erst dann verpflichtet, wenn der Auftraggeber allen seinen Verpflichtungen, die zur Ausf&uuml;hrung erforderlich sind, nachgekommen ist, insbesondere alle technischen und vertraglichen Einzelheiten, Vorarbeiten und Vorbereitungsma&szlig;nahmen erf&uuml;llt hat.<br />\r\nDie Arbeiten sind grunds&auml;tzlich ab Fertigstellung zu &uuml;bernehmen. Erfolgt keine formale &Uuml;bernahme, gelten mangels berechtigter Einw&auml;nde des Auftraggebers die Arbeiten binnen 3 Tagen ab Fertigstellung als &uuml;bernommen, wenn dem Auftraggeber die Fertigstellung angezeigt wurde oder aufgrund der Umst&auml;nde des Falles dem Auftraggeber bekannt sein musste.<br />\r\nNach &Uuml;bernahme der Leistung im Sinne dieser Vereinbarung gehen alles Risiken und die Kosten der Lagerung zu Lasten des Auftraggebers. Auch bei erfolgter Teillieferung geht das gesamte Risiko f&uuml;r diese auf den Auftraggeber &uuml;ber.</p>\r\n\r\n<p><strong>14. Zahlungsbedingungen</strong><br />\r\nDie Zahlungen sind entsprechend der vereinbarten Zahlungsbedingungen zu leisten. Sind keine gesonderten Zahlungsbedingungenen ausgehandelt, ist der Rechnungsbetrag innerhalb von 30 Tagen ab Rechnungsdatum ohne jeden Abzug zu bezahlen.<br />\r\nSkontoabz&uuml;ge bed&uuml;rfen einer gesonderten Vereinbarung. Im Falle des Zahlungsverzuges, auch mit Teilzahlungen, treten allf&auml;llige Skontovereinbarungen zur G&auml;nze au&szlig;er Kraft.<br />\r\nZahlungen des Auftraggebers gelten erst mit dem Zeitpunkt des Eingangs auf unserem Gesch&auml;ftskonto als geleistet. Bei Zahlungsverzug des Auftraggebers ist der Auftragnehmer berechtigt, nach seiner Wahl den Ersatz des tats&auml;chlich entstandenen Schadens zu begehren oder Verzugszinsen in H&ouml;he von acht Prozentpunkten &uuml;ber dem Basiszinssatz pro anno zu verrechnen.<br />\r\nIm Verbrauchergesch&auml;ft liegt der Verzugszinssatz bei vier Prozentpunkten. Bei Kreditgesch&auml;ften mit Konsumenten belaufen sich die Verzugszinsen auf den vertragsgem&auml;&szlig;e Zahlung vereinbarten Zinssatz zuz&uuml;glich 5 Prozentpunkten pro anno.<br />\r\nDer Anspruch auf Mahn- und Inkassospesen bleibt insofern unber&uuml;hrt, besteht also dar&uuml;ber hinaus.</p>\r\n\r\n<p><strong>15. Mahn- und Inkassospesen</strong><br />\r\nDer Auftraggeber verpflichtet sich f&uuml;r den Fall des Verzuges, die dem Gl&auml;ubiger entstehenden notwendigen Kosten zweckentsprechend au&szlig;ergerichtlicher Betreibungs- oder Einbringungsma&szlig;nahmen durch einen Rechtsanwalt bzw. Mahn- und Inkassospesen zu ersetzen, soweit diese in einem angemessenen Verh&auml;ltnis zur betriebenen Forderung stehen, wobei er sich im Speziellen verpflichtet, maximal die Verg&uuml;tungen des eingeschalteten Inkassoinstitutes zu ersetzen, die sich aus der Verordnung des BMWA &uuml;ber die H&ouml;chsts&auml;tze des Inkassoinstituten geb&uuml;hrenden Verg&uuml;tungen ergeben. Die Forderung aus den au&szlig;ergerichtlichen Betreibungskosten darf die Forderung aus dem Werkvertrag nicht &uuml;bersteigen. Sofern der Gl&auml;ubiger das Mahnwesen einen selbst betreibt, verpflichtet sich der Schuldner, pro erfolgter Mahnung einen Betrag von &euro; 10,90 sowie f&uuml;r die Evidenzhaltung des Schuldverh&auml;ltnisses im Mahnwesen pro Halbjahr einen Betrag von &euro; 3,63 zu bezahlen.<br />\r\nDar&uuml;ber hinaus ist im Unternehmergesch&auml;ft (siehe oben) jeder weitere Schaden, insbesondere auch der Schaden, der dadurch entsteht, dass infolge Nichtzahlung entsprechend h&ouml;here Zinsen auf allf&auml;llige Kreditkonten beim Auftragnehmer anfallen, unabh&auml;ngig vom Verschulden am Zahlungsverzug zu ersetzen, wenn der Auftragnehmer nicht von seinem Recht auf acht Prozentpunkte &uuml;ber dem Basiszinssatz per anno als pauschalierte Vertragsstrafe Gebrauch macht (siehe oben).</p>\r\n\r\n<p><strong>16. Storno</strong><br />\r\nWill der Auftraggeber den Vertrag stornieren, so hat der Auftragnehmer das Recht, eine Stornogeb&uuml;hr von 25 Prozent der Auftragssumme, die sofort f&auml;llig ist, zu fordern, wenn der Auftragnehmer nicht auf Erf&uuml;llung besteht.</p>\r\n\r\n<p><strong>17. Aufrechnung</strong><br />\r\nDer Auftraggeber verzichtet auf die M&ouml;glichkeit der Aufrechnung. Dies gilt jedoch bei Vertr&auml;gen, die unter das KSchG fallen, nicht f&uuml;r den Fall der Zahlungsf&auml;higkeit des Auftragnehmers sowie f&uuml;r Gegenforderungen, die in rechtlichem Zusammenhang mit der Forderung des Auftragnehmers stehen, gerichtlich festgestellt oder vom Auftragnehmer anerkannt sind.</p>\r\n\r\n<p><strong>18. Leistungsverweigerung und Zur&uuml;ckbehaltung</strong><br />\r\nAu&szlig;erhalb des Anwendungsbereiches des KSchG ist der Auftraggeber bei gerechtfertigter Reklamation au&szlig;er in den F&auml;llen der R&uuml;ckabwicklung nicht zur Zur&uuml;ckhaltung des gesamten, sondern nur eines angemessenen Teiles des Bruttorechnungsbetrages, h&ouml;chstens aber von 25 Prozent berechtigt.<br />\r\nIm Anwendungsbereich des KSchG kann der Auftraggeber seine Zahlung verweigern, wenn die Lieferung nicht vertragsgem&auml;&szlig; erbracht wurde oder die Erbringung durch die schlechten Verm&ouml;gensverh&auml;ltnisse des Auftragnehmers, die dem Auftraggeber zum Zeitpunkt der Vertragsabschlusses nicht bekannt waren bzw. nicht bekannt sein mussten, gef&auml;hrdet ist.</p>\r\n\r\n<p><strong>19. Rechtswahl, Gerichtsstand, Erf&uuml;llungsort</strong><br />\r\nEs gilt &ouml;sterreichisches materielles Recht. Die Anwendbarkeit des UN-Kaufrechtes wird ausdr&uuml;cklich ausgeschlossen. Die Vertragssprache ist Deutsch. Die Vertragsparteien vereinbaren &ouml;sterreichische, inl&auml;ndische Gerichtsbarkeit. Handelt es sich um kein Verbrauchergesch&auml;ft, wird zur Entscheidung aller aus diesem Vertrag entstehenden Streitigkeiten gem. &sect; 104 JN das f&uuml;r den Firmensitz des Auftragnehmers &ouml;rtlich und sachlich zust&auml;ndige Gericht in &Ouml;sterreich ausdr&uuml;cklich vereinbart.<br />\r\nErf&uuml;llungsort ist der Sitz des Auftragnehmers.</p>\r\n\r\n<p><strong>20. Sonstiges</strong><br />\r\nDer Auftraggeber ist verpflichtet, dem Auftragnehmer &Auml;nderungen seiner Wohn- bzw. Gesch&auml;ftsadresse sowie bei nat&uuml;rlichen Personen sein Geburtsdatum bekannt zu geben, solange das vertragsgegenst&auml;ndliche Rechtsgesch&auml;ft nicht beiderseitig vollst&auml;ndig erf&uuml;llt ist.<br />\r\nWird die Mitteilung unterlassen, so gelten Erkl&auml;rungen auch dann als zugegangen, falls sie an die zuletzt bekannt gegebene Adresse gesendet werden</p>\r\n',NULL,'agb','true','false',NULL,NULL,NULL,NULL,NULL,NULL,NULL,9,'2018-12-13 08:45:01',1,'2012-03-26 08:39:56'),(20,'de','Datenschutz',NULL,'<p><strong>Erhebung, Verarbeitung und Nutzung personenbezogener Daten</strong><br />\r\nSie k&ouml;nnen unsere Seite besuchen, ohne Angaben zu Ihrer Person zu machen. Wir speichern lediglich Zugriffsdaten ohne Personenbezug (z.B. den Namen Ihres Internet Service Providers, die Seite, von der aus Sie uns besuchen oder den Namen der angeforderten Datei). Diese Daten werden ausschlie&szlig;lich zur Verbesserung unseres Angebotes ausgewertet und erlauben keinen R&uuml;ckschluss auf Ihre Person.</p>\r\n\r\n<p>Personenbezogene Daten werden nur erhoben, wenn Sie uns diese im Rahmen Ihrer Warenbestellung oder bei Er&ouml;ffnung eines Kundenkontos, oder Registrierung f&uuml;r unseren Newsletter freiwillig mitteilen. Wir verwenden die von ihnen mit geteilten Daten ohne Ihre gesonderte Einwilligung ausschlie&szlig;lich zur Erf&uuml;llung und Abwicklung Ihrer Bestellung. Mit vollst&auml;ndiger Abwicklung des Vertrages und vollst&auml;ndiger Kaufpreiszahlung werden Ihre Daten f&uuml;r die weitere Verwendung gesperrt und nach Ablauf der steuer- und handelsrechtlichen Vorschriften gel&ouml;scht, sofern Sie nicht ausdr&uuml;cklich in die weitere Nutzung Ihrer Daten eingewilligt haben. Bei Anmeldung zum Newsletter wird Ihre E-Mail-Adresse mit Ihrer Einwilligung f&uuml;r eigene Werbezwecke genutzt, bis Sie sich vom Newsletter abmelden. Die Abmeldung ist jederzeit m&ouml;glich.</p>\r\n\r\n<p><strong>Verwendung von Cookies </strong><br />\r\nAuf verschiedenen Seiten verwenden wir Cookies, um den Besuch unserer Website attraktiv zu gestalten und die Nutzung bestimmter Funktionen zu erm&ouml;glichen. Hierbei handelt es sich um kleine Textdateien, die auf Ihrem Rechner abgelegt werden. Die meisten der von uns verwendeten Cookies werden nach Ende der Browser-Sitzung wieder von Ihrer Festplatte gel&ouml;scht (sog. Sitzungs-Cookies). Andere Cookies verbleiben auf Ihrem Rechner und erm&ouml;glichen uns, Ihren Rechner bei Ihrem n&auml;chsten Besuch wieder zu erkennen (sog. dauerhafte Cookies). Diese Cookies dienen z.b der Begr&uuml;&szlig;ung mit Ihrem Benutzernamen und er&uuml;brigen Ihnen bei Folgebestellungen die erneute Eingabe Ihres Passwortes oder das Ausf&uuml;llen von Formularen mit Ihren Daten. Unseren Partnerunternehmen ist es nicht gestattet, &uuml;ber unsere Website personenbezogene Daten mittels Cookies zu erheben, zu verarbeiten oder zu nutzen.</p>\r\n\r\n<p><strong>Weitergabe personenbezogener Daten </strong><br />\r\nEine Weitergabe Ihrer Daten erfolgt an das mit der Lieferung beauftragte Versandunternehmen, soweit dies zur Lieferung der Waren notwendig ist. Zur Abwicklung von Zahlungen geben wir Ihre Zahlungsdaten an das mit der Zahlung beauftragte Kreditinstitut weiter.</p>\r\n\r\n<p><strong>Hinweise zur Nutzung von Google Analytics</strong><br />\r\nDiese Website benutzt Google Analytics, einen Webanalysedienst der Google Inc. (&bdquo;Google&ldquo;). Google Analytics verwendet sog. &bdquo;Cookies&ldquo;, Textdateien, die auf Ihrem Computer gespeichert werden und die eine Analyse der Benutzung der Website durch Sie erm&ouml;glichen. Die durch den Cookie erzeugten Informationen &uuml;ber Ihre Benutzung dieser Website werden in der Regel an einen Server von Google in den USA &uuml;bertragen und dort gespeichert. Im Falle der Aktivierung der IP-Anonymisierung auf dieser Webseite, wird Ihre IP-Adresse von Google jedoch innerhalb von Mitgliedstaaten der Europ&auml;ischen Union oder in anderen Vertragsstaaten des Abkommens &uuml;ber den Europ&auml;ischen Wirtschaftsraum zuvor gek&uuml;rzt. Nur in Ausnahmef&auml;llen wird die volle IP-Adresse an einen Server von Google in den USA &uuml;bertragen und dort gek&uuml;rzt.<br />\r\n<br />\r\nIm Auftrag des Betreibers dieser Website wird Google diese Informationen benutzen, um Ihre Nutzung der Website auszuwerten, um Reports &uuml;ber die Websiteaktivit&auml;ten zusammenzustellen und um weitere mit der Websitenutzung und der Internetnutzung verbundene Dienstleistungen gegen&uuml;ber dem Websitebetreiber zu erbringen. Die im Rahmen von Google Ana lytics von Ihrem Browser &uuml;bermittelte IP-Adresse wird nicht mit anderen Daten von Google zusammengef&uuml;hrt. Sie k&ouml;nnen die Speicherung der Cookies durch eine entsprechende Einstellung Ihrer Browser-Software verhindern; wir weisen Sie jedoch darauf hin, dass Sie in diesem Fall gegebenenfalls nicht s&auml;mtliche Funktionen dieser Website vollumf&auml;nglich werden nutzen k&ouml;nnen. Sie k&ouml;nnen dar&uuml;ber hinaus die Erfassung der durch das Cookie erzeugten und auf Ihre Nutzung der Website bezogenen Daten (inkl. Ihrer IP-Adresse) an Google sowie die Verarbeitung dieser Daten durch Google verhindern, indem sie das unter dem folgenden Link (http://tools.google.com/dlpage/gaoptout?hl=de) verf&uuml;gbare Browser-Plugin herunterladen und installieren.<br />\r\n<br />\r\nN&auml;here Informationen hierzu finden Sie unter <a href=\"http://tools.google.com/dlpage/gaoptout?hl=de\">http://tools.google.com/dlpage/gaoptout?hl=de</a> bzw. unter <a href=\"http://www.google.com/intl/de/analytics/privacyoverview.html\">http://www.google.com/intl/de/analytics/privacyoverview.html</a> (allgemeine Informationen zu Google Analytics und Datenschutz). Wir weisen Sie darauf hin, dass auf dieser Webseite Google Analytics um den Code &bdquo;gat._anonymizeIp();&ldquo; erweitert wurde, um eine anonymisierte Erfassung von IP-Adressen (sog. IP-Masking) zu gew&auml;hrleisten.&ldquo;</p>\r\n\r\n<p><strong>Auskunftsrecht</strong><br />\r\nNach dem Bundesdatenschutzgesetz haben Sie ein Recht auf unentgeltliche Auskunft &uuml;ber Ihre gespeicherten Daten sowie ggf. ein Recht auf Berichtigung, Sperrung oder L&ouml;schung dieser Daten.</p>\r\n\r\n<p><strong>Ansprechpartner f&uuml;r Datenschutz</strong><br />\r\nBei Fragen zur Erhebung, Verarbeitung oder Nutzung Ihrer personenbezogenen Daten, bei Ausk&uuml;nften, Berichtigung, Sperrung oder L&ouml;schung von Daten sowie Widerruf erteilter Einwilligungen wenden Sie sich bitte an:</p>\r\n\r\n<p>Marco Artauf<br />\r\nAustriaglas eine Marke der XGLASTEC GmbH<br />\r\nIndustriegasse 4<br />\r\nA-8311 Markt Hartmannsdorf<br />\r\nTelefon: +43 (0) 3114 3360<br />\r\nE-Mail: <a href=\"mailto:%69%6e%66%6f%40%67%6c%61%73%63%61%72%64%2e%61%74\">info@glascard.at</a></p>\r\n',NULL,'datenschutz','true','false',NULL,NULL,NULL,NULL,NULL,NULL,NULL,9,'2018-12-13 08:45:27',1,'2012-03-26 08:40:53'),(21,'de','Ist das Bezahlen im Online-Shop sicher?',NULL,'<p>\r\n	Die Sicherheit Ihrer Daten hat f&uuml;r uns oberste Priorit&auml;t.<br />\r\n	Ihre Zahlungsdaten werden nur dazu verwendet, die Bezahlung der von Ihnen bei uns bestellten Ware abzuwickeln.<br />\r\n	F&uuml;r die &Uuml;bertragung pers&ouml;nlicher Daten (z.b im Bestellprozess oder bei der Anmeldung) wird die sogenannte SSL-Verschl&uuml;sselung (Secure Socket Layer) eingesetzt.</p>\r\n',NULL,'bezahlen-online-shop-sicher','true','false','','','',NULL,NULL,NULL,NULL,1,'2012-03-26 08:41:51',1,'2012-03-26 08:41:51'),(22,'de','Was ist eine SSL-Verschlüsselung?',NULL,'<p>\r\n	SSL ist die Abk&uuml;rzung f&uuml;r Secure Socket Layer.<br />\r\n	Entwickelt von den Firmen Netscape und RSA Data Security soll das SSL-Protokoll gew&auml;hrleisten, dass sensible Daten beim Surfen im Internet, beispielsweise Kreditkarten-Informationen beim Online Shopping, verschl&uuml;sselt &uuml;bertragen werden. Somit soll verhindert werden, dass Dritt-Nutzer die Daten bei der &Uuml;bertragung nicht auslesen oder manipulieren k&ouml;nnen. Zudem stellt dieses Verschl&uuml;sselungsverfahren die Identit&auml;t einer Website sicher.</p>\r\n<p>\r\n	Eine gut funktionierende SSL Verschl&uuml;sselung zeichnet sich dadurch aus, dass die versendeten Daten absolut sicher sind. Der Inhalt verschickter Nachrichten geht nur verschl&uuml;sselt &uuml;ber das Netz. Zudem &uuml;berpr&uuml;fen wirkungsvolle Algorithmen die Daten hinsichtlich ihrer Vollst&auml;ndigkeit und ihres Zustands, bevor diese beim Empf&auml;nger ankommen. SSL ist mittlerweile der Standard f&uuml;r die Browserverschl&uuml;sselung.</p>\r\n',NULL,'ssl-verschluesselung','true','false','','','',NULL,NULL,NULL,NULL,1,'2012-03-26 08:42:20',1,'2012-03-26 08:42:20'),(23,'de','Versand & Lieferung',NULL,NULL,NULL,'versand-lieferung','false','false',NULL,NULL,NULL,NULL,NULL,NULL,NULL,9,'2016-03-18 14:59:16',1,'2012-03-26 08:42:59'),(24,'de','Wie hoch sind die Versandkosten?',NULL,'<p>Ihre bestellten Artikel liefern wir versandkostenfrei direkt zu Ihnen nach Hause. Wir liefern versandkostenfrei nach &Ouml;sterreich und Deutschland.</p>\r\n\r\n<div class=\"cartInner vkTable\">\r\n<table border=\"0\" cellpadding=\"0\" cellspacing=\"0\" class=\"mainCart\">\r\n	<tbody>\r\n		<tr class=\"head\">\r\n			<th align=\"left\" class=\"left\">Land</th>\r\n			<th align=\"right\" class=\"right\">Warenwert <span>(ink. MwSt.)</span></th>\r\n			<th align=\"left\" class=\"right\">Lieferkosten <span>(ink. MwSt.)</span></th>\r\n		</tr>\r\n		<tr class=\"article\">\r\n			<td class=\"firstcol left\"><strong>&Ouml;sterreich</strong></td>\r\n			<td align=\"right\" class=\"right\">ab &euro; 0,00</td>\r\n			<td align=\"right\" class=\"lastcol right\">kostenlos</td>\r\n		</tr>\r\n		<tr class=\"article\">\r\n			<td class=\"firstcol left\"><strong>Deutschland</strong></td>\r\n			<td align=\"right\" class=\"right\">ab &euro; 0,00</td>\r\n			<td align=\"right\" class=\"lastcol right\">kostenlos</td>\r\n		</tr>\r\n	</tbody>\r\n</table>\r\n</div>\r\n\r\n<p>&nbsp;</p>\r\n',NULL,'versandkosten','true','false','','','',NULL,NULL,NULL,NULL,2,'2015-09-07 09:47:33',1,'2012-03-26 08:43:49'),(25,'de','Wie lange dauert normalerweise eine Lieferung?',NULL,'<p>Wir sind bem&uuml;ht Ihre Lieferzeit so kurz wie m&ouml;glich zu halten.</p>\r\n\r\n<div class=\"cartInner vkTable\">\r\n<table border=\"0\" cellpadding=\"0\" cellspacing=\"0\" class=\"mainCart\" height=\"54\" width=\"196\">\r\n	<tbody>\r\n		<tr class=\"head\">\r\n			<th align=\"left\" class=\"left\">Land</th>\r\n			<th align=\"left\" class=\"right\">Lieferzeit (Tage)</th>\r\n		</tr>\r\n		<tr class=\"article\">\r\n			<td class=\"firstcol left\"><strong>&Ouml;sterreich</strong></td>\r\n			<td align=\"right\" class=\"lastcol right\">5</td>\r\n		</tr>\r\n		<tr class=\"article\">\r\n			<td class=\"firstcol left\"><strong>Deutschland</strong></td>\r\n			<td align=\"right\" class=\"lastcol right\">7</td>\r\n		</tr>\r\n	</tbody>\r\n</table>\r\n</div>\r\n\r\n<p><br />\r\nSie k&ouml;nnen Ihre Lieferung per Trackingcode, den Sie bei Bestellung erhalten haben, verfolgen.</p>\r\n',NULL,'lange-dauert-normalerweise-lieferung','true','false',NULL,NULL,NULL,NULL,NULL,NULL,NULL,2,'2015-09-15 15:51:18',1,'2012-03-26 08:44:11'),(26,'de','Was muss ich tun, wenn sich meine Lieferadresse ändert?',NULL,'<p>\r\n	&Auml;ndern Sie Ihre Adresse einfach unter &bdquo;Mein Konto&ldquo; und speichern Sie die Adresse neu ab.</p>\r\n',NULL,'tun-lieferadresse-aendert','true','false','','','',NULL,NULL,NULL,NULL,1,'2012-03-26 08:44:35',1,'2012-03-26 08:44:35'),(27,'de','Gibt es eine Möglichkeit versandkostenfrei zu bestellen? ',NULL,'<p>Wir liefern alle Bestellungen kostenfrei zu Ihnen nach Hause.</p>\r\n',NULL,'moeglichkeit-versandkostenfrei-bestellen','true','false','','','',NULL,NULL,NULL,NULL,2,'2015-09-07 09:48:08',1,'2012-03-26 08:44:59'),(28,'de','Gibt es einen Expressversand?',NULL,'<p>\r\n	Der Expressversand ist momentan noch nicht m&ouml;glich. Wir werden jedoch in Ihrem Sinne unseren Service immer weiter ausbauen.</p>\r\n',NULL,'expressversand','true','false','','','',NULL,NULL,NULL,NULL,1,'2012-03-26 08:46:02',1,'2012-03-26 08:45:28'),(29,'de','Was ist, wenn ich nicht zu Hause bin?',NULL,'<p>\r\n	Sollten Sie generell schlecht zu Hause zu erreichen sein, bieten wir Ihnen vorab die M&ouml;glichkeit sich die Bestellung an eine abweichende Lieferadresse (z.B. zur Arbeit) liefern zu lassen.</p>\r\n<p>\r\n	Wenn das Paket beim ersten Zustellversuch nicht zugestellt werden konnte, erfolgt ein weiterer Zustellversuch, oder Sie erhalten eine Benachrichtigung, dass Ihr Paket in der n&auml;chstgelegenen Postfiliale hinterlegt wurde.</p>\r\n',NULL,'ist-hause-bin','true','false','','','',NULL,NULL,NULL,NULL,1,'2012-03-26 08:46:34',1,'2012-03-26 08:46:34'),(30,'de','Zahlungsarten',NULL,'<p>Wir bieten unseren Kunden folgende Zahlungsm&ouml;glichkeiten:</p>\r\n\r\n<ul>\r\n	<li>Kreditkarte (Visa, Mastercard)</li>\r\n	<li>PayPal</li>\r\n	<li>Sofort&uuml;berweisung</li>\r\n</ul>\r\n\r\n<p>Bei Zahlung per Kreditkarte wird der Rechnungsbetrag sofort nach Bestelleingang eingezogen.</p>\r\n',NULL,'zahlungsarten','false','false',NULL,NULL,NULL,NULL,NULL,NULL,NULL,9,'2016-03-18 14:59:49',1,'2012-03-26 08:47:36'),(31,'de','Wird eine Bonitätsprüfung durchgeführt?',NULL,'<p>\r\n	Eine Bonit&auml;tspr&uuml;fung wird nicht durchgef&uuml;hrt. Allerdings behalten wir uns das Recht vor Kunden vom Online-Kauf auszuschlie&szlig;en, sofern diese im Rahmen eines Betrugsversuchs auff&auml;llig geworden sind.</p>\r\n',NULL,'bonitaetspruefung-durchgefuehrt','true','false','','','',NULL,NULL,NULL,NULL,1,'2012-03-26 08:48:49',1,'2012-03-26 08:48:49'),(32,'de','Kann ich Gutscheine einlösen?',NULL,'<p>\r\n	Gutscheine (Gutscheincodes) k&ouml;nnen Sie ganz einfach im Warenkorb einl&ouml;sen.<br />\r\n	Der Betrag wird Ihnen dann automatisch gutgeschrieben.</p>\r\n<p>\r\n	Als Newsletter-Abonnent erhalten Sie in regelm&auml;&szlig;igen Abst&auml;nden Aktionen und Gutschein Codes!</p>\r\n',NULL,'gutscheine-einloesen','true','false','','','',NULL,NULL,NULL,NULL,1,'2012-03-26 08:49:39',1,'2012-03-26 08:49:39'),(33,'de','Wie funktioniert Sofortüberweisung?',NULL,'<p>\r\n	sofort&uuml;berweisung ist ein Direkt-&Uuml;berweisungsverfahren. Mit sofort&uuml;berweisung stellen Sie noch w&auml;hrend Ihrer Bestellung bequem eine &Uuml;berweisung &uuml;ber den jeweiligen Betrag in Ihr Online-Banking-Konto ein. Wir erhalten nach Abschluss der sofort&uuml;berweisung eine Echtzeitbest&auml;tigung. So k&ouml;nnen wir Ihre Bestellung sofort an Sie ausliefern - Sie erhalten dann Ihre Eink&auml;ufe schneller.</p>\r\n<p>\r\n	Umfangreiche Informationen zur Sicherheit von Sofort&uuml;berweisung finden Sie <a href=\"https://www.payment-network.com/\" target=\"_blank\">hier</a>.</p>\r\n',NULL,'funktioniert-sofortueberweisung','true','false','','','',NULL,NULL,NULL,NULL,1,'2012-03-26 08:50:05',1,'2012-03-26 08:50:05'),(34,'de','Widerrufsrecht',NULL,'<p><strong>Kostenfrei zur&uuml;ckschicken</strong><br />\r\nFalls Ihnen ein Artikel nicht passt oder gef&auml;llt, k&ouml;nnen Sie ihn innerhalb von 14 Tagen kostenfrei an uns zur&uuml;ckschicken.</p>\r\n',NULL,'widerrufsrecht','false','false',NULL,NULL,NULL,NULL,NULL,NULL,NULL,9,'2016-03-18 14:59:54',1,'2012-03-26 08:50:47'),(35,'de','Wichtige Hinweise für die Rücksendung von Paketen',NULL,'<ul>\r\n	<li>\r\n		Nur einwandfreie und originalverpackte Artikel k&ouml;nnen zur&uuml;ckgeschickt werden.</li>\r\n	<li>\r\n		Bitte legen Sie den beim Lieferschein beiliegenden Retourenschein bei.</li>\r\n	<li>\r\n		Bitte bewahren Sie in jedem Fall den Einlieferbeleg als Nachweis f&uuml;r die Retourenabgabe auf.</li>\r\n</ul>\r\n',NULL,'wichtige-hinweise-fuer-ruecksendung-paketen','true','false','','','',NULL,NULL,NULL,NULL,1,'2012-03-26 08:51:57',1,'2012-03-26 08:51:57'),(36,'de','Wohin erfolgt die Rücksendung?',NULL,'<p>Ihre R&uuml;cksendung richten Sie bitte an:</p>\r\n\r\n<p>Glas Artauf GmbH - Glascard<br />\r\nIndustriegasse 4<br />\r\n8311 Markt Hartmannsdorf<br />\r\n&Ouml;sterreich</p>\r\n',NULL,'erfolgt-ruecksendung','true','false','','','',NULL,NULL,NULL,NULL,2,'2015-08-18 08:42:41',1,'2012-03-26 08:52:32'),(37,'de','„Wie“ und „wann“ erhalte ich mein Geld zurück?',NULL,'<p>Sobald Ihre R&uuml;cksendung bei uns angekommen ist, bekommen Sie Ihr Geld zur&uuml;ck.<br />\r\n<br />\r\nJe nach ausgew&auml;hlter Zahlungsart erhalten Sie Ihr Geld zur&uuml;ck:</p>\r\n\r\n<ul>\r\n	<li>bei PayPal erhalten Sie eine Gutschrift auf Ihr Paypal Konto.</li>\r\n	<li>bei Sofort&uuml;berweisung erhalten Sie eine Gutschrift auf Ihr Bankkonto. Geben sie uns ihre Bankdaten bekannt damit wir die &Uuml;berweisung durchf&uuml;hren k&ouml;nnen.</li>\r\n	<li>bei Kreditkartenzahlung erhalten Sie eine Gutschrift auf Ihre Kreditkarte.</li>\r\n</ul>\r\n\r\n<p>Die R&uuml;ckzahlung erfolgt innerhalb weniger Tage.</p>\r\n',NULL,'wie-wann-erhalte-geld-zurueck','true','false',NULL,NULL,NULL,NULL,NULL,NULL,NULL,2,'2015-09-15 15:52:16',1,'2012-03-26 08:53:05'),(38,'de','Kann ich einen Artikel tauschen?',NULL,'<p>\r\n	Ein Tausch von Artikeln ist nicht m&ouml;glich. Sie haben die M&ouml;glichkeit den Artikel zur&uuml;ckzusenden und eine neue Bestellung auszul&ouml;sen.</p>\r\n',NULL,'artikel-tauschen','true','false','','','',NULL,NULL,NULL,NULL,1,'2012-03-26 08:53:41',1,'2012-03-26 08:53:41'),(39,'de','Hilfe & FAQ\'s',NULL,'<div class=\"clear\">\r\n<div class=\"clear\">\r\n<div class=\"clear\">\r\n<div class=\"help-listing clear\">\r\n<div class=\"left\">\r\n<div class=\"faqAnchors\">\r\n<h2>Versand &amp; Lieferung</h2>\r\n\r\n<ol class=\"clear\">\r\n	<li><a href=\"/info/versand-lieferung#faq1\">Wie hoch sind die Versandkosten?lt;/a&gt;</a></li>\r\n	<li><a href=\"/info/versand-lieferung#faq3\">Kann ich auch versandkostenfrei&nbsp;bestellen?lt;/a&gt;</a></li>\r\n	<li><a href=\"/info/versand-lieferung#faq4\">Gibt es einen Expressversand?lt;/a&gt;</a></li>\r\n	<li class=\"last-child\"><a href=\"/info/versand-lieferung\">Alle FAQs zu Versand &amp; Lieferung</a></li>\r\n</ol>\r\n</div>\r\n</div>\r\n\r\n<div class=\"right\">\r\n<div class=\"faqAnchors\">\r\n<h2>Bezahlung</h2>\r\n\r\n<ol class=\"clear\">\r\n	<li><a href=\"/info/zahlungsarten#faq1\">Wie kann ich bezahlen (Zahlungsarten)?lt;/a&gt;</a></li>\r\n	<li><a href=\"/info/zahlungsarten#faq2\">Wie funktioniert Sofort&uuml;berweisung?lt;/a&gt;</a></li>\r\n	<li><a href=\"/info/zahlungsarten#faq3\">Kann ich Gutscheine einl&ouml;sen?lt;/a&gt;</a></li>\r\n	<li class=\"last-child\"><a href=\"/info/zahlungsarten\">Alle FAQs zur Bezahlung</a></li>\r\n</ol>\r\n</div>\r\n</div>\r\n</div>\r\n\r\n<div class=\"help-listing clear\">\r\n<div class=\"left\">\r\n<div class=\"faqAnchors\">\r\n<h2>R&uuml;ckgabe und Retouren</h2>\r\n\r\n<ol class=\"clear\">\r\n	<li><a href=\"/info/widerrufsrecht#faq1\">Kann ich einen Artikel tauschen?lt;/a&gt;</a></li>\r\n	<li><a href=\"/info/widerrufsrecht#faq2\">&quot;Wie&quot; und &quot;wann&quot; erhalte ich mein Geld zur&uuml;ck?lt;/a&gt;</a></li>\r\n	<li><a href=\"/info/widerrufsrecht#faq3\">Wohin erfolgt die R&uuml;cksendung?lt;/a&gt;</a></li>\r\n	<li class=\"last-child\"><a href=\"/info/widerrufsrecht\">Alle FAQs zur R&uuml;ckgabe</a></li>\r\n</ol>\r\n</div>\r\n</div>\r\n\r\n<div class=\"right\">\r\n<div class=\"faqAnchors\">\r\n<h2>Allgemeines</h2>\r\n\r\n<ol class=\"clear\">\r\n	<li><a href=\"/info/datenschutz#faq2\">Ist das Bezahlen im Online-Shop sicher?lt;/a&gt;</a></li>\r\n	<li class=\"last-child\"><a href=\"/info/datenschutz#faq1\">Was ist eine SSL-Verschl&uuml;sselung?lt;/a&gt;</a></li>\r\n</ol>\r\n</div>\r\n</div>\r\n</div>\r\n</div>\r\n</div>\r\n</div>\r\n',NULL,'hilfe-faqs','false','false',NULL,NULL,NULL,NULL,NULL,NULL,NULL,9,'2016-03-18 15:00:00',1,'2012-03-26 08:57:01'),(40,'de','Newsletter Abmeldung',NULL,NULL,NULL,'newsletter-abmeldung','true','false',NULL,NULL,NULL,NULL,NULL,NULL,NULL,1,'2012-03-26 08:57:35',1,'2012-03-26 08:57:35'),(41,'de','Ihr Foto als Glasbild','','',NULL,'glasbild','true','false','Glasbild','','','','',NULL,NULL,2,'2015-06-22 11:53:13',2,'2015-06-10 14:38:25'),(45,'de','Mini-Wasserwaage','','<p>Damit Ihr Bild auch wirklich gerade an der Wand h&auml;ngt, ist diese Mini-Wasserwaage hilfreich. Aufgrund der handlichen Gr&ouml;&szlig;e ist sie auch perfekt aufzubewahren und im Haushalt sicherlich noch &ouml;fters einsetzbar.</p>\r\n',NULL,'mini-wasserwaage','true','false','','','','','',NULL,NULL,2,'2015-08-03 13:11:39',2,'2015-08-03 13:09:59'),(46,'de','Klebstoff',NULL,'<div class=\"EditorContent\">\r\n<p><strong>Vielseitig verwendbarer grauer Klebstoff</strong></p>\r\n\r\n<p>Dieses spezielle Silikon ist bevorzugt an glatten Oberfl&auml;chen anzubringen und erm&ouml;glicht eine Aufh&auml;ngung ohne Lochbohrung in Wand oder Bild.</p>\r\n\r\n<h3>Anwendung</h3>\r\n\r\n<ul style=\"list-style-type: undefined;\">\r\n	<li>auf glatter Oberfl&auml;che anzubringen</li>\r\n	<li>1 St&uuml;ck im Lieferumfang</li>\r\n	<li>Achtung: Aufgrund des starken Klebers kann sich der Putz abl&ouml;sen</li>\r\n</ul>\r\n</div>\r\n',NULL,'klebstoff','true','false',NULL,NULL,NULL,NULL,'<ul>\r\n	<li>Formate: A6, A4, A3, A2, A1</li>\r\n</ul>\r\n',NULL,NULL,9,'2015-09-15 14:53:10',2,'2015-08-03 13:10:06'),(47,'de','Tischständer',NULL,'<p><strong>Einfach und Praktisch f&uuml;r kleine Formate</strong></p>\r\n\r\n<p>Dieser praktische Tischst&auml;nder ist f&uuml;r die Formate A6, A4 und A3 geeignet.</p>\r\n\r\n<h3>Anwendung</h3>\r\n\r\n<ul>\r\n	<li>Am besten f&uuml;r den B&uuml;rotisch geeignet.</li>\r\n	<li>Perfekt f&uuml;r Gru&szlig;karten und A6 Formate</li>\r\n</ul>\r\n',NULL,'tischstaender','true','false',NULL,NULL,NULL,NULL,'<ul>\r\n	<li>Formate: A6, A4, A3</li>\r\n</ul>\r\n',NULL,NULL,9,'2015-09-15 14:58:14',2,'2015-08-03 13:10:10'),(49,'de','Nirosta-Punkthalter-Set für alle Formate',NULL,'<p><strong>Die stabilste Montagevariante f&uuml;r Glasbilder.</strong></p>\r\n\r\n<p>Exlusive Nirosta-Punkthalter f&uuml;r alle Formate,&nbsp;stabile Befestigung f&uuml;r XXL-Sondergr&ouml;&szlig;en.</p>\r\n\r\n<p>Besonders f&uuml;r gr&ouml;&szlig;ere Formate ist dieser Punkthalter optisch und technisch ideal.</p>\r\n\r\n<h3>Anwendung</h3>\r\n\r\n<ul>\r\n	<li>auf glatter Oberfl&auml;che anzubringen (Mauerwerk und <span class=\"st\">Rigipswand</span>)</li>\r\n	<li>Bohrschablone im Lieferumfang</li>\r\n	<li>4 St&uuml;ck Nirosta-Punkthalter im Lieferumfang</li>\r\n	<li>4 St&uuml;ck Schrauben und D&uuml;bel im Lieferumfang</li>\r\n</ul>\r\n',NULL,'nirosta-punkthalter-set-fuer-formate','true','false',NULL,NULL,NULL,NULL,'<ul>\r\n	<li>F&uuml;r alle Formate geeignet, auch f&uuml;r Sondergr&ouml;&szlig;en XXL-Glasbilder</li>\r\n</ul>\r\n',NULL,NULL,9,'2015-09-15 14:36:52',2,'2015-08-03 13:10:41'),(50,'de','Selbstklebendes Klettband-Set',NULL,'<p><strong>Die einfachste und schnellste Glasbild Montage!</strong></p>\r\n\r\n<p>Dieses ist bevorzugt an glatten Oberfl&auml;chen anzubringen und erm&ouml;glicht eine Aufh&auml;ngung ohne Lochbohrung in Wand oder Bild.</p>\r\n\r\n<h3>Anwendung</h3>\r\n\r\n<ul>\r\n	<li>auf glatten Oberfl&auml;chen anzubringen</li>\r\n	<li>4 St&uuml;ck im Lieferumfang</li>\r\n	<li>Achtung: Aufgrund des starken Klebers kann sich der Putz abl&ouml;sen</li>\r\n</ul>\r\n',NULL,'selbstklebendes-klettband-set','true','false',NULL,NULL,NULL,NULL,'<ul>\r\n	<li>Formate: A6, A4, A3, A2, A1</li>\r\n</ul>\r\n',NULL,NULL,9,'2015-09-15 14:33:51',2,'2015-08-03 13:10:44'),(51,'de','Klemmen-Set zur Aufhängung',NULL,'<p><strong>Die Klassische Allround Befestigung</strong></p>\r\n\r\n<p>F&uuml;r alle Formate bis A1 sind diese Klemmen perfekt geeignet. Es ist keine Lochbohrung im Glasbild/in der Glasbild-Collage notwendig.</p>\r\n\r\n<h3>Anwendung</h3>\r\n\r\n<ul>\r\n	<li>auf glatter Oberfl&auml;che anzubringen (Mauerwerk und <span class=\"st\">Rigipswand</span>)</li>\r\n	<li>Bohrschablone im Lieferumfang</li>\r\n	<li>4 St&uuml;ck Klemmen im Lieferumfang</li>\r\n	<li>4 St&uuml;ck Schrauben und D&uuml;bel im Lieferumfang</li>\r\n</ul>\r\n',NULL,'klemmen-set-aufhaengung','true','false',NULL,NULL,NULL,NULL,'<ul>\r\n	<li>Formate: A6, A4, A3, A2, A1</li>\r\n</ul>\r\n',NULL,NULL,9,'2015-09-15 14:42:41',2,'2015-08-03 13:10:46'),(53,'de','Glas Collage',NULL,NULL,NULL,'glas-collage','true','false','',NULL,NULL,NULL,NULL,NULL,NULL,2,'2015-08-26 12:10:35',2,'2015-08-26 12:09:39'),(54,'de','Glas Grußkarte','','',NULL,'glas-grusskarte','true','false','','','','','',NULL,NULL,2,'2015-08-26 12:17:54',2,'2015-08-26 12:17:47'),(56,'de','Glasbild \"Flower gelb\"',NULL,'<p>Die wundersch&ouml;nen Glasbilder aus robustem 4mm dickem Sicherheitsglas sind ein optisches Highlight in jedem Raum. Durch den detailgenauen Druck leuchten die Farben in besonderer Brillanz und schaffen daher einen umwerfenden&nbsp;3D-Effekt. Bei den Bildern wurden ausschlie&szlig;lich hochwertige Materialien verwendet, die Kanten haben einen polierten Schliff und sind rahmenlos.&nbsp;<br />\r\n<br />\r\nDie Bilder sind nicht nur sehr pflegeleicht und&nbsp;kratzfest&nbsp;sondern haben auch eine hohe Unempfindlichkeit gegen Schmutz (keine bleibenden Fingerabdr&uuml;cke mehr m&ouml;glich)</p>\r\n\r\n<p>Eine Montageanleitung finden Sie&nbsp;<a href=\"https://www.youtube.com/channel/UC_fd7Ec7d8MfoBEpr2lTefg\">hier</a></p>\r\n',NULL,'glasbild-flower-gelb','true','false',NULL,NULL,NULL,NULL,'<ul>\r\n	<li>Pflegeleicht &amp; kratzfest</li>\r\n	<li>4mm Sicherheitsglas</li>\r\n	<li>Umwerfender 3D-Effekt</li>\r\n</ul>\r\n',NULL,NULL,2,'2015-09-16 11:34:56',1,'2015-09-16 11:16:22'),(57,'de','Glasbild \"Rose\"',NULL,'<p>Die wundersch&ouml;nen Glasbilder aus robustem 4mm dickem Sicherheitsglas sind ein optisches Highlight in jedem Raum. Durch den detailgenauen Druck leuchten die Farben in besonderer Brillanz und schaffen daher einen umwerfenden&nbsp;3D-Effekt. Bei den Bildern wurden ausschlie&szlig;lich hochwertige Materialien verwendet, die Kanten haben einen polierten Schliff und sind rahmenlos.&nbsp;<br />\r\n<br />\r\nDie Bilder sind nicht nur sehr pflegeleicht und&nbsp;kratzfest&nbsp;sondern haben auch eine hohe Unempfindlichkeit gegen Schmutz (keine bleibenden Fingerabdr&uuml;cke mehr m&ouml;glich)</p>\r\n\r\n<p>Eine Montageanleitung finden Sie&nbsp;<a href=\"https://www.youtube.com/channel/UC_fd7Ec7d8MfoBEpr2lTefg\">hier</a></p>\r\n',NULL,'glasbild-rose','true','false',NULL,NULL,NULL,NULL,'<ul>\r\n	<li>Pflegeleicht &amp; kratzfest</li>\r\n	<li>4mm Sicherheitsglas</li>\r\n	<li>Umwerfender 3D-Effekt</li>\r\n</ul>\r\n',NULL,NULL,2,'2015-09-16 11:35:05',1,'2015-09-16 11:16:25'),(58,'de','Glasbild \"Mohnblume\"',NULL,'<p>Die wundersch&ouml;nen Glasbilder aus robustem 4mm dickem Sicherheitsglas sind ein optisches Highlight in jedem Raum. Durch den detailgenauen Druck leuchten die Farben in besonderer Brillanz und schaffen daher einen umwerfenden&nbsp;3D-Effekt. Bei den Bildern wurden ausschlie&szlig;lich hochwertige Materialien verwendet, die Kanten haben einen polierten Schliff und sind rahmenlos.&nbsp;<br />\r\n<br />\r\nDie Bilder sind nicht nur sehr pflegeleicht und&nbsp;kratzfest&nbsp;sondern haben auch eine hohe Unempfindlichkeit gegen Schmutz (keine bleibenden Fingerabdr&uuml;cke mehr m&ouml;glich)</p>\r\n\r\n<p>Eine Montageanleitung finden Sie&nbsp;<a href=\"https://www.youtube.com/channel/UC_fd7Ec7d8MfoBEpr2lTefg\">hier</a></p>\r\n',NULL,'glasbild-mohnblume','true','false',NULL,NULL,NULL,NULL,'<ul>\r\n	<li>Pflegeleicht &amp; kratzfest</li>\r\n	<li>4mm Sicherheitsglas</li>\r\n	<li>Umwerfender 3D-Effekt</li>\r\n</ul>\r\n',NULL,NULL,2,'2015-09-16 11:35:15',1,'2015-09-16 11:16:28'),(59,'de','Glasbild \"bunt\"',NULL,'<p>Die wundersch&ouml;nen Glasbilder aus robustem 4mm dickem Sicherheitsglas sind ein optisches Highlight in jedem Raum. Durch den detailgenauen Druck leuchten die Farben in besonderer Brillanz und schaffen daher einen umwerfenden&nbsp;3D-Effekt. Bei den Bildern wurden ausschlie&szlig;lich hochwertige Materialien verwendet, die Kanten haben einen polierten Schliff und sind rahmenlos.&nbsp;<br />\r\n<br />\r\nDie Bilder sind nicht nur sehr pflegeleicht und&nbsp;kratzfest&nbsp;sondern haben auch eine hohe Unempfindlichkeit gegen Schmutz (keine bleibenden Fingerabdr&uuml;cke mehr m&ouml;glich)</p>\r\n\r\n<p>Eine Montageanleitung finden Sie&nbsp;<a href=\"https://www.youtube.com/channel/UC_fd7Ec7d8MfoBEpr2lTefg\">hier</a></p>\r\n',NULL,'glasbild-bunt','true','false',NULL,NULL,NULL,NULL,'<ul>\r\n	<li>Pflegeleicht &amp; kratzfest</li>\r\n	<li>4mm Sicherheitsglas</li>\r\n	<li>Umwerfender 3D-Effekt</li>\r\n</ul>\r\n',NULL,NULL,2,'2015-09-16 11:35:22',1,'2015-09-16 11:16:32'),(60,'de','Glasbild \"Orchidee\"',NULL,'<p>Die wundersch&ouml;nen Glasbilder aus robustem 4mm dickem Sicherheitsglas sind ein optisches Highlight in jedem Raum. Durch den detailgenauen Druck leuchten die Farben in besonderer Brillanz und schaffen daher einen umwerfenden&nbsp;3D-Effekt. Bei den Bildern wurden ausschlie&szlig;lich hochwertige Materialien verwendet, die Kanten haben einen polierten Schliff und sind rahmenlos.&nbsp;<br />\r\n<br />\r\nDie Bilder sind nicht nur sehr pflegeleicht und&nbsp;kratzfest&nbsp;sondern haben auch eine hohe Unempfindlichkeit gegen Schmutz (keine bleibenden Fingerabdr&uuml;cke mehr m&ouml;glich)</p>\r\n\r\n<p>Eine Montageanleitung finden Sie&nbsp;<a href=\"https://www.youtube.com/channel/UC_fd7Ec7d8MfoBEpr2lTefg\">hier</a></p>\r\n',NULL,'glasbild-orchidee','true','false',NULL,NULL,NULL,NULL,'<ul>\r\n	<li>Pflegeleicht &amp; kratzfest</li>\r\n	<li>4mm Sicherheitsglas</li>\r\n	<li>Umwerfender 3D-Effekt</li>\r\n</ul>\r\n',NULL,NULL,2,'2015-09-16 11:35:32',1,'2015-09-16 11:16:35'),(61,'de','Glasbild \"Seerosen\"',NULL,'<p>Die wundersch&ouml;nen Glasbilder aus robustem 4mm dickem Sicherheitsglas sind ein optisches Highlight in jedem Raum. Durch den detailgenauen Druck leuchten die Farben in besonderer Brillanz und schaffen daher einen umwerfenden&nbsp;3D-Effekt. Bei den Bildern wurden ausschlie&szlig;lich hochwertige Materialien verwendet, die Kanten haben einen polierten Schliff und sind rahmenlos.&nbsp;<br />\r\n<br />\r\nDie Bilder sind nicht nur sehr pflegeleicht und&nbsp;kratzfest&nbsp;sondern haben auch eine hohe Unempfindlichkeit gegen Schmutz (keine bleibenden Fingerabdr&uuml;cke mehr m&ouml;glich)</p>\r\n\r\n<p>Eine Montageanleitung finden Sie&nbsp;<a href=\"https://www.youtube.com/channel/UC_fd7Ec7d8MfoBEpr2lTefg\">hier</a></p>\r\n',NULL,'glasbild-seerosen','true','false',NULL,NULL,NULL,NULL,'<ul>\r\n	<li>Pflegeleicht &amp; kratzfest</li>\r\n	<li>4mm Sicherheitsglas</li>\r\n	<li>Umwerfender 3D-Effekt</li>\r\n</ul>\r\n',NULL,NULL,2,'2015-09-16 11:35:41',1,'2015-09-16 11:16:37'),(62,'de','Glasbild \"Flower violett\"',NULL,'<p>Die wundersch&ouml;nen Glasbilder aus robustem 4mm dickem Sicherheitsglas sind ein optisches Highlight in jedem Raum. Durch den detailgenauen Druck leuchten die Farben in besonderer Brillanz und schaffen daher einen umwerfenden&nbsp;3D-Effekt. Bei den Bildern wurden ausschlie&szlig;lich hochwertige Materialien verwendet, die Kanten haben einen polierten Schliff und sind rahmenlos.&nbsp;<br />\r\n<br />\r\nDie Bilder sind nicht nur sehr pflegeleicht und&nbsp;kratzfest&nbsp;sondern haben auch eine hohe Unempfindlichkeit gegen Schmutz (keine bleibenden Fingerabdr&uuml;cke mehr m&ouml;glich)</p>\r\n\r\n<p>Eine Montageanleitung finden Sie&nbsp;<a href=\"https://www.youtube.com/channel/UC_fd7Ec7d8MfoBEpr2lTefg\">hier</a></p>\r\n',NULL,'glasbild-flower-violett','true','false',NULL,NULL,NULL,NULL,'<ul>\r\n	<li>Pflegeleicht &amp; kratzfest</li>\r\n	<li>4mm Sicherheitsglas</li>\r\n	<li>Umwerfender 3D-Effekt</li>\r\n</ul>\r\n',NULL,NULL,2,'2015-09-16 11:35:50',1,'2015-09-16 11:16:40'),(63,'de','Glasbild \"Blätter\"',NULL,'<p>Die wundersch&ouml;nen Glasbilder aus robustem 4mm dickem Sicherheitsglas sind ein optisches Highlight in jedem Raum. Durch den detailgenauen Druck leuchten die Farben in besonderer Brillanz und schaffen daher einen umwerfenden&nbsp;3D-Effekt. Bei den Bildern wurden ausschlie&szlig;lich hochwertige Materialien verwendet, die Kanten haben einen polierten Schliff und sind rahmenlos.&nbsp;<br />\r\n<br />\r\nDie Bilder sind nicht nur sehr pflegeleicht und&nbsp;kratzfest&nbsp;sondern haben auch eine hohe Unempfindlichkeit gegen Schmutz (keine bleibenden Fingerabdr&uuml;cke mehr m&ouml;glich)</p>\r\n\r\n<p>Eine Montageanleitung finden Sie&nbsp;<a href=\"https://www.youtube.com/channel/UC_fd7Ec7d8MfoBEpr2lTefg\">hier</a></p>\r\n',NULL,'glasbild-blaetter','true','false',NULL,NULL,NULL,NULL,'<ul>\r\n	<li>Pflegeleicht &amp; kratzfest</li>\r\n	<li>4mm Sicherheitsglas</li>\r\n	<li>Umwerfender 3D-Effekt</li>\r\n</ul>\r\n',NULL,NULL,2,'2015-09-16 11:35:58',1,'2015-09-16 11:16:43'),(64,'de','Glasbild \"Daisy\"',NULL,'<p>Die wundersch&ouml;nen Glasbilder aus robustem 4mm dickem Sicherheitsglas sind ein optisches Highlight in jedem Raum. Durch den detailgenauen Druck leuchten die Farben in besonderer Brillanz und schaffen daher einen umwerfenden&nbsp;3D-Effekt. Bei den Bildern wurden ausschlie&szlig;lich hochwertige Materialien verwendet, die Kanten haben einen polierten Schliff und sind rahmenlos.&nbsp;<br />\r\n<br />\r\nDie Bilder sind nicht nur sehr pflegeleicht und&nbsp;kratzfest&nbsp;sondern haben auch eine hohe Unempfindlichkeit gegen Schmutz (keine bleibenden Fingerabdr&uuml;cke mehr m&ouml;glich)</p>\r\n\r\n<p>Eine Montageanleitung finden Sie&nbsp;<a href=\"https://www.youtube.com/channel/UC_fd7Ec7d8MfoBEpr2lTefg\">hier</a></p>\r\n',NULL,'glasbild-daisy','true','false',NULL,NULL,NULL,NULL,'<ul>\r\n	<li>Pflegeleicht &amp; kratzfest</li>\r\n	<li>4mm Sicherheitsglas</li>\r\n	<li>Umwerfender 3D-Effekt</li>\r\n</ul>\r\n',NULL,NULL,2,'2015-09-16 11:36:07',1,'2015-09-16 11:16:44'),(65,'de','Glasbild \"Edelweiss\"',NULL,'<p>Die wundersch&ouml;nen Glasbilder aus robustem 4mm dickem Sicherheitsglas sind ein optisches Highlight in jedem Raum. Durch den detailgenauen Druck leuchten die Farben in besonderer Brillanz und schaffen daher einen umwerfenden&nbsp;3D-Effekt. Bei den Bildern wurden ausschlie&szlig;lich hochwertige Materialien verwendet, die Kanten haben einen polierten Schliff und sind rahmenlos.&nbsp;<br />\r\n<br />\r\nDie Bilder sind nicht nur sehr pflegeleicht und&nbsp;kratzfest&nbsp;sondern haben auch eine hohe Unempfindlichkeit gegen Schmutz (keine bleibenden Fingerabdr&uuml;cke mehr m&ouml;glich)</p>\r\n\r\n<p>Eine Montageanleitung finden Sie&nbsp;<a href=\"https://www.youtube.com/channel/UC_fd7Ec7d8MfoBEpr2lTefg\">hier</a></p>\r\n',NULL,'glasbild-edelweiss','true','false',NULL,NULL,NULL,NULL,'<ul>\r\n	<li>Pflegeleicht &amp; kratzfest</li>\r\n	<li>4mm Sicherheitsglas</li>\r\n	<li>Umwerfender 3D-Effekt</li>\r\n</ul>\r\n',NULL,NULL,2,'2015-09-16 11:36:17',1,'2015-09-16 11:16:46'),(66,'de','Glasbild \"Nature grün\"',NULL,'<p>Die wundersch&ouml;nen Glasbilder aus robustem 4mm dickem Sicherheitsglas sind ein optisches Highlight in jedem Raum. Durch den detailgenauen Druck leuchten die Farben in besonderer Brillanz und schaffen daher einen umwerfenden&nbsp;3D-Effekt. Bei den Bildern wurden ausschlie&szlig;lich hochwertige Materialien verwendet, die Kanten haben einen polierten Schliff und sind rahmenlos.&nbsp;<br />\r\n<br />\r\nDie Bilder sind nicht nur sehr pflegeleicht und&nbsp;kratzfest&nbsp;sondern haben auch eine hohe Unempfindlichkeit gegen Schmutz (keine bleibenden Fingerabdr&uuml;cke mehr m&ouml;glich)</p>\r\n\r\n<p>Eine Montageanleitung finden Sie&nbsp;<a href=\"https://www.youtube.com/channel/UC_fd7Ec7d8MfoBEpr2lTefg\">hier</a></p>\r\n',NULL,'glasbild-nature-gruen','true','false',NULL,NULL,NULL,NULL,'<ul>\r\n	<li>Pflegeleicht &amp; kratzfest</li>\r\n	<li>4mm Sicherheitsglas</li>\r\n	<li>Umwerfender 3D-Effekt</li>\r\n</ul>\r\n',NULL,NULL,2,'2015-09-16 11:36:25',1,'2015-09-16 11:16:47'),(67,'de','Glasbild \"Nature Weizen\"',NULL,'<p>Die wundersch&ouml;nen Glasbilder aus robustem 4mm dickem Sicherheitsglas sind ein optisches Highlight in jedem Raum. Durch den detailgenauen Druck leuchten die Farben in besonderer Brillanz und schaffen daher einen umwerfenden&nbsp;3D-Effekt. Bei den Bildern wurden ausschlie&szlig;lich hochwertige Materialien verwendet, die Kanten haben einen polierten Schliff und sind rahmenlos.&nbsp;<br />\r\n<br />\r\nDie Bilder sind nicht nur sehr pflegeleicht und&nbsp;kratzfest&nbsp;sondern haben auch eine hohe Unempfindlichkeit gegen Schmutz (keine bleibenden Fingerabdr&uuml;cke mehr m&ouml;glich)</p>\r\n\r\n<p>Eine Montageanleitung finden Sie&nbsp;<a href=\"https://www.youtube.com/channel/UC_fd7Ec7d8MfoBEpr2lTefg\">hier</a></p>\r\n',NULL,'glasbild-nature-weizen','true','false',NULL,NULL,NULL,NULL,'<ul>\r\n	<li>Pflegeleicht &amp; kratzfest</li>\r\n	<li>4mm Sicherheitsglas</li>\r\n	<li>Umwerfender 3D-Effekt</li>\r\n</ul>\r\n',NULL,NULL,2,'2015-09-16 11:37:26',1,'2015-09-16 11:16:51'),(68,'de','Glasbild \"Nature Weizen grün\"',NULL,'<p>Die wundersch&ouml;nen Glasbilder aus robustem 4mm dickem Sicherheitsglas sind ein optisches Highlight in jedem Raum. Durch den detailgenauen Druck leuchten die Farben in besonderer Brillanz und schaffen daher einen umwerfenden&nbsp;3D-Effekt. Bei den Bildern wurden ausschlie&szlig;lich hochwertige Materialien verwendet, die Kanten haben einen polierten Schliff und sind rahmenlos.&nbsp;<br />\r\n<br />\r\nDie Bilder sind nicht nur sehr pflegeleicht und&nbsp;kratzfest&nbsp;sondern haben auch eine hohe Unempfindlichkeit gegen Schmutz (keine bleibenden Fingerabdr&uuml;cke mehr m&ouml;glich)</p>\r\n\r\n<p>Eine Montageanleitung finden Sie&nbsp;<a href=\"https://www.youtube.com/channel/UC_fd7Ec7d8MfoBEpr2lTefg\">hier</a></p>\r\n',NULL,'glasbild-nature-weizen-gruen','true','false',NULL,NULL,NULL,NULL,'<ul>\r\n	<li>Pflegeleicht &amp; kratzfest</li>\r\n	<li>4mm Sicherheitsglas</li>\r\n	<li>Umwerfender 3D-Effekt</li>\r\n</ul>\r\n',NULL,NULL,2,'2015-09-16 11:36:33',1,'2015-09-16 11:16:51'),(69,'de','Glasbild \"Nature Paradise\"',NULL,'<p>Die wundersch&ouml;nen Glasbilder aus robustem 4mm dickem Sicherheitsglas sind ein optisches Highlight in jedem Raum. Durch den detailgenauen Druck leuchten die Farben in besonderer Brillanz und schaffen daher einen umwerfenden&nbsp;3D-Effekt. Bei den Bildern wurden ausschlie&szlig;lich hochwertige Materialien verwendet, die Kanten haben einen polierten Schliff und sind rahmenlos.&nbsp;<br />\r\n<br />\r\nDie Bilder sind nicht nur sehr pflegeleicht und&nbsp;kratzfest&nbsp;sondern haben auch eine hohe Unempfindlichkeit gegen Schmutz (keine bleibenden Fingerabdr&uuml;cke mehr m&ouml;glich)</p>\r\n\r\n<p>Eine Montageanleitung finden Sie&nbsp;<a href=\"https://www.youtube.com/channel/UC_fd7Ec7d8MfoBEpr2lTefg\">hier</a></p>\r\n',NULL,'glasbild-nature-paradise','true','false',NULL,NULL,NULL,NULL,'<ul>\r\n	<li>Pflegeleicht &amp; kratzfest</li>\r\n	<li>4mm Sicherheitsglas</li>\r\n	<li>Umwerfender 3D-Effekt</li>\r\n</ul>\r\n',NULL,NULL,2,'2015-09-16 11:36:41',1,'2015-09-16 11:16:52'),(70,'de','Glasbild \"fruits & vegetables Limette\"',NULL,'<p>Die wundersch&ouml;nen Glasbilder aus robustem 4mm dickem Sicherheitsglas sind ein optisches Highlight in jedem Raum. Durch den detailgenauen Druck leuchten die Farben in besonderer Brillanz und schaffen daher einen umwerfenden&nbsp;3D-Effekt. Bei den Bildern wurden ausschlie&szlig;lich hochwertige Materialien verwendet, die Kanten haben einen polierten Schliff und sind rahmenlos.&nbsp;<br />\r\n<br />\r\nDie Bilder sind nicht nur sehr pflegeleicht und&nbsp;kratzfest&nbsp;sondern haben auch eine hohe Unempfindlichkeit gegen Schmutz (keine bleibenden Fingerabdr&uuml;cke mehr m&ouml;glich)</p>\r\n\r\n<p>Eine Montageanleitung finden Sie&nbsp;<a href=\"https://www.youtube.com/channel/UC_fd7Ec7d8MfoBEpr2lTefg\">hier</a></p>\r\n',NULL,'glasbild-fruits-vegetables-limette','true','false',NULL,NULL,NULL,NULL,'<ul>\r\n	<li>Pflegeleicht &amp; kratzfest</li>\r\n	<li>4mm Sicherheitsglas</li>\r\n	<li>Umwerfender 3D-Effekt</li>\r\n</ul>\r\n',NULL,NULL,2,'2015-09-16 11:36:50',1,'2015-09-16 11:16:55'),(71,'de','Glasbild \"Pfauenfeder\"',NULL,'<p>Die wundersch&ouml;nen Glasbilder aus robustem 4mm dickem Sicherheitsglas sind ein optisches Highlight in jedem Raum. Durch den detailgenauen Druck leuchten die Farben in besonderer Brillanz und schaffen daher einen umwerfenden&nbsp;3D-Effekt. Bei den Bildern wurden ausschlie&szlig;lich hochwertige Materialien verwendet, die Kanten haben einen polierten Schliff und sind rahmenlos.&nbsp;<br />\r\n<br />\r\nDie Bilder sind nicht nur sehr pflegeleicht und&nbsp;kratzfest&nbsp;sondern haben auch eine hohe Unempfindlichkeit gegen Schmutz (keine bleibenden Fingerabdr&uuml;cke mehr m&ouml;glich)</p>\r\n\r\n<p>Eine Montageanleitung finden Sie&nbsp;<a href=\"https://www.youtube.com/channel/UC_fd7Ec7d8MfoBEpr2lTefg\">hier</a></p>\r\n',NULL,'glasbild-pfauenfeder','true','false',NULL,NULL,NULL,NULL,'<ul>\r\n	<li>Pflegeleicht &amp; kratzfest</li>\r\n	<li>4mm Sicherheitsglas</li>\r\n	<li>Umwerfender 3D-Effekt</li>\r\n</ul>\r\n',NULL,NULL,2,'2015-09-16 11:36:59',1,'2015-09-16 11:16:58'),(72,'de','Glasbild \"Structure weiß\"',NULL,'<p>Die wundersch&ouml;nen Glasbilder aus robustem 4mm dickem Sicherheitsglas sind ein optisches Highlight in jedem Raum. Durch den detailgenauen Druck leuchten die Farben in besonderer Brillanz und schaffen daher einen umwerfenden&nbsp;3D-Effekt. Bei den Bildern wurden ausschlie&szlig;lich hochwertige Materialien verwendet, die Kanten haben einen polierten Schliff und sind rahmenlos.&nbsp;<br />\r\n<br />\r\nDie Bilder sind nicht nur sehr pflegeleicht und&nbsp;kratzfest&nbsp;sondern haben auch eine hohe Unempfindlichkeit gegen Schmutz (keine bleibenden Fingerabdr&uuml;cke mehr m&ouml;glich)</p>\r\n\r\n<p>Eine Montageanleitung finden Sie&nbsp;<a href=\"https://www.youtube.com/channel/UC_fd7Ec7d8MfoBEpr2lTefg\">hier</a></p>\r\n',NULL,'glasbild-structure-weiss','true','false',NULL,NULL,NULL,NULL,'<ul>\r\n	<li>Pflegeleicht &amp; kratzfest</li>\r\n	<li>4mm Sicherheitsglas</li>\r\n	<li>Umwerfender 3D-Effekt</li>\r\n</ul>\r\n',NULL,NULL,2,'2015-09-16 11:37:08',1,'2015-09-16 11:17:02'),(73,'de','Glasbild \"Water\"',NULL,'<p>Die wundersch&ouml;nen Glasbilder aus robustem 4mm dickem Sicherheitsglas sind ein optisches Highlight in jedem Raum. Durch den detailgenauen Druck leuchten die Farben in besonderer Brillanz und schaffen daher einen umwerfenden&nbsp;3D-Effekt. Bei den Bildern wurden ausschlie&szlig;lich hochwertige Materialien verwendet, die Kanten haben einen polierten Schliff und sind rahmenlos.&nbsp;<br />\r\n<br />\r\nDie Bilder sind nicht nur sehr pflegeleicht und&nbsp;kratzfest&nbsp;sondern haben auch eine hohe Unempfindlichkeit gegen Schmutz (keine bleibenden Fingerabdr&uuml;cke mehr m&ouml;glich)</p>\r\n\r\n<p>Eine Montageanleitung finden Sie&nbsp;<a href=\"https://www.youtube.com/channel/UC_fd7Ec7d8MfoBEpr2lTefg\">hier</a></p>\r\n',NULL,'glasbild-water','true','false',NULL,NULL,NULL,NULL,'<ul>\r\n	<li>Pflegeleicht &amp; kratzfest</li>\r\n	<li>4mm Sicherheitsglas</li>\r\n	<li>Umwerfender 3D-Effekt</li>\r\n</ul>\r\n',NULL,NULL,2,'2015-09-16 11:37:17',1,'2015-09-16 11:17:04'),(74,'de','Glasbild \"Sonnenuntergang\"',NULL,'<p>Die wundersch&ouml;nen Glasbilder aus robustem 4mm dickem Sicherheitsglas sind ein optisches Highlight in jedem Raum. Durch den detailgenauen Druck leuchten die Farben in besonderer Brillanz und schaffen daher einen umwerfenden&nbsp;3D-Effekt. Bei den Bildern wurden ausschlie&szlig;lich hochwertige Materialien verwendet, die Kanten haben einen polierten Schliff und sind rahmenlos.&nbsp;<br />\r\n<br />\r\nDie Bilder sind nicht nur sehr pflegeleicht und&nbsp;kratzfest&nbsp;sondern haben auch eine hohe Unempfindlichkeit gegen Schmutz (keine bleibenden Fingerabdr&uuml;cke mehr m&ouml;glich)</p>\r\n\r\n<p>Eine Montageanleitung finden Sie&nbsp;<a href=\"https://www.youtube.com/channel/UC_fd7Ec7d8MfoBEpr2lTefg\">hier</a></p>\r\n',NULL,'glasbild-sonnenuntergang','true','false',NULL,NULL,NULL,NULL,'<ul>\r\n	<li>Pflegeleicht &amp; kratzfest</li>\r\n	<li>4mm Sicherheitsglas</li>\r\n	<li>Umwerfender 3D-Effekt</li>\r\n</ul>\r\n',NULL,NULL,2,'2015-09-16 11:32:51',1,'2015-09-16 11:17:06'),(75,'de','Glasbild \"Fairytale Woods\"',NULL,'<p>Die wundersch&ouml;nen Glasbilder aus robustem 4mm dickem Sicherheitsglas sind ein optisches Highlight in jedem Raum. Durch den detailgenauen Druck leuchten die Farben in besonderer Brillanz und schaffen daher einen umwerfenden&nbsp;3D-Effekt. Bei den Bildern wurden ausschlie&szlig;lich hochwertige Materialien verwendet, die Kanten haben einen polierten Schliff und sind rahmenlos.&nbsp;<br />\r\n<br />\r\nDie Bilder sind nicht nur sehr pflegeleicht und&nbsp;kratzfest&nbsp;sondern haben auch eine hohe Unempfindlichkeit gegen Schmutz (keine bleibenden Fingerabdr&uuml;cke mehr m&ouml;glich)</p>\r\n\r\n<p>Eine Montageanleitung finden Sie&nbsp;<a href=\"https://www.youtube.com/channel/UC_fd7Ec7d8MfoBEpr2lTefg\">hier</a></p>\r\n',NULL,'glasbild-fairytale-woods','true','false',NULL,NULL,NULL,NULL,'<ul>\r\n	<li>Pflegeleicht &amp; kratzfest</li>\r\n	<li>4mm Sicherheitsglas</li>\r\n	<li>Umwerfender 3D-Effekt</li>\r\n</ul>\r\n',NULL,NULL,2,'2015-09-16 11:33:01',1,'2015-09-16 11:17:07'),(76,'de','Glasbild \"Stein auf Stein\"',NULL,'<p>Die wundersch&ouml;nen Glasbilder aus robustem 4mm dickem Sicherheitsglas sind ein optisches Highlight in jedem Raum. Durch den detailgenauen Druck leuchten die Farben in besonderer Brillanz und schaffen daher einen umwerfenden&nbsp;3D-Effekt. Bei den Bildern wurden ausschlie&szlig;lich hochwertige Materialien verwendet, die Kanten haben einen polierten Schliff und sind rahmenlos.&nbsp;<br />\r\n<br />\r\nDie Bilder sind nicht nur sehr pflegeleicht und&nbsp;kratzfest&nbsp;sondern haben auch eine hohe Unempfindlichkeit gegen Schmutz (keine bleibenden Fingerabdr&uuml;cke mehr m&ouml;glich)</p>\r\n\r\n<p>Eine Montageanleitung finden Sie&nbsp;<a href=\"https://www.youtube.com/channel/UC_fd7Ec7d8MfoBEpr2lTefg\">hier</a></p>\r\n',NULL,'glasbild-stein-stein','true','false',NULL,NULL,NULL,NULL,'<ul>\r\n	<li>Pflegeleicht &amp; kratzfest</li>\r\n	<li>4mm Sicherheitsglas</li>\r\n	<li>Umwerfender 3D-Effekt</li>\r\n</ul>\r\n',NULL,NULL,2,'2015-09-16 11:33:12',1,'2015-09-16 11:17:08'),(77,'de','Glasbild \"runder Stein\"',NULL,'<p>Die wundersch&ouml;nen Glasbilder aus robustem 4mm dickem Sicherheitsglas sind ein optisches Highlight in jedem Raum. Durch den detailgenauen Druck leuchten die Farben in besonderer Brillanz und schaffen daher einen umwerfenden&nbsp;3D-Effekt. Bei den Bildern wurden ausschlie&szlig;lich hochwertige Materialien verwendet, die Kanten haben einen polierten Schliff und sind rahmenlos.&nbsp;<br />\r\n<br />\r\nDie Bilder sind nicht nur sehr pflegeleicht und&nbsp;kratzfest&nbsp;sondern haben auch eine hohe Unempfindlichkeit gegen Schmutz (keine bleibenden Fingerabdr&uuml;cke mehr m&ouml;glich)</p>\r\n\r\n<p>Eine Montageanleitung finden Sie&nbsp;<a href=\"https://www.youtube.com/channel/UC_fd7Ec7d8MfoBEpr2lTefg\">hier</a></p>\r\n',NULL,'glasbild-runder-stein','true','false',NULL,NULL,NULL,NULL,'<ul>\r\n	<li>Pflegeleicht &amp; kratzfest</li>\r\n	<li>4mm Sicherheitsglas</li>\r\n	<li>Umwerfender 3D-Effekt</li>\r\n</ul>\r\n',NULL,NULL,2,'2015-09-16 11:33:22',1,'2015-09-16 11:17:08'),(78,'de','Glasbild \"Weg der Steine\"',NULL,'<p>Die wundersch&ouml;nen Glasbilder aus robustem 4mm dickem Sicherheitsglas sind ein optisches Highlight in jedem Raum. Durch den detailgenauen Druck leuchten die Farben in besonderer Brillanz und schaffen daher einen umwerfenden&nbsp;3D-Effekt. Bei den Bildern wurden ausschlie&szlig;lich hochwertige Materialien verwendet, die Kanten haben einen polierten Schliff und sind rahmenlos.&nbsp;<br />\r\n<br />\r\nDie Bilder sind nicht nur sehr pflegeleicht und&nbsp;kratzfest&nbsp;sondern haben auch eine hohe Unempfindlichkeit gegen Schmutz (keine bleibenden Fingerabdr&uuml;cke mehr m&ouml;glich)</p>\r\n\r\n<p>Eine Montageanleitung finden Sie&nbsp;<a href=\"https://www.youtube.com/channel/UC_fd7Ec7d8MfoBEpr2lTefg\">hier</a></p>\r\n',NULL,'glasbild-weg-steine','true','false',NULL,NULL,NULL,NULL,'<ul>\r\n	<li>Pflegeleicht &amp; kratzfest</li>\r\n	<li>4mm Sicherheitsglas</li>\r\n	<li>Umwerfender 3D-Effekt</li>\r\n</ul>\r\n',NULL,NULL,2,'2015-09-16 11:33:32',1,'2015-09-16 11:17:09'),(79,'de','Glasbild \"König der Tiere\"',NULL,'<p>Die wundersch&ouml;nen Glasbilder aus robustem 4mm dickem Sicherheitsglas sind ein optisches Highlight in jedem Raum. Durch den detailgenauen Druck leuchten die Farben in besonderer Brillanz und schaffen daher einen umwerfenden&nbsp;3D-Effekt. Bei den Bildern wurden ausschlie&szlig;lich hochwertige Materialien verwendet, die Kanten haben einen polierten Schliff und sind rahmenlos.&nbsp;<br />\r\n<br />\r\nDie Bilder sind nicht nur sehr pflegeleicht und&nbsp;kratzfest&nbsp;sondern haben auch eine hohe Unempfindlichkeit gegen Schmutz (keine bleibenden Fingerabdr&uuml;cke mehr m&ouml;glich)</p>\r\n\r\n<p>Eine Montageanleitung finden Sie&nbsp;<a href=\"https://www.youtube.com/channel/UC_fd7Ec7d8MfoBEpr2lTefg\">hier</a></p>\r\n',NULL,'glasbild-koenig-tiere','true','false',NULL,NULL,NULL,NULL,'<ul>\r\n	<li>Pflegeleicht &amp; kratzfest</li>\r\n	<li>4mm Sicherheitsglas</li>\r\n	<li>Umwerfender 3D-Effekt</li>\r\n</ul>\r\n',NULL,NULL,2,'2015-09-16 11:33:43',1,'2015-09-16 11:17:10'),(80,'de','Glasbild \"Elefant\"',NULL,'<p>Die wundersch&ouml;nen Glasbilder aus robustem 4mm dickem Sicherheitsglas sind ein optisches Highlight in jedem Raum. Durch den detailgenauen Druck leuchten die Farben in besonderer Brillanz und schaffen daher einen umwerfenden&nbsp;3D-Effekt. Bei den Bildern wurden ausschlie&szlig;lich hochwertige Materialien verwendet, die Kanten haben einen polierten Schliff und sind rahmenlos.&nbsp;<br />\r\n<br />\r\nDie Bilder sind nicht nur sehr pflegeleicht und&nbsp;kratzfest&nbsp;sondern haben auch eine hohe Unempfindlichkeit gegen Schmutz (keine bleibenden Fingerabdr&uuml;cke mehr m&ouml;glich)</p>\r\n\r\n<p>Eine Montageanleitung finden Sie&nbsp;<a href=\"https://www.youtube.com/channel/UC_fd7Ec7d8MfoBEpr2lTefg\">hier</a></p>\r\n',NULL,'glasbild-elefant','true','false',NULL,NULL,NULL,NULL,'<ul>\r\n	<li>Pflegeleicht &amp; kratzfest</li>\r\n	<li>4mm Sicherheitsglas</li>\r\n	<li>Umwerfender 3D-Effekt</li>\r\n</ul>\r\n',NULL,NULL,2,'2015-09-16 11:33:52',1,'2015-09-16 11:17:11'),(81,'de','Glasbild \"Hirschgeweih\"',NULL,'<p>Die wundersch&ouml;nen Glasbilder aus robustem 4mm dickem Sicherheitsglas sind ein optisches Highlight in jedem Raum. Durch den detailgenauen Druck leuchten die Farben in besonderer Brillanz und schaffen daher einen umwerfenden&nbsp;3D-Effekt. Bei den Bildern wurden ausschlie&szlig;lich hochwertige Materialien verwendet, die Kanten haben einen polierten Schliff und sind rahmenlos.&nbsp;<br />\r\n<br />\r\nDie Bilder sind nicht nur sehr pflegeleicht und&nbsp;kratzfest&nbsp;sondern haben auch eine hohe Unempfindlichkeit gegen Schmutz (keine bleibenden Fingerabdr&uuml;cke mehr m&ouml;glich)</p>\r\n\r\n<p>Eine Montageanleitung finden Sie&nbsp;<a href=\"https://www.youtube.com/channel/UC_fd7Ec7d8MfoBEpr2lTefg\">hier</a></p>\r\n',NULL,'glasbild-hirschgeweih','true','false',NULL,NULL,NULL,NULL,'<ul>\r\n	<li>Pflegeleicht &amp; kratzfest</li>\r\n	<li>4mm Sicherheitsglas</li>\r\n	<li>Umwerfender 3D-Effekt</li>\r\n</ul>\r\n',NULL,NULL,2,'2015-09-16 11:34:02',1,'2015-09-16 11:17:12'),(82,'de','Glasbild \"Skyline blue\"',NULL,'<p>Die wundersch&ouml;nen Glasbilder aus robustem 4mm dickem Sicherheitsglas sind ein optisches Highlight in jedem Raum. Durch den detailgenauen Druck leuchten die Farben in besonderer Brillanz und schaffen daher einen umwerfenden&nbsp;3D-Effekt. Bei den Bildern wurden ausschlie&szlig;lich hochwertige Materialien verwendet, die Kanten haben einen polierten Schliff und sind rahmenlos.&nbsp;<br />\r\n<br />\r\nDie Bilder sind nicht nur sehr pflegeleicht und&nbsp;kratzfest&nbsp;sondern haben auch eine hohe Unempfindlichkeit gegen Schmutz (keine bleibenden Fingerabdr&uuml;cke mehr m&ouml;glich)</p>\r\n\r\n<p>Eine Montageanleitung finden Sie&nbsp;<a href=\"https://www.youtube.com/channel/UC_fd7Ec7d8MfoBEpr2lTefg\">hier</a></p>\r\n',NULL,'glasbild-skyline-blue','true','false',NULL,NULL,NULL,NULL,'<ul>\r\n	<li>Pflegeleicht &amp; kratzfest</li>\r\n	<li>4mm Sicherheitsglas</li>\r\n	<li>Umwerfender 3D-Effekt</li>\r\n</ul>\r\n',NULL,NULL,2,'2015-09-16 11:34:12',1,'2015-09-16 11:17:13'),(83,'de','Glasbild \"Skyline orange\"',NULL,'<p>Die wundersch&ouml;nen Glasbilder aus robustem 4mm dickem Sicherheitsglas sind ein optisches Highlight in jedem Raum. Durch den detailgenauen Druck leuchten die Farben in besonderer Brillanz und schaffen daher einen umwerfenden&nbsp;3D-Effekt. Bei den Bildern wurden ausschlie&szlig;lich hochwertige Materialien verwendet, die Kanten haben einen polierten Schliff und sind rahmenlos.&nbsp;<br />\r\n<br />\r\nDie Bilder sind nicht nur sehr pflegeleicht und&nbsp;kratzfest&nbsp;sondern haben auch eine hohe Unempfindlichkeit gegen Schmutz (keine bleibenden Fingerabdr&uuml;cke mehr m&ouml;glich)</p>\r\n\r\n<p>Eine Montageanleitung finden Sie&nbsp;<a href=\"https://www.youtube.com/channel/UC_fd7Ec7d8MfoBEpr2lTefg\">hier</a></p>\r\n',NULL,'glasbild-skyline-orange','true','false',NULL,NULL,NULL,NULL,'<ul>\r\n	<li>Pflegeleicht &amp; kratzfest</li>\r\n	<li>4mm Sicherheitsglas</li>\r\n	<li>Umwerfender 3D-Effekt</li>\r\n</ul>\r\n',NULL,NULL,2,'2015-09-16 11:34:21',1,'2015-09-16 11:17:13'),(84,'de','Glasbild \"black & white\"',NULL,'<p>Die wundersch&ouml;nen Glasbilder aus robustem 4mm dickem Sicherheitsglas sind ein optisches Highlight in jedem Raum. Durch den detailgenauen Druck leuchten die Farben in besonderer Brillanz und schaffen daher einen umwerfenden&nbsp;3D-Effekt. Bei den Bildern wurden ausschlie&szlig;lich hochwertige Materialien verwendet, die Kanten haben einen polierten Schliff und sind rahmenlos.&nbsp;<br />\r\n<br />\r\nDie Bilder sind nicht nur sehr pflegeleicht und&nbsp;kratzfest&nbsp;sondern haben auch eine hohe Unempfindlichkeit gegen Schmutz (keine bleibenden Fingerabdr&uuml;cke mehr m&ouml;glich)</p>\r\n\r\n<p>Eine Montageanleitung finden Sie&nbsp;<a href=\"https://www.youtube.com/channel/UC_fd7Ec7d8MfoBEpr2lTefg\">hier</a></p>\r\n',NULL,'glasbild-black-white','true','false',NULL,NULL,NULL,NULL,'<ul>\r\n	<li>Pflegeleicht &amp; kratzfest</li>\r\n	<li>4mm Sicherheitsglas</li>\r\n	<li>Umwerfender 3D-Effekt</li>\r\n</ul>\r\n',NULL,NULL,2,'2015-09-16 11:34:29',1,'2015-09-16 11:17:14'),(85,'de','Glasbild \"Britische Telefonzelle\"',NULL,'<p>Die wundersch&ouml;nen Glasbilder aus robustem 4mm dickem Sicherheitsglas sind ein optisches Highlight in jedem Raum. Durch den detailgenauen Druck leuchten die Farben in besonderer Brillanz und schaffen daher einen umwerfenden&nbsp;3D-Effekt. Bei den Bildern wurden ausschlie&szlig;lich hochwertige Materialien verwendet, die Kanten haben einen polierten Schliff und sind rahmenlos.&nbsp;<br />\r\n<br />\r\nDie Bilder sind nicht nur sehr pflegeleicht und&nbsp;kratzfest&nbsp;sondern haben auch eine hohe Unempfindlichkeit gegen Schmutz (keine bleibenden Fingerabdr&uuml;cke mehr m&ouml;glich)</p>\r\n\r\n<p>Eine Montageanleitung finden Sie&nbsp;<a href=\"https://www.youtube.com/channel/UC_fd7Ec7d8MfoBEpr2lTefg\">hier</a></p>\r\n',NULL,'glasbild-britische-telefonzelle','true','false',NULL,NULL,NULL,NULL,'<ul>\r\n	<li>Pflegeleicht &amp; kratzfest</li>\r\n	<li>4mm Sicherheitsglas</li>\r\n	<li>Umwerfender 3D-Effekt</li>\r\n</ul>\r\n',NULL,NULL,2,'2015-09-16 11:34:38',1,'2015-09-16 11:17:15'),(86,'de','Glasbild \"Skyline bridge\"',NULL,'<p>Die wundersch&ouml;nen Glasbilder aus robustem 4mm dickem Sicherheitsglas sind ein optisches Highlight in jedem Raum. Durch den detailgenauen Druck leuchten die Farben in besonderer Brillanz und schaffen daher einen umwerfenden&nbsp;3D-Effekt. Bei den Bildern wurden ausschlie&szlig;lich hochwertige Materialien verwendet, die Kanten haben einen polierten Schliff und sind rahmenlos.&nbsp;<br />\r\n<br />\r\nDie Bilder sind nicht nur sehr pflegeleicht und&nbsp;kratzfest&nbsp;sondern haben auch eine hohe Unempfindlichkeit gegen Schmutz (keine bleibenden Fingerabdr&uuml;cke mehr m&ouml;glich)</p>\r\n\r\n<p>Eine Montageanleitung finden Sie&nbsp;<a href=\"https://www.youtube.com/channel/UC_fd7Ec7d8MfoBEpr2lTefg\">hier</a></p>\r\n',NULL,'glasbild-skyline-bridge','true','false',NULL,NULL,NULL,NULL,'<ul>\r\n	<li>Pflegeleicht &amp; kratzfest</li>\r\n	<li>4mm Sicherheitsglas</li>\r\n	<li>Umwerfender 3D-Effekt</li>\r\n</ul>\r\n',NULL,NULL,2,'2015-09-16 11:34:47',1,'2015-09-16 11:17:16'),(87,'de','Glasbild \"Flower black & white\"',NULL,'<p>Die wundersch&ouml;nen Glasbilder aus robustem 4mm dickem Sicherheitsglas sind ein optisches Highlight in jedem Raum. Durch den detailgenauen Druck leuchten die Farben in besonderer Brillanz und schaffen daher einen umwerfenden&nbsp;3D-Effekt. Bei den Bildern wurden ausschlie&szlig;lich hochwertige Materialien verwendet, die Kanten haben einen polierten Schliff und sind rahmenlos.&nbsp;<br />\r\n<br />\r\nDie Bilder sind nicht nur sehr pflegeleicht und&nbsp;kratzfest&nbsp;sondern haben auch eine hohe Unempfindlichkeit gegen Schmutz (keine bleibenden Fingerabdr&uuml;cke mehr m&ouml;glich)</p>\r\n\r\n<p>Eine Montageanleitung finden Sie&nbsp;<a href=\"https://www.youtube.com/channel/UC_fd7Ec7d8MfoBEpr2lTefg\">hier</a></p>\r\n',NULL,'glasbild-flower-black-white','true','false',NULL,NULL,NULL,NULL,'<ul>\r\n	<li>Pflegeleicht &amp; kratzfest</li>\r\n	<li>4mm Sicherheitsglas</li>\r\n	<li>Umwerfender 3D-Effekt</li>\r\n</ul>\r\n',NULL,NULL,2,'2015-09-16 11:30:33',1,'2015-09-16 11:17:17'),(88,'de','Glasbild \"Zebra\"',NULL,'<p>Die wundersch&ouml;nen Glasbilder aus robustem 4mm dickem Sicherheitsglas sind ein optisches Highlight in jedem Raum. Durch den detailgenauen Druck leuchten die Farben in besonderer Brillanz und schaffen daher einen umwerfenden&nbsp;3D-Effekt. Bei den Bildern wurden ausschlie&szlig;lich hochwertige Materialien verwendet, die Kanten haben einen polierten Schliff und sind rahmenlos.&nbsp;<br />\r\n<br />\r\nDie Bilder sind nicht nur sehr pflegeleicht und&nbsp;kratzfest&nbsp;sondern haben auch eine hohe Unempfindlichkeit gegen Schmutz (keine bleibenden Fingerabdr&uuml;cke mehr m&ouml;glich)</p>\r\n\r\n<p>Eine Montageanleitung finden Sie&nbsp;<a href=\"https://www.youtube.com/channel/UC_fd7Ec7d8MfoBEpr2lTefg\">hier</a></p>\r\n',NULL,'glasbild-zebra','true','false',NULL,NULL,NULL,NULL,'<ul>\r\n	<li>Pflegeleicht &amp; kratzfest</li>\r\n	<li>4mm Sicherheitsglas</li>\r\n	<li>Umwerfender 3D-Effekt</li>\r\n</ul>\r\n',NULL,NULL,2,'2015-09-16 11:31:59',1,'2015-09-16 11:17:18'),(89,'de','Glasbild \"Schlösser\"',NULL,'<p>Die wundersch&ouml;nen Glasbilder aus robustem 4mm dickem Sicherheitsglas sind ein optisches Highlight in jedem Raum. Durch den detailgenauen Druck leuchten die Farben in besonderer Brillanz und schaffen daher einen umwerfenden&nbsp;3D-Effekt. Bei den Bildern wurden ausschlie&szlig;lich hochwertige Materialien verwendet, die Kanten haben einen polierten Schliff und sind rahmenlos.&nbsp;<br />\r\n<br />\r\nDie Bilder sind nicht nur sehr pflegeleicht und&nbsp;kratzfest&nbsp;sondern haben auch eine hohe Unempfindlichkeit gegen Schmutz (keine bleibenden Fingerabdr&uuml;cke mehr m&ouml;glich)</p>\r\n\r\n<p>Eine Montageanleitung finden Sie&nbsp;<a href=\"https://www.youtube.com/channel/UC_fd7Ec7d8MfoBEpr2lTefg\">hier</a></p>\r\n',NULL,'glasbild-schloesser','true','false',NULL,NULL,NULL,NULL,'<ul>\r\n	<li>Pflegeleicht &amp; kratzfest</li>\r\n	<li>4mm Sicherheitsglas</li>\r\n	<li>Umwerfender 3D-Effekt</li>\r\n</ul>\r\n',NULL,NULL,2,'2015-09-16 11:32:12',1,'2015-09-16 11:17:18'),(90,'de','Glasbild \"geschlossene Blüte\"',NULL,'<p>Die wundersch&ouml;nen Glasbilder aus robustem 4mm dickem Sicherheitsglas sind ein optisches Highlight in jedem Raum. Durch den detailgenauen Druck leuchten die Farben in besonderer Brillanz und schaffen daher einen umwerfenden&nbsp;3D-Effekt. Bei den Bildern wurden ausschlie&szlig;lich hochwertige Materialien verwendet, die Kanten haben einen polierten Schliff und sind rahmenlos.&nbsp;<br />\r\n<br />\r\nDie Bilder sind nicht nur sehr pflegeleicht und&nbsp;kratzfest&nbsp;sondern haben auch eine hohe Unempfindlichkeit gegen Schmutz (keine bleibenden Fingerabdr&uuml;cke mehr m&ouml;glich)</p>\r\n\r\n<p>Eine Montageanleitung finden Sie&nbsp;<a href=\"https://www.youtube.com/channel/UC_fd7Ec7d8MfoBEpr2lTefg\">hier</a></p>\r\n',NULL,'glasbild-geschlossene-bluete','true','false',NULL,NULL,NULL,NULL,'<ul>\r\n	<li>Pflegeleicht &amp; kratzfest</li>\r\n	<li>4mm Sicherheitsglas</li>\r\n	<li>Umwerfender 3D-Effekt</li>\r\n</ul>\r\n',NULL,NULL,2,'2015-09-16 11:32:22',1,'2015-09-16 11:17:19'),(91,'de','Glasbild \"Zahlen\"',NULL,'<p>Die wundersch&ouml;nen Glasbilder aus robustem 4mm dickem Sicherheitsglas sind ein optisches Highlight in jedem Raum. Durch den detailgenauen Druck leuchten die Farben in besonderer Brillanz und schaffen daher einen umwerfenden&nbsp;3D-Effekt. Bei den Bildern wurden ausschlie&szlig;lich hochwertige Materialien verwendet, die Kanten haben einen polierten Schliff und sind rahmenlos.&nbsp;<br />\r\n<br />\r\nDie Bilder sind nicht nur sehr pflegeleicht und&nbsp;kratzfest&nbsp;sondern haben auch eine hohe Unempfindlichkeit gegen Schmutz (keine bleibenden Fingerabdr&uuml;cke mehr m&ouml;glich)</p>\r\n\r\n<p>Eine Montageanleitung finden Sie&nbsp;<a href=\"https://www.youtube.com/channel/UC_fd7Ec7d8MfoBEpr2lTefg\">hier</a></p>\r\n',NULL,'glasbild-zahlen','true','false',NULL,NULL,NULL,NULL,'<ul>\r\n	<li>Pflegeleicht &amp; kratzfest</li>\r\n	<li>4mm Sicherheitsglas</li>\r\n	<li>Umwerfender 3D-Effekt</li>\r\n</ul>\r\n',NULL,NULL,2,'2015-09-16 11:32:34',1,'2015-09-16 11:17:20'),(94,'de','Glastür',NULL,NULL,NULL,'glastuer','true','false',NULL,NULL,NULL,NULL,NULL,NULL,NULL,2,'2015-10-12 10:44:09',2,'2015-10-12 10:05:04'),(95,'de','Glasbilder',NULL,NULL,NULL,'glasbilder','true','false',NULL,NULL,NULL,NULL,NULL,NULL,NULL,2,'2015-10-12 10:05:42',2,'2015-10-12 10:05:42'),(101,'de','Silikon-Kleber 310 ml',NULL,'<p><span style=\"line-height: 15.6px; background-color: rgb(214, 244, 208);\">ACHTUNG: Dieser speziell getestete, transparente Silikon-Kleber greift im Gegensatz zu vielen herk&ouml;mmlichen Silikon-Klebern den Druck&nbsp;am Glas nicht an (S&auml;urefrei)!</span></p>\r\n',NULL,'silikon-kleber-310-ml','true','false','Silikon-Kleber 310 ml',NULL,NULL,'Silikon-Kleber, Klebstoff, Silikon, ','<p>Spezial-Silikon-Kleber 310 ml transparent (f&uuml;r ca. 1,5 m2 Fl&auml;che).&nbsp;</p>\r\n',NULL,NULL,9,'2019-01-08 14:35:45',2,'2016-02-10 15:02:47'),(102,'de','Küchenrückwand','Küchenrückwand','<p>K&uuml;chenr&uuml;ckwand</p>\r\n',NULL,'kuechenrueckwand','true','false','Küchenrückwand','Küchenrückwand','Küchenrückwand','Küchenrückwand','<p>K&uuml;chenr&uuml;ckwand</p>\r\n',NULL,NULL,2,'2016-02-17 14:48:48',2,'2016-02-17 14:21:05'),(108,'de','Wandverkleidung','Wandverkleidung','<p>Wandverkleidung</p>\r\n',NULL,'wandverkleidung','true','false','Wandverkleidung',NULL,NULL,'Wandverkleidung','<p>Wandverkleidung</p>\r\n',NULL,NULL,2,'2016-02-25 15:34:37',2,'2016-02-25 15:25:05'),(109,'de','Zargen Beschlagsset ohne Drücker',NULL,'<p><span style=\"line-height: 15.6px; background-color: rgb(214, 244, 208);\">Zargen Beschlagsset Nirosta-Effekt f&uuml;r Glasdicken 8 &amp; 10 mm ohne Dr&uuml;cker.</span></p>\r\n',NULL,'zargen-beschlagsset-o-druecker','true','false','Zargen Beschlagsset o. Drücker',NULL,NULL,'Zarge, Beschlag, Set, Drücker','<p>Zargen Beschlagsset Nirosta-Effekt f&uuml;r Glasdicken 8 &amp; 10 mm ohne Dr&uuml;cker.</p>\r\n',NULL,NULL,9,'2016-03-25 10:43:54',9,'2016-03-25 10:41:09'),(110,'de','Zargen Beschlagsset mit Drücker',NULL,'<p>Zargen Beschlagsset mit Dr&uuml;cker Nirosta-Effekt f&uuml;r Glasdicken 8 &amp; 10 mm.</p>\r\n',NULL,'zargen-beschlagsset-m-druecker','true','false','Zargen Beschlagsset m. Drücker',NULL,NULL,'Zarge, Beschlag, Drücker','<p>Zargen Beschlagsset mit Dr&uuml;cker Nirosta-Effekt f&uuml;r Glasdicken 8 &amp; 10 mm.</p>\r\n',NULL,NULL,9,'2016-03-25 10:55:07',9,'2016-03-25 10:54:31'),(111,'de','Pendeltürband Wand/Glas',NULL,'<p><span style=\"line-height: 15.6px; background-color: rgb(214, 244, 208);\">Selbstschlie&szlig;endes Pendelt&uuml;rban Nirosta-Effekt f&uuml;r Wand/Glas Montage.</span></p>\r\n',NULL,'pendeltuerband-wand-glas','true','false','Pendeltürband Wand/Glas',NULL,NULL,'Pendeltürband, Selbstschließend','<p>Selbstschlie&szlig;endes Pendelt&uuml;rban Nirosta-Effekt f&uuml;r Wand/Glas Montage.</p>\r\n',NULL,NULL,9,'2016-03-25 13:02:21',9,'2016-03-25 10:56:08'),(112,'de','Pendeltürband Glas/Glas',NULL,'<p><span style=\"line-height: 15.6px; background-color: rgb(214, 244, 208);\">Selbstschlie&szlig;endes Pendelt&uuml;rband Nirosta-Effekt f&uuml;r Glas/Glas Montage.</span></p>\r\n',NULL,'pendeltuerband-glas-glas','true','false','Pendeltürband Glas/Glas',NULL,NULL,'Pendeltürband, Glas','<p>Selbstschlie&szlig;endes Pendelt&uuml;rband Nirosta-Effekt f&uuml;r Glas/Glas Montage.</p>\r\n',NULL,NULL,9,'2016-03-25 12:16:56',9,'2016-03-25 12:14:16'),(113,'de','Zargen Band mit Anschraubplatte',NULL,'<p><span style=\"line-height: 15.6px; background-color: rgb(214, 244, 208);\">Zargenband mit Anschraubplatte Nirosta-Effekt f&uuml;r alle Zargen.</span></p>\r\n',NULL,'zargenband-m-anschraubplatte','true','false','Zargenband m. Anschraubplatte',NULL,NULL,'Zargenband, Anschraubplatte, Zarge','<p>Zargenband mit Anschraubplatte Nirosta-Effekt f&uuml;r alle Zargen.</p>\r\n',NULL,NULL,9,'2016-03-25 12:20:05',9,'2016-03-25 12:19:04'),(114,'de','Überschub-Riegel für Fix- oder Seitenteil',NULL,'<p><span style=\"line-height: 15.6px; background-color: rgb(214, 244, 208);\">&Uuml;berschub-Riegel f&uuml;r Fix- oder Seitenteil Nirosta-Effekt.</span></p>\r\n',NULL,'ueberschub-riegel-f-fix-seitenteil','true','false','Überschub-Riegel f. Fix- oder Seitenteil',NULL,NULL,'Überschub, Überschubriegel, Fixteil, Seitenteil','<p>&Uuml;berschub-Riegel f&uuml;r Fix- oder Seitenteil Nirosta-Effekt.</p>\r\n',NULL,NULL,9,'2016-03-25 12:28:14',9,'2016-03-25 12:27:28'),(115,'de','Gegenkasten für Doppeltüren oder Seitenteil',NULL,'<p><span style=\"line-height: 15.6px; background-color: rgb(214, 244, 208);\">Gegenkasten Nirosta-Effekt f&uuml;r Doppelt&uuml;ren oder Seitenteil.</span></p>\r\n',NULL,'gegenkasten-f-doppeltueren-seitenteil','true','false','Gegenkasten f. Doppeltüren oder Seitenteil',NULL,NULL,'Gegenkasten, Doppeltüren, Seitenteil','<p>Gegenkasten Nirosta-Effekt f&uuml;r Doppelt&uuml;ren oder Seitenteil.</p>\r\n',NULL,NULL,9,'2016-03-25 12:32:55',9,'2016-03-25 12:32:23'),(116,'de','Muschelgriff',NULL,'<p><span style=\"line-height: 15.6px; background-color: rgb(214, 244, 208);\">Muschelgriff Nirosta-Effekt (Glasbohrung 50 mm DM), ideal f&uuml;r Schiebet&uuml;ren.</span></p>\r\n',NULL,'muschelgriff','true','false','Muschelgriff',NULL,NULL,'Muschelgriff, Schiebetür','<p>Muschelgriff Nirosta-Effekt (Glasbohrung 50 mm DM), ideal f&uuml;r Schiebet&uuml;ren.</p>\r\n',NULL,NULL,9,'2016-03-25 12:50:27',9,'2016-03-25 12:49:49'),(117,'de','Griffstange',NULL,'<p><span style=\"line-height: 15.6px; background-color: rgb(214, 244, 208);\">Griffstange (L&auml;nge 720 mm) f&uuml;r Glasdicken 8, 10 &amp; 12 mm.</span></p>\r\n',NULL,'griffstange','true','false','Griffstange',NULL,NULL,'Griffstange','<p>Griffstange (L&auml;nge 720 mm) f&uuml;r Glasdicken 8, 10 &amp; 12 mm.</p>\r\n',NULL,NULL,9,'2016-03-25 12:53:21',9,'2016-03-25 12:52:43'),(118,'de','Schiebesystem (Länge 2000 mm)',NULL,'<p><span style=\"line-height: 15.6px; background-color: rgb(214, 244, 208);\">Schiebesystem f&uuml;r Schiebet&uuml;ren (L&auml;nge 2000 mm) Nirosta-Effekt f&uuml;r Glasdicken 8 &amp; 10 mm.</span></p>\r\n',NULL,'schiebesystem-laenge-2000-mm','true','false','Schiebesystem (Länge 2000 mm)',NULL,NULL,'Schiebesystem, 2000 mm','<p>Schiebesystem f&uuml;r Schiebet&uuml;ren (L&auml;nge 2000 mm) Nirosta-Effekt f&uuml;r Glasdicken 8 &amp; 10 mm.</p>\r\n',NULL,NULL,9,'2016-03-25 12:59:17',9,'2016-03-25 12:55:12'),(119,'de','Schiebesystem (Länge 3000 mm)',NULL,'<p><span style=\"line-height: 15.6px; background-color: rgb(214, 244, 208);\">Schiebesystem f&uuml;r Schiebet&uuml;ren (L&auml;nge 3000 mm) Nirosta-Effekt f&uuml;r Glasdicken 8 &amp; 10 mm.</span></p>\r\n',NULL,'schiebesystem-laenge-3000-mm','true','false','Schiebesystem (Länge 3000 mm)',NULL,NULL,'Schiebesystem, 3000 mm','<p><span style=\"line-height: 15.6px; background-color: rgb(214, 244, 208);\">Schiebesystem f&uuml;r Schiebet&uuml;ren (L&auml;nge 3000 mm) Nirosta-Effekt f&uuml;r Glasdicken 8 &amp; 10 mm.</span></p>\r\n',NULL,NULL,9,'2016-03-25 12:59:03',9,'2016-03-25 12:58:36'),(120,'de','Senk-Punktbefestigung Set (4 Stk.)',NULL,'<p><span style=\"line-height: 15.6px; background-color: rgb(214, 244, 208);\">Senk-Punktbefestigung Set (4 Stk.) PVC-Schaft mit Abdeckung f&uuml;r Schrauben bis 6 mm DM, Au&szlig;enma&szlig; 22 mm DM, Lochbohrung im Glas 12/21 mm.</span></p>\r\n',NULL,'senk-punktbefestigung-set','true','false','Senk-Punktbefestigung Set',NULL,NULL,'Punktbefestigung, Set','<p>Senk-Punktbefestigung Set (4 Stk.) PVC-Schaft mit Abdeckung f&uuml;r Schrauben bis 6 mm DM, Au&szlig;enma&szlig; 22 mm DM, Lochbohrung im Glas 12/21 mm.</p>\r\n',NULL,NULL,9,'2016-03-25 13:13:45',9,'2016-03-25 13:11:06'),(121,'de','Alu Dibond','Alu Dibond','<p>Alu Dibond</p>\r\n',NULL,'alu-dibond','true','false','Alu Dibond','Alu Dibond','Alu Dibond','Alu Dibond','<p>Alu Dibond</p>\r\n',NULL,NULL,2,'2016-09-02 17:34:59',2,'2016-09-02 17:19:37'),(122,'de','Klett-Punktbefestigung Set','Klett-Punktbefestigung Set','<p><a dk:actionid=\"\" dk:selector=\"#c0_9\" dk:viewid=\"ShopArticle_ID=64\" style=\"border: 0px; outline: 0px; font-size: 11px; vertical-align: baseline; color: rgb(0, 84, 159); text-decoration: underline; cursor: pointer; line-height: 14.3px;\">Klett-Punktbefestigung Set</a></p>\r\n',NULL,'klett-punktbefestigung-set','true','false','Klett-Punktbefestigung Set','Klett-Punktbefestigung Set','Klett-Punktbefestigung Set','Klett-Punktbefestigung Set','<p><a dk:actionid=\"\" dk:selector=\"#c0_9\" dk:viewid=\"ShopArticle_ID=64\" style=\"border: 0px; outline: 0px; font-size: 11px; vertical-align: baseline; color: rgb(0, 84, 159); text-decoration: underline; cursor: pointer; line-height: 14.3px;\">Klett-Punktbefestigung Set</a></p>\r\n',NULL,NULL,2,'2016-09-20 13:07:25',2,'2016-09-20 13:07:14'),(123,'de','Alu Dibond JAF','Alu Dibond JAF','<p>Alu Dibond JAF</p>\r\n',NULL,'alu-dibond-jaf','true','false','Alu Dibond JAF','Alu Dibond JAF','Alu Dibond JAF','Alu Dibond JAF','<p>Alu Dibond JAF</p>\r\n',NULL,NULL,2,'2016-10-17 12:14:13',2,'2016-10-17 12:14:02'),(124,'de','EXPRESSLIEFERUNG: (Versandbereit nach 5 Werktagen!)','EXPRESSLIEFERUNG: (Versandbereit nach 5 Werktagen!)','<p><span style=\"background-color: rgb(214, 244, 208);\">EXPRESSLIEFERUNG: (Versandbereit nach 5 Werktagen!)</span></p>\r\n',NULL,'expresslieferung-versandbereit-5-werktagen','true','false','EXPRESSLIEFERUNG: (Versandbereit nach 5 Werktagen!)','EXPRESSLIEFERUNG: (Versandbereit nach 5 Werktagen!)','EXPRESSLIEFERUNG: (Versandbereit nach 5 Werktagen!)','EXPRESSLIEFERUNG: (Versandbereit nach 5 Werktagen!)','<p>EXPRESSLIEFERUNG: (Versandbereit nach 5 Werktagen!)</p>\r\n',NULL,NULL,2,'2017-05-18 05:57:58',2,'2017-05-18 05:12:24'),(126,'de','Mustertafel, Küchenrückwand','Mustertafel, Küchenrückwand','<p>Mustertafel, K&uuml;chenr&uuml;ckwand</p>\r\n',NULL,'mustertafel-kuechenrueckwand','true','false','Mustertafel, Küchenrückwand','Mustertafel, Küchenrückwand','Mustertafel, Küchenrückwand','Mustertafel, Küchenrückwand','<p>Mustertafel, K&uuml;chenr&uuml;ckwand</p>\r\n',NULL,NULL,2,'2017-05-18 06:00:30',2,'2017-05-18 06:00:21'),(127,'de','Mustertafel, Wandverkleidung','Mustertafel, Wandverkleidung','<p>Mustertafel, Wandverkleidung</p>\r\n',NULL,'mustertafel-wandverkleidung','true','false','Mustertafel, Wandverkleidung','Mustertafel, Wandverkleidung',NULL,'Mustertafel, Wandverkleidung','<p>Mustertafel, Wandverkleidung</p>\r\n',NULL,NULL,2,'2017-05-18 06:01:03',2,'2017-05-18 06:00:57'),(128,'de','Mustertafel, Glastüren','Mustertafel, Glastüren','<p>Mustertafel, Glast&uuml;ren</p>\r\n',NULL,'mustertafel-glastueren','true','false','Mustertafel, Glastüren','Mustertafel, Glastüren','Mustertafel, Glastüren','Mustertafel, Glastüren','<p>Mustertafel, Glast&uuml;ren</p>\r\n',NULL,NULL,2,'2017-05-18 06:01:53',2,'2017-05-18 06:01:47'),(129,'de','A4-Musterkoffer Austria Glas','A4-Musterkoffer Austria Glas','<p>A4-Musterkoffer Austria Glas</p>\r\n',NULL,'a4-musterkoffer-austria-glas','true','false','A4-Musterkoffer Austria Glas','A4-Musterkoffer Austria Glas','A4-Musterkoffer Austria Glas','A4-Musterkoffer Austria Glas','<p>A4-Musterkoffer Austria Glas</p>\r\n',NULL,NULL,2,'2017-05-18 06:02:22',2,'2017-05-18 06:02:15'),(130,'de','A4-Muster inkl. Wunschmotiv','A4-Muster inkl. Wunschmotiv','<p>A4-Muster inkl. Wunschmotiv</p>\r\n',NULL,'a4-muster-inkl-wunschmotiv','true','false','A4-Muster inkl. Wunschmotiv','A4-Muster inkl. Wunschmotiv','A4-Muster inkl. Wunschmotiv','A4-Muster inkl. Wunschmotiv','<p>A4-Muster inkl. Wunschmotiv</p>\r\n',NULL,NULL,2,'2017-05-18 06:02:47',2,'2017-05-18 06:02:41');

--
-- Table structure for table `ArticleEntry_Link`
--

CREATE TABLE `ArticleEntry_Link` (
  `ArticleEntry_ID` int(10) unsigned NOT NULL,
  `Link_ID` int(10) unsigned NOT NULL,
  `ArticleEntry_Link_Order` int(10) unsigned NOT NULL,
  `Person_ID_Edit` int(10) unsigned DEFAULT NULL,
  `Table_Edit` timestamp NOT NULL DEFAULT CURRENT_TIMESTAMP ON UPDATE CURRENT_TIMESTAMP,
  `Person_ID_Create` int(10) unsigned DEFAULT NULL,
  `Table_Create` timestamp NOT NULL DEFAULT '0000-00-00 00:00:00',
  PRIMARY KEY (`ArticleEntry_ID`,`Link_ID`),
  KEY `IDX_ArticleEntry_Link_1` (`ArticleEntry_ID`),
  KEY `IDX_ArticleEntry_Link_2` (`Link_ID`),
  KEY `IDX_ArticleEntry_Link_3` (`ArticleEntry_Link_Order`),
  KEY `IDX_ArticleEntry_Link_4` (`ArticleEntry_ID`,`ArticleEntry_Link_Order`),
  KEY `IDX_Person_Person_ID_Edit` (`Person_ID_Edit`),
  KEY `IDX_Person_Person_ID_Create` (`Person_ID_Create`),
  CONSTRAINT `ArticleEntry_ArticleEntry_Link` FOREIGN KEY (`ArticleEntry_ID`) REFERENCES `ArticleEntry` (`ArticleEntry_ID`) ON DELETE CASCADE,
  CONSTRAINT `ArticleEntry_Link_ibfk_1` FOREIGN KEY (`Person_ID_Edit`) REFERENCES `Person` (`Person_ID`) ON DELETE NO ACTION ON UPDATE NO ACTION,
  CONSTRAINT `ArticleEntry_Link_ibfk_2` FOREIGN KEY (`Person_ID_Create`) REFERENCES `Person` (`Person_ID`) ON DELETE NO ACTION ON UPDATE NO ACTION,
  CONSTRAINT `Link_ArticleEntry_Link` FOREIGN KEY (`Link_ID`) REFERENCES `Link` (`Link_ID`) ON DELETE CASCADE
) ENGINE=InnoDB DEFAULT CHARSET=utf8;

--
-- Dumping data for table `ArticleEntry_Link`
--


--
-- Table structure for table `ArticleEntry_MapLocation`
--

CREATE TABLE `ArticleEntry_MapLocation` (
  `ArticleEntry_ID` int(10) unsigned NOT NULL,
  `MapLocation_ID` int(10) unsigned NOT NULL,
  `ArticleEntry_MapLocation_Order` int(10) unsigned NOT NULL,
  `Person_ID_Edit` int(10) unsigned DEFAULT NULL,
  `Table_Edit` timestamp NOT NULL DEFAULT CURRENT_TIMESTAMP ON UPDATE CURRENT_TIMESTAMP,
  `Person_ID_Create` int(10) unsigned DEFAULT NULL,
  `Table_Create` timestamp NOT NULL DEFAULT '0000-00-00 00:00:00',
  PRIMARY KEY (`ArticleEntry_ID`,`MapLocation_ID`),
  KEY `IDX_ArticleEntry_MapLocation_1` (`ArticleEntry_ID`),
  KEY `IDX_ArticleEntry_MapLocation_2` (`MapLocation_ID`),
  KEY `IDX_ArticleEntry_MapLocation_3` (`ArticleEntry_MapLocation_Order`),
  KEY `IDX_ArticleEntry_MapLocation_4` (`ArticleEntry_ID`,`ArticleEntry_MapLocation_Order`),
  KEY `IDX_Person_Person_ID_Edit` (`Person_ID_Edit`),
  KEY `IDX_Person_Person_ID_Create` (`Person_ID_Create`),
  CONSTRAINT `ArticleEntry_ArticleEntry_MapLocation` FOREIGN KEY (`ArticleEntry_ID`) REFERENCES `ArticleEntry` (`ArticleEntry_ID`) ON DELETE CASCADE,
  CONSTRAINT `ArticleEntry_MapLocation_ibfk_1` FOREIGN KEY (`Person_ID_Edit`) REFERENCES `Person` (`Person_ID`) ON DELETE NO ACTION ON UPDATE NO ACTION,
  CONSTRAINT `ArticleEntry_MapLocation_ibfk_2` FOREIGN KEY (`Person_ID_Create`) REFERENCES `Person` (`Person_ID`) ON DELETE NO ACTION ON UPDATE NO ACTION,
  CONSTRAINT `MapLocation_ArticleEntry_MapLocation` FOREIGN KEY (`MapLocation_ID`) REFERENCES `MapLocation` (`MapLocation_ID`) ON DELETE CASCADE
) ENGINE=InnoDB DEFAULT CHARSET=utf8;

--
-- Dumping data for table `ArticleEntry_MapLocation`
--


--
-- Table structure for table `ArticleEntry_Picture`
--

CREATE TABLE `ArticleEntry_Picture` (
  `ArticleEntry_ID` int(10) unsigned NOT NULL,
  `Picture_ID` int(10) unsigned NOT NULL,
  `ArticleEntry_Picture_Order` int(10) unsigned NOT NULL,
  `Person_ID_Edit` int(10) unsigned DEFAULT NULL,
  `Table_Edit` timestamp NOT NULL DEFAULT CURRENT_TIMESTAMP ON UPDATE CURRENT_TIMESTAMP,
  `Person_ID_Create` int(10) unsigned DEFAULT NULL,
  `Table_Create` timestamp NOT NULL DEFAULT '0000-00-00 00:00:00',
  PRIMARY KEY (`ArticleEntry_ID`,`Picture_ID`),
  KEY `IDX_ArticleEntry_Picture_1` (`ArticleEntry_ID`),
  KEY `IDX_ArticleEntry_Picture_2` (`Picture_ID`),
  KEY `IDX_ArticleEntry_Picture_3` (`ArticleEntry_Picture_Order`),
  KEY `IDX_ArticleEntry_Picture_4` (`ArticleEntry_ID`,`ArticleEntry_Picture_Order`),
  KEY `IDX_Person_Person_ID_Edit` (`Person_ID_Edit`),
  KEY `IDX_Person_Person_ID_Create` (`Person_ID_Create`),
  CONSTRAINT `ArticleEntry_ArticleEntry_Picture` FOREIGN KEY (`ArticleEntry_ID`) REFERENCES `ArticleEntry` (`ArticleEntry_ID`) ON DELETE CASCADE,
  CONSTRAINT `ArticleEntry_Picture_ibfk_1` FOREIGN KEY (`Person_ID_Edit`) REFERENCES `Person` (`Person_ID`) ON DELETE NO ACTION ON UPDATE NO ACTION,
  CONSTRAINT `ArticleEntry_Picture_ibfk_2` FOREIGN KEY (`Person_ID_Create`) REFERENCES `Person` (`Person_ID`) ON DELETE NO ACTION ON UPDATE NO ACTION,
  CONSTRAINT `Picture_ArticleEntry_Picture` FOREIGN KEY (`Picture_ID`) REFERENCES `Picture` (`Picture_ID`) ON DELETE CASCADE
) ENGINE=InnoDB DEFAULT CHARSET=utf8;

--
-- Dumping data for table `ArticleEntry_Picture`
--

INSERT INTO `ArticleEntry_Picture` VALUES (101,47,2,9,'2016-03-25 10:39:33',9,'2016-03-25 10:39:33'),(109,48,1,9,'2016-03-25 10:46:38',9,'2016-03-25 10:46:38'),(109,62,2,9,'2016-03-25 13:01:27',9,'2016-03-25 13:01:27'),(110,49,1,9,'2016-03-25 10:58:36',9,'2016-03-25 10:58:36'),(110,63,2,9,'2016-03-25 13:02:57',9,'2016-03-25 13:02:57'),(111,50,1,9,'2016-03-25 11:02:06',9,'2016-03-25 11:02:06'),(111,64,2,9,'2016-03-25 13:03:40',9,'2016-03-25 13:03:40'),(112,51,1,9,'2016-03-25 12:16:04',9,'2016-03-25 12:16:04'),(113,52,1,9,'2016-03-25 12:20:28',9,'2016-03-25 12:20:28'),(113,65,2,9,'2016-03-25 13:04:38',9,'2016-03-25 13:04:38'),(114,56,1,9,'2016-03-25 12:29:57',9,'2016-03-25 12:29:57'),(115,57,1,9,'2016-03-25 12:39:06',9,'2016-03-25 12:39:06'),(116,58,1,9,'2016-03-25 12:51:38',9,'2016-03-25 12:51:38'),(116,66,2,9,'2016-03-25 13:05:12',9,'2016-03-25 13:05:12'),(117,59,1,9,'2016-03-25 12:54:27',9,'2016-03-25 12:54:27'),(117,67,2,9,'2016-03-25 13:05:55',9,'2016-03-25 13:05:55'),(118,60,1,9,'2016-03-25 12:57:11',9,'2016-03-25 12:57:11'),(118,68,2,9,'2016-03-25 13:06:52',9,'2016-03-25 13:06:52'),(119,61,1,9,'2016-03-25 13:00:12',9,'2016-03-25 13:00:12'),(119,69,2,9,'2016-03-25 13:07:25',9,'2016-03-25 13:07:25'),(120,70,1,9,'2016-03-25 13:17:43',9,'2016-03-25 13:17:43'),(124,71,1,9,'2017-05-18 08:29:32',9,'2017-05-18 08:29:32'),(126,76,1,9,'2017-05-18 08:34:45',9,'2017-05-18 08:34:45'),(127,77,1,9,'2017-05-18 08:35:14',9,'2017-05-18 08:35:14'),(127,78,2,9,'2017-05-18 08:35:24',9,'2017-05-18 08:35:24'),(128,74,1,9,'2017-05-18 08:33:56',9,'2017-05-18 08:33:56'),(128,75,2,9,'2017-05-18 08:34:07',9,'2017-05-18 08:34:07'),(129,72,1,9,'2017-05-18 08:32:15',9,'2017-05-18 08:32:15'),(130,73,1,9,'2017-05-18 08:33:29',9,'2017-05-18 08:33:29');

--
-- Table structure for table `Authorization`
--

CREATE TABLE `Authorization` (
  `Authorization_Code` varchar(32) NOT NULL,
  `Authorization_Type` enum('backoffice','frontend') NOT NULL DEFAULT 'backoffice',
  `AuthorizationSubType_Code` varchar(32) DEFAULT NULL,
  `Authorization_Name` varchar(255) DEFAULT NULL,
  `Person_ID_Edit` int(10) unsigned DEFAULT NULL,
  `Table_Edit` timestamp NOT NULL DEFAULT CURRENT_TIMESTAMP ON UPDATE CURRENT_TIMESTAMP,
  `Person_ID_Create` int(10) unsigned DEFAULT NULL,
  `Table_Create` timestamp NOT NULL DEFAULT '0000-00-00 00:00:00',
  PRIMARY KEY (`Authorization_Code`),
  KEY `Authorization_AuthorizationSubType_Code` (`AuthorizationSubType_Code`),
  KEY `IDX_Person_Person_ID_Edit` (`Person_ID_Edit`),
  KEY `IDX_Person_Person_ID_Create` (`Person_ID_Create`),
  CONSTRAINT `AuthorizationSubType_Authorization` FOREIGN KEY (`AuthorizationSubType_Code`) REFERENCES `AuthorizationSubType` (`AuthorizationSubType_Code`) ON DELETE CASCADE ON UPDATE CASCADE,
  CONSTRAINT `Authorization_ibfk_1` FOREIGN KEY (`Person_ID_Edit`) REFERENCES `Person` (`Person_ID`) ON DELETE NO ACTION ON UPDATE NO ACTION,
  CONSTRAINT `Authorization_ibfk_2` FOREIGN KEY (`Person_ID_Create`) REFERENCES `Person` (`Person_ID`) ON DELETE NO ACTION ON UPDATE NO ACTION
) ENGINE=InnoDB DEFAULT CHARSET=utf8;

--
-- Dumping data for table `Authorization`
--

INSERT INTO `Authorization` VALUES ('cache_clearall','backoffice',NULL,'Website Cache löschen',1,'2011-12-06 14:08:22',1,'2011-12-06 14:08:22'),('cms','backoffice',NULL,'CMS',1,'2010-04-21 11:02:22',1,'2010-04-21 11:02:22'),('cmsversion','backoffice',NULL,'CMS Versionierung',NULL,'2010-04-21 11:30:04',NULL,'0000-00-00 00:00:00'),('contact','backoffice',NULL,'Kontaktanfragen',1,'2010-04-21 11:02:22',1,'2010-04-21 11:02:22'),('customer','backoffice',NULL,'Kunden',1,'2010-04-21 11:02:22',1,'2010-04-21 11:02:22'),('development','backoffice',NULL,'Entwicklung',1,'2010-04-21 11:31:13',1,'2010-04-21 11:02:22'),('language','backoffice',NULL,'Sprachen',1,'2010-04-21 11:02:22',1,'2010-04-21 11:02:22'),('metabackoffice','backoffice',NULL,'Metabackoffice (Development)',1,'2010-04-21 11:02:22',1,'2010-04-21 11:02:22'),('newsletter','backoffice',NULL,'Newsletter',1,'2010-04-21 11:02:22',1,'2010-04-21 11:02:22'),('shop_abo','backoffice',NULL,'Shop Abo',1,'2007-11-19 13:27:34',1,'0000-00-00 00:00:00'),('shop_accounting','backoffice',NULL,'Shop Buchhaltung',1,'2007-11-19 13:27:15',1,'0000-00-00 00:00:00'),('shop_additionalinformation','backoffice',NULL,'Shop Zusatzinformationen',2,'2008-01-14 10:40:10',2,'2008-01-14 10:40:10'),('shop_article_groups','backoffice',NULL,'Shop Artikelgruppen',2,'2008-01-14 10:40:10',2,'2008-01-14 10:40:10'),('shop_catalog','backoffice',NULL,'Shop Katalogverwaltung',1,'2007-11-19 13:33:52',1,'0000-00-00 00:00:00'),('shop_category','backoffice',NULL,'Shop Kategorien',1,'2007-11-19 13:33:52',1,'0000-00-00 00:00:00'),('shop_easylager','backoffice',NULL,'Shop Easylager',1,'2007-11-19 13:27:15',1,'0000-00-00 00:00:00'),('shop_invoice','backoffice',NULL,'Shop Rechnungslauf',1,'2007-11-19 13:27:04',1,'0000-00-00 00:00:00'),('shop_order','backoffice',NULL,'Shop Bestellwesen',1,'2007-11-19 13:29:23',1,'0000-00-00 00:00:00'),('shop_order_cashondelivery','backoffice',NULL,'Shop Bestellwesen per Nachnahme',1,'2007-11-19 13:30:03',1,'0000-00-00 00:00:00'),('shop_order_debit','backoffice',NULL,'Shop Bestellwesen Bankeinzug',1,'2007-11-19 13:31:13',1,'0000-00-00 00:00:00'),('shop_order_directoffer','backoffice',NULL,'Shop Bestellwesen Angebotstool',1,'2010-12-09 16:09:12',1,'2010-12-09 16:09:12'),('shop_order_directorder','backoffice',NULL,'Shop Bestellwesen Direktbestellung',1,'2010-12-09 16:09:05',1,'2010-12-09 16:09:05'),('shop_order_directorder_cash','backoffice',NULL,'Shop Bestellwesen Kassa',1,'2010-12-09 16:09:12',1,'2010-12-09 16:09:12'),('shop_order_incomplete','backoffice',NULL,'Shop Bestellungen unvollständig',NULL,'2008-07-16 08:16:35',NULL,'0000-00-00 00:00:00'),('shop_order_locked','backoffice',NULL,'Shop Bestellwesen gesperrte Bestellungen',1,'2007-11-29 09:06:38',1,'0000-00-00 00:00:00'),('shop_order_offer','backoffice',NULL,'Shop Bestellwesen Angebotsanfragen',1,'2007-11-19 13:30:27',1,'0000-00-00 00:00:00'),('shop_order_prepayed','backoffice',NULL,'Shop Bestellwesen Vorauskasse',1,'2007-11-19 13:29:38',1,'0000-00-00 00:00:00'),('shop_partner','backoffice',NULL,'Shop Partner',1,'2007-11-19 13:28:12',1,'0000-00-00 00:00:00'),('shop_price','backoffice',NULL,'Shop Preisverwaltung',1,'2007-11-19 13:40:24',1,'0000-00-00 00:00:00'),('shop_price_customerspecific','backoffice',NULL,'Shop Preisverwaltung (Kundenspezifische Preise)',NULL,'2010-04-21 11:30:04',NULL,'0000-00-00 00:00:00'),('shop_rating','backoffice',NULL,'Shop Kommentare/Bewertungen',2,'2007-12-27 11:55:02',2,'2007-12-27 11:54:15'),('shop_report','backoffice',NULL,'Shop Berichte',1,'2007-11-19 13:26:53',1,'0000-00-00 00:00:00'),('shop_report_sql','backoffice',NULL,'Shop SQL Auswertungen',NULL,'2015-09-10 08:02:29',NULL,'0000-00-00 00:00:00'),('shop_shoparticle_textvariants','backoffice',NULL,'Shop Katalogprodukte - Alternative Textvarianten',NULL,'2008-04-06 10:44:26',NULL,'0000-00-00 00:00:00'),('shop_show_prices','backoffice',NULL,'Preise Anzeigen',NULL,'2016-12-19 15:16:59',NULL,'2016-12-19 15:16:59'),('shop_task','backoffice',NULL,'Shop Aufgabenverwaltung',1,'2007-11-29 08:43:39',1,'0000-00-00 00:00:00'),('shop_templates','backoffice',NULL,'Shop Vorlagen',1,'2007-11-29 08:43:39',1,'0000-00-00 00:00:00'),('shop_user','backoffice',NULL,'Shop User',1,'2007-11-19 13:27:55',1,'0000-00-00 00:00:00'),('shop_user_group','backoffice',NULL,'Kundengruppen',NULL,'2015-09-10 09:10:45',NULL,'0000-00-00 00:00:00'),('shop_user_management','backoffice',NULL,'Vertreter Modul',NULL,'2015-09-10 08:02:38',NULL,'0000-00-00 00:00:00'),('shop_voucher','backoffice',NULL,'Shop Gutscheine',1,'2007-11-19 14:02:27',1,'0000-00-00 00:00:00'),('shop_wawi','backoffice',NULL,'Shop Warenwirtschaftsverwaltung',1,'2007-11-19 13:37:37',1,'0000-00-00 00:00:00'),('shop_wawidelivery','backoffice',NULL,'Shop Lager',1,'2007-11-19 13:27:15',1,'0000-00-00 00:00:00'),('system','backoffice',NULL,'Systemeinstellungen',1,'2010-04-21 11:02:22',1,'2010-04-21 11:02:22'),('worker','backoffice',NULL,'Benutzerverwaltung',1,'2010-04-21 11:02:22',1,'2010-04-21 11:02:22');

--
-- Table structure for table `AuthorizationSubType`
--

CREATE TABLE `AuthorizationSubType` (
  `AuthorizationSubType_Code` varchar(32) NOT NULL,
  `AuthorizationSubType_Name` varchar(255) DEFAULT NULL,
  `Person_ID_Edit` int(10) unsigned DEFAULT NULL,
  `Table_Edit` timestamp NOT NULL DEFAULT CURRENT_TIMESTAMP ON UPDATE CURRENT_TIMESTAMP,
  `Person_ID_Create` int(10) unsigned DEFAULT NULL,
  `Table_Create` timestamp NOT NULL DEFAULT '0000-00-00 00:00:00',
  PRIMARY KEY (`AuthorizationSubType_Code`),
  KEY `IDX_Person_Person_ID_Edit` (`Person_ID_Edit`),
  KEY `IDX_Person_Person_ID_Create` (`Person_ID_Create`),
  CONSTRAINT `AuthorizationSubType_ibfk_1` FOREIGN KEY (`Person_ID_Edit`) REFERENCES `Person` (`Person_ID`) ON DELETE NO ACTION ON UPDATE NO ACTION,
  CONSTRAINT `AuthorizationSubType_ibfk_2` FOREIGN KEY (`Person_ID_Create`) REFERENCES `Person` (`Person_ID`) ON DELETE NO ACTION ON UPDATE NO ACTION
) ENGINE=InnoDB DEFAULT CHARSET=utf8;

--
-- Dumping data for table `AuthorizationSubType`
--


--
-- Table structure for table `CMSArticle`
--

CREATE TABLE `CMSArticle` (
  `CMSArticle_ID` int(10) unsigned NOT NULL AUTO_INCREMENT,
  `CMSArticleCategory_Code` varchar(32) NOT NULL,
  `ArticleEntry_ID` int(10) unsigned NOT NULL,
  `ArticleEntry_ID_Parent` int(10) unsigned DEFAULT NULL,
  `Language_Code` varchar(3) DEFAULT NULL,
  `CMSArticle_ID_Copy` int(10) unsigned DEFAULT NULL,
  `Person_ID` int(10) unsigned DEFAULT NULL,
  `CMSArticle_Code` varchar(64) DEFAULT NULL,
  `CMSArticle_Order` int(11) DEFAULT NULL,
  `CMSArticle_Linked` enum('true','false') DEFAULT 'false',
  `Person_ID_Edit` int(10) unsigned DEFAULT NULL,
  `Table_Edit` timestamp NOT NULL DEFAULT CURRENT_TIMESTAMP ON UPDATE CURRENT_TIMESTAMP,
  `Person_ID_Create` int(10) unsigned DEFAULT NULL,
  `Table_Create` timestamp NOT NULL DEFAULT '0000-00-00 00:00:00',
  PRIMARY KEY (`CMSArticle_ID`),
  UNIQUE KEY `TUC_CMSArticle_1` (`CMSArticle_Code`),
  KEY `IDX_CMSArticle_1` (`ArticleEntry_ID`),
  KEY `IDX_CMSArticle_2` (`CMSArticleCategory_Code`),
  KEY `IDX_CMSArticle_3` (`Language_Code`),
  KEY `IDX_CMSArticle_4` (`Person_ID`),
  KEY `IDX_CMSArticle_5` (`CMSArticle_Code`),
  KEY `IDX_CMSArticle_6` (`ArticleEntry_ID_Parent`),
  KEY `IDX_CMSArticle_7` (`CMSArticle_ID_Copy`),
  KEY `IDX_CMSArticle_8` (`CMSArticle_Order`),
  KEY `IDX_CMSArticle_9` (`CMSArticleCategory_Code`,`CMSArticle_Order`),
  KEY `IDX_Person_Person_ID_Edit` (`Person_ID_Edit`),
  KEY `IDX_Person_Person_ID_Create` (`Person_ID_Create`),
  CONSTRAINT `ArticleEntry_CMSArticle` FOREIGN KEY (`ArticleEntry_ID`) REFERENCES `ArticleEntry` (`ArticleEntry_ID`) ON DELETE CASCADE,
  CONSTRAINT `ArticleEntry_CMSArticle_Parent` FOREIGN KEY (`ArticleEntry_ID_Parent`) REFERENCES `ArticleEntry` (`ArticleEntry_ID`) ON DELETE CASCADE,
  CONSTRAINT `CMSArticleCategory_CMSArticle` FOREIGN KEY (`CMSArticleCategory_Code`) REFERENCES `CMSArticleCategory` (`CMSArticleCategory_Code`) ON DELETE CASCADE,
  CONSTRAINT `CMSArticle_CMSArticle` FOREIGN KEY (`CMSArticle_ID_Copy`) REFERENCES `CMSArticle` (`CMSArticle_ID`) ON DELETE SET NULL,
  CONSTRAINT `CMSArticle_ibfk_1` FOREIGN KEY (`Person_ID_Edit`) REFERENCES `Person` (`Person_ID`) ON DELETE NO ACTION ON UPDATE NO ACTION,
  CONSTRAINT `CMSArticle_ibfk_2` FOREIGN KEY (`Person_ID_Create`) REFERENCES `Person` (`Person_ID`) ON DELETE NO ACTION ON UPDATE NO ACTION,
  CONSTRAINT `Language_CMSArticle` FOREIGN KEY (`Language_Code`) REFERENCES `Language` (`Language_Code`),
  CONSTRAINT `Person_CMSArticle` FOREIGN KEY (`Person_ID`) REFERENCES `Person` (`Person_ID`)
) ENGINE=InnoDB AUTO_INCREMENT=123 DEFAULT CHARSET=utf8;

--
-- Dumping data for table `CMSArticle`
--

INSERT INTO `CMSArticle` VALUES (1,'mediapool',1,NULL,NULL,NULL,NULL,'mediapool_link',1,'false',1,'2012-03-26 08:21:38',1,'2012-03-26 08:21:38'),(2,'cms_menu',2,NULL,NULL,NULL,NULL,'mycms_standard_detail_40',1,'false',1,'2012-03-26 08:21:38',1,'2012-03-26 08:21:38'),(3,'cms_menu',3,NULL,NULL,NULL,NULL,'mycms_standard_detail_41',2,'false',1,'2012-03-26 08:21:38',1,'2012-03-26 08:21:38'),(4,'cms_menu',4,NULL,NULL,NULL,NULL,'mycms_news_42',3,'false',1,'2012-03-26 08:21:38',1,'2012-03-26 08:21:38'),(5,'cms_menu',5,NULL,NULL,NULL,NULL,'mycms_standard_list_43',4,'false',1,'2012-03-26 08:21:38',1,'2012-03-26 08:21:38'),(6,'cms_menu',6,NULL,NULL,NULL,NULL,'mycms_contact_44',5,'false',1,'2012-03-26 08:21:38',1,'2012-03-26 08:21:38'),(7,'mycms_standard_list_43',7,NULL,NULL,NULL,NULL,NULL,1,'false',1,'2012-03-26 08:21:38',1,'2012-03-26 08:21:38'),(8,'mycms_standard_list_43',8,NULL,NULL,NULL,NULL,NULL,2,'false',1,'2012-03-26 08:21:38',1,'2012-03-26 08:21:38'),(9,'mycms_news_42',9,NULL,NULL,NULL,NULL,NULL,1,'false',1,'2012-03-26 08:21:38',1,'2012-03-26 08:21:38'),(10,'mycms_news_42',10,NULL,NULL,NULL,NULL,NULL,2,'false',1,'2012-03-26 08:21:38',1,'2012-03-26 08:21:38'),(11,'cms_menu',17,NULL,NULL,NULL,NULL,'shop_disclaimer',6,'false',1,'2012-03-26 08:37:42',1,'2012-03-26 08:37:42'),(12,'cms_menu',18,NULL,NULL,NULL,NULL,'shop_contact',7,'false',1,'2012-03-26 08:38:36',1,'2012-03-26 08:38:36'),(13,'cms_menu',19,NULL,NULL,NULL,NULL,'shop_agb',8,'false',1,'2012-03-26 08:39:56',1,'2012-03-26 08:39:56'),(14,'cms_menu',20,NULL,NULL,NULL,NULL,'shop_security',9,'false',1,'2012-03-26 08:40:53',1,'2012-03-26 08:40:53'),(15,'shop_security',21,NULL,NULL,NULL,NULL,NULL,2,'false',1,'2012-03-26 08:42:20',1,'2012-03-26 08:41:51'),(16,'shop_security',22,NULL,NULL,NULL,NULL,NULL,1,'false',1,'2012-03-26 08:42:20',1,'2012-03-26 08:42:20'),(17,'cms_menu',23,NULL,NULL,NULL,NULL,'shop_delivery',10,'false',1,'2012-03-26 08:42:59',1,'2012-03-26 08:42:59'),(18,'shop_delivery',24,NULL,NULL,NULL,NULL,NULL,1,'false',1,'2012-03-26 08:46:51',1,'2012-03-26 08:43:49'),(19,'shop_delivery',25,NULL,NULL,NULL,NULL,NULL,2,'false',1,'2012-03-26 08:46:55',1,'2012-03-26 08:44:11'),(20,'shop_delivery',26,NULL,NULL,NULL,NULL,NULL,3,'false',1,'2012-03-26 08:46:59',1,'2012-03-26 08:44:35'),(21,'shop_delivery',27,NULL,NULL,NULL,NULL,NULL,4,'false',1,'2012-03-26 08:46:59',1,'2012-03-26 08:44:59'),(22,'shop_delivery',28,NULL,NULL,NULL,NULL,NULL,5,'false',1,'2012-03-26 08:46:59',1,'2012-03-26 08:45:28'),(23,'shop_delivery',29,NULL,NULL,NULL,NULL,NULL,6,'false',1,'2012-03-26 08:46:59',1,'2012-03-26 08:46:34'),(24,'cms_menu',30,NULL,NULL,NULL,NULL,'mycms_entry_list_52',11,'false',1,'2012-03-26 08:47:36',1,'2012-03-26 08:47:36'),(25,'mycms_entry_list_52',31,NULL,NULL,NULL,NULL,NULL,3,'false',1,'2012-03-26 08:50:05',1,'2012-03-26 08:48:49'),(26,'mycms_entry_list_52',32,NULL,NULL,NULL,NULL,NULL,2,'false',1,'2012-03-26 08:50:05',1,'2012-03-26 08:49:39'),(27,'mycms_entry_list_52',33,NULL,NULL,NULL,NULL,NULL,1,'false',1,'2012-03-26 08:50:05',1,'2012-03-26 08:50:05'),(28,'cms_menu',34,NULL,NULL,NULL,NULL,'mycms_entry_list_53',12,'false',1,'2012-03-26 08:50:47',1,'2012-03-26 08:50:47'),(29,'mycms_entry_list_53',35,NULL,NULL,NULL,NULL,NULL,4,'false',1,'2012-03-26 08:53:42',1,'2012-03-26 08:51:57'),(30,'mycms_entry_list_53',36,NULL,NULL,NULL,NULL,NULL,3,'false',1,'2012-03-26 08:53:42',1,'2012-03-26 08:52:32'),(31,'mycms_entry_list_53',37,NULL,NULL,NULL,NULL,NULL,2,'false',1,'2012-03-26 08:53:42',1,'2012-03-26 08:53:05'),(32,'mycms_entry_list_53',38,NULL,NULL,NULL,NULL,NULL,1,'false',1,'2012-03-26 08:53:42',1,'2012-03-26 08:53:41'),(33,'cms_menu',39,NULL,NULL,NULL,NULL,'shop_help',13,'false',1,'2012-03-26 08:57:01',1,'2012-03-26 08:57:01'),(34,'cms_menu',40,NULL,NULL,NULL,NULL,'shop_newsletter_unsubscribe',14,'false',1,'2012-03-26 08:57:35',1,'2012-03-26 08:57:35'),(35,'shoparticle',41,NULL,NULL,NULL,NULL,NULL,1,'false',2,'2015-06-10 14:38:25',2,'2015-06-10 14:38:25'),(39,'shoparticle',45,NULL,NULL,NULL,NULL,NULL,2,'false',2,'2015-08-03 13:09:59',2,'2015-08-03 13:09:59'),(40,'shoparticle',46,NULL,NULL,NULL,NULL,NULL,3,'false',2,'2015-08-03 13:10:06',2,'2015-08-03 13:10:06'),(41,'shoparticle',47,NULL,NULL,NULL,NULL,NULL,4,'false',2,'2015-08-03 13:10:10',2,'2015-08-03 13:10:10'),(43,'shoparticle',49,NULL,NULL,NULL,NULL,NULL,6,'false',2,'2015-08-03 13:10:41',2,'2015-08-03 13:10:41'),(44,'shoparticle',50,NULL,NULL,NULL,NULL,NULL,7,'false',2,'2015-08-03 13:10:44',2,'2015-08-03 13:10:44'),(45,'shoparticle',51,NULL,NULL,NULL,NULL,NULL,8,'false',2,'2015-08-03 13:10:46',2,'2015-08-03 13:10:46'),(47,'shoparticle',53,NULL,NULL,NULL,NULL,NULL,9,'false',2,'2015-08-26 12:09:39',2,'2015-08-26 12:09:39'),(48,'shoparticle',54,NULL,NULL,NULL,NULL,NULL,10,'false',2,'2015-08-26 12:17:47',2,'2015-08-26 12:17:47'),(50,'shoparticle',56,NULL,NULL,NULL,NULL,NULL,11,'false',1,'2015-09-16 11:16:22',1,'2015-09-16 11:16:22'),(51,'shoparticle',57,NULL,NULL,NULL,NULL,NULL,12,'false',1,'2015-09-16 11:16:25',1,'2015-09-16 11:16:25'),(52,'shoparticle',58,NULL,NULL,NULL,NULL,NULL,13,'false',1,'2015-09-16 11:16:28',1,'2015-09-16 11:16:28'),(53,'shoparticle',59,NULL,NULL,NULL,NULL,NULL,14,'false',1,'2015-09-16 11:16:32',1,'2015-09-16 11:16:32'),(54,'shoparticle',60,NULL,NULL,NULL,NULL,NULL,15,'false',1,'2015-09-16 11:16:35',1,'2015-09-16 11:16:35'),(55,'shoparticle',61,NULL,NULL,NULL,NULL,NULL,16,'false',1,'2015-09-16 11:16:37',1,'2015-09-16 11:16:37'),(56,'shoparticle',62,NULL,NULL,NULL,NULL,NULL,17,'false',1,'2015-09-16 11:16:40',1,'2015-09-16 11:16:40'),(57,'shoparticle',63,NULL,NULL,NULL,NULL,NULL,18,'false',1,'2015-09-16 11:16:43',1,'2015-09-16 11:16:43'),(58,'shoparticle',64,NULL,NULL,NULL,NULL,NULL,19,'false',1,'2015-09-16 11:16:44',1,'2015-09-16 11:16:44'),(59,'shoparticle',65,NULL,NULL,NULL,NULL,NULL,20,'false',1,'2015-09-16 11:16:46',1,'2015-09-16 11:16:46'),(60,'shoparticle',66,NULL,NULL,NULL,NULL,NULL,21,'false',1,'2015-09-16 11:16:47',1,'2015-09-16 11:16:47'),(61,'shoparticle',67,NULL,NULL,NULL,NULL,NULL,22,'false',1,'2015-09-16 11:16:51',1,'2015-09-16 11:16:51'),(62,'shoparticle',68,NULL,NULL,NULL,NULL,NULL,23,'false',1,'2015-09-16 11:16:51',1,'2015-09-16 11:16:51'),(63,'shoparticle',69,NULL,NULL,NULL,NULL,NULL,24,'false',1,'2015-09-16 11:16:52',1,'2015-09-16 11:16:52'),(64,'shoparticle',70,NULL,NULL,NULL,NULL,NULL,25,'false',1,'2015-09-16 11:16:55',1,'2015-09-16 11:16:55'),(65,'shoparticle',71,NULL,NULL,NULL,NULL,NULL,26,'false',1,'2015-09-16 11:16:58',1,'2015-09-16 11:16:58'),(66,'shoparticle',72,NULL,NULL,NULL,NULL,NULL,27,'false',1,'2015-09-16 11:17:02',1,'2015-09-16 11:17:02'),(67,'shoparticle',73,NULL,NULL,NULL,NULL,NULL,28,'false',1,'2015-09-16 11:17:04',1,'2015-09-16 11:17:04'),(68,'shoparticle',74,NULL,NULL,NULL,NULL,NULL,29,'false',1,'2015-09-16 11:17:06',1,'2015-09-16 11:17:06'),(69,'shoparticle',75,NULL,NULL,NULL,NULL,NULL,30,'false',1,'2015-09-16 11:17:07',1,'2015-09-16 11:17:07'),(70,'shoparticle',76,NULL,NULL,NULL,NULL,NULL,31,'false',1,'2015-09-16 11:17:08',1,'2015-09-16 11:17:08'),(71,'shoparticle',77,NULL,NULL,NULL,NULL,NULL,32,'false',1,'2015-09-16 11:17:08',1,'2015-09-16 11:17:08'),(72,'shoparticle',78,NULL,NULL,NULL,NULL,NULL,33,'false',1,'2015-09-16 11:17:09',1,'2015-09-16 11:17:09'),(73,'shoparticle',79,NULL,NULL,NULL,NULL,NULL,34,'false',1,'2015-09-16 11:17:10',1,'2015-09-16 11:17:10'),(74,'shoparticle',80,NULL,NULL,NULL,NULL,NULL,35,'false',1,'2015-09-16 11:17:11',1,'2015-09-16 11:17:11'),(75,'shoparticle',81,NULL,NULL,NULL,NULL,NULL,36,'false',1,'2015-09-16 11:17:12',1,'2015-09-16 11:17:12'),(76,'shoparticle',82,NULL,NULL,NULL,NULL,NULL,37,'false',1,'2015-09-16 11:17:13',1,'2015-09-16 11:17:13'),(77,'shoparticle',83,NULL,NULL,NULL,NULL,NULL,38,'false',1,'2015-09-16 11:17:13',1,'2015-09-16 11:17:13'),(78,'shoparticle',84,NULL,NULL,NULL,NULL,NULL,39,'false',1,'2015-09-16 11:17:14',1,'2015-09-16 11:17:14'),(79,'shoparticle',85,NULL,NULL,NULL,NULL,NULL,40,'false',1,'2015-09-16 11:17:15',1,'2015-09-16 11:17:15'),(80,'shoparticle',86,NULL,NULL,NULL,NULL,NULL,41,'false',1,'2015-09-16 11:17:16',1,'2015-09-16 11:17:16'),(81,'shoparticle',87,NULL,NULL,NULL,NULL,NULL,42,'false',1,'2015-09-16 11:17:17',1,'2015-09-16 11:17:17'),(82,'shoparticle',88,NULL,NULL,NULL,NULL,NULL,43,'false',1,'2015-09-16 11:17:18',1,'2015-09-16 11:17:18'),(83,'shoparticle',89,NULL,NULL,NULL,NULL,NULL,44,'false',1,'2015-09-16 11:17:18',1,'2015-09-16 11:17:18'),(84,'shoparticle',90,NULL,NULL,NULL,NULL,NULL,45,'false',1,'2015-09-16 11:17:19',1,'2015-09-16 11:17:19'),(85,'shoparticle',91,NULL,NULL,NULL,NULL,NULL,46,'false',1,'2015-09-16 11:17:20',1,'2015-09-16 11:17:20'),(86,'shoparticle',94,NULL,NULL,NULL,NULL,NULL,47,'false',2,'2015-10-12 10:05:04',2,'2015-10-12 10:05:04'),(87,'shopcategory',95,NULL,NULL,NULL,NULL,NULL,1,'false',2,'2015-10-12 10:05:42',2,'2015-10-12 10:05:42'),(93,'shoparticle',101,NULL,NULL,NULL,NULL,NULL,53,'false',2,'2016-02-10 15:02:47',2,'2016-02-10 15:02:47'),(94,'shoparticle',102,NULL,NULL,NULL,NULL,NULL,54,'false',2,'2016-02-17 14:21:05',2,'2016-02-17 14:21:05'),(100,'shoparticle',108,NULL,NULL,NULL,NULL,NULL,60,'false',2,'2016-02-25 15:25:05',2,'2016-02-25 15:25:05'),(101,'shoparticle',109,NULL,NULL,NULL,NULL,NULL,61,'false',9,'2016-03-25 10:41:09',9,'2016-03-25 10:41:09'),(102,'shoparticle',110,NULL,NULL,NULL,NULL,NULL,62,'false',9,'2016-03-25 10:54:31',9,'2016-03-25 10:54:31'),(103,'shoparticle',111,NULL,NULL,NULL,NULL,NULL,63,'false',9,'2016-03-25 10:56:08',9,'2016-03-25 10:56:08'),(104,'shoparticle',112,NULL,NULL,NULL,NULL,NULL,64,'false',9,'2016-03-25 12:14:16',9,'2016-03-25 12:14:16'),(105,'shoparticle',113,NULL,NULL,NULL,NULL,NULL,65,'false',9,'2016-03-25 12:19:04',9,'2016-03-25 12:19:04'),(106,'shoparticle',114,NULL,NULL,NULL,NULL,NULL,66,'false',9,'2016-03-25 12:27:28',9,'2016-03-25 12:27:28'),(107,'shoparticle',115,NULL,NULL,NULL,NULL,NULL,67,'false',9,'2016-03-25 12:32:23',9,'2016-03-25 12:32:23'),(108,'shoparticle',116,NULL,NULL,NULL,NULL,NULL,68,'false',9,'2016-03-25 12:49:49',9,'2016-03-25 12:49:49'),(109,'shoparticle',117,NULL,NULL,NULL,NULL,NULL,69,'false',9,'2016-03-25 12:52:43',9,'2016-03-25 12:52:43'),(110,'shoparticle',118,NULL,NULL,NULL,NULL,NULL,70,'false',9,'2016-03-25 12:55:12',9,'2016-03-25 12:55:12'),(111,'shoparticle',119,NULL,NULL,NULL,NULL,NULL,71,'false',9,'2016-03-25 12:58:36',9,'2016-03-25 12:58:36'),(112,'shoparticle',120,NULL,NULL,NULL,NULL,NULL,72,'false',9,'2016-03-25 13:11:06',9,'2016-03-25 13:11:06'),(113,'shoparticle',121,NULL,NULL,NULL,NULL,NULL,73,'false',2,'2016-09-02 17:19:37',2,'2016-09-02 17:19:37'),(114,'shoparticle',122,NULL,NULL,NULL,NULL,NULL,74,'false',2,'2016-09-20 13:07:14',2,'2016-09-20 13:07:14'),(115,'shoparticle',123,NULL,NULL,NULL,NULL,NULL,75,'false',2,'2016-10-17 12:14:02',2,'2016-10-17 12:14:02'),(116,'shoparticle',124,NULL,NULL,NULL,NULL,NULL,76,'false',2,'2017-05-18 05:12:24',2,'2017-05-18 05:12:24'),(118,'shoparticle',126,NULL,NULL,NULL,NULL,NULL,77,'false',2,'2017-05-18 06:00:21',2,'2017-05-18 06:00:21'),(119,'shoparticle',127,NULL,NULL,NULL,NULL,NULL,78,'false',2,'2017-05-18 06:00:57',2,'2017-05-18 06:00:57'),(120,'shoparticle',128,NULL,NULL,NULL,NULL,NULL,79,'false',2,'2017-05-18 06:01:47',2,'2017-05-18 06:01:47'),(121,'shoparticle',129,NULL,NULL,NULL,NULL,NULL,80,'false',2,'2017-05-18 06:02:15',2,'2017-05-18 06:02:15'),(122,'shoparticle',130,NULL,NULL,NULL,NULL,NULL,81,'false',2,'2017-05-18 06:02:41',2,'2017-05-18 06:02:41');

--
-- Table structure for table `CMSArticleCategory`
--

CREATE TABLE `CMSArticleCategory` (
  `CMSArticleCategory_Code` varchar(32) NOT NULL,
  `CMSArticleCategory_Name` varchar(255) NOT NULL,
  `CMSArticleCategory_CtrlAction` varchar(40) DEFAULT NULL,
  `Person_ID_Edit` int(10) unsigned DEFAULT NULL,
  `Table_Edit` timestamp NOT NULL DEFAULT CURRENT_TIMESTAMP ON UPDATE CURRENT_TIMESTAMP,
  `Person_ID_Create` int(10) unsigned DEFAULT NULL,
  `Table_Create` timestamp NOT NULL DEFAULT '0000-00-00 00:00:00',
  PRIMARY KEY (`CMSArticleCategory_Code`),
  KEY `IDX_Person_Person_ID_Edit` (`Person_ID_Edit`),
  KEY `IDX_Person_Person_ID_Create` (`Person_ID_Create`),
  CONSTRAINT `CMSArticleCategory_ibfk_1` FOREIGN KEY (`Person_ID_Edit`) REFERENCES `Person` (`Person_ID`) ON DELETE NO ACTION ON UPDATE NO ACTION,
  CONSTRAINT `CMSArticleCategory_ibfk_2` FOREIGN KEY (`Person_ID_Create`) REFERENCES `Person` (`Person_ID`) ON DELETE NO ACTION ON UPDATE NO ACTION
) ENGINE=InnoDB DEFAULT CHARSET=utf8;

--
-- Dumping data for table `CMSArticleCategory`
--

INSERT INTO `CMSArticleCategory` VALUES ('cms_menu','cms_menu',NULL,1,'2012-03-26 08:21:38',1,'2012-03-26 08:21:38'),('mediapool','mediapool',NULL,1,'2012-03-26 08:21:38',1,'2012-03-26 08:21:38'),('mycms_entry_list_52','mycms_entry_list_52',NULL,1,'2012-03-26 08:48:49',1,'2012-03-26 08:48:49'),('mycms_entry_list_53','mycms_entry_list_53',NULL,1,'2012-03-26 08:51:57',1,'2012-03-26 08:51:57'),('mycms_news_42','mycms_news_42',NULL,1,'2012-03-26 08:21:38',1,'2012-03-26 08:21:38'),('mycms_standard_list_43','mycms_standard_list_43',NULL,1,'2012-03-26 08:21:38',1,'2012-03-26 08:21:38'),('shoparticle','shoparticle',NULL,2,'2015-06-10 14:38:25',2,'2015-06-10 14:38:25'),('shopcategory','shopcategory',NULL,2,'2015-06-10 14:42:03',2,'2015-06-10 14:42:03'),('shop_delivery','shop_delivery',NULL,1,'2012-03-26 08:43:49',1,'2012-03-26 08:43:49'),('shop_security','shop_security',NULL,1,'2012-03-26 08:41:51',1,'2012-03-26 08:41:51');

--
-- Table structure for table `CMSMapping`
--

CREATE TABLE `CMSMapping` (
  `CMSMapping_Code` varchar(255) NOT NULL,
  `CMSMapping_Target` varchar(255) NOT NULL,
  `CMSMapping_Internal` enum('true','false') DEFAULT 'true',
  `Person_ID_Edit` int(10) unsigned DEFAULT NULL,
  `Table_Edit` timestamp NOT NULL DEFAULT CURRENT_TIMESTAMP ON UPDATE CURRENT_TIMESTAMP,
  `Person_ID_Create` int(10) unsigned DEFAULT NULL,
  `Table_Create` timestamp NOT NULL DEFAULT '0000-00-00 00:00:00',
  PRIMARY KEY (`CMSMapping_Code`),
  KEY `IDX_Person_Person_ID_Edit` (`Person_ID_Edit`),
  KEY `IDX_Person_Person_ID_Create` (`Person_ID_Create`),
  CONSTRAINT `CMSMapping_ibfk_1` FOREIGN KEY (`Person_ID_Edit`) REFERENCES `Person` (`Person_ID`) ON DELETE NO ACTION ON UPDATE NO ACTION,
  CONSTRAINT `CMSMapping_ibfk_2` FOREIGN KEY (`Person_ID_Create`) REFERENCES `Person` (`Person_ID`) ON DELETE NO ACTION ON UPDATE NO ACTION
) ENGINE=InnoDB DEFAULT CHARSET=utf8;

--
-- Dumping data for table `CMSMapping`
--

INSERT INTO `CMSMapping` VALUES ('148x105cm-a6','glasbild','true',2,'2015-06-10 14:40:12',2,'2015-06-10 14:40:12'),('glasbild-skyline-bridge-a1','glasbild-skyline-bridge','true',2,'2015-09-03 11:36:38',2,'2015-09-03 11:36:38'),('hochwertige-erinnerungen-bilder-glas','startseite','true',2,'2015-09-30 12:20:36',2,'2015-09-30 12:20:36'),('individuelle-glasplatte','glastuer','true',2,'2015-10-12 10:05:25',2,'2015-10-12 10:05:25'),('klebstoff-1','silikon-kleber-310-ml','true',9,'2016-03-24 14:03:33',9,'2016-03-24 14:02:40'),('rueckgaberecht','widerrufsrecht','true',2,'2015-06-10 10:36:10',2,'2015-06-10 10:36:10'),('senk-punktbefestigung','senk-punktbefestigung-set','true',9,'2016-03-25 13:13:45',9,'2016-03-25 13:13:45'),('silikon-kleber','silikon-kleber-310-ml','true',9,'2016-03-24 14:03:33',9,'2016-03-24 14:03:33'),('zargen-band-anschraubplatte','zargenband-m-anschraubplatte','true',9,'2016-03-25 12:19:47',9,'2016-03-25 12:19:47'),('zargen-beschlag-druecker','zargen-beschlagsset-o-druecker','true',9,'2016-03-25 10:42:08',9,'2016-03-25 10:42:08'),('zubehoer','montage-zubehoer','true',2,'2015-06-29 07:41:18',2,'2015-06-29 07:41:18');

--
-- Table structure for table `Clipboard`
--

CREATE TABLE `Clipboard` (
  `Person_ID` int(10) unsigned NOT NULL,
  `Clipboard_Data` text NOT NULL,
  `Person_ID_Edit` int(10) unsigned DEFAULT NULL,
  `Table_Edit` timestamp NOT NULL DEFAULT CURRENT_TIMESTAMP ON UPDATE CURRENT_TIMESTAMP,
  `Person_ID_Create` int(10) unsigned DEFAULT NULL,
  `Table_Create` timestamp NOT NULL DEFAULT '0000-00-00 00:00:00',
  PRIMARY KEY (`Person_ID`),
  KEY `IDX_Person_Person_ID_Edit` (`Person_ID_Edit`),
  KEY `IDX_Person_Person_ID_Create` (`Person_ID_Create`),
  CONSTRAINT `Clipboard_ibfk_1` FOREIGN KEY (`Person_ID_Edit`) REFERENCES `Person` (`Person_ID`) ON DELETE NO ACTION ON UPDATE NO ACTION,
  CONSTRAINT `Clipboard_ibfk_2` FOREIGN KEY (`Person_ID_Create`) REFERENCES `Person` (`Person_ID`) ON DELETE NO ACTION ON UPDATE NO ACTION,
  CONSTRAINT `Worker_Clipboard` FOREIGN KEY (`Person_ID`) REFERENCES `Worker` (`Person_ID`)
) ENGINE=InnoDB DEFAULT CHARSET=utf8;

--
-- Dumping data for table `Clipboard`
--


--
-- Table structure for table `Contact`
--

CREATE TABLE `Contact` (
  `Person_ID` int(10) unsigned NOT NULL,
  `ContactType_Code` varchar(40) NOT NULL,
  `Contact_Subject` varchar(255) DEFAULT NULL,
  `Contact_Datetime` datetime DEFAULT NULL,
  `Contact_Formdata` text,
  `Contact_Email` longtext,
  `Person_ID_Edit` int(10) unsigned DEFAULT NULL,
  `Table_Edit` timestamp NOT NULL DEFAULT CURRENT_TIMESTAMP ON UPDATE CURRENT_TIMESTAMP,
  `Person_ID_Create` int(10) unsigned DEFAULT NULL,
  `Table_Create` timestamp NOT NULL DEFAULT '0000-00-00 00:00:00',
  PRIMARY KEY (`Person_ID`),
  KEY `IDX_Contact_1` (`ContactType_Code`),
  KEY `IDX_Person_Person_ID_Edit` (`Person_ID_Edit`),
  KEY `IDX_Person_Person_ID_Create` (`Person_ID_Create`),
  CONSTRAINT `ContactType_Contact` FOREIGN KEY (`ContactType_Code`) REFERENCES `ContactType` (`ContactType_Code`),
  CONSTRAINT `Contact_ibfk_1` FOREIGN KEY (`Person_ID_Edit`) REFERENCES `Person` (`Person_ID`) ON DELETE NO ACTION ON UPDATE NO ACTION,
  CONSTRAINT `Contact_ibfk_2` FOREIGN KEY (`Person_ID_Create`) REFERENCES `Person` (`Person_ID`) ON DELETE NO ACTION ON UPDATE NO ACTION,
  CONSTRAINT `Person_Contact` FOREIGN KEY (`Person_ID`) REFERENCES `Person` (`Person_ID`) ON DELETE CASCADE
) ENGINE=InnoDB DEFAULT CHARSET=utf8;

--
-- Dumping data for table `Contact`
--


--
-- Table structure for table `ContactType`
--

CREATE TABLE `ContactType` (
  `ContactType_Code` varchar(40) NOT NULL,
  `ContactType_Name` varchar(255) NOT NULL,
  `Person_ID_Edit` int(10) unsigned DEFAULT NULL,
  `Table_Edit` timestamp NOT NULL DEFAULT CURRENT_TIMESTAMP ON UPDATE CURRENT_TIMESTAMP,
  `Person_ID_Create` int(10) unsigned DEFAULT NULL,
  `Table_Create` timestamp NOT NULL DEFAULT '0000-00-00 00:00:00',
  PRIMARY KEY (`ContactType_Code`),
  KEY `IDX_Person_Person_ID_Edit` (`Person_ID_Edit`),
  KEY `IDX_Person_Person_ID_Create` (`Person_ID_Create`),
  CONSTRAINT `ContactType_ibfk_1` FOREIGN KEY (`Person_ID_Edit`) REFERENCES `Person` (`Person_ID`) ON DELETE NO ACTION ON UPDATE NO ACTION,
  CONSTRAINT `ContactType_ibfk_2` FOREIGN KEY (`Person_ID_Create`) REFERENCES `Person` (`Person_ID`) ON DELETE NO ACTION ON UPDATE NO ACTION
) ENGINE=InnoDB DEFAULT CHARSET=utf8;

--
-- Dumping data for table `ContactType`
--


--
-- Table structure for table `Country`
--

CREATE TABLE `Country` (
  `Country_Code` char(2) NOT NULL,
  `Currency_Code` varchar(16) DEFAULT NULL,
  `Language_Code_Default` varchar(3) NOT NULL,
  `Country_Code_Alpha_3` char(3) NOT NULL,
  `Country_Code_Numeric` int(11) DEFAULT NULL,
  `Country_Code_TLD` varchar(10) NOT NULL,
  `Country_Code_IOC` varchar(10) NOT NULL,
  `Country_EUMember` enum('true','false') NOT NULL DEFAULT 'false',
  `Country_Show` enum('true','false') NOT NULL DEFAULT 'false',
  `Country_Name` varchar(255) DEFAULT NULL,
  `Person_ID_Edit` int(10) unsigned DEFAULT NULL,
  `Table_Edit` timestamp NOT NULL DEFAULT CURRENT_TIMESTAMP ON UPDATE CURRENT_TIMESTAMP,
  `Person_ID_Create` int(10) unsigned DEFAULT NULL,
  `Table_Create` timestamp NOT NULL DEFAULT '0000-00-00 00:00:00',
  PRIMARY KEY (`Country_Code`),
  KEY `Country_Language_Code_Default` (`Language_Code_Default`),
  KEY `IDX_Country_2` (`Currency_Code`),
  KEY `IDX_Person_Person_ID_Edit` (`Person_ID_Edit`),
  KEY `IDX_Person_Person_ID_Create` (`Person_ID_Create`),
  CONSTRAINT `Country_ibfk_1` FOREIGN KEY (`Person_ID_Edit`) REFERENCES `Person` (`Person_ID`) ON DELETE NO ACTION ON UPDATE NO ACTION,
  CONSTRAINT `Country_ibfk_2` FOREIGN KEY (`Person_ID_Create`) REFERENCES `Person` (`Person_ID`) ON DELETE NO ACTION ON UPDATE NO ACTION,
  CONSTRAINT `Currency_Country` FOREIGN KEY (`Currency_Code`) REFERENCES `Currency` (`Currency_Code`),
  CONSTRAINT `Language_Country` FOREIGN KEY (`Language_Code_Default`) REFERENCES `Language` (`Language_Code`)
) ENGINE=InnoDB DEFAULT CHARSET=utf8;

--
-- Dumping data for table `Country`
--

INSERT INTO `Country` VALUES ('AC',NULL,'en','ASC',0,'.ac','','false','false','Ascension',1,'2015-05-29 10:38:05',1,'2015-05-29 10:38:05'),('AD','EUR','en','AND',20,'.ad','AND','false','false','Andorra',1,'2015-05-29 10:38:05',1,'2015-05-29 10:38:05'),('AE',NULL,'en','ARE',784,'.ae','UAE','false','false','Vereinigte Arabische Emirate',1,'2015-05-29 10:38:05',1,'2015-05-29 10:38:05'),('AF',NULL,'en','AFG',4,'.af','AFG','false','false','Afghanistan',1,'2015-05-29 10:38:05',1,'2015-05-29 10:38:05'),('AG',NULL,'en','ATG',28,'.ag','ANT','false','false','Antigua und Barbuda',1,'2015-05-29 10:38:05',1,'2015-05-29 10:38:05'),('AI',NULL,'en','AIA',660,'.ai','','false','false','Anguilla',1,'2015-05-29 10:38:05',1,'2015-05-29 10:38:05'),('AL',NULL,'en','ALB',8,'.al','ALB','false','false','Albanien',1,'2015-05-29 10:38:05',1,'2015-05-29 10:38:05'),('AM',NULL,'en','ARM',51,'.am','ARM','false','false','Armenien',1,'2015-05-29 10:38:05',1,'2015-05-29 10:38:05'),('AN',NULL,'en','ANT',530,'.an','AHO','false','false','Niederländische Antillen',1,'2015-05-29 10:38:05',1,'2015-05-29 10:38:05'),('AO',NULL,'en','AGO',24,'.ao','ANG','false','false','Angola',1,'2015-05-29 10:38:05',1,'2015-05-29 10:38:05'),('AQ',NULL,'en','ATA',10,'.aq','','false','false','Antarktis',1,'2015-05-29 10:38:05',1,'2015-05-29 10:38:05'),('AR',NULL,'en','ARG',32,'.ar','ARG','false','false','Argentinien',1,'2015-05-29 10:38:05',1,'2015-05-29 10:38:05'),('AS',NULL,'en','ASM',16,'.as','ASA','false','false','Amerikanisch-Samoa',1,'2015-05-29 10:38:05',1,'2015-05-29 10:38:05'),('AT','EUR','de','AUT',40,'.at','AUT','true','true','Österreich',1,'2015-05-29 10:38:05',1,'2015-05-29 10:38:05'),('AU',NULL,'en','AUS',36,'.au','AUS','false','false','Australien',1,'2015-05-29 10:38:05',1,'2015-05-29 10:38:05'),('AW',NULL,'en','ABW',533,'.aw','ARU','false','false','Aruba',1,'2015-05-29 10:38:05',1,'2015-05-29 10:38:05'),('AX',NULL,'en','ALA',248,'.ax','','false','false','Åland',1,'2015-05-29 10:38:05',1,'2015-05-29 10:38:05'),('AZ',NULL,'en','AZE',31,'.az','AZE','false','false','Aserbaidschan',1,'2015-05-29 10:38:05',1,'2015-05-29 10:38:05'),('BA',NULL,'en','BIH',70,'.ba','BIH','false','false','Bosnien und Herzegowina',1,'2015-05-29 10:38:05',1,'2015-05-29 10:38:05'),('BB',NULL,'en','BRB',52,'.bb','BAR','false','false','Barbados',1,'2015-05-29 10:38:05',1,'2015-05-29 10:38:05'),('BD',NULL,'en','BGD',50,'.bd','BAN','false','false','Bangladesch',1,'2015-05-29 10:38:05',1,'2015-05-29 10:38:05'),('BE','EUR','en','BEL',56,'.be','BEL','true','false','Belgien',1,'2015-05-29 10:38:05',1,'2015-05-29 10:38:05'),('BF',NULL,'en','BFA',854,'.bf','BUR','false','false','Burkina Faso',1,'2015-05-29 10:38:05',1,'2015-05-29 10:38:05'),('BG',NULL,'en','BGR',100,'.bg','BUL','true','false','Bulgarien',1,'2015-05-29 10:38:05',1,'2015-05-29 10:38:05'),('BH',NULL,'en','BHR',48,'.bh','BRN','false','false','Bahrain',1,'2015-05-29 10:38:05',1,'2015-05-29 10:38:05'),('BI',NULL,'en','BDI',108,'.bi','BDI','false','false','Burundi',1,'2015-05-29 10:38:05',1,'2015-05-29 10:38:05'),('BJ',NULL,'en','BEN',204,'.bj','BEN','false','false','Benin',1,'2015-05-29 10:38:05',1,'2015-05-29 10:38:05'),('BM',NULL,'en','BMU',60,'.bm','BER','false','false','Bermuda',1,'2015-05-29 10:38:05',1,'2015-05-29 10:38:05'),('BN',NULL,'en','BRN',96,'.bn','BRU','false','false','Brunei Darussalam',1,'2015-05-29 10:38:05',1,'2015-05-29 10:38:05'),('BO',NULL,'en','BOL',68,'.bo','BOL','false','false','Bolivien',1,'2015-05-29 10:38:05',1,'2015-05-29 10:38:05'),('BR',NULL,'en','BRA',76,'.br','BRA','false','false','Brasilien',1,'2015-05-29 10:38:05',1,'2015-05-29 10:38:05'),('BS',NULL,'en','BHS',44,'.bs','BAH','false','false','Bahamas',1,'2015-05-29 10:38:05',1,'2015-05-29 10:38:05'),('BT',NULL,'en','BTN',64,'.bt','BHU','false','false','Bhutan',1,'2015-05-29 10:38:05',1,'2015-05-29 10:38:05'),('BU',NULL,'en','BUR',104,'','','false','false','Burma (Myanmar)',1,'2015-05-29 10:38:05',1,'2015-05-29 10:38:05'),('BV',NULL,'en','BVT',74,'.bv','','false','false','Bouvetinsel',1,'2015-05-29 10:38:05',1,'2015-05-29 10:38:05'),('BW',NULL,'en','BWA',72,'.bw','BOT','false','false','Botswana',1,'2015-05-29 10:38:05',1,'2015-05-29 10:38:05'),('BY',NULL,'en','BLR',112,'.by','BLR','false','false','Belarus (Weißrussland)',1,'2015-05-29 10:38:05',1,'2015-05-29 10:38:05'),('BZ',NULL,'en','BLZ',84,'.bz','BIZ','false','false','Belize',1,'2015-05-29 10:38:05',1,'2015-05-29 10:38:05'),('CA',NULL,'en','CAN',124,'.ca','CAN','false','false','Kanada',1,'2015-05-29 10:38:05',1,'2015-05-29 10:38:05'),('CC',NULL,'en','CCK',166,'.cc','','false','false','Kokosinseln (Keelinginseln)',1,'2015-05-29 10:38:05',1,'2015-05-29 10:38:05'),('CD',NULL,'en','COD',180,'.cd','COD','false','false','Kongo,Demokratische Republik (ehem. Zaire)',1,'2015-05-29 10:38:05',1,'2015-05-29 10:38:05'),('CF',NULL,'en','CAF',140,'.cf','CAF','false','false','Zentralafrikanische Republik',1,'2015-05-29 10:38:05',1,'2015-05-29 10:38:05'),('CG',NULL,'en','COG',178,'.cg','CGO','false','false','RepublikKongo',1,'2015-05-29 10:38:05',1,'2015-05-29 10:38:05'),('CH',NULL,'de','CHE',756,'.ch','SUI','false','false','Schweiz (Confoederatio Helvetica)',1,'2015-05-29 10:38:05',1,'2015-05-29 10:38:05'),('CI',NULL,'en','CIV',384,'.ci','CIV','false','false','Côted Ivoire (Elfenbeinküste)',1,'2015-05-29 10:38:05',1,'2015-05-29 10:38:05'),('CK',NULL,'en','COK',184,'.ck','COK','false','false','Cookinseln',1,'2015-05-29 10:38:05',1,'2015-05-29 10:38:05'),('CL',NULL,'en','CHL',152,'.cl','CHI','false','false','Chile',1,'2015-05-29 10:38:05',1,'2015-05-29 10:38:05'),('CM',NULL,'en','CMR',120,'.cm','CMR','false','false','Kamerun',1,'2015-05-29 10:38:05',1,'2015-05-29 10:38:05'),('CN',NULL,'en','CHN',156,'.cn','CHN','false','false','China, Volksrepublik',1,'2015-05-29 10:38:05',1,'2015-05-29 10:38:05'),('CO',NULL,'en','COL',170,'.co','COL','false','false','Kolumbien',1,'2015-05-29 10:38:05',1,'2015-05-29 10:38:05'),('CP',NULL,'en','CPT',0,'','','false','false','Clipperton',1,'2015-05-29 10:38:05',1,'2015-05-29 10:38:05'),('CR',NULL,'en','CRI',188,'.cr','CRC','false','false','Costa Rica',1,'2015-05-29 10:38:05',1,'2015-05-29 10:38:05'),('CS',NULL,'en','SCG',891,'.yu','YUG','false','false','Serbien und Montenegro',1,'2015-05-29 10:38:05',1,'2015-05-29 10:38:05'),('CU',NULL,'en','CUB',192,'.cu','CUB','false','false','Kuba',1,'2015-05-29 10:38:05',1,'2015-05-29 10:38:05'),('CV',NULL,'en','CPV',132,'.cv','CPV','false','false','KapVerde',1,'2015-05-29 10:38:05',1,'2015-05-29 10:38:05'),('CX',NULL,'en','CXR',162,'.cx','','false','false','Weihnachtsinsel',1,'2015-05-29 10:38:05',1,'2015-05-29 10:38:05'),('CY',NULL,'en','CYP',196,'.cy','CYP','true','false','Zypern',1,'2015-05-29 10:38:05',1,'2015-05-29 10:38:05'),('CZ',NULL,'en','CZE',203,'.cz','CZE','true','false','Tschechische Republik',1,'2015-05-29 10:38:05',1,'2015-05-29 10:38:05'),('DE','EUR','de','DEU',276,'.de','GER','true','true','Deutschland',2,'2017-05-16 12:28:07',1,'2015-05-29 10:38:05'),('DG',NULL,'en','DGA',0,'','','false','false','Diego Garcia',1,'2015-05-29 10:38:05',1,'2015-05-29 10:38:05'),('DJ',NULL,'en','DJI',262,'.dj','DJI','false','false','Dschibuti',1,'2015-05-29 10:38:05',1,'2015-05-29 10:38:05'),('DK',NULL,'en','DNK',208,'.dk','DEN','true','false','Dänemark',1,'2015-05-29 10:38:05',1,'2015-05-29 10:38:05'),('DM',NULL,'en','DMA',212,'.dm','DMA','false','false','Dominica',1,'2015-05-29 10:38:05',1,'2015-05-29 10:38:05'),('DO',NULL,'en','DOM',214,'.do','DOM','false','false','Dominikanische Republik',1,'2015-05-29 10:38:05',1,'2015-05-29 10:38:05'),('DZ',NULL,'en','DZA',12,'.dz','ALG','false','false','Algerien',1,'2015-05-29 10:38:05',1,'2015-05-29 10:38:05'),('EA',NULL,'en','',0,'','','false','false','Ceuta, Melilla',1,'2015-05-29 10:38:05',1,'2015-05-29 10:38:05'),('EC',NULL,'en','ECU',218,'.ec','ECU','false','false','Ecuador',1,'2015-05-29 10:38:05',1,'2015-05-29 10:38:05'),('EE',NULL,'en','EST',233,'.ee','EST','true','false','Estland (Reval)',1,'2015-05-29 10:38:05',1,'2015-05-29 10:38:05'),('EG',NULL,'en','EGY',818,'.eg','EGY','false','false','Ägypten',1,'2015-05-29 10:38:05',1,'2015-05-29 10:38:05'),('EH',NULL,'en','ESH',732,'.eh','','false','false','Westsahara',1,'2015-05-29 10:38:05',1,'2015-05-29 10:38:05'),('ER',NULL,'en','ERI',232,'.er','ERI','false','false','Eritrea',1,'2015-05-29 10:38:05',1,'2015-05-29 10:38:05'),('ES','EUR','en','ESP',724,'.es','ESP','true','false','Spanien',1,'2015-05-29 10:38:05',1,'2015-05-29 10:38:05'),('ET',NULL,'en','ETH',231,'.et','ETH','false','false','Äthiopien',1,'2015-05-29 10:38:05',1,'2015-05-29 10:38:05'),('EU',NULL,'en','',0,'.eu','','false','false','Europäische Union',1,'2015-05-29 10:38:05',1,'2015-05-29 10:38:05'),('FI','EUR','en','FIN',246,'.fi','FIN','true','false','Finnland',1,'2015-05-29 10:38:05',1,'2015-05-29 10:38:05'),('FJ',NULL,'en','FJI',242,'.fj','FIJ','false','false','Fidschi',1,'2015-05-29 10:38:05',1,'2015-05-29 10:38:05'),('FK',NULL,'en','FLK',238,'.fk','','false','false','Falklandinseln (Malwinen)',1,'2015-05-29 10:38:05',1,'2015-05-29 10:38:05'),('FM',NULL,'en','FSM',583,'.fm','FSM','false','false','Mikronesien',1,'2015-05-29 10:38:05',1,'2015-05-29 10:38:05'),('FO',NULL,'en','FRO',234,'.fo','FRO','false','false','Färöer',1,'2015-05-29 10:38:05',1,'2015-05-29 10:38:05'),('FR','EUR','en','FRA',250,'.fr','FRA','true','false','Frankreich',1,'2015-05-29 10:38:05',1,'2015-05-29 10:38:05'),('FX',NULL,'en','FXX',0,'.fx','','false','false','Frankreich,Francemétropolitaine',1,'2015-05-29 10:38:05',1,'2015-05-29 10:38:05'),('GA',NULL,'en','GAB',266,'.ga','GAB','false','false','Gabun',1,'2015-05-29 10:38:05',1,'2015-05-29 10:38:05'),('GB',NULL,'en','GBR',826,'.uk','GBR','true','false','Vereinigtes Königreich Großbritannien und Nordirland',1,'2015-05-29 10:38:05',1,'2015-05-29 10:38:05'),('GD',NULL,'en','GRD',308,'.gd','GRN','false','false','Grenada',1,'2015-05-29 10:38:05',1,'2015-05-29 10:38:05'),('GE',NULL,'en','GEO',268,'.ge','GEO','false','false','Georgien',1,'2015-05-29 10:38:05',1,'2015-05-29 10:38:05'),('GF',NULL,'en','GUF',254,'.gf','','false','false','Französisch-Guayana',1,'2015-05-29 10:38:05',1,'2015-05-29 10:38:05'),('GG',NULL,'en','GGY',831,'.gg','','false','false','Guernsey (Kanalinsel)',1,'2015-05-29 10:38:05',1,'2015-05-29 10:38:05'),('GH',NULL,'en','GHA',288,'.gh','GHA','false','false','Ghana',1,'2015-05-29 10:38:05',1,'2015-05-29 10:38:05'),('GI',NULL,'en','GIB',292,'.gi','','false','false','Gibraltar',1,'2015-05-29 10:38:05',1,'2015-05-29 10:38:05'),('GL',NULL,'en','GRL',304,'.gl','','false','false','Grönland',1,'2015-05-29 10:38:05',1,'2015-05-29 10:38:05'),('GM',NULL,'en','GMB',270,'.gm','GAM','false','false','Gambia',1,'2015-05-29 10:38:05',1,'2015-05-29 10:38:05'),('GN',NULL,'en','GIN',324,'.gn','GUI','false','false','Guinea',1,'2015-05-29 10:38:05',1,'2015-05-29 10:38:05'),('GP',NULL,'en','GLP',312,'.gp','','false','false','Guadeloupe',1,'2015-05-29 10:38:05',1,'2015-05-29 10:38:05'),('GQ',NULL,'en','GNQ',226,'.gq','GEQ','false','false','Äquatorialguinea',1,'2015-05-29 10:38:05',1,'2015-05-29 10:38:05'),('GR','EUR','en','GRC',300,'.gr','GRE','true','false','Griechenland',1,'2015-05-29 10:38:05',1,'2015-05-29 10:38:05'),('GS',NULL,'en','SGS',239,'.gs','','false','false','Südgeorgien und die Südlichen Sandwichinseln',1,'2015-05-29 10:38:05',1,'2015-05-29 10:38:05'),('GT',NULL,'en','GTM',320,'.gt','GUA','false','false','Guatemala',1,'2015-05-29 10:38:05',1,'2015-05-29 10:38:05'),('GU',NULL,'en','GUM',316,'.gu','GUM','false','false','Guam',1,'2015-05-29 10:38:05',1,'2015-05-29 10:38:05'),('GW',NULL,'en','GNB',624,'.gw','GBS','false','false','Guinea-Bissau',1,'2015-05-29 10:38:05',1,'2015-05-29 10:38:05'),('GY',NULL,'en','GUY',328,'.gy','GUY','false','false','Guyana',1,'2015-05-29 10:38:05',1,'2015-05-29 10:38:05'),('HK',NULL,'en','HKG',344,'.hk','HKG','false','false','Hongkong',1,'2015-05-29 10:38:05',1,'2015-05-29 10:38:05'),('HM',NULL,'en','HMD',334,'.hm','','false','false','Heard- und McDonald-Inseln',1,'2015-05-29 10:38:05',1,'2015-05-29 10:38:05'),('HN',NULL,'en','HND',340,'.hn','HON','false','false','Honduras',1,'2015-05-29 10:38:05',1,'2015-05-29 10:38:05'),('HR',NULL,'en','HRV',191,'.hr','CRO','false','false','Kroatien (Hrvatska)',1,'2015-05-29 10:38:05',1,'2015-05-29 10:38:05'),('HT',NULL,'en','HTI',332,'.ht','HAI','false','false','Haiti',1,'2015-05-29 10:38:05',1,'2015-05-29 10:38:05'),('HU',NULL,'en','HUN',348,'.hu','HUN','true','false','Ungarn',1,'2015-05-29 10:38:05',1,'2015-05-29 10:38:05'),('IC',NULL,'en','',0,'','','false','false','Kanarische Inseln',1,'2015-05-29 10:38:05',1,'2015-05-29 10:38:05'),('ID',NULL,'en','IDN',360,'.id','INA','false','false','Indonesien',1,'2015-05-29 10:38:05',1,'2015-05-29 10:38:05'),('IE','EUR','en','IRL',372,'.ie','IRL','true','false','Irland',1,'2015-05-29 10:38:05',1,'2015-05-29 10:38:05'),('IL',NULL,'en','ISR',376,'.il','ISR','false','false','Israel',1,'2015-05-29 10:38:05',1,'2015-05-29 10:38:05'),('IM',NULL,'en','IMN',833,'.im','','false','false','InselMan',1,'2015-05-29 10:38:05',1,'2015-05-29 10:38:05'),('IN',NULL,'en','IND',356,'.in','IND','false','false','Indien',1,'2015-05-29 10:38:05',1,'2015-05-29 10:38:05'),('IO',NULL,'en','IOT',86,'.io','','false','false','Britisches Territorium im Indischen Ozean',1,'2015-05-29 10:38:05',1,'2015-05-29 10:38:05'),('IQ',NULL,'en','IRQ',368,'.iq','IRQ','false','false','Irak',1,'2015-05-29 10:38:05',1,'2015-05-29 10:38:05'),('IR',NULL,'en','IRN',364,'.ir','IRI','false','false','Iran, Islamische Republik',1,'2015-05-29 10:38:05',1,'2015-05-29 10:38:05'),('IS',NULL,'en','ISL',352,'.is','ISL','false','false','Island',1,'2015-05-29 10:38:05',1,'2015-05-29 10:38:05'),('IT','EUR','en','ITA',380,'.it','ITA','true','true','Italien',2,'2019-03-12 15:33:27',1,'2015-05-29 10:38:05'),('JE',NULL,'en','JEY',832,'.je','','false','false','Jersey (Kanalinsel)',1,'2015-05-29 10:38:05',1,'2015-05-29 10:38:05'),('JM',NULL,'en','JAM',388,'.jm','JAM','false','false','Jamaika',1,'2015-05-29 10:38:05',1,'2015-05-29 10:38:05'),('JO',NULL,'en','JOR',400,'.jo','JOR','false','false','Jordanien',1,'2015-05-29 10:38:05',1,'2015-05-29 10:38:05'),('JP',NULL,'en','JPN',392,'.jp','JPN','false','false','Japan',1,'2015-05-29 10:38:05',1,'2015-05-29 10:38:05'),('KE',NULL,'en','KEN',404,'.ke','KEN','false','false','Kenia',1,'2015-05-29 10:38:05',1,'2015-05-29 10:38:05'),('KG',NULL,'en','KGZ',417,'.kg','KGZ','false','false','Kirgisistan',1,'2015-05-29 10:38:05',1,'2015-05-29 10:38:05'),('KH',NULL,'en','KHM',116,'.kh','CAM','false','false','Kambodscha',1,'2015-05-29 10:38:05',1,'2015-05-29 10:38:05'),('KI',NULL,'en','KIR',296,'.ki','','false','false','Kiribati',1,'2015-05-29 10:38:05',1,'2015-05-29 10:38:05'),('KM',NULL,'en','COM',174,'.km','','false','false','Komoren',1,'2015-05-29 10:38:05',1,'2015-05-29 10:38:05'),('KN',NULL,'en','KNA',659,'.kn','SKN','false','false','St.Kitts und Nevis',1,'2015-05-29 10:38:05',1,'2015-05-29 10:38:05'),('KP',NULL,'en','PRK',408,'.kp','PRK','false','false','Korea,Demokratische Volksrepublik (Nordkorea)',1,'2015-05-29 10:38:05',1,'2015-05-29 10:38:05'),('KR',NULL,'en','KOR',410,'.kr','KOR','false','false','Korea,Republik (Südkorea)',1,'2015-05-29 10:38:05',1,'2015-05-29 10:38:05'),('KW',NULL,'en','KWT',414,'.kw','KUW','false','false','Kuwait',1,'2015-05-29 10:38:05',1,'2015-05-29 10:38:05'),('KY',NULL,'en','CYM',136,'.ky','CAY','false','false','Kaimaninseln',1,'2015-05-29 10:38:05',1,'2015-05-29 10:38:05'),('KZ',NULL,'en','KAZ',398,'.kz','KAZ','false','false','Kasachstan',1,'2015-05-29 10:38:05',1,'2015-05-29 10:38:05'),('LA',NULL,'en','LAO',418,'.la','LAO','false','false','Laos, Demokratische Volksrepublik',1,'2015-05-29 10:38:05',1,'2015-05-29 10:38:05'),('LB',NULL,'en','LBN',422,'.lb','LIB','false','false','Libanon',1,'2015-05-29 10:38:05',1,'2015-05-29 10:38:05'),('LC',NULL,'en','LCA',662,'.lc','LCA','false','false','St.Lucia',1,'2015-05-29 10:38:05',1,'2015-05-29 10:38:05'),('LI',NULL,'en','LIE',438,'.li','LIE','false','false','Liechtenstein',1,'2015-05-29 10:38:05',1,'2015-05-29 10:38:05'),('LK',NULL,'en','LKA',144,'.lk','SRI','false','false','Sri Lanka',1,'2015-05-29 10:38:05',1,'2015-05-29 10:38:05'),('LR',NULL,'en','LBR',430,'.lr','LBR','false','false','Liberia',1,'2015-05-29 10:38:05',1,'2015-05-29 10:38:05'),('LS',NULL,'en','LSO',426,'.ls','LES','false','false','Lesotho',1,'2015-05-29 10:38:05',1,'2015-05-29 10:38:05'),('LT',NULL,'en','LTU',440,'.lt','LTU','true','false','Litauen',1,'2015-05-29 10:38:05',1,'2015-05-29 10:38:05'),('LU','EUR','en','LUX',442,'.lu','LUX','true','false','Luxemburg',1,'2015-05-29 10:38:05',1,'2015-05-29 10:38:05'),('LV',NULL,'en','LVA',428,'.lv','LAT','true','false','Lettland',1,'2015-05-29 10:38:05',1,'2015-05-29 10:38:05'),('LY',NULL,'en','LBY',434,'.ly','LBA','false','false','Libysch-Arabische Dschamahirija (Libyen)',1,'2015-05-29 10:38:05',1,'2015-05-29 10:38:05'),('MA',NULL,'en','MAR',504,'.ma','MAR','false','false','Marokko',1,'2015-05-29 10:38:05',1,'2015-05-29 10:38:05'),('MC','EUR','en','MCO',492,'.mc','MON','false','false','Monaco',1,'2015-05-29 10:38:05',1,'2015-05-29 10:38:05'),('MD',NULL,'en','MDA',498,'.md','MDA','false','false','Moldawien (Republik Moldau)',1,'2015-05-29 10:38:05',1,'2015-05-29 10:38:05'),('ME','EUR','en','MNE',499,'.me','MGO','false','false','Montenegro',1,'2015-05-29 10:38:05',1,'2015-05-29 10:38:05'),('MG',NULL,'en','MDG',450,'.mg','MAD','false','false','Madagaskar',1,'2015-05-29 10:38:05',1,'2015-05-29 10:38:05'),('MH',NULL,'en','MHL',584,'.mh','','false','false','Marshallinseln',1,'2015-05-29 10:38:05',1,'2015-05-29 10:38:05'),('MK',NULL,'en','MKD',807,'.mk','MKD','false','false','Mazedonien',1,'2015-05-29 10:38:05',1,'2015-05-29 10:38:05'),('ML',NULL,'en','MLI',466,'.ml','MLI','false','false','Mali',1,'2015-05-29 10:38:05',1,'2015-05-29 10:38:05'),('MM',NULL,'en','MMR',104,'.mm','MYA','false','false','Myanmar (Burma)',1,'2015-05-29 10:38:05',1,'2015-05-29 10:38:05'),('MN',NULL,'en','MNG',496,'.mn','MGL','false','false','Mongolei',1,'2015-05-29 10:38:05',1,'2015-05-29 10:38:05'),('MO',NULL,'en','MAC',446,'.mo','','false','false','Macao',1,'2015-05-29 10:38:05',1,'2015-05-29 10:38:05'),('MP',NULL,'en','MNP',580,'.mp','','false','false','Nördliche Marianen',1,'2015-05-29 10:38:05',1,'2015-05-29 10:38:05'),('MQ',NULL,'en','MTQ',474,'.mq','','false','false','Martinique',1,'2015-05-29 10:38:05',1,'2015-05-29 10:38:05'),('MR',NULL,'en','MRT',478,'.mr','MTN','false','false','Mauretanien',1,'2015-05-29 10:38:05',1,'2015-05-29 10:38:05'),('MS',NULL,'en','MSR',500,'.ms','','false','false','Montserrat',1,'2015-05-29 10:38:05',1,'2015-05-29 10:38:05'),('MT',NULL,'en','MLT',470,'.mt','MLT','true','false','Malta',1,'2015-05-29 10:38:05',1,'2015-05-29 10:38:05'),('MU',NULL,'en','MUS',480,'.mu','MRI','false','false','Mauritius',1,'2015-05-29 10:38:05',1,'2015-05-29 10:38:05'),('MV',NULL,'en','MDV',462,'.mv','MDV','false','false','Malediven',1,'2015-05-29 10:38:05',1,'2015-05-29 10:38:05'),('MW',NULL,'en','MWI',454,'.mw','MAW','false','false','Malawi',1,'2015-05-29 10:38:05',1,'2015-05-29 10:38:05'),('MX',NULL,'en','MEX',484,'.mx','MEX','false','false','Mexiko',1,'2015-05-29 10:38:05',1,'2015-05-29 10:38:05'),('MY',NULL,'en','MYS',458,'.my','MAS','false','false','Malaysia',1,'2015-05-29 10:38:05',1,'2015-05-29 10:38:05'),('MZ',NULL,'en','MOZ',508,'.mz','MOZ','false','false','Mosambik',1,'2015-05-29 10:38:05',1,'2015-05-29 10:38:05'),('NA',NULL,'en','NAM',516,'.na','NAM','false','false','Namibia',1,'2015-05-29 10:38:05',1,'2015-05-29 10:38:05'),('NC',NULL,'en','NCL',540,'.nc','','false','false','Neukaledonien',1,'2015-05-29 10:38:05',1,'2015-05-29 10:38:05'),('NE',NULL,'en','NER',562,'.ne','NIG','false','false','Niger',1,'2015-05-29 10:38:05',1,'2015-05-29 10:38:05'),('NF',NULL,'en','NFK',574,'.nf','','false','false','Norfolkinsel',1,'2015-05-29 10:38:05',1,'2015-05-29 10:38:05'),('NG',NULL,'en','NGA',566,'.ng','NGR','false','false','Nigeria',1,'2015-05-29 10:38:05',1,'2015-05-29 10:38:05'),('NI',NULL,'en','NIC',558,'.ni','NCA','false','false','Nicaragua',1,'2015-05-29 10:38:05',1,'2015-05-29 10:38:05'),('NL','EUR','en','NLD',528,'.nl','NED','true','false','Niederlande',1,'2015-05-29 10:38:05',1,'2015-05-29 10:38:05'),('NO',NULL,'en','NOR',578,'.no','NOR','false','false','Norwegen',1,'2015-05-29 10:38:05',1,'2015-05-29 10:38:05'),('NP',NULL,'en','NPL',524,'.np','NEP','false','false','Nepal',1,'2015-05-29 10:38:05',1,'2015-05-29 10:38:05'),('NR',NULL,'en','NRU',520,'.nr','NRU','false','false','Nauru',1,'2015-05-29 10:38:05',1,'2015-05-29 10:38:05'),('NT',NULL,'en','NTZ',0,'','','false','false','NeutraleZone (Saudi-Arabien und Irak)',1,'2015-05-29 10:38:05',1,'2015-05-29 10:38:05'),('NU',NULL,'en','NIU',570,'.nu','','false','false','Niue',1,'2015-05-29 10:38:05',1,'2015-05-29 10:38:05'),('NZ',NULL,'en','NZL',554,'.nz','NZL','false','false','Neuseeland',1,'2015-05-29 10:38:05',1,'2015-05-29 10:38:05'),('OM',NULL,'en','OMN',512,'.om','OMA','false','false','Oman',1,'2015-05-29 10:38:05',1,'2015-05-29 10:38:05'),('PA',NULL,'en','PAN',591,'.pa','PAN','false','false','Panama',1,'2015-05-29 10:38:05',1,'2015-05-29 10:38:05'),('PE',NULL,'en','PER',604,'.pe','PER','false','false','Peru',1,'2015-05-29 10:38:05',1,'2015-05-29 10:38:05'),('PF',NULL,'en','PYF',258,'.pf','','false','false','Französisch-Polynesien',1,'2015-05-29 10:38:05',1,'2015-05-29 10:38:05'),('PG',NULL,'en','PNG',598,'.pg','','false','false','Papua-Neuguinea',1,'2015-05-29 10:38:05',1,'2015-05-29 10:38:05'),('PH',NULL,'en','PHL',608,'.ph','PHI','false','false','Philippinen',1,'2015-05-29 10:38:05',1,'2015-05-29 10:38:05'),('PK',NULL,'en','PAK',586,'.pk','PAK','false','false','Pakistan',1,'2015-05-29 10:38:05',1,'2015-05-29 10:38:05'),('PL',NULL,'en','POL',616,'.pl','POL','true','false','Polen',1,'2015-05-29 10:38:05',1,'2015-05-29 10:38:05'),('PM',NULL,'en','SPM',666,'.pm','','false','false','Saint-Pierre und Miquelon',1,'2015-05-29 10:38:05',1,'2015-05-29 10:38:05'),('PN',NULL,'en','PCN',612,'.pn','','false','false','Pitcairninseln',1,'2015-05-29 10:38:05',1,'2015-05-29 10:38:05'),('PR',NULL,'en','PRI',630,'.pr','PUR','false','false','PuertoRico',1,'2015-05-29 10:38:05',1,'2015-05-29 10:38:05'),('PS',NULL,'en','PSE',275,'.ps','PLE','false','false','Palästinensische Autonomiegebiete',1,'2015-05-29 10:38:05',1,'2015-05-29 10:38:05'),('PT','EUR','en','PRT',620,'.pt','POR','true','false','Portugal',1,'2015-05-29 10:38:05',1,'2015-05-29 10:38:05'),('PW',NULL,'en','PLW',585,'.pw','PLW','false','false','Palau',1,'2015-05-29 10:38:05',1,'2015-05-29 10:38:05'),('PY',NULL,'en','PRY',600,'.py','PAR','false','false','Paraguay',1,'2015-05-29 10:38:05',1,'2015-05-29 10:38:05'),('QA',NULL,'en','QAT',634,'.qa','QAT','false','false','Katar',1,'2015-05-29 10:38:05',1,'2015-05-29 10:38:05'),('RE',NULL,'en','REU',638,'.re','','false','false','Réunion',1,'2015-05-29 10:38:05',1,'2015-05-29 10:38:05'),('RO',NULL,'en','ROU',642,'.ro','ROM','true','false','Rumänien',1,'2015-05-29 10:38:05',1,'2015-05-29 10:38:05'),('RS',NULL,'en','SRB',688,'.rs','SRB','false','false','Serbien',1,'2015-05-29 10:38:05',1,'2015-05-29 10:38:05'),('RU',NULL,'en','RUS',643,'.ru','RUS','false','false','Russische Föderation',1,'2015-05-29 10:38:05',1,'2015-05-29 10:38:05'),('RW',NULL,'en','RWA',646,'.rw','RWA','false','false','Ruanda',1,'2015-05-29 10:38:05',1,'2015-05-29 10:38:05'),('SA',NULL,'en','SAU',682,'.sa','KSA','false','false','Saudi-Arabien',1,'2015-05-29 10:38:05',1,'2015-05-29 10:38:05'),('SB',NULL,'en','SLB',90,'.sb','SOL','false','false','Salomonen',1,'2015-05-29 10:38:05',1,'2015-05-29 10:38:05'),('SC',NULL,'en','SYC',690,'.sc','SEY','false','false','Seychellen',1,'2015-05-29 10:38:05',1,'2015-05-29 10:38:05'),('SD',NULL,'en','SDN',736,'.sd','SUD','false','false','Sudan',1,'2015-05-29 10:38:05',1,'2015-05-29 10:38:05'),('SE',NULL,'en','SWE',752,'.se','SWE','true','false','Schweden',1,'2015-05-29 10:38:05',1,'2015-05-29 10:38:05'),('SG',NULL,'en','SGP',702,'.sg','SIN','false','false','Singapur',1,'2015-05-29 10:38:05',1,'2015-05-29 10:38:05'),('SH',NULL,'en','SHN',654,'.sh','','false','false','St.Helena',1,'2015-05-29 10:38:05',1,'2015-05-29 10:38:05'),('SI','EUR','en','SVN',705,'.si','SLO','true','false','Slowenien',1,'2015-05-29 10:38:05',1,'2015-05-29 10:38:05'),('SJ',NULL,'en','SJM',744,'.sj','','false','false','Svalbard und Jan Mayen',1,'2015-05-29 10:38:05',1,'2015-05-29 10:38:05'),('SK',NULL,'en','SVK',703,'.sk','SVK','true','false','Slowakei',1,'2015-05-29 10:38:05',1,'2015-05-29 10:38:05'),('SL',NULL,'en','SLE',694,'.sl','SLE','false','false','Sierra Leone',1,'2015-05-29 10:38:05',1,'2015-05-29 10:38:05'),('SM','EUR','en','SMR',674,'.sm','SMR','false','false','San Marino',1,'2015-05-29 10:38:05',1,'2015-05-29 10:38:05'),('SN',NULL,'en','SEN',686,'.sn','SEN','false','false','Senegal',1,'2015-05-29 10:38:05',1,'2015-05-29 10:38:05'),('SO',NULL,'en','SOM',706,'.so','SOM','false','false','Somalia',1,'2015-05-29 10:38:05',1,'2015-05-29 10:38:05'),('SR',NULL,'en','SUR',740,'.sr','SUR','false','false','Suriname',1,'2015-05-29 10:38:05',1,'2015-05-29 10:38:05'),('ST',NULL,'en','STP',678,'.st','STP','false','false','São Tomé und Príncipe',1,'2015-05-29 10:38:05',1,'2015-05-29 10:38:05'),('SU',NULL,'en','SUN',810,'.su','URS','false','false','UdSSR',1,'2015-05-29 10:38:05',1,'2015-05-29 10:38:05'),('SV',NULL,'en','SLV',222,'.sv','ESA','false','false','ElSalvador',1,'2015-05-29 10:38:05',1,'2015-05-29 10:38:05'),('SY',NULL,'en','SYR',760,'.sy','SYR','false','false','Syrien, Arabische Republik',1,'2015-05-29 10:38:05',1,'2015-05-29 10:38:05'),('SZ',NULL,'en','SWZ',748,'.sz','SWZ','false','false','Swasiland',1,'2015-05-29 10:38:05',1,'2015-05-29 10:38:05'),('TA',NULL,'en','TAA',0,'','','false','false','Tristanda Cunha',1,'2015-05-29 10:38:05',1,'2015-05-29 10:38:05'),('TC',NULL,'en','TCA',796,'.tc','','false','false','Turks-und Caicosinseln',1,'2015-05-29 10:38:05',1,'2015-05-29 10:38:05'),('TD',NULL,'en','TCD',148,'.td','CHA','false','false','Tschad',1,'2015-05-29 10:38:05',1,'2015-05-29 10:38:05'),('TF',NULL,'en','ATF',260,'.tf','','false','false','Französische Süd- und Antarktisgebiete',1,'2015-05-29 10:38:05',1,'2015-05-29 10:38:05'),('TG',NULL,'en','TGO',768,'.tg','TOG','false','false','Togo',1,'2015-05-29 10:38:05',1,'2015-05-29 10:38:05'),('TH',NULL,'en','THA',764,'.th','THA','false','false','Thailand',1,'2015-05-29 10:38:05',1,'2015-05-29 10:38:05'),('TJ',NULL,'en','TJK',762,'.tj','TJK','false','false','Tadschikistan',1,'2015-05-29 10:38:05',1,'2015-05-29 10:38:05'),('TK',NULL,'en','TKL',772,'.tk','','false','false','Tokelau',1,'2015-05-29 10:38:05',1,'2015-05-29 10:38:05'),('TL',NULL,'en','TLS',726,'.tl','','false','false','Timor-Leste',1,'2015-05-29 10:38:05',1,'2015-05-29 10:38:05'),('TM',NULL,'en','TKM',795,'.tm','TKM','false','false','Turkmenistan',1,'2015-05-29 10:38:05',1,'2015-05-29 10:38:05'),('TN',NULL,'en','TUN',788,'.tn','TUN','false','false','Tunesien',1,'2015-05-29 10:38:05',1,'2015-05-29 10:38:05'),('TO',NULL,'en','TON',776,'.to','TGA','false','false','Tonga',1,'2015-05-29 10:38:05',1,'2015-05-29 10:38:05'),('TR',NULL,'en','TUR',792,'.tr','TUR','false','false','Türkei',1,'2015-05-29 10:38:05',1,'2015-05-29 10:38:05'),('TT',NULL,'en','TTO',780,'.tt','TRI','false','false','Trinidad und Tobago',1,'2015-05-29 10:38:05',1,'2015-05-29 10:38:05'),('TV',NULL,'en','TUV',798,'.tv','','false','false','Tuvalu',1,'2015-05-29 10:38:05',1,'2015-05-29 10:38:05'),('TW',NULL,'en','TWN',158,'.tw','TPE','false','false','Republik China (Taiwan) (Formosa)',1,'2015-05-29 10:38:05',1,'2015-05-29 10:38:05'),('TZ',NULL,'en','TZA',834,'.tz','TAN','false','false','Tansania, Vereinigte Republik',1,'2015-05-29 10:38:05',1,'2015-05-29 10:38:05'),('UA',NULL,'en','UKR',804,'.ua','UKR','false','false','Ukraine',1,'2015-05-29 10:38:05',1,'2015-05-29 10:38:05'),('UG',NULL,'en','UGA',800,'.ug','UGA','false','false','Uganda',1,'2015-05-29 10:38:05',1,'2015-05-29 10:38:05'),('UM',NULL,'en','UMI',581,'.um','','false','false','United States Minor Outlying Islands',1,'2015-05-29 10:38:05',1,'2015-05-29 10:38:05'),('US','USD','en','USA',840,'.us','USA','false','false','Vereinigte Staaten von Amerika',1,'2015-05-29 10:38:05',1,'2015-05-29 10:38:05'),('UY',NULL,'en','URY',858,'.uy','URU','false','false','Uruguay',1,'2015-05-29 10:38:05',1,'2015-05-29 10:38:05'),('UZ',NULL,'en','UZB',860,'.uz','UZB','false','false','Usbekistan',1,'2015-05-29 10:38:05',1,'2015-05-29 10:38:05'),('VA','EUR','en','VAT',336,'.va','','false','false','Vatikanstadt',1,'2015-05-29 10:38:05',1,'2015-05-29 10:38:05'),('VC',NULL,'en','VCT',670,'.vc','VIN','false','false','St.Vincent und die Grenadinen',1,'2015-05-29 10:38:05',1,'2015-05-29 10:38:05'),('VE',NULL,'en','VEN',862,'.ve','VEN','false','false','Venezuela',1,'2015-05-29 10:38:05',1,'2015-05-29 10:38:05'),('VG',NULL,'en','VGB',92,'.vg','ISB','false','false','Britische Jungferninseln',1,'2015-05-29 10:38:05',1,'2015-05-29 10:38:05'),('VI',NULL,'en','VIR',850,'.vi','ISV','false','false','Amerikanische Jungferninseln',1,'2015-05-29 10:38:05',1,'2015-05-29 10:38:05'),('VN',NULL,'en','VNM',704,'.vn','VIE','false','false','Vietnam',1,'2015-05-29 10:38:05',1,'2015-05-29 10:38:05'),('VU',NULL,'en','VUT',548,'.vu','VAN','false','false','Vanuatu',1,'2015-05-29 10:38:05',1,'2015-05-29 10:38:05'),('WF',NULL,'en','WLF',876,'.wf','','false','false','WallisundFutuna',1,'2015-05-29 10:38:05',1,'2015-05-29 10:38:05'),('WS',NULL,'en','WSM',882,'.ws','SAM','false','false','Samoa',1,'2015-05-29 10:38:05',1,'2015-05-29 10:38:05'),('YE',NULL,'en','YEM',887,'.ye','YEM','false','false','Jemen',1,'2015-05-29 10:38:05',1,'2015-05-29 10:38:05'),('YT',NULL,'en','MYT',175,'.yt','','false','false','Mayotte',1,'2015-05-29 10:38:05',1,'2015-05-29 10:38:05'),('YU',NULL,'en','YUG',891,'.yu','YUG','false','false','Jugoslawien (ehemalig)',1,'2015-05-29 10:38:05',1,'2015-05-29 10:38:05'),('ZA',NULL,'en','ZAF',710,'.za','RSA','false','false','Südafrika',1,'2015-05-29 10:38:05',1,'2015-05-29 10:38:05'),('ZM',NULL,'en','ZMB',894,'.zm','ZAM','false','false','Sambia',1,'2015-05-29 10:38:05',1,'2015-05-29 10:38:05'),('ZR',NULL,'en','ZAR',180,'','','false','false','Zaire',1,'2015-05-29 10:38:05',1,'2015-05-29 10:38:05'),('ZW',NULL,'en','ZWE',716,'.zw','ZIM','false','false','Simbabwe',1,'2015-05-29 10:38:05',1,'2015-05-29 10:38:05');

--
-- Table structure for table `CountryZone`
--

CREATE TABLE `CountryZone` (
  `CountryZone_Code` varchar(64) NOT NULL,
  `CountryZone_Name` varchar(255) DEFAULT NULL,
  `Person_ID_Edit` int(10) unsigned DEFAULT NULL,
  `Table_Edit` timestamp NOT NULL DEFAULT CURRENT_TIMESTAMP ON UPDATE CURRENT_TIMESTAMP,
  `Person_ID_Create` int(10) unsigned DEFAULT NULL,
  `Table_Create` timestamp NOT NULL DEFAULT '0000-00-00 00:00:00',
  PRIMARY KEY (`CountryZone_Code`),
  KEY `IDX_Person_Person_ID_Edit` (`Person_ID_Edit`),
  KEY `IDX_Person_Person_ID_Create` (`Person_ID_Create`),
  CONSTRAINT `CountryZone_ibfk_1` FOREIGN KEY (`Person_ID_Edit`) REFERENCES `Person` (`Person_ID`) ON DELETE NO ACTION ON UPDATE NO ACTION,
  CONSTRAINT `CountryZone_ibfk_2` FOREIGN KEY (`Person_ID_Create`) REFERENCES `Person` (`Person_ID`) ON DELETE NO ACTION ON UPDATE NO ACTION
) ENGINE=InnoDB DEFAULT CHARSET=utf8;

--
-- Dumping data for table `CountryZone`
--

INSERT INTO `CountryZone` VALUES ('mail_international_europe','Brief International Europa',NULL,'2010-04-21 11:30:04',NULL,'0000-00-00 00:00:00');

--
-- Table structure for table `CountryZone_Country`
--

CREATE TABLE `CountryZone_Country` (
  `CountryZone_Code` varchar(64) NOT NULL,
  `Country_Code` char(2) NOT NULL,
  `Person_ID_Edit` int(10) unsigned DEFAULT NULL,
  `Table_Edit` timestamp NOT NULL DEFAULT CURRENT_TIMESTAMP ON UPDATE CURRENT_TIMESTAMP,
  `Person_ID_Create` int(10) unsigned DEFAULT NULL,
  `Table_Create` timestamp NOT NULL DEFAULT '0000-00-00 00:00:00',
  PRIMARY KEY (`CountryZone_Code`,`Country_Code`),
  KEY `IDX_CountryZone_Country_1` (`CountryZone_Code`),
  KEY `IDX_CountryZone_Country_2` (`Country_Code`),
  KEY `IDX_Person_Person_ID_Edit` (`Person_ID_Edit`),
  KEY `IDX_Person_Person_ID_Create` (`Person_ID_Create`),
  CONSTRAINT `CountryZone_CountryZone_Country` FOREIGN KEY (`CountryZone_Code`) REFERENCES `CountryZone` (`CountryZone_Code`) ON DELETE CASCADE,
  CONSTRAINT `CountryZone_Country_ibfk_1` FOREIGN KEY (`Person_ID_Edit`) REFERENCES `Person` (`Person_ID`) ON DELETE NO ACTION ON UPDATE NO ACTION,
  CONSTRAINT `CountryZone_Country_ibfk_2` FOREIGN KEY (`Person_ID_Create`) REFERENCES `Person` (`Person_ID`) ON DELETE NO ACTION ON UPDATE NO ACTION,
  CONSTRAINT `Country_CountryZone_Country` FOREIGN KEY (`Country_Code`) REFERENCES `Country` (`Country_Code`) ON DELETE CASCADE
) ENGINE=InnoDB DEFAULT CHARSET=utf8;

--
-- Dumping data for table `CountryZone_Country`
--

INSERT INTO `CountryZone_Country` VALUES ('mail_international_europe','AD',NULL,'2010-04-21 11:30:04',NULL,'0000-00-00 00:00:00'),('mail_international_europe','AL',NULL,'2010-04-21 11:30:04',NULL,'0000-00-00 00:00:00'),('mail_international_europe','AM',NULL,'2010-04-21 11:30:04',NULL,'0000-00-00 00:00:00'),('mail_international_europe','AZ',NULL,'2010-04-21 11:30:04',NULL,'0000-00-00 00:00:00'),('mail_international_europe','BE',NULL,'2010-04-21 11:30:04',NULL,'0000-00-00 00:00:00'),('mail_international_europe','BG',NULL,'2010-04-21 11:30:04',NULL,'0000-00-00 00:00:00'),('mail_international_europe','BH',NULL,'2010-04-21 11:30:04',NULL,'0000-00-00 00:00:00'),('mail_international_europe','BY',NULL,'2010-04-21 11:30:04',NULL,'0000-00-00 00:00:00'),('mail_international_europe','CH',NULL,'2010-04-21 11:30:04',NULL,'0000-00-00 00:00:00'),('mail_international_europe','CS',NULL,'2010-04-21 11:30:04',NULL,'0000-00-00 00:00:00'),('mail_international_europe','CY',NULL,'2010-04-21 11:30:04',NULL,'0000-00-00 00:00:00'),('mail_international_europe','CZ',NULL,'2010-04-21 11:30:04',NULL,'0000-00-00 00:00:00'),('mail_international_europe','DE',NULL,'2010-04-21 11:30:04',NULL,'0000-00-00 00:00:00'),('mail_international_europe','DK',NULL,'2010-04-21 11:30:04',NULL,'0000-00-00 00:00:00'),('mail_international_europe','EE',NULL,'2010-04-21 11:30:04',NULL,'0000-00-00 00:00:00'),('mail_international_europe','ES',NULL,'2010-04-21 11:30:04',NULL,'0000-00-00 00:00:00'),('mail_international_europe','FI',NULL,'2010-04-21 11:30:04',NULL,'0000-00-00 00:00:00'),('mail_international_europe','FR',NULL,'2010-04-21 11:30:04',NULL,'0000-00-00 00:00:00'),('mail_international_europe','GB',NULL,'2010-04-21 11:30:04',NULL,'0000-00-00 00:00:00'),('mail_international_europe','GE',NULL,'2010-04-21 11:30:04',NULL,'0000-00-00 00:00:00'),('mail_international_europe','GI',NULL,'2010-04-21 11:30:04',NULL,'0000-00-00 00:00:00'),('mail_international_europe','GR',NULL,'2010-04-21 11:30:04',NULL,'0000-00-00 00:00:00'),('mail_international_europe','HR',NULL,'2010-04-21 11:30:04',NULL,'0000-00-00 00:00:00'),('mail_international_europe','HU',NULL,'2010-04-21 11:30:04',NULL,'0000-00-00 00:00:00'),('mail_international_europe','IE',NULL,'2010-04-21 11:30:04',NULL,'0000-00-00 00:00:00'),('mail_international_europe','IS',NULL,'2010-04-21 11:30:04',NULL,'0000-00-00 00:00:00'),('mail_international_europe','IT',NULL,'2010-04-21 11:30:04',NULL,'0000-00-00 00:00:00'),('mail_international_europe','LI',NULL,'2010-04-21 11:30:04',NULL,'0000-00-00 00:00:00'),('mail_international_europe','LT',NULL,'2010-04-21 11:30:04',NULL,'0000-00-00 00:00:00'),('mail_international_europe','LU',NULL,'2010-04-21 11:30:04',NULL,'0000-00-00 00:00:00'),('mail_international_europe','LV',NULL,'2010-04-21 11:30:04',NULL,'0000-00-00 00:00:00'),('mail_international_europe','MC',NULL,'2010-04-21 11:30:04',NULL,'0000-00-00 00:00:00'),('mail_international_europe','MD',NULL,'2010-04-21 11:30:04',NULL,'0000-00-00 00:00:00'),('mail_international_europe','MK',NULL,'2010-04-21 11:30:04',NULL,'0000-00-00 00:00:00'),('mail_international_europe','MT',NULL,'2010-04-21 11:30:04',NULL,'0000-00-00 00:00:00'),('mail_international_europe','NL',NULL,'2010-04-21 11:30:04',NULL,'0000-00-00 00:00:00'),('mail_international_europe','NO',NULL,'2010-04-21 11:30:04',NULL,'0000-00-00 00:00:00'),('mail_international_europe','PL',NULL,'2010-04-21 11:30:04',NULL,'0000-00-00 00:00:00'),('mail_international_europe','PT',NULL,'2010-04-21 11:30:04',NULL,'0000-00-00 00:00:00'),('mail_international_europe','RO',NULL,'2010-04-21 11:30:04',NULL,'0000-00-00 00:00:00'),('mail_international_europe','RU',NULL,'2010-04-21 11:30:04',NULL,'0000-00-00 00:00:00'),('mail_international_europe','SE',NULL,'2010-04-21 11:30:04',NULL,'0000-00-00 00:00:00'),('mail_international_europe','SI',NULL,'2010-04-21 11:30:04',NULL,'0000-00-00 00:00:00'),('mail_international_europe','SK',NULL,'2010-04-21 11:30:04',NULL,'0000-00-00 00:00:00'),('mail_international_europe','SM',NULL,'2010-04-21 11:30:04',NULL,'0000-00-00 00:00:00'),('mail_international_europe','TR',NULL,'2010-04-21 11:30:04',NULL,'0000-00-00 00:00:00'),('mail_international_europe','UA',NULL,'2010-04-21 11:30:04',NULL,'0000-00-00 00:00:00'),('mail_international_europe','VA',NULL,'2010-04-21 11:30:04',NULL,'0000-00-00 00:00:00');

--
-- Table structure for table `Currency`
--

CREATE TABLE `Currency` (
  `Currency_Code` varchar(16) NOT NULL,
  `Currency_Shortcut` varchar(16) NOT NULL,
  `Currency_Name` varchar(255) NOT NULL,
  `Currency_ExchangeRate` double NOT NULL DEFAULT '1',
  `Person_ID_Edit` int(10) unsigned DEFAULT NULL,
  `Table_Edit` timestamp NOT NULL DEFAULT CURRENT_TIMESTAMP ON UPDATE CURRENT_TIMESTAMP,
  `Person_ID_Create` int(10) unsigned DEFAULT NULL,
  `Table_Create` timestamp NOT NULL DEFAULT '0000-00-00 00:00:00',
  PRIMARY KEY (`Currency_Code`),
  KEY `IDX_Person_Person_ID_Edit` (`Person_ID_Edit`),
  KEY `IDX_Person_Person_ID_Create` (`Person_ID_Create`),
  CONSTRAINT `Currency_ibfk_1` FOREIGN KEY (`Person_ID_Edit`) REFERENCES `Person` (`Person_ID`) ON DELETE NO ACTION ON UPDATE NO ACTION,
  CONSTRAINT `Currency_ibfk_2` FOREIGN KEY (`Person_ID_Create`) REFERENCES `Person` (`Person_ID`) ON DELETE NO ACTION ON UPDATE NO ACTION
) ENGINE=InnoDB DEFAULT CHARSET=utf8;

--
-- Dumping data for table `Currency`
--

INSERT INTO `Currency` VALUES ('CHF','CHF','Schweizer Franken',1,1,'2015-05-29 10:38:05',1,'2015-05-29 10:38:05'),('EUR','€','Euro',1,1,'2015-05-29 10:38:05',1,'2015-05-29 10:38:05'),('GBP','£','Britische Pfund',1,1,'2015-05-29 10:38:05',1,'2015-05-29 10:38:05'),('USD','$','US Dollar',1,1,'2015-05-29 10:38:05',1,'2015-05-29 10:38:05');

--
-- Table structure for table `Customer`
--

CREATE TABLE `Customer` (
  `Person_ID` int(10) unsigned NOT NULL,
  `Language_Code` varchar(3) DEFAULT NULL,
  `Country_Code` char(2) DEFAULT NULL,
  `Customer_Username` varchar(255) DEFAULT NULL,
  `Customer_Password` varchar(64) DEFAULT NULL,
  `Customer_Active` enum('true','false') DEFAULT 'false',
  `Customer_Number` varchar(64) DEFAULT NULL,
  `Customer_Company` varchar(255) DEFAULT NULL,
  `Customer_IsCompany` enum('true','false') DEFAULT 'false',
  `Customer_Street` varchar(255) DEFAULT NULL,
  `Customer_ZIPCode` varchar(10) DEFAULT NULL,
  `Customer_City` varchar(255) DEFAULT NULL,
  `Customer_Phone` varchar(255) DEFAULT NULL,
  `Customer_Fax` varchar(255) DEFAULT NULL,
  `Customer_UID` varchar(255) DEFAULT NULL,
  `Customer_Birthday` date DEFAULT NULL,
  `Customer_AccountNumber` varchar(255) DEFAULT NULL,
  `Customer_AccountName` varchar(255) DEFAULT NULL,
  `Customer_Info` text,
  `Customer_Import` varchar(255) DEFAULT NULL,
  `Person_ID_Edit` int(10) unsigned DEFAULT NULL,
  `Table_Edit` timestamp NOT NULL DEFAULT CURRENT_TIMESTAMP ON UPDATE CURRENT_TIMESTAMP,
  `Person_ID_Create` int(10) unsigned DEFAULT NULL,
  `Table_Create` timestamp NOT NULL DEFAULT '0000-00-00 00:00:00',
  PRIMARY KEY (`Person_ID`),
  UNIQUE KEY `IDX_Customer_1` (`Customer_Username`,`Customer_Password`),
  UNIQUE KEY `IDX_Customer_2` (`Customer_Number`),
  KEY `IDX_Customer_3` (`Country_Code`),
  KEY `IDX_Customer_4` (`Language_Code`),
  KEY `IDX_Person_Person_ID_Edit` (`Person_ID_Edit`),
  KEY `IDX_Person_Person_ID_Create` (`Person_ID_Create`),
  CONSTRAINT `Country_Customer` FOREIGN KEY (`Country_Code`) REFERENCES `Country` (`Country_Code`),
  CONSTRAINT `Customer_ibfk_1` FOREIGN KEY (`Person_ID_Edit`) REFERENCES `Person` (`Person_ID`) ON DELETE NO ACTION ON UPDATE NO ACTION,
  CONSTRAINT `Customer_ibfk_2` FOREIGN KEY (`Person_ID_Create`) REFERENCES `Person` (`Person_ID`) ON DELETE NO ACTION ON UPDATE NO ACTION,
  CONSTRAINT `Language_Customer` FOREIGN KEY (`Language_Code`) REFERENCES `Language` (`Language_Code`),
  CONSTRAINT `Person_Customer` FOREIGN KEY (`Person_ID`) REFERENCES `Person` (`Person_ID`) ON DELETE CASCADE
) ENGINE=InnoDB DEFAULT CHARSET=utf8;

--
-- Dumping data for table `Customer`
--


--
-- Table structure for table `Document`
--

CREATE TABLE `Document` (
  `Document_ID` int(10) unsigned NOT NULL AUTO_INCREMENT,
  `DocumentCategory_Code` varchar(40) DEFAULT NULL,
  `Picture_ID` int(10) unsigned DEFAULT NULL,
  `Document_Name` varchar(255) NOT NULL,
  `Document_Size` int(10) unsigned NOT NULL,
  `Person_ID_Edit` int(10) unsigned DEFAULT NULL,
  `Table_Edit` timestamp NOT NULL DEFAULT CURRENT_TIMESTAMP ON UPDATE CURRENT_TIMESTAMP,
  `Person_ID_Create` int(10) unsigned DEFAULT NULL,
  `Table_Create` timestamp NOT NULL DEFAULT '0000-00-00 00:00:00',
  PRIMARY KEY (`Document_ID`),
  KEY `IDX_Document_1` (`DocumentCategory_Code`),
  KEY `IDX_Document_2` (`Picture_ID`),
  KEY `IDX_Person_Person_ID_Edit` (`Person_ID_Edit`),
  KEY `IDX_Person_Person_ID_Create` (`Person_ID_Create`),
  CONSTRAINT `DocumentCategory_Document` FOREIGN KEY (`DocumentCategory_Code`) REFERENCES `DocumentCategory` (`DocumentCategory_Code`),
  CONSTRAINT `Document_ibfk_1` FOREIGN KEY (`Person_ID_Edit`) REFERENCES `Person` (`Person_ID`) ON DELETE NO ACTION ON UPDATE NO ACTION,
  CONSTRAINT `Document_ibfk_2` FOREIGN KEY (`Person_ID_Create`) REFERENCES `Person` (`Person_ID`) ON DELETE NO ACTION ON UPDATE NO ACTION,
  CONSTRAINT `Picture_Document` FOREIGN KEY (`Picture_ID`) REFERENCES `Picture` (`Picture_ID`) ON DELETE SET NULL
) ENGINE=InnoDB DEFAULT CHARSET=utf8;

--
-- Dumping data for table `Document`
--


--
-- Table structure for table `DocumentCategory`
--

CREATE TABLE `DocumentCategory` (
  `DocumentCategory_Code` varchar(40) NOT NULL,
  `DocumentCategory_FileExtensions` varchar(255) DEFAULT NULL,
  `Person_ID_Edit` int(10) unsigned DEFAULT NULL,
  `Table_Edit` timestamp NOT NULL DEFAULT CURRENT_TIMESTAMP ON UPDATE CURRENT_TIMESTAMP,
  `Person_ID_Create` int(10) unsigned DEFAULT NULL,
  `Table_Create` timestamp NOT NULL DEFAULT '0000-00-00 00:00:00',
  PRIMARY KEY (`DocumentCategory_Code`),
  KEY `IDX_Person_Person_ID_Edit` (`Person_ID_Edit`),
  KEY `IDX_Person_Person_ID_Create` (`Person_ID_Create`),
  CONSTRAINT `DocumentCategory_ibfk_1` FOREIGN KEY (`Person_ID_Edit`) REFERENCES `Person` (`Person_ID`) ON DELETE NO ACTION ON UPDATE NO ACTION,
  CONSTRAINT `DocumentCategory_ibfk_2` FOREIGN KEY (`Person_ID_Create`) REFERENCES `Person` (`Person_ID`) ON DELETE NO ACTION ON UPDATE NO ACTION
) ENGINE=InnoDB DEFAULT CHARSET=utf8;

--
-- Dumping data for table `DocumentCategory`
--


--
-- Table structure for table `DocumentCategory_Language`
--

CREATE TABLE `DocumentCategory_Language` (
  `DocumentCategory_Code` varchar(40) NOT NULL,
  `Language_Code` varchar(3) NOT NULL,
  `DocumentCategory_Language_Title` varchar(255) NOT NULL,
  `Person_ID_Edit` int(10) unsigned DEFAULT NULL,
  `Table_Edit` timestamp NOT NULL DEFAULT CURRENT_TIMESTAMP ON UPDATE CURRENT_TIMESTAMP,
  `Person_ID_Create` int(10) unsigned DEFAULT NULL,
  `Table_Create` timestamp NOT NULL DEFAULT '0000-00-00 00:00:00',
  PRIMARY KEY (`DocumentCategory_Code`,`Language_Code`),
  KEY `DocumentCategory_Language_Language_Code` (`Language_Code`),
  KEY `IDX_DocumentCategory_Language2` (`DocumentCategory_Code`),
  KEY `IDX_Person_Person_ID_Edit` (`Person_ID_Edit`),
  KEY `IDX_Person_Person_ID_Create` (`Person_ID_Create`),
  CONSTRAINT `DocumentCategory_Language_ibfk_1` FOREIGN KEY (`Language_Code`) REFERENCES `Language` (`Language_Code`),
  CONSTRAINT `DocumentCategory_Language_ibfk_2` FOREIGN KEY (`DocumentCategory_Code`) REFERENCES `DocumentCategory` (`DocumentCategory_Code`) ON DELETE CASCADE,
  CONSTRAINT `DocumentCategory_Language_ibfk_3` FOREIGN KEY (`Person_ID_Edit`) REFERENCES `Person` (`Person_ID`) ON DELETE NO ACTION ON UPDATE NO ACTION,
  CONSTRAINT `DocumentCategory_Language_ibfk_4` FOREIGN KEY (`Person_ID_Create`) REFERENCES `Person` (`Person_ID`) ON DELETE NO ACTION ON UPDATE NO ACTION
) ENGINE=InnoDB DEFAULT CHARSET=utf8;

--
-- Dumping data for table `DocumentCategory_Language`
--


--
-- Table structure for table `Document_Language`
--

CREATE TABLE `Document_Language` (
  `Document_ID` int(10) unsigned NOT NULL,
  `Language_Code` varchar(3) NOT NULL,
  `Document_Language_Title` varchar(255) NOT NULL,
  `Document_Language_Description` text,
  `Document_Language_Show` enum('true','false') DEFAULT 'true',
  `Person_ID_Edit` int(10) unsigned DEFAULT NULL,
  `Table_Edit` timestamp NOT NULL DEFAULT CURRENT_TIMESTAMP ON UPDATE CURRENT_TIMESTAMP,
  `Person_ID_Create` int(10) unsigned DEFAULT NULL,
  `Table_Create` timestamp NOT NULL DEFAULT '0000-00-00 00:00:00',
  PRIMARY KEY (`Document_ID`,`Language_Code`),
  KEY `Document_Language_Language_Code` (`Language_Code`),
  KEY `IDX_Document_Language2` (`Document_ID`),
  KEY `IDX_Person_Person_ID_Edit` (`Person_ID_Edit`),
  KEY `IDX_Person_Person_ID_Create` (`Person_ID_Create`),
  CONSTRAINT `Document_Language_ibfk_1` FOREIGN KEY (`Language_Code`) REFERENCES `Language` (`Language_Code`),
  CONSTRAINT `Document_Language_ibfk_2` FOREIGN KEY (`Document_ID`) REFERENCES `Document` (`Document_ID`) ON DELETE CASCADE,
  CONSTRAINT `Document_Language_ibfk_3` FOREIGN KEY (`Person_ID_Edit`) REFERENCES `Person` (`Person_ID`) ON DELETE NO ACTION ON UPDATE NO ACTION,
  CONSTRAINT `Document_Language_ibfk_4` FOREIGN KEY (`Person_ID_Create`) REFERENCES `Person` (`Person_ID`) ON DELETE NO ACTION ON UPDATE NO ACTION
) ENGINE=InnoDB DEFAULT CHARSET=utf8;

--
-- Dumping data for table `Document_Language`
--


--
-- Table structure for table `FieldData`
--

CREATE TABLE `FieldData` (
  `FieldData_ID` int(11) NOT NULL AUTO_INCREMENT,
  `FieldDefinition_ID` int(11) NOT NULL,
  `ArticleEntry_ID` int(10) unsigned DEFAULT NULL,
  `FieldData_String` varchar(255) DEFAULT NULL,
  `FieldData_Text` text,
  `FieldData_Int` int(11) DEFAULT NULL,
  `FieldData_Float` float DEFAULT NULL,
  `FieldData_Boolean` enum('true','false') DEFAULT 'true',
  `FieldData_Date` date DEFAULT NULL,
  `FieldData_DateTime` datetime DEFAULT NULL,
  `Person_ID_Edit` int(10) unsigned DEFAULT NULL,
  `Table_Edit` timestamp NOT NULL DEFAULT CURRENT_TIMESTAMP ON UPDATE CURRENT_TIMESTAMP,
  `Person_ID_Create` int(10) unsigned DEFAULT NULL,
  `Table_Create` timestamp NOT NULL DEFAULT '0000-00-00 00:00:00',
  PRIMARY KEY (`FieldData_ID`),
  KEY `IDX_FieldData_1` (`FieldDefinition_ID`),
  KEY `IDX_FieldData_2` (`ArticleEntry_ID`),
  KEY `IDX_Person_Person_ID_Edit` (`Person_ID_Edit`),
  KEY `IDX_Person_Person_ID_Create` (`Person_ID_Create`),
  CONSTRAINT `ArticleEntry_FieldData` FOREIGN KEY (`ArticleEntry_ID`) REFERENCES `ArticleEntry` (`ArticleEntry_ID`) ON DELETE CASCADE,
  CONSTRAINT `FieldData_ibfk_1` FOREIGN KEY (`Person_ID_Edit`) REFERENCES `Person` (`Person_ID`) ON DELETE NO ACTION ON UPDATE NO ACTION,
  CONSTRAINT `FieldData_ibfk_2` FOREIGN KEY (`Person_ID_Create`) REFERENCES `Person` (`Person_ID`) ON DELETE NO ACTION ON UPDATE NO ACTION,
  CONSTRAINT `FieldDefinition_FieldData` FOREIGN KEY (`FieldDefinition_ID`) REFERENCES `FieldDefinition` (`FieldDefinition_ID`) ON DELETE CASCADE
) ENGINE=InnoDB DEFAULT CHARSET=utf8;

--
-- Dumping data for table `FieldData`
--


--
-- Table structure for table `FieldData_FieldSelect`
--

CREATE TABLE `FieldData_FieldSelect` (
  `FieldData_ID` int(11) NOT NULL,
  `FieldSelect_ID` int(11) NOT NULL,
  `Person_ID_Edit` int(10) unsigned DEFAULT NULL,
  `Table_Edit` timestamp NOT NULL DEFAULT CURRENT_TIMESTAMP ON UPDATE CURRENT_TIMESTAMP,
  `Person_ID_Create` int(10) unsigned DEFAULT NULL,
  `Table_Create` timestamp NOT NULL DEFAULT '0000-00-00 00:00:00',
  PRIMARY KEY (`FieldData_ID`,`FieldSelect_ID`),
  KEY `IDX_FieldData_FieldSelect_1` (`FieldData_ID`),
  KEY `IDX_FieldData_FieldSelect_2` (`FieldSelect_ID`),
  KEY `IDX_Person_Person_ID_Edit` (`Person_ID_Edit`),
  KEY `IDX_Person_Person_ID_Create` (`Person_ID_Create`),
  CONSTRAINT `FieldData_FieldData_FieldSelect` FOREIGN KEY (`FieldData_ID`) REFERENCES `FieldData` (`FieldData_ID`) ON DELETE CASCADE,
  CONSTRAINT `FieldData_FieldSelect_ibfk_1` FOREIGN KEY (`Person_ID_Edit`) REFERENCES `Person` (`Person_ID`) ON DELETE NO ACTION ON UPDATE NO ACTION,
  CONSTRAINT `FieldData_FieldSelect_ibfk_2` FOREIGN KEY (`Person_ID_Create`) REFERENCES `Person` (`Person_ID`) ON DELETE NO ACTION ON UPDATE NO ACTION,
  CONSTRAINT `FieldSelect_FieldData_FieldSelect` FOREIGN KEY (`FieldSelect_ID`) REFERENCES `FieldSelect` (`FieldSelect_ID`) ON DELETE CASCADE
) ENGINE=InnoDB DEFAULT CHARSET=utf8;

--
-- Dumping data for table `FieldData_FieldSelect`
--


--
-- Table structure for table `FieldData_Language`
--

CREATE TABLE `FieldData_Language` (
  `FieldData_ID` int(11) NOT NULL,
  `Language_Code` varchar(3) NOT NULL,
  `FieldData_Language_MLString` varchar(255) DEFAULT NULL,
  `FieldData_Language_MLText` text,
  `Person_ID_Edit` int(10) unsigned DEFAULT NULL,
  `Table_Edit` timestamp NOT NULL DEFAULT CURRENT_TIMESTAMP ON UPDATE CURRENT_TIMESTAMP,
  `Person_ID_Create` int(10) unsigned DEFAULT NULL,
  `Table_Create` timestamp NOT NULL DEFAULT '0000-00-00 00:00:00',
  PRIMARY KEY (`FieldData_ID`,`Language_Code`),
  KEY `FieldData_Language_Language_Code` (`Language_Code`),
  KEY `IDX_FieldData_Language2` (`FieldData_ID`),
  KEY `IDX_Person_Person_ID_Edit` (`Person_ID_Edit`),
  KEY `IDX_Person_Person_ID_Create` (`Person_ID_Create`),
  CONSTRAINT `FieldData_Language_ibfk_1` FOREIGN KEY (`Language_Code`) REFERENCES `Language` (`Language_Code`),
  CONSTRAINT `FieldData_Language_ibfk_2` FOREIGN KEY (`FieldData_ID`) REFERENCES `FieldData` (`FieldData_ID`) ON DELETE CASCADE,
  CONSTRAINT `FieldData_Language_ibfk_3` FOREIGN KEY (`Person_ID_Edit`) REFERENCES `Person` (`Person_ID`) ON DELETE NO ACTION ON UPDATE NO ACTION,
  CONSTRAINT `FieldData_Language_ibfk_4` FOREIGN KEY (`Person_ID_Create`) REFERENCES `Person` (`Person_ID`) ON DELETE NO ACTION ON UPDATE NO ACTION
) ENGINE=InnoDB DEFAULT CHARSET=utf8;

--
-- Dumping data for table `FieldData_Language`
--


--
-- Table structure for table `FieldDefinition`
--

CREATE TABLE `FieldDefinition` (
  `FieldDefinition_ID` int(11) NOT NULL AUTO_INCREMENT,
  `FieldDefinitionDatatype_Code` varchar(40) NOT NULL,
  `FieldDefinitionType_Code` varchar(40) NOT NULL,
  `FieldDefinition_Code` varchar(128) DEFAULT NULL,
  `FieldDefinition_Order` int(11) NOT NULL,
  `FieldDefinition_Name` varchar(255) NOT NULL,
  `FieldDefinition_ActiveFrontend` enum('true','false') DEFAULT 'true',
  `FieldDefinition_ActiveBackend` enum('true','false') DEFAULT 'true',
  `FieldDefinition_Default` varchar(255) DEFAULT NULL,
  `Person_ID_Edit` int(10) unsigned DEFAULT NULL,
  `Table_Edit` timestamp NOT NULL DEFAULT CURRENT_TIMESTAMP ON UPDATE CURRENT_TIMESTAMP,
  `Person_ID_Create` int(10) unsigned DEFAULT NULL,
  `Table_Create` timestamp NOT NULL DEFAULT '0000-00-00 00:00:00',
  PRIMARY KEY (`FieldDefinition_ID`),
  UNIQUE KEY `IDX_FieldDefinition_3` (`FieldDefinition_Code`,`FieldDefinitionDatatype_Code`),
  KEY `IDX_FieldDefinition_1` (`FieldDefinitionDatatype_Code`),
  KEY `IDX_FieldDefinition_2` (`FieldDefinitionType_Code`),
  KEY `IDX_FieldDefinition_4` (`FieldDefinition_Order`),
  KEY `IDX_FieldDefinition_5` (`FieldDefinitionType_Code`,`FieldDefinition_Order`),
  KEY `IDX_Person_Person_ID_Edit` (`Person_ID_Edit`),
  KEY `IDX_Person_Person_ID_Create` (`Person_ID_Create`),
  CONSTRAINT `FieldDefinitionDatatype_FieldDefinition` FOREIGN KEY (`FieldDefinitionDatatype_Code`) REFERENCES `FieldDefinitionDatatype` (`FieldDefinitionDatatype_Code`),
  CONSTRAINT `FieldDefinitionType_FieldDefinition` FOREIGN KEY (`FieldDefinitionType_Code`) REFERENCES `FieldDefinitionType` (`FieldDefinitionType_Code`) ON DELETE CASCADE,
  CONSTRAINT `FieldDefinition_ibfk_1` FOREIGN KEY (`Person_ID_Edit`) REFERENCES `Person` (`Person_ID`) ON DELETE NO ACTION ON UPDATE NO ACTION,
  CONSTRAINT `FieldDefinition_ibfk_2` FOREIGN KEY (`Person_ID_Create`) REFERENCES `Person` (`Person_ID`) ON DELETE NO ACTION ON UPDATE NO ACTION
) ENGINE=InnoDB AUTO_INCREMENT=11 DEFAULT CHARSET=utf8;

--
-- Dumping data for table `FieldDefinition`
--

INSERT INTO `FieldDefinition` VALUES (1,'string','test',NULL,1,'String','true','true',NULL,1,'2015-05-29 10:38:06',1,'2015-05-29 10:38:06'),(2,'string_ml','test',NULL,2,'String ML','true','true',NULL,1,'2015-05-29 10:38:06',1,'2015-05-29 10:38:06'),(3,'text','test',NULL,3,'Text','true','true',NULL,1,'2015-05-29 10:38:06',1,'2015-05-29 10:38:06'),(4,'text_ml','test',NULL,4,'Text ML','true','true',NULL,1,'2015-05-29 10:38:06',1,'2015-05-29 10:38:06'),(5,'bool','test',NULL,5,'Boolean','true','true',NULL,1,'2015-05-29 10:38:06',1,'2015-05-29 10:38:06'),(6,'date','test',NULL,6,'Datum','true','true',NULL,1,'2015-05-29 10:38:06',1,'2015-05-29 10:38:06'),(7,'float','test',NULL,7,'Float','true','true',NULL,1,'2015-05-29 10:38:06',1,'2015-05-29 10:38:06'),(8,'int','test',NULL,8,'Integer','true','true',NULL,1,'2015-05-29 10:38:06',1,'2015-05-29 10:38:06'),(9,'select','test',NULL,9,'Select (einfach)','true','true',NULL,1,'2015-05-29 10:38:06',1,'2015-05-29 10:38:06'),(10,'multiselect','test',NULL,10,'Select (mehrfach)','true','true',NULL,1,'2015-05-29 10:38:06',1,'2015-05-29 10:38:06');

--
-- Table structure for table `FieldDefinitionDatatype`
--

CREATE TABLE `FieldDefinitionDatatype` (
  `FieldDefinitionDatatype_Code` varchar(40) NOT NULL,
  `FieldDefinitionDatatype_Name` varchar(255) NOT NULL,
  `Person_ID_Edit` int(10) unsigned DEFAULT NULL,
  `Table_Edit` timestamp NOT NULL DEFAULT CURRENT_TIMESTAMP ON UPDATE CURRENT_TIMESTAMP,
  `Person_ID_Create` int(10) unsigned DEFAULT NULL,
  `Table_Create` timestamp NOT NULL DEFAULT '0000-00-00 00:00:00',
  PRIMARY KEY (`FieldDefinitionDatatype_Code`),
  KEY `IDX_Person_Person_ID_Edit` (`Person_ID_Edit`),
  KEY `IDX_Person_Person_ID_Create` (`Person_ID_Create`),
  CONSTRAINT `FieldDefinitionDatatype_ibfk_1` FOREIGN KEY (`Person_ID_Edit`) REFERENCES `Person` (`Person_ID`) ON DELETE NO ACTION ON UPDATE NO ACTION,
  CONSTRAINT `FieldDefinitionDatatype_ibfk_2` FOREIGN KEY (`Person_ID_Create`) REFERENCES `Person` (`Person_ID`) ON DELETE NO ACTION ON UPDATE NO ACTION
) ENGINE=InnoDB DEFAULT CHARSET=utf8;

--
-- Dumping data for table `FieldDefinitionDatatype`
--

INSERT INTO `FieldDefinitionDatatype` VALUES ('bool','Boolean',1,'2015-05-29 10:38:06',1,'2015-05-29 10:38:06'),('color','Colorpicker',1,'2015-05-29 10:38:06',1,'2015-05-29 10:38:06'),('date','Datum',1,'2015-05-29 10:38:06',1,'2015-05-29 10:38:06'),('datetime','Datum mit Uhrzeit',1,'2015-05-29 10:38:06',1,'2015-05-29 10:38:06'),('float','Float',1,'2015-05-29 10:38:06',1,'2015-05-29 10:38:06'),('int','Integer',1,'2015-05-29 10:38:06',1,'2015-05-29 10:38:06'),('multiselect','Select (mehrfach)',1,'2015-05-29 10:38:06',1,'2015-05-29 10:38:06'),('select','Select (einfach)',1,'2015-05-29 10:38:06',1,'2015-05-29 10:38:06'),('string','String',1,'2015-05-29 10:38:06',1,'2015-05-29 10:38:06'),('string_ml','String (mehrsprachig)',1,'2015-05-29 10:38:06',1,'2015-05-29 10:38:06'),('text','Text',1,'2015-05-29 10:38:06',1,'2015-05-29 10:38:06'),('text_ml','Text (mehrsprachig)',1,'2015-05-29 10:38:06',1,'2015-05-29 10:38:06'),('tree','Baum',1,'2015-05-29 10:38:06',1,'2015-05-29 10:38:06');

--
-- Table structure for table `FieldDefinitionType`
--

CREATE TABLE `FieldDefinitionType` (
  `FieldDefinitionType_Code` varchar(40) NOT NULL,
  `FieldDefinitionType_Name` varchar(255) NOT NULL,
  `Person_ID_Edit` int(10) unsigned DEFAULT NULL,
  `Table_Edit` timestamp NOT NULL DEFAULT CURRENT_TIMESTAMP ON UPDATE CURRENT_TIMESTAMP,
  `Person_ID_Create` int(10) unsigned DEFAULT NULL,
  `Table_Create` timestamp NOT NULL DEFAULT '0000-00-00 00:00:00',
  PRIMARY KEY (`FieldDefinitionType_Code`),
  KEY `IDX_Person_Person_ID_Edit` (`Person_ID_Edit`),
  KEY `IDX_Person_Person_ID_Create` (`Person_ID_Create`),
  CONSTRAINT `FieldDefinitionType_ibfk_1` FOREIGN KEY (`Person_ID_Edit`) REFERENCES `Person` (`Person_ID`) ON DELETE NO ACTION ON UPDATE NO ACTION,
  CONSTRAINT `FieldDefinitionType_ibfk_2` FOREIGN KEY (`Person_ID_Create`) REFERENCES `Person` (`Person_ID`) ON DELETE NO ACTION ON UPDATE NO ACTION
) ENGINE=InnoDB DEFAULT CHARSET=utf8;

--
-- Dumping data for table `FieldDefinitionType`
--

INSERT INTO `FieldDefinitionType` VALUES ('newsletter','Newsletter',NULL,'2010-04-21 11:30:04',NULL,'0000-00-00 00:00:00'),('shoparticleitem','Shop Artikelvarianten',NULL,'2010-04-21 11:30:04',NULL,'0000-00-00 00:00:00'),('shopuser','Shop Kunden',NULL,'2010-04-21 11:30:04',NULL,'0000-00-00 00:00:00'),('shopuser_partner','Shop Partner',NULL,'2010-04-21 11:30:04',NULL,'0000-00-00 00:00:00'),('shopwawiproduct','Shop WAWI-Produkt',NULL,'2010-04-21 11:30:04',NULL,'0000-00-00 00:00:00'),('test','Testdaten',1,'2015-05-29 10:38:06',1,'2015-05-29 10:38:06');

--
-- Table structure for table `FieldDefinition_Language`
--

CREATE TABLE `FieldDefinition_Language` (
  `FieldDefinition_ID` int(11) NOT NULL,
  `Language_Code` varchar(3) NOT NULL,
  `FieldDefinition_Language_Title` varchar(40) DEFAULT NULL,
  `Person_ID_Edit` int(10) unsigned DEFAULT NULL,
  `Table_Edit` timestamp NOT NULL DEFAULT CURRENT_TIMESTAMP ON UPDATE CURRENT_TIMESTAMP,
  `Person_ID_Create` int(10) unsigned DEFAULT NULL,
  `Table_Create` timestamp NOT NULL DEFAULT '0000-00-00 00:00:00',
  PRIMARY KEY (`FieldDefinition_ID`,`Language_Code`),
  KEY `FieldDefinition_Language_Language_Code` (`Language_Code`),
  KEY `IDX_FieldDefinition_Language2` (`FieldDefinition_ID`),
  KEY `IDX_Person_Person_ID_Edit` (`Person_ID_Edit`),
  KEY `IDX_Person_Person_ID_Create` (`Person_ID_Create`),
  CONSTRAINT `FieldDefinition_Language_ibfk_1` FOREIGN KEY (`Language_Code`) REFERENCES `Language` (`Language_Code`),
  CONSTRAINT `FieldDefinition_Language_ibfk_2` FOREIGN KEY (`FieldDefinition_ID`) REFERENCES `FieldDefinition` (`FieldDefinition_ID`) ON DELETE CASCADE,
  CONSTRAINT `FieldDefinition_Language_ibfk_3` FOREIGN KEY (`Person_ID_Edit`) REFERENCES `Person` (`Person_ID`) ON DELETE NO ACTION ON UPDATE NO ACTION,
  CONSTRAINT `FieldDefinition_Language_ibfk_4` FOREIGN KEY (`Person_ID_Create`) REFERENCES `Person` (`Person_ID`) ON DELETE NO ACTION ON UPDATE NO ACTION
) ENGINE=InnoDB DEFAULT CHARSET=utf8;

--
-- Dumping data for table `FieldDefinition_Language`
--

INSERT INTO `FieldDefinition_Language` VALUES (1,'de','String',1,'2015-05-29 10:38:06',1,'2015-05-29 10:38:06'),(1,'en','String (en)',1,'2015-05-29 10:38:06',1,'2015-05-29 10:38:06'),(2,'de','String ML',1,'2015-05-29 10:38:06',1,'2015-05-29 10:38:06'),(2,'en','String ML (en)',1,'2015-05-29 10:38:06',1,'2015-05-29 10:38:06'),(3,'de','Text',1,'2015-05-29 10:38:06',1,'2015-05-29 10:38:06'),(3,'en','Text (en)',1,'2015-05-29 10:38:06',1,'2015-05-29 10:38:06'),(4,'de','Text ML',1,'2015-05-29 10:38:06',1,'2015-05-29 10:38:06'),(4,'en','Text ML (en)',1,'2015-05-29 10:38:06',1,'2015-05-29 10:38:06'),(5,'de','Boolean',1,'2015-05-29 10:38:06',1,'2015-05-29 10:38:06'),(5,'en','Boolean (en)',1,'2015-05-29 10:38:06',1,'2015-05-29 10:38:06'),(6,'de','Datum',1,'2015-05-29 10:38:06',1,'2015-05-29 10:38:06'),(6,'en','Date',1,'2015-05-29 10:38:06',1,'2015-05-29 10:38:06'),(7,'de','Float',1,'2015-05-29 10:38:06',1,'2015-05-29 10:38:06'),(7,'en','Float (en)',1,'2015-05-29 10:38:06',1,'2015-05-29 10:38:06'),(8,'de','Integer',1,'2015-05-29 10:38:06',1,'2015-05-29 10:38:06'),(8,'en','Integer (en)',1,'2015-05-29 10:38:06',1,'2015-05-29 10:38:06'),(9,'de','Select (einfach)',1,'2015-05-29 10:38:06',1,'2015-05-29 10:38:06'),(9,'en','Select (simple)',1,'2015-05-29 10:38:06',1,'2015-05-29 10:38:06'),(10,'de','Select (mehrfach)',1,'2015-05-29 10:38:06',1,'2015-05-29 10:38:06'),(10,'en','Select (multi)',1,'2015-05-29 10:38:06',1,'2015-05-29 10:38:06');

--
-- Table structure for table `FieldSelect`
--

CREATE TABLE `FieldSelect` (
  `FieldSelect_ID` int(11) NOT NULL AUTO_INCREMENT,
  `FieldDefinition_ID` int(11) DEFAULT NULL,
  `FieldSelect_Order` int(11) NOT NULL,
  `FieldSelect_Code` varchar(255) DEFAULT NULL,
  `FieldSelect_Name` varchar(255) NOT NULL,
  `FieldSelect_ID_Parent` int(11) DEFAULT NULL,
  `Person_ID_Edit` int(10) unsigned DEFAULT NULL,
  `Table_Edit` timestamp NOT NULL DEFAULT CURRENT_TIMESTAMP ON UPDATE CURRENT_TIMESTAMP,
  `Person_ID_Create` int(10) unsigned DEFAULT NULL,
  `Table_Create` timestamp NOT NULL DEFAULT '0000-00-00 00:00:00',
  PRIMARY KEY (`FieldSelect_ID`),
  UNIQUE KEY `IDX_FieldSelect_2` (`FieldSelect_Code`),
  KEY `IDX_FieldSelect_1` (`FieldDefinition_ID`),
  KEY `IDX_FieldSelect_3` (`FieldSelect_Order`),
  KEY `IDX_FieldSelect_4` (`FieldDefinition_ID`,`FieldSelect_Order`,`FieldSelect_ID_Parent`),
  KEY `IDX_FieldSelect_5` (`FieldSelect_ID_Parent`),
  KEY `IDX_Person_Person_ID_Edit` (`Person_ID_Edit`),
  KEY `IDX_Person_Person_ID_Create` (`Person_ID_Create`),
  CONSTRAINT `FieldDefinition_FieldSelect` FOREIGN KEY (`FieldDefinition_ID`) REFERENCES `FieldDefinition` (`FieldDefinition_ID`),
  CONSTRAINT `FieldSelect_FieldSelect` FOREIGN KEY (`FieldSelect_ID_Parent`) REFERENCES `FieldSelect` (`FieldSelect_ID`) ON DELETE CASCADE ON UPDATE CASCADE,
  CONSTRAINT `FieldSelect_ibfk_1` FOREIGN KEY (`Person_ID_Edit`) REFERENCES `Person` (`Person_ID`) ON DELETE NO ACTION ON UPDATE NO ACTION,
  CONSTRAINT `FieldSelect_ibfk_2` FOREIGN KEY (`Person_ID_Create`) REFERENCES `Person` (`Person_ID`) ON DELETE NO ACTION ON UPDATE NO ACTION
) ENGINE=InnoDB AUTO_INCREMENT=7 DEFAULT CHARSET=utf8;

--
-- Dumping data for table `FieldSelect`
--

INSERT INTO `FieldSelect` VALUES (1,9,1,NULL,'Test Item 1',NULL,1,'2015-05-29 10:38:06',1,'2015-05-29 10:38:06'),(2,9,2,NULL,'Test Item 2',NULL,1,'2015-05-29 10:38:06',1,'2015-05-29 10:38:06'),(3,10,3,NULL,'Test Item 1',NULL,1,'2015-05-29 10:38:06',1,'2015-05-29 10:38:06'),(4,10,4,NULL,'Test Item 2',NULL,1,'2015-05-29 10:38:06',1,'2015-05-29 10:38:06'),(5,10,5,NULL,'Test Item 3',NULL,1,'2015-05-29 10:38:06',1,'2015-05-29 10:38:06'),(6,10,6,NULL,'Test Item 4',NULL,1,'2015-05-29 10:38:06',1,'2015-05-29 10:38:06');

--
-- Table structure for table `FieldSelect_Language`
--

CREATE TABLE `FieldSelect_Language` (
  `FieldSelect_ID` int(11) NOT NULL,
  `Language_Code` varchar(3) NOT NULL,
  `FieldSelect_Language_Title` varchar(255) DEFAULT NULL,
  `Person_ID_Edit` int(10) unsigned DEFAULT NULL,
  `Table_Edit` timestamp NOT NULL DEFAULT CURRENT_TIMESTAMP ON UPDATE CURRENT_TIMESTAMP,
  `Person_ID_Create` int(10) unsigned DEFAULT NULL,
  `Table_Create` timestamp NOT NULL DEFAULT '0000-00-00 00:00:00',
  PRIMARY KEY (`FieldSelect_ID`,`Language_Code`),
  KEY `FieldSelect_Language_Language_Code` (`Language_Code`),
  KEY `IDX_FieldSelect_Language2` (`FieldSelect_ID`),
  KEY `IDX_Person_Person_ID_Edit` (`Person_ID_Edit`),
  KEY `IDX_Person_Person_ID_Create` (`Person_ID_Create`),
  CONSTRAINT `FieldSelect_Language_ibfk_1` FOREIGN KEY (`Language_Code`) REFERENCES `Language` (`Language_Code`),
  CONSTRAINT `FieldSelect_Language_ibfk_2` FOREIGN KEY (`FieldSelect_ID`) REFERENCES `FieldSelect` (`FieldSelect_ID`) ON DELETE CASCADE,
  CONSTRAINT `FieldSelect_Language_ibfk_3` FOREIGN KEY (`Person_ID_Edit`) REFERENCES `Person` (`Person_ID`) ON DELETE NO ACTION ON UPDATE NO ACTION,
  CONSTRAINT `FieldSelect_Language_ibfk_4` FOREIGN KEY (`Person_ID_Create`) REFERENCES `Person` (`Person_ID`) ON DELETE NO ACTION ON UPDATE NO ACTION
) ENGINE=InnoDB DEFAULT CHARSET=utf8;

--
-- Dumping data for table `FieldSelect_Language`
--

INSERT INTO `FieldSelect_Language` VALUES (1,'de','Test Item 1 (de)',1,'2015-05-29 10:38:06',1,'2015-05-29 10:38:06'),(1,'en','Test Item 1 (en)',1,'2015-05-29 10:38:06',1,'2015-05-29 10:38:06'),(2,'de','Test Item 2 (de)',1,'2015-05-29 10:38:06',1,'2015-05-29 10:38:06'),(2,'en','Test Item 2 (en)',1,'2015-05-29 10:38:06',1,'2015-05-29 10:38:06'),(3,'de','Test Item 1 (de)',1,'2015-05-29 10:38:06',1,'2015-05-29 10:38:06'),(3,'en','Test Item 1 (en)',1,'2015-05-29 10:38:06',1,'2015-05-29 10:38:06'),(4,'de','Test Item 2 (de)',1,'2015-05-29 10:38:06',1,'2015-05-29 10:38:06'),(4,'en','Test Item 2 (en)',1,'2015-05-29 10:38:06',1,'2015-05-29 10:38:06'),(5,'de','Test Item 3 (de)',1,'2015-05-29 10:38:06',1,'2015-05-29 10:38:06'),(5,'en','Test Item 3 (en)',1,'2015-05-29 10:38:06',1,'2015-05-29 10:38:06'),(6,'de','Test Item 4 (de)',1,'2015-05-29 10:38:06',1,'2015-05-29 10:38:06'),(6,'en','Test Item 4 (en)',1,'2015-05-29 10:38:06',1,'2015-05-29 10:38:06');

--
-- Table structure for table `LTMTranslation`
--

CREATE TABLE `LTMTranslation` (
  `Translation_Code` varchar(255) NOT NULL,
  `Translation_Description` text,
  `Translation_Internal` enum('true','false') DEFAULT 'false',
  `Person_ID_Edit` int(10) unsigned DEFAULT NULL,
  `Table_Edit` timestamp NOT NULL DEFAULT CURRENT_TIMESTAMP ON UPDATE CURRENT_TIMESTAMP,
  `Person_ID_Create` int(10) unsigned DEFAULT NULL,
  `Table_Create` timestamp NOT NULL DEFAULT '0000-00-00 00:00:00',
  PRIMARY KEY (`Translation_Code`),
  KEY `IDX_Person_Person_ID_Edit` (`Person_ID_Edit`),
  KEY `IDX_Person_Person_ID_Create` (`Person_ID_Create`),
  CONSTRAINT `LTMTranslation_ibfk_1` FOREIGN KEY (`Person_ID_Edit`) REFERENCES `Person` (`Person_ID`) ON DELETE NO ACTION ON UPDATE NO ACTION,
  CONSTRAINT `LTMTranslation_ibfk_2` FOREIGN KEY (`Person_ID_Create`) REFERENCES `Person` (`Person_ID`) ON DELETE NO ACTION ON UPDATE NO ACTION
) ENGINE=InnoDB DEFAULT CHARSET=utf8;

--
-- Dumping data for table `LTMTranslation`
--

INSERT INTO `LTMTranslation` VALUES ('austriaglas.common.or',NULL,'false',NULL,'2016-08-10 19:45:03',NULL,'0000-00-00 00:00:00'),('austriaglas.common.select.please_choose',NULL,'false',NULL,'2016-08-10 19:45:03',NULL,'0000-00-00 00:00:00'),('austriaglas.customer.carpenters.column.address.title',NULL,'false',NULL,'2016-08-10 19:45:03',NULL,'0000-00-00 00:00:00'),('austriaglas.customer.carpenters.column.city.title',NULL,'false',NULL,'2016-08-10 19:45:03',NULL,'0000-00-00 00:00:00'),('austriaglas.customer.carpenters.column.country.title',NULL,'false',NULL,'2016-08-10 19:45:03',NULL,'0000-00-00 00:00:00'),('austriaglas.customer.carpenters.column.firstname.title',NULL,'false',NULL,'2016-08-10 19:45:03',NULL,'0000-00-00 00:00:00'),('austriaglas.customer.carpenters.column.lastname.title',NULL,'false',NULL,'2016-08-10 19:45:03',NULL,'0000-00-00 00:00:00'),('austriaglas.customer.carpenters.column.name.title',NULL,'false',NULL,'2016-08-10 19:45:03',NULL,'0000-00-00 00:00:00'),('austriaglas.customer.carpenters.column.zip.title',NULL,'false',NULL,'2016-08-10 19:45:03',NULL,'0000-00-00 00:00:00'),('austriaglas.customer.carpenters.column.zip_city.title',NULL,'false',NULL,'2016-08-10 19:45:03',NULL,'0000-00-00 00:00:00'),('austriaglas.customer.carpenters.missing_innerdienst',NULL,'false',NULL,'2016-08-10 19:45:03',NULL,'0000-00-00 00:00:00'),('austriaglas.customer.carpenters.noentry',NULL,'false',NULL,'2016-08-10 19:45:03',NULL,'0000-00-00 00:00:00'),('austriaglas.customer.innerdienst',NULL,'false',NULL,'2016-08-10 19:45:03',NULL,'0000-00-00 00:00:00'),('austriaglas.order.cart.items.empty.message',NULL,'false',NULL,'2016-08-10 19:45:03',NULL,'0000-00-00 00:00:00'),('austriaglas.order.common.legend',NULL,'false',NULL,'2016-08-10 19:45:03',NULL,'0000-00-00 00:00:00'),('austriaglas.order.edit.title',NULL,'false',NULL,'2016-08-10 19:45:03',NULL,'0000-00-00 00:00:00'),('austriaglas.order.field.billing_address',NULL,'false',NULL,'2016-08-10 19:45:03',NULL,'0000-00-00 00:00:00'),('austriaglas.order.field.carpenters.city.validation.missing',NULL,'false',NULL,'2016-08-10 19:45:03',NULL,'0000-00-00 00:00:00'),('austriaglas.order.field.carpenters.firstname.validation.missing',NULL,'false',NULL,'2016-08-10 19:45:03',NULL,'0000-00-00 00:00:00'),('austriaglas.order.field.carpenters.lastname.validation.missing',NULL,'false',NULL,'2016-08-10 19:45:03',NULL,'0000-00-00 00:00:00'),('austriaglas.order.field.carpenters.postcode.validation.missing',NULL,'false',NULL,'2016-08-10 19:45:03',NULL,'0000-00-00 00:00:00'),('austriaglas.order.field.carpenters.street.validation.missing',NULL,'false',NULL,'2016-08-10 19:45:03',NULL,'0000-00-00 00:00:00'),('austriaglas.order.field.change',NULL,'false',NULL,'2016-08-10 19:45:03',NULL,'0000-00-00 00:00:00'),('austriaglas.order.field.delivery_address',NULL,'false',NULL,'2016-08-10 19:45:03',NULL,'0000-00-00 00:00:00'),('austriaglas.order.field.person_id.title',NULL,'false',NULL,'2016-08-10 19:45:03',NULL,'0000-00-00 00:00:00'),('austriaglas.order.field.person_id.validation.missing',NULL,'false',NULL,'2016-08-10 19:45:03',NULL,'0000-00-00 00:00:00'),('austriaglas.order.field.shoporder_comissionnumber.title',NULL,'false',NULL,'2016-08-10 19:45:03',NULL,'0000-00-00 00:00:00'),('austriaglas.order.field.shoporder_comissionnumber.validation.missing',NULL,'false',NULL,'2016-08-10 19:45:03',NULL,'0000-00-00 00:00:00'),('austriaglas.order.field.shoporder_jafordernumber.title',NULL,'false',NULL,'2016-08-10 19:45:03',NULL,'0000-00-00 00:00:00'),('austriaglas.order.field.shoporder_notice.title',NULL,'false',NULL,'2016-08-10 19:45:03',NULL,'0000-00-00 00:00:00'),('austriaglas.order.info.title',NULL,'false',NULL,'2016-08-10 19:45:03',NULL,'0000-00-00 00:00:00'),('austriaglas.order.item.edit.title',NULL,'false',NULL,'2016-08-10 19:45:03',NULL,'0000-00-00 00:00:00'),('austriaglas.order.item.field.wizardtype.title',NULL,'false',NULL,'2016-08-10 19:45:03',NULL,'0000-00-00 00:00:00'),('austriaglas.order.item.new.title',NULL,'false',NULL,'2016-08-10 19:45:03',NULL,'0000-00-00 00:00:00'),('austriaglas.order.new.title',NULL,'false',NULL,'2016-08-10 19:45:03',NULL,'0000-00-00 00:00:00'),('austriaglas.order.overview.title',NULL,'false',NULL,'2016-08-10 19:45:03',NULL,'0000-00-00 00:00:00'),('austriaglas.order.view.title',NULL,'false',NULL,'2016-08-10 19:45:03',NULL,'0000-00-00 00:00:00'),('austriaglas.subnav.carpenters.title',NULL,'false',NULL,'2016-08-10 19:45:03',NULL,'0000-00-00 00:00:00'),('austriaglas.wizard.add_another_recipient',NULL,'false',NULL,'2016-08-10 19:45:03',NULL,'0000-00-00 00:00:00'),('austriaglas.wizard.add_new_attachment',NULL,'false',NULL,'2016-08-10 19:45:03',NULL,'0000-00-00 00:00:00'),('austriaglas.wizard.add_new_attachment_2',NULL,'false',NULL,'2016-08-10 19:45:03',NULL,'0000-00-00 00:00:00'),('austriaglas.wizard.add_recipient',NULL,'false',NULL,'2016-08-10 19:45:03',NULL,'0000-00-00 00:00:00'),('austriaglas.wizard.backgroundcolor',NULL,'false',NULL,'2016-08-10 19:45:03',NULL,'0000-00-00 00:00:00'),('austriaglas.wizard.cart.item.default.name',NULL,'false',NULL,'2016-08-10 19:45:03',NULL,'0000-00-00 00:00:00'),('austriaglas.wizard.cart.item.unit.recipient',NULL,'false',NULL,'2016-08-10 19:45:03',NULL,'0000-00-00 00:00:00'),('austriaglas.wizard.cart.item.unit.recipients',NULL,'false',NULL,'2016-08-10 19:45:03',NULL,'0000-00-00 00:00:00'),('austriaglas.wizard.cart.title',NULL,'false',NULL,'2016-08-10 19:45:03',NULL,'0000-00-00 00:00:00'),('austriaglas.wizard.choose_new_picture',NULL,'false',NULL,'2016-08-10 19:45:03',NULL,'0000-00-00 00:00:00'),('austriaglas.wizard.choose_new_picture_2',NULL,'false',NULL,'2016-08-10 19:45:03',NULL,'0000-00-00 00:00:00'),('austriaglas.wizard.continue_to_step',NULL,'false',NULL,'2016-08-10 19:45:03',NULL,'0000-00-00 00:00:00'),('austriaglas.wizard.continue_to_step_go',NULL,'false',NULL,'2016-08-10 19:45:03',NULL,'0000-00-00 00:00:00'),('austriaglas.wizard.edit_picture.choose_frame_first',NULL,'false',NULL,'2016-08-10 19:45:03',NULL,'0000-00-00 00:00:00'),('austriaglas.wizard.hint.move_picture',NULL,'false',NULL,'2016-08-10 19:45:03',NULL,'0000-00-00 00:00:00'),('austriaglas.wizard.legend.configurator',NULL,'false',NULL,'2016-08-10 19:45:03',NULL,'0000-00-00 00:00:00'),('austriaglas.wizard.legend.configurator.text',NULL,'false',NULL,'2016-08-10 19:45:03',NULL,'0000-00-00 00:00:00'),('austriaglas.wizard.legend.help',NULL,'false',NULL,'2016-08-10 19:45:03',NULL,'0000-00-00 00:00:00'),('austriaglas.wizard.legend.help.text',NULL,'false',NULL,'2016-08-10 19:45:03',NULL,'0000-00-00 00:00:00'),('austriaglas.wizard.legend.maxsize',NULL,'false',NULL,'2016-08-10 19:45:03',NULL,'0000-00-00 00:00:00'),('austriaglas.wizard.legend.maxsize.text',NULL,'false',NULL,'2016-08-10 19:45:03',NULL,'0000-00-00 00:00:00'),('austriaglas.wizard.legend.quality',NULL,'false',NULL,'2016-08-10 19:45:03',NULL,'0000-00-00 00:00:00'),('austriaglas.wizard.legend.quality.text',NULL,'false',NULL,'2016-08-10 19:45:03',NULL,'0000-00-00 00:00:00'),('austriaglas.wizard.legend.title',NULL,'false',NULL,'2016-08-10 19:45:03',NULL,'0000-00-00 00:00:00'),('austriaglas.wizard.message.green',NULL,'false',NULL,'2016-08-10 19:45:03',NULL,'0000-00-00 00:00:00'),('austriaglas.wizard.message.legend',NULL,'false',NULL,'2016-08-10 19:45:03',NULL,'0000-00-00 00:00:00'),('austriaglas.wizard.message.orange',NULL,'false',NULL,'2016-08-10 19:45:03',NULL,'0000-00-00 00:00:00'),('austriaglas.wizard.message.red',NULL,'false',NULL,'2016-08-10 19:45:03',NULL,'0000-00-00 00:00:00'),('austriaglas.wizard.picture_upload.error',NULL,'false',NULL,'2016-08-10 19:45:03',NULL,'0000-00-00 00:00:00'),('austriaglas.wizard.picture_upload.success',NULL,'false',NULL,'2016-08-10 19:45:03',NULL,'0000-00-00 00:00:00'),('austriaglas.wizard.step.accessories.title',NULL,'false',NULL,'2016-08-10 19:45:03',NULL,'0000-00-00 00:00:00'),('austriaglas.wizard.step.add_attachment.text',NULL,'false',NULL,'2016-08-10 19:45:03',NULL,'0000-00-00 00:00:00'),('austriaglas.wizard.step.add_attachment.title',NULL,'false',NULL,'2016-08-10 19:45:03',NULL,'0000-00-00 00:00:00'),('austriaglas.wizard.step.chooseout.title',NULL,'false',NULL,'2016-08-10 19:45:03',NULL,'0000-00-00 00:00:00'),('austriaglas.wizard.step.choose_picture.text',NULL,'false',NULL,'2016-08-10 19:45:03',NULL,'0000-00-00 00:00:00'),('austriaglas.wizard.step.choose_picture.title',NULL,'false',NULL,'2016-08-10 19:45:03',NULL,'0000-00-00 00:00:00'),('austriaglas.wizard.step.choose_size.title',NULL,'false',NULL,'2016-08-10 19:45:03',NULL,'0000-00-00 00:00:00'),('austriaglas.wizard.step.common.title',NULL,'false',NULL,'2016-08-10 19:45:03',NULL,'0000-00-00 00:00:00'),('austriaglas.wizard.step.edit_picture.title',NULL,'false',NULL,'2016-08-10 19:45:03',NULL,'0000-00-00 00:00:00'),('austriaglas.wizard.step.newsize',NULL,'false',NULL,'2016-08-10 19:45:03',NULL,'0000-00-00 00:00:00'),('austriaglas.wizard.step.overlays.title',NULL,'false',NULL,'2016-08-10 19:45:03',NULL,'0000-00-00 00:00:00'),('austriaglas.wizard.step.postcard_recipients.title',NULL,'false',NULL,'2016-08-10 19:45:03',NULL,'0000-00-00 00:00:00'),('austriaglas.wizard.step.rotate.title',NULL,'false',NULL,'2016-08-10 19:45:03',NULL,'0000-00-00 00:00:00'),('austriaglas.wizard.step.scale.title',NULL,'false',NULL,'2016-08-10 19:45:03',NULL,'0000-00-00 00:00:00'),('austriaglas.wizard.type.aludibond.title',NULL,'false',NULL,'2016-12-22 08:59:32',NULL,'0000-00-00 00:00:00'),('austriaglas.wizard.type.aludibondjaf.title',NULL,'false',NULL,'2016-12-22 08:59:32',NULL,'0000-00-00 00:00:00'),('austriaglas.wizard.type.glassdoor.title',NULL,'false',NULL,'2016-08-10 19:45:03',NULL,'0000-00-00 00:00:00'),('austriaglas.wizard.type.kitchenbackplane.title',NULL,'false',NULL,'2016-08-10 19:45:03',NULL,'0000-00-00 00:00:00'),('austriaglas.wizard.type.wallcover.title',NULL,'false',NULL,'2016-08-10 19:45:03',NULL,'0000-00-00 00:00:00'),('austriaglas.wizard.upload.dragdrop.fallback.message',NULL,'false',NULL,'2016-08-10 19:45:03',NULL,'0000-00-00 00:00:00'),('austriaglas.wizard.upload_new_picture',NULL,'false',NULL,'2016-08-10 19:45:03',NULL,'0000-00-00 00:00:00'),('austriaglas.wizard.validation.layout.frame.low_quality',NULL,'false',NULL,'2016-08-10 19:45:03',NULL,'0000-00-00 00:00:00'),('austriaglas.wizard.validation.layout.frame.missing_picture',NULL,'false',NULL,'2016-08-10 19:45:03',NULL,'0000-00-00 00:00:00'),('austriaglas.wizard.validation.layout.missing',NULL,'false',NULL,'2016-08-10 19:45:03',NULL,'0000-00-00 00:00:00'),('austriaglas.wizard.validation.recipients.missing',NULL,'false',NULL,'2016-08-10 19:45:03',NULL,'0000-00-00 00:00:00'),('austriaglas.wizard.validation.size.custom_height_max',NULL,'false',NULL,'2016-08-10 19:45:03',NULL,'0000-00-00 00:00:00'),('austriaglas.wizard.validation.size.custom_width_height_missing',NULL,'false',NULL,'2016-08-10 19:45:03',NULL,'0000-00-00 00:00:00'),('austriaglas.wizard.validation.size.custom_width_max',NULL,'false',NULL,'2016-08-10 19:45:03',NULL,'0000-00-00 00:00:00'),('austriaglas.wizard.validation.size.missing',NULL,'false',NULL,'2016-08-10 19:45:03',NULL,'0000-00-00 00:00:00'),('austriaglas.wizard.validation.size.notfound',NULL,'false',NULL,'2016-08-10 19:45:03',NULL,'0000-00-00 00:00:00'),('backoffice.authorization.authorization_add',NULL,'true',NULL,'2015-09-30 10:03:01',NULL,'0000-00-00 00:00:00'),('backoffice.authorization.authorization_code',NULL,'true',NULL,'2015-09-30 10:03:01',NULL,'0000-00-00 00:00:00'),('backoffice.authorization.authorization_detail_info',NULL,'true',NULL,'2015-09-30 10:03:01',NULL,'0000-00-00 00:00:00'),('backoffice.authorization.authorization_edit_title',NULL,'true',NULL,'2015-09-30 10:03:01',NULL,'0000-00-00 00:00:00'),('backoffice.authorization.authorization_name',NULL,'true',NULL,'2015-09-30 10:03:01',NULL,'0000-00-00 00:00:00'),('backoffice.authorization.authorization_overview_info',NULL,'true',NULL,'2015-09-30 10:03:01',NULL,'0000-00-00 00:00:00'),('backoffice.authorization.authorization_overview_title',NULL,'true',NULL,'2015-09-30 10:03:01',NULL,'0000-00-00 00:00:00'),('backoffice.authorization.authorization_subtype',NULL,'true',NULL,'2015-09-30 10:03:01',NULL,'0000-00-00 00:00:00'),('backoffice.authorization.authorization_type',NULL,'true',NULL,'2015-09-30 10:03:01',NULL,'0000-00-00 00:00:00'),('backoffice.authorization.authorization_type_backoffice',NULL,'true',NULL,'2015-09-30 10:03:01',NULL,'0000-00-00 00:00:00'),('backoffice.authorization.authorization_type_frontend',NULL,'true',NULL,'2015-09-30 10:03:01',NULL,'0000-00-00 00:00:00'),('backoffice.caption.no',NULL,'true',NULL,'2015-09-30 10:03:01',NULL,'0000-00-00 00:00:00'),('backoffice.caption.yes',NULL,'true',NULL,'2015-09-30 10:03:01',NULL,'0000-00-00 00:00:00'),('backoffice.clipboard.persistent',NULL,'true',NULL,'2015-09-30 10:03:01',NULL,'0000-00-00 00:00:00'),('backoffice.cms.picture.jscropper.edit.title',NULL,'true',NULL,'2015-09-30 10:03:01',NULL,'0000-00-00 00:00:00'),('backoffice.country.add.title',NULL,'true',NULL,'2015-09-30 10:03:01',NULL,'0000-00-00 00:00:00'),('backoffice.country.button.add',NULL,'true',NULL,'2015-09-30 10:03:01',NULL,'0000-00-00 00:00:00'),('backoffice.country.button.delete.confirmation',NULL,'true',NULL,'2015-09-30 10:03:01',NULL,'0000-00-00 00:00:00'),('backoffice.country.country_alpha_2',NULL,'true',NULL,'2015-09-30 10:03:01',NULL,'0000-00-00 00:00:00'),('backoffice.country.country_alpha_3',NULL,'true',NULL,'2015-09-30 10:03:01',NULL,'0000-00-00 00:00:00'),('backoffice.country.country_eumember',NULL,'true',NULL,'2015-09-30 10:03:01',NULL,'0000-00-00 00:00:00'),('backoffice.country.country_ioc',NULL,'true',NULL,'2015-09-30 10:03:01',NULL,'0000-00-00 00:00:00'),('backoffice.country.country_name',NULL,'true',NULL,'2015-09-30 10:03:01',NULL,'0000-00-00 00:00:00'),('backoffice.country.country_numeric',NULL,'true',NULL,'2015-09-30 10:03:01',NULL,'0000-00-00 00:00:00'),('backoffice.country.country_show',NULL,'true',NULL,'2015-09-30 10:03:01',NULL,'0000-00-00 00:00:00'),('backoffice.country.country_tld',NULL,'true',NULL,'2015-09-30 10:03:01',NULL,'0000-00-00 00:00:00'),('backoffice.country.currency',NULL,'true',NULL,'2015-09-30 10:03:01',NULL,'0000-00-00 00:00:00'),('backoffice.country.edit.title',NULL,'true',NULL,'2015-09-30 10:03:01',NULL,'0000-00-00 00:00:00'),('backoffice.country.language',NULL,'true',NULL,'2015-09-30 10:03:01',NULL,'0000-00-00 00:00:00'),('backoffice.country.overview.title',NULL,'true',NULL,'2015-09-30 10:03:01',NULL,'0000-00-00 00:00:00'),('backoffice.currency.add.title',NULL,'true',NULL,'2015-09-30 10:03:01',NULL,'0000-00-00 00:00:00'),('backoffice.currency.button.add',NULL,'true',NULL,'2015-09-30 10:03:01',NULL,'0000-00-00 00:00:00'),('backoffice.currency.button.update_rates',NULL,'true',NULL,'2015-09-30 10:03:01',NULL,'0000-00-00 00:00:00'),('backoffice.currency.code',NULL,'true',NULL,'2015-09-30 10:03:01',NULL,'0000-00-00 00:00:00'),('backoffice.currency.delete.confirmation',NULL,'true',NULL,'2015-09-30 10:03:01',NULL,'0000-00-00 00:00:00'),('backoffice.currency.edit.title',NULL,'true',NULL,'2015-09-30 10:03:01',NULL,'0000-00-00 00:00:00'),('backoffice.currency.exchange_rate',NULL,'true',NULL,'2015-09-30 10:03:01',NULL,'0000-00-00 00:00:00'),('backoffice.currency.name',NULL,'true',NULL,'2015-09-30 10:03:01',NULL,'0000-00-00 00:00:00'),('backoffice.currency.overview.info',NULL,'true',NULL,'2015-09-30 10:03:01',NULL,'0000-00-00 00:00:00'),('backoffice.currency.overview.title',NULL,'true',NULL,'2015-09-30 10:03:01',NULL,'0000-00-00 00:00:00'),('backoffice.currency.shortcut',NULL,'true',NULL,'2015-09-30 10:03:01',NULL,'0000-00-00 00:00:00'),('backoffice.language.add.title',NULL,'true',NULL,'2015-09-30 10:03:01',NULL,'0000-00-00 00:00:00'),('backoffice.language.backend_show',NULL,'true',NULL,'2015-09-30 10:03:01',NULL,'0000-00-00 00:00:00'),('backoffice.language.button.add',NULL,'true',NULL,'2015-09-30 10:03:01',NULL,'0000-00-00 00:00:00'),('backoffice.language.button.delete.confirmation',NULL,'true',NULL,'2015-09-30 10:03:01',NULL,'0000-00-00 00:00:00'),('backoffice.language.charset',NULL,'true',NULL,'2015-09-30 10:03:01',NULL,'0000-00-00 00:00:00'),('backoffice.language.code',NULL,'true',NULL,'2015-09-30 10:03:01',NULL,'0000-00-00 00:00:00'),('backoffice.language.edit.title',NULL,'true',NULL,'2015-09-30 10:03:01',NULL,'0000-00-00 00:00:00'),('backoffice.language.frontend_show',NULL,'true',NULL,'2015-09-30 10:03:01',NULL,'0000-00-00 00:00:00'),('backoffice.language.language_backend_image',NULL,'true',NULL,'2015-09-30 10:03:01',NULL,'0000-00-00 00:00:00'),('backoffice.language.language_backend_image.noicon',NULL,'true',NULL,'2015-09-30 10:03:01',NULL,'0000-00-00 00:00:00'),('backoffice.language.lc',NULL,'true',NULL,'2015-09-30 10:03:01',NULL,'0000-00-00 00:00:00'),('backoffice.language.overview.info',NULL,'true',NULL,'2015-09-30 10:03:01',NULL,'0000-00-00 00:00:00'),('backoffice.language.overview.title',NULL,'true',NULL,'2015-09-30 10:03:01',NULL,'0000-00-00 00:00:00'),('backoffice.language.title',NULL,'true',NULL,'2015-09-30 10:03:01',NULL,'0000-00-00 00:00:00'),('backoffice.loading.text',NULL,'true',NULL,'2015-09-30 10:03:01',NULL,'0000-00-00 00:00:00'),('backoffice.loading.title',NULL,'true',NULL,'2015-09-30 10:03:01',NULL,'0000-00-00 00:00:00'),('backoffice.log.choosefile',NULL,'true',NULL,'2015-09-30 10:03:01',NULL,'0000-00-00 00:00:00'),('backoffice.log.file',NULL,'true',NULL,'2015-09-30 10:03:01',NULL,'0000-00-00 00:00:00'),('backoffice.ltm.edit.info',NULL,'true',NULL,'2015-09-30 10:03:01',NULL,'0000-00-00 00:00:00'),('backoffice.ltm.edit.title',NULL,'true',NULL,'2015-09-30 10:03:01',NULL,'0000-00-00 00:00:00'),('backoffice.ltm.import.info',NULL,'true',NULL,'2015-09-30 10:03:01',NULL,'0000-00-00 00:00:00'),('backoffice.ltm.import.title',NULL,'true',NULL,'2015-09-30 10:03:01',NULL,'0000-00-00 00:00:00'),('backoffice.ltm.importfile',NULL,'true',NULL,'2015-09-30 10:03:01',NULL,'0000-00-00 00:00:00'),('backoffice.ltm.internal.false',NULL,'true',NULL,'2015-09-30 10:03:01',NULL,'0000-00-00 00:00:00'),('backoffice.ltm.internal.true',NULL,'true',NULL,'2015-09-30 10:03:01',NULL,'0000-00-00 00:00:00'),('backoffice.ltm.keyword',NULL,'true',NULL,'2015-09-30 10:03:01',NULL,'0000-00-00 00:00:00'),('backoffice.ltm.language',NULL,'true',NULL,'2015-09-30 10:03:01',NULL,'0000-00-00 00:00:00'),('backoffice.ltm.Language_Code',NULL,'true',NULL,'2015-09-30 10:03:01',NULL,'0000-00-00 00:00:00'),('backoffice.ltm.overview.button.add',NULL,'true',NULL,'2015-09-30 10:03:01',NULL,'0000-00-00 00:00:00'),('backoffice.ltm.overview.button.clearCache',NULL,'true',NULL,'2015-09-30 10:03:01',NULL,'0000-00-00 00:00:00'),('backoffice.ltm.overview.button.delete.confirm',NULL,'true',NULL,'2015-09-30 10:03:01',NULL,'0000-00-00 00:00:00'),('backoffice.ltm.overview.button.export',NULL,'true',NULL,'2015-09-30 10:03:01',NULL,'0000-00-00 00:00:00'),('backoffice.ltm.overview.button.exportall',NULL,'true',NULL,'2015-09-30 10:03:01',NULL,'0000-00-00 00:00:00'),('backoffice.ltm.overview.button.import',NULL,'true',NULL,'2015-09-30 10:03:01',NULL,'0000-00-00 00:00:00'),('backoffice.ltm.overview.info',NULL,'true',NULL,'2015-09-30 10:03:01',NULL,'0000-00-00 00:00:00'),('backoffice.ltm.overview.title',NULL,'true',NULL,'2015-09-30 10:03:01',NULL,'0000-00-00 00:00:00'),('backoffice.ltm.show',NULL,'true',NULL,'2015-09-30 10:03:01',NULL,'0000-00-00 00:00:00'),('backoffice.ltm.show_all',NULL,'true',NULL,'2015-09-30 10:03:01',NULL,'0000-00-00 00:00:00'),('backoffice.ltm.state.all',NULL,'true',NULL,'2015-09-30 10:03:01',NULL,'0000-00-00 00:00:00'),('backoffice.ltm.state.project',NULL,'true',NULL,'2015-09-30 10:03:01',NULL,'0000-00-00 00:00:00'),('backoffice.ltm.state.system',NULL,'true',NULL,'2015-09-30 10:03:01',NULL,'0000-00-00 00:00:00'),('backoffice.ltm.translation',NULL,'true',NULL,'2015-09-30 10:03:01',NULL,'0000-00-00 00:00:00'),('backoffice.ltm.translation_code',NULL,'true',NULL,'2015-09-30 10:03:01',NULL,'0000-00-00 00:00:00'),('backoffice.ltm.translation_text',NULL,'true',NULL,'2015-09-30 10:03:01',NULL,'0000-00-00 00:00:00'),('backoffice.ltm.translation_useredit',NULL,'true',NULL,'2015-09-30 10:03:01',NULL,'0000-00-00 00:00:00'),('backoffice.ltm.translation_useredit_false',NULL,'true',NULL,'2015-09-30 10:03:01',NULL,'0000-00-00 00:00:00'),('backoffice.ltm.translation_useredit_true',NULL,'true',NULL,'2015-09-30 10:03:01',NULL,'0000-00-00 00:00:00'),('backoffice.ltm.useredit.true',NULL,'true',NULL,'2015-09-30 10:03:01',NULL,'0000-00-00 00:00:00'),('backoffice.menu.authorization_code',NULL,'true',NULL,'2015-09-30 10:03:01',NULL,'0000-00-00 00:00:00'),('backoffice.menu.authorization_name',NULL,'true',NULL,'2015-09-30 10:03:01',NULL,'0000-00-00 00:00:00'),('backoffice.menu.detail.info',NULL,'true',NULL,'2015-09-30 10:03:01',NULL,'0000-00-00 00:00:00'),('backoffice.menu.detail.title',NULL,'true',NULL,'2015-09-30 10:03:01',NULL,'0000-00-00 00:00:00'),('backoffice.menu.edit.info',NULL,'true',NULL,'2015-09-30 10:03:01',NULL,'0000-00-00 00:00:00'),('backoffice.menu.edit.title',NULL,'true',NULL,'2015-09-30 10:03:01',NULL,'0000-00-00 00:00:00'),('backoffice.menu.insert_menuitem_as_rootnode',NULL,'true',NULL,'2015-09-30 10:03:01',NULL,'0000-00-00 00:00:00'),('backoffice.menu.menuitem_is_rootnode',NULL,'true',NULL,'2015-09-30 10:03:01',NULL,'0000-00-00 00:00:00'),('backoffice.menu.menu_action',NULL,'true',NULL,'2015-09-30 10:03:01',NULL,'0000-00-00 00:00:00'),('backoffice.menu.menu_icon',NULL,'true',NULL,'2015-09-30 10:03:01',NULL,'0000-00-00 00:00:00'),('backoffice.menu.menu_info',NULL,'true',NULL,'2015-09-30 10:03:01',NULL,'0000-00-00 00:00:00'),('backoffice.menu.menu_parent',NULL,'true',NULL,'2015-09-30 10:03:01',NULL,'0000-00-00 00:00:00'),('backoffice.menu.menu_title',NULL,'true',NULL,'2015-09-30 10:03:01',NULL,'0000-00-00 00:00:00'),('backoffice.menu.menu_titlecallback',NULL,'true',NULL,'2015-09-30 10:03:01',NULL,'0000-00-00 00:00:00'),('backoffice.menu.module_name',NULL,'true',NULL,'2015-09-30 10:03:01',NULL,'0000-00-00 00:00:00'),('backoffice.menu.overview.button.add',NULL,'true',NULL,'2015-09-30 10:03:01',NULL,'0000-00-00 00:00:00'),('backoffice.menu.overview.button.edit',NULL,'true',NULL,'2015-09-30 10:03:01',NULL,'0000-00-00 00:00:00'),('backoffice.menu.overview.deleteconfirmation',NULL,'true',NULL,'2015-09-30 10:03:01',NULL,'0000-00-00 00:00:00'),('backoffice.menu.overview.info',NULL,'true',NULL,'2015-09-30 10:03:01',NULL,'0000-00-00 00:00:00'),('backoffice.menu.overview.title',NULL,'true',NULL,'2015-09-30 10:03:01',NULL,'0000-00-00 00:00:00'),('backoffice.menuparameter.detail.info',NULL,'true',NULL,'2015-09-30 10:03:01',NULL,'0000-00-00 00:00:00'),('backoffice.menuparameter.detail.title',NULL,'true',NULL,'2015-09-30 10:03:01',NULL,'0000-00-00 00:00:00'),('backoffice.menuparameter.edit.info',NULL,'true',NULL,'2015-09-30 10:03:01',NULL,'0000-00-00 00:00:00'),('backoffice.menuparameter.edit.title',NULL,'true',NULL,'2015-09-30 10:03:01',NULL,'0000-00-00 00:00:00'),('backoffice.menuparameter.menuparameter_key',NULL,'true',NULL,'2015-09-30 10:03:01',NULL,'0000-00-00 00:00:00'),('backoffice.menuparameter.menuparameter_value',NULL,'true',NULL,'2015-09-30 10:03:01',NULL,'0000-00-00 00:00:00'),('backoffice.menuparameter.overview.button.add',NULL,'true',NULL,'2015-09-30 10:03:01',NULL,'0000-00-00 00:00:00'),('backoffice.menuparameter.overview.button.edit',NULL,'true',NULL,'2015-09-30 10:03:01',NULL,'0000-00-00 00:00:00'),('backoffice.menuparameter.overview.deleteconfirmation',NULL,'true',NULL,'2015-09-30 10:03:01',NULL,'0000-00-00 00:00:00'),('backoffice.menuparameter.overview.info',NULL,'true',NULL,'2015-09-30 10:03:01',NULL,'0000-00-00 00:00:00'),('backoffice.menuparameter.overview.title',NULL,'true',NULL,'2015-09-30 10:03:01',NULL,'0000-00-00 00:00:00'),('backoffice.person.authorization_access',NULL,'true',NULL,'2015-09-30 10:03:01',NULL,'0000-00-00 00:00:00'),('backoffice.person.authorization_access_permitted',NULL,'true',NULL,'2015-09-30 10:03:01',NULL,'0000-00-00 00:00:00'),('backoffice.person.authorization_access_prohibited',NULL,'true',NULL,'2015-09-30 10:03:01',NULL,'0000-00-00 00:00:00'),('backoffice.person.authorization_edit_info',NULL,'true',NULL,'2015-09-30 10:03:01',NULL,'0000-00-00 00:00:00'),('backoffice.person.authorization_edit_title',NULL,'true',NULL,'2015-09-30 10:03:01',NULL,'0000-00-00 00:00:00'),('backoffice.person.authorization_name',NULL,'true',NULL,'2015-09-30 10:03:01',NULL,'0000-00-00 00:00:00'),('backoffice.person.persongroup_authorization_overview_info',NULL,'true',NULL,'2015-09-30 10:03:01',NULL,'0000-00-00 00:00:00'),('backoffice.person.persongroup_authorization_overview_title',NULL,'true',NULL,'2015-09-30 10:03:01',NULL,'0000-00-00 00:00:00'),('backoffice.person.person_authorization_overview_info',NULL,'true',NULL,'2015-09-30 10:03:01',NULL,'0000-00-00 00:00:00'),('backoffice.person.person_authorization_overview_title',NULL,'true',NULL,'2015-09-30 10:03:01',NULL,'0000-00-00 00:00:00'),('backoffice.persongroup.authorization_permitted',NULL,'true',NULL,'2015-09-30 10:03:01',NULL,'0000-00-00 00:00:00'),('backoffice.persongroup.authorization_prohibited',NULL,'true',NULL,'2015-09-30 10:03:01',NULL,'0000-00-00 00:00:00'),('backoffice.persongroup.delete_confirmation',NULL,'true',NULL,'2015-09-30 10:03:01',NULL,'0000-00-00 00:00:00'),('backoffice.persongroup.persongroup_add',NULL,'true',NULL,'2015-09-30 10:03:01',NULL,'0000-00-00 00:00:00'),('backoffice.persongroup.persongroup_count',NULL,'true',NULL,'2015-09-30 10:03:01',NULL,'0000-00-00 00:00:00'),('backoffice.persongroup.persongroup_detail_info',NULL,'true',NULL,'2015-09-30 10:03:01',NULL,'0000-00-00 00:00:00'),('backoffice.persongroup.persongroup_detail_title',NULL,'true',NULL,'2015-09-30 10:03:01',NULL,'0000-00-00 00:00:00'),('backoffice.persongroup.persongroup_edit',NULL,'true',NULL,'2015-09-30 10:03:01',NULL,'0000-00-00 00:00:00'),('backoffice.persongroup.persongroup_edit_info',NULL,'true',NULL,'2015-09-30 10:03:01',NULL,'0000-00-00 00:00:00'),('backoffice.persongroup.persongroup_edit_title',NULL,'true',NULL,'2015-09-30 10:03:01',NULL,'0000-00-00 00:00:00'),('backoffice.persongroup.persongroup_name',NULL,'true',NULL,'2015-09-30 10:03:01',NULL,'0000-00-00 00:00:00'),('backoffice.persongroup.persongroup_overview_description',NULL,'true',NULL,'2015-09-30 10:03:01',NULL,'0000-00-00 00:00:00'),('backoffice.persongroup.persongroup_overview_title',NULL,'true',NULL,'2015-09-30 10:03:01',NULL,'0000-00-00 00:00:00'),('backoffice.report.download',NULL,'true',NULL,'2015-09-30 10:03:01',NULL,'0000-00-00 00:00:00'),('backoffice.taskqueue.add.info',NULL,'true',NULL,'2015-09-30 10:03:01',NULL,'0000-00-00 00:00:00'),('backoffice.taskqueue.add.title',NULL,'true',NULL,'2015-09-30 10:03:01',NULL,'0000-00-00 00:00:00'),('backoffice.taskqueue.edit.info',NULL,'true',NULL,'2015-09-30 10:03:01',NULL,'0000-00-00 00:00:00'),('backoffice.taskqueue.edit.title',NULL,'true',NULL,'2015-09-30 10:03:01',NULL,'0000-00-00 00:00:00'),('backoffice.taskqueue.overview.button.add',NULL,'true',NULL,'2015-09-30 10:03:01',NULL,'0000-00-00 00:00:00'),('backoffice.taskqueue.overview.button.run',NULL,'true',NULL,'2015-09-30 10:03:01',NULL,'0000-00-00 00:00:00'),('backoffice.taskqueue.overview.button.run.confirmation',NULL,'true',NULL,'2015-09-30 10:03:01',NULL,'0000-00-00 00:00:00'),('backoffice.taskqueue.overview.deleteconfirmation',NULL,'true',NULL,'2015-09-30 10:03:01',NULL,'0000-00-00 00:00:00'),('backoffice.taskqueue.overview.info',NULL,'true',NULL,'2015-09-30 10:03:01',NULL,'0000-00-00 00:00:00'),('backoffice.taskqueue.overview.priority.high',NULL,'true',NULL,'2015-09-30 10:03:01',NULL,'0000-00-00 00:00:00'),('backoffice.taskqueue.overview.priority.low',NULL,'true',NULL,'2015-09-30 10:03:01',NULL,'0000-00-00 00:00:00'),('backoffice.taskqueue.overview.priority.medium',NULL,'true',NULL,'2015-09-30 10:03:01',NULL,'0000-00-00 00:00:00'),('backoffice.taskqueue.overview.run.task',NULL,'true',NULL,'2015-09-30 10:03:01',NULL,'0000-00-00 00:00:00'),('backoffice.taskqueue.overview.title',NULL,'true',NULL,'2015-09-30 10:03:01',NULL,'0000-00-00 00:00:00'),('backoffice.taskqueue.queue.state.check',NULL,'true',NULL,'2015-09-30 10:03:01',NULL,'0000-00-00 00:00:00'),('backoffice.taskqueue.queue.state.idle',NULL,'true',NULL,'2015-09-30 10:03:01',NULL,'0000-00-00 00:00:00'),('backoffice.taskqueue.queue.state.running',NULL,'true',NULL,'2015-09-30 10:03:01',NULL,'0000-00-00 00:00:00'),('backoffice.taskqueue.queuestate_code',NULL,'true',NULL,'2015-09-30 10:03:01',NULL,'0000-00-00 00:00:00'),('backoffice.taskqueue.queuetype_code',NULL,'true',NULL,'2015-09-30 10:03:01',NULL,'0000-00-00 00:00:00'),('backoffice.taskqueue.queue_action',NULL,'true',NULL,'2015-09-30 10:03:01',NULL,'0000-00-00 00:00:00'),('backoffice.taskqueue.queue_action.active',NULL,'true',NULL,'2015-09-30 10:03:01',NULL,'0000-00-00 00:00:00'),('backoffice.taskqueue.queue_action.inactive',NULL,'true',NULL,'2015-09-30 10:03:01',NULL,'0000-00-00 00:00:00'),('backoffice.taskqueue.queue_active',NULL,'true',NULL,'2015-09-30 10:03:01',NULL,'0000-00-00 00:00:00'),('backoffice.taskqueue.queue_date',NULL,'true',NULL,'2015-09-30 10:03:01',NULL,'0000-00-00 00:00:00'),('backoffice.taskqueue.queue_lock',NULL,'true',NULL,'2015-09-30 10:03:01',NULL,'0000-00-00 00:00:00'),('backoffice.taskqueue.queue_locked',NULL,'true',NULL,'2015-09-30 10:03:01',NULL,'0000-00-00 00:00:00'),('backoffice.taskqueue.queue_priority',NULL,'true',NULL,'2015-09-30 10:03:01',NULL,'0000-00-00 00:00:00'),('backoffice.taskqueue.queue_title',NULL,'true',NULL,'2015-09-30 10:03:01',NULL,'0000-00-00 00:00:00'),('backoffice.taskqueue.queue_unlocked',NULL,'true',NULL,'2015-09-30 10:03:01',NULL,'0000-00-00 00:00:00'),('backoffice.templates.googleMap.geocodeSearchButton.title',NULL,'true',NULL,'2015-09-30 10:03:01',NULL,'0000-00-00 00:00:00'),('backoffice.templates.languageselection.selectall',NULL,'true',NULL,'2015-09-30 10:03:01',NULL,'0000-00-00 00:00:00'),('backoffice.version.content_title',NULL,'true',NULL,'2015-09-30 10:03:01',NULL,'0000-00-00 00:00:00'),('backoffice.version.overview.button.add',NULL,'true',NULL,'2015-09-30 10:03:01',NULL,'0000-00-00 00:00:00'),('backoffice.version.overview.deleteconfirmation',NULL,'true',NULL,'2015-09-30 10:03:01',NULL,'0000-00-00 00:00:00'),('backoffice.version.overview.info',NULL,'true',NULL,'2015-09-30 10:03:01',NULL,'0000-00-00 00:00:00'),('backoffice.version.overview.title',NULL,'true',NULL,'2015-09-30 10:03:01',NULL,'0000-00-00 00:00:00'),('backoffice.version.versiontype_code',NULL,'true',NULL,'2015-09-30 10:03:01',NULL,'0000-00-00 00:00:00'),('backoffice.version.version_count',NULL,'true',NULL,'2015-09-30 10:03:01',NULL,'0000-00-00 00:00:00'),('backoffice.version.version_datetime',NULL,'true',NULL,'2015-09-30 10:03:01',NULL,'0000-00-00 00:00:00'),('backoffice.worker.detail.info',NULL,'true',NULL,'2015-09-30 10:03:01',NULL,'0000-00-00 00:00:00'),('backoffice.worker.detail.title',NULL,'true',NULL,'2015-09-30 10:03:01',NULL,'0000-00-00 00:00:00'),('backoffice.worker.edit.info',NULL,'true',NULL,'2015-09-30 10:03:01',NULL,'0000-00-00 00:00:00'),('backoffice.worker.edit.title',NULL,'true',NULL,'2015-09-30 10:03:01',NULL,'0000-00-00 00:00:00'),('backoffice.worker.language_code',NULL,'true',NULL,'2015-09-30 10:03:01',NULL,'0000-00-00 00:00:00'),('backoffice.worker.language_code.error',NULL,'true',NULL,'2015-09-30 10:03:01',NULL,'0000-00-00 00:00:00'),('backoffice.worker.logic.validate.password.confirmation',NULL,'true',NULL,'2015-09-30 10:03:01',NULL,'0000-00-00 00:00:00'),('backoffice.worker.logic.validate.username.exists',NULL,'true',NULL,'2015-09-30 10:03:01',NULL,'0000-00-00 00:00:00'),('backoffice.worker.loginas',NULL,'true',NULL,'2015-09-30 10:03:01',NULL,'0000-00-00 00:00:00'),('backoffice.worker.mydata.title',NULL,'true',NULL,'2015-09-30 10:03:01',NULL,'0000-00-00 00:00:00'),('backoffice.worker.overview.button.add',NULL,'true',NULL,'2015-09-30 10:03:01',NULL,'0000-00-00 00:00:00'),('backoffice.worker.overview.button.edit',NULL,'true',NULL,'2015-09-30 10:03:01',NULL,'0000-00-00 00:00:00'),('backoffice.worker.overview.deleteconfirmation',NULL,'true',NULL,'2015-09-30 10:03:01',NULL,'0000-00-00 00:00:00'),('backoffice.worker.overview.info',NULL,'true',NULL,'2015-09-30 10:03:01',NULL,'0000-00-00 00:00:00'),('backoffice.worker.overview.title',NULL,'true',NULL,'2015-09-30 10:03:01',NULL,'0000-00-00 00:00:00'),('backoffice.worker.persongroup_id',NULL,'true',NULL,'2015-09-30 10:03:01',NULL,'0000-00-00 00:00:00'),('backoffice.worker.persongroup_name',NULL,'true',NULL,'2015-09-30 10:03:01',NULL,'0000-00-00 00:00:00'),('backoffice.worker.person_email',NULL,'true',NULL,'2015-09-30 10:03:01',NULL,'0000-00-00 00:00:00'),('backoffice.worker.person_firstname',NULL,'true',NULL,'2015-09-30 10:03:01',NULL,'0000-00-00 00:00:00'),('backoffice.worker.person_lastname',NULL,'true',NULL,'2015-09-30 10:03:01',NULL,'0000-00-00 00:00:00'),('backoffice.worker.person_name_title',NULL,'true',NULL,'2015-09-30 10:03:01',NULL,'0000-00-00 00:00:00'),('backoffice.worker.person_sex',NULL,'true',NULL,'2015-09-30 10:03:01',NULL,'0000-00-00 00:00:00'),('backoffice.worker.person_sex.female',NULL,'true',NULL,'2015-09-30 10:03:01',NULL,'0000-00-00 00:00:00'),('backoffice.worker.person_sex.male',NULL,'true',NULL,'2015-09-30 10:03:01',NULL,'0000-00-00 00:00:00'),('backoffice.worker.person_title',NULL,'true',NULL,'2015-09-30 10:03:01',NULL,'0000-00-00 00:00:00'),('backoffice.worker.sendpassword',NULL,'true',NULL,'2015-09-30 10:03:01',NULL,'0000-00-00 00:00:00'),('backoffice.worker.sendpassword.confirmation',NULL,'true',NULL,'2015-09-30 10:03:01',NULL,'0000-00-00 00:00:00'),('backoffice.worker.send_userdata',NULL,'true',NULL,'2015-09-30 10:03:01',NULL,'0000-00-00 00:00:00'),('backoffice.worker.userdata.mail_subject',NULL,'true',NULL,'2015-09-30 10:03:01',NULL,'0000-00-00 00:00:00'),('backoffice.worker.userdata.send',NULL,'true',NULL,'2015-09-30 10:03:01',NULL,'0000-00-00 00:00:00'),('backoffice.worker.worker_active',NULL,'true',NULL,'2015-09-30 10:03:01',NULL,'0000-00-00 00:00:00'),('backoffice.worker.worker_active.false',NULL,'true',NULL,'2015-09-30 10:03:01',NULL,'0000-00-00 00:00:00'),('backoffice.worker.worker_active.true',NULL,'true',NULL,'2015-09-30 10:03:01',NULL,'0000-00-00 00:00:00'),('backoffice.worker.worker_password',NULL,'true',NULL,'2015-09-30 10:03:01',NULL,'0000-00-00 00:00:00'),('backoffice.worker.worker_password_confirmation',NULL,'true',NULL,'2015-09-30 10:03:01',NULL,'0000-00-00 00:00:00'),('backoffice.worker.worker_username',NULL,'true',NULL,'2015-09-30 10:03:01',NULL,'0000-00-00 00:00:00'),('cms.articleentry.articleentry_show_information.false',NULL,'true',NULL,'2015-09-30 10:03:01',NULL,'0000-00-00 00:00:00'),('cms.articleentry.articleentry_show_information.false.from',NULL,'true',NULL,'2015-09-30 10:03:01',NULL,'0000-00-00 00:00:00'),('cms.articleentry.articleentry_show_information.false.from_to',NULL,'true',NULL,'2015-09-30 10:03:01',NULL,'0000-00-00 00:00:00'),('cms.articleentry.articleentry_show_information.false.to',NULL,'true',NULL,'2015-09-30 10:03:01',NULL,'0000-00-00 00:00:00'),('cms.articleentry.articleentry_show_information.true',NULL,'true',NULL,'2015-09-30 10:03:01',NULL,'0000-00-00 00:00:00'),('cms.articleentry.articleentry_show_information.true.to',NULL,'true',NULL,'2015-09-30 10:03:01',NULL,'0000-00-00 00:00:00'),('cms.articleentry.childselector.please_choose',NULL,'true',NULL,'2015-09-30 10:03:01',NULL,'0000-00-00 00:00:00'),('cms.articleentry.delete.linked',NULL,'true',NULL,'2015-09-30 10:03:01',NULL,'0000-00-00 00:00:00'),('cms.articleentry.deletearticleentry.confirmmessage',NULL,'true',NULL,'2015-09-30 10:03:01',NULL,'0000-00-00 00:00:00'),('cms.articleentry.field.articleEntry_show.info',NULL,'true',NULL,'2015-09-30 10:03:01',NULL,'0000-00-00 00:00:00'),('cms.articleentry.field.ArticleEntry_Show.title',NULL,'true',NULL,'2015-09-30 10:03:01',NULL,'0000-00-00 00:00:00'),('cms.articleentry.field.articleentry_show_from',NULL,'true',NULL,'2015-09-30 10:03:01',NULL,'0000-00-00 00:00:00'),('cms.articleentry.field.articleentry_show_from.abbr',NULL,'true',NULL,'2015-09-30 10:03:01',NULL,'0000-00-00 00:00:00'),('cms.articleentry.field.articleentry_show_to',NULL,'true',NULL,'2015-09-30 10:03:01',NULL,'0000-00-00 00:00:00'),('cms.articleentry.field.articleentry_show_to.abbr',NULL,'true',NULL,'2015-09-30 10:03:01',NULL,'0000-00-00 00:00:00'),('cms.articleentry.filter.date_from',NULL,'true',NULL,'2015-09-30 10:03:01',NULL,'0000-00-00 00:00:00'),('cms.articleentry.filter.date_to',NULL,'true',NULL,'2015-09-30 10:03:01',NULL,'0000-00-00 00:00:00'),('cms.articleentry.filter.keyword',NULL,'true',NULL,'2015-09-30 10:03:01',NULL,'0000-00-00 00:00:00'),('cms.articleentry.overview.copy.title',NULL,'true',NULL,'2015-09-30 10:03:01',NULL,'0000-00-00 00:00:00'),('cms.articleentry.overview.deletecmsarticle.confirmation',NULL,'true',NULL,'2015-09-30 10:03:01',NULL,'0000-00-00 00:00:00'),('cms.articleentry.overview.paste.title',NULL,'true',NULL,'2015-09-30 10:03:01',NULL,'0000-00-00 00:00:00'),('cms.articleentry.overview.paste_as_link.title',NULL,'true',NULL,'2015-09-30 10:03:01',NULL,'0000-00-00 00:00:00'),('cms.articleentry.previewbutton.title',NULL,'true',NULL,'2015-09-30 10:03:01',NULL,'0000-00-00 00:00:00'),('cms.articleentrymenu.button.add',NULL,'true',NULL,'2015-09-30 10:03:01',NULL,'0000-00-00 00:00:00'),('cms.articleentrymenu.cms_code',NULL,'true',NULL,'2015-09-30 10:03:01',NULL,'0000-00-00 00:00:00'),('cms.articleentrymenu.cms_code.info',NULL,'true',NULL,'2015-09-30 10:03:01',NULL,'0000-00-00 00:00:00'),('cms.articleentrymenu.deleteconfirmation',NULL,'true',NULL,'2015-09-30 10:03:01',NULL,'0000-00-00 00:00:00'),('cms.articleentrymenu.detail.info',NULL,'true',NULL,'2015-09-30 10:03:01',NULL,'0000-00-00 00:00:00'),('cms.articleentrymenu.detail.title',NULL,'true',NULL,'2015-09-30 10:03:01',NULL,'0000-00-00 00:00:00'),('cms.articleentrymenu.edit.info',NULL,'true',NULL,'2015-09-30 10:03:01',NULL,'0000-00-00 00:00:00'),('cms.articleentrymenu.edit.title',NULL,'true',NULL,'2015-09-30 10:03:01',NULL,'0000-00-00 00:00:00'),('cms.articleentrymenu.menuoption.false',NULL,'true',NULL,'2015-09-30 10:03:01',NULL,'0000-00-00 00:00:00'),('cms.articleentrymenu.menuoption.true',NULL,'true',NULL,'2015-09-30 10:03:01',NULL,'0000-00-00 00:00:00'),('cms.articleentrymenu.menu_parent',NULL,'true',NULL,'2015-09-30 10:03:01',NULL,'0000-00-00 00:00:00'),('cms.articleentrymenu.menu_title',NULL,'true',NULL,'2015-09-30 10:03:01',NULL,'0000-00-00 00:00:00'),('cms.articleentrymenu.menu_type',NULL,'true',NULL,'2015-09-30 10:03:01',NULL,'0000-00-00 00:00:00'),('cms.articleentrymenu.menu_type.choose',NULL,'true',NULL,'2015-09-30 10:03:01',NULL,'0000-00-00 00:00:00'),('cms.articleentrymenu.overview.button.edit',NULL,'true',NULL,'2015-09-30 10:03:01',NULL,'0000-00-00 00:00:00'),('cms.articleentrymenu.overview.info',NULL,'true',NULL,'2015-09-30 10:03:01',NULL,'0000-00-00 00:00:00'),('cms.articleentrymenu.overview.title',NULL,'true',NULL,'2015-09-30 10:03:01',NULL,'0000-00-00 00:00:00'),('cms.backend.document.fileupload.error.file_partly',NULL,'true',NULL,'2015-09-30 10:03:01',NULL,'0000-00-00 00:00:00'),('cms.backend.document.fileupload.error.file_too_big_html',NULL,'true',NULL,'2015-09-30 10:03:01',NULL,'0000-00-00 00:00:00'),('cms.backend.document.fileupload.error.file_too_big_ini',NULL,'true',NULL,'2015-09-30 10:03:01',NULL,'0000-00-00 00:00:00'),('cms.backend.document.fileupload.error.invalid_mime_type',NULL,'true',NULL,'2015-09-30 10:03:01',NULL,'0000-00-00 00:00:00'),('cms.backend.document.fileupload.error.no_file',NULL,'true',NULL,'2015-09-30 10:03:01',NULL,'0000-00-00 00:00:00'),('cms.backend.document.fileupload.error.no_target_dir',NULL,'true',NULL,'2015-09-30 10:03:01',NULL,'0000-00-00 00:00:00'),('cms.backend.document.message.file_delete',NULL,'true',NULL,'2015-09-30 10:03:01',NULL,'0000-00-00 00:00:00'),('cms.captcha.input',NULL,'true',NULL,'2015-09-30 10:03:01',NULL,'0000-00-00 00:00:00'),('cms.cmsmapping.add.title',NULL,'true',NULL,'2015-09-30 10:03:01',NULL,'0000-00-00 00:00:00'),('cms.cmsmapping.cmsmapping_code',NULL,'true',NULL,'2015-09-30 10:03:01',NULL,'0000-00-00 00:00:00'),('cms.cmsmapping.cmsmapping_internal',NULL,'true',NULL,'2015-09-30 10:03:01',NULL,'0000-00-00 00:00:00'),('cms.cmsmapping.cmsmapping_target',NULL,'true',NULL,'2015-09-30 10:03:01',NULL,'0000-00-00 00:00:00'),('cms.cmsmapping.edit.title',NULL,'true',NULL,'2015-09-30 10:03:01',NULL,'0000-00-00 00:00:00'),('cms.cmsmapping.overview.button.add',NULL,'true',NULL,'2015-09-30 10:03:01',NULL,'0000-00-00 00:00:00'),('cms.cmsmapping.overview.deleteconfirmation',NULL,'true',NULL,'2015-09-30 10:03:01',NULL,'0000-00-00 00:00:00'),('cms.cmsmapping.overview.title',NULL,'true',NULL,'2015-09-30 10:03:01',NULL,'0000-00-00 00:00:00'),('cms.cmsversion.content_title',NULL,'true',NULL,'2015-09-30 10:03:01',NULL,'0000-00-00 00:00:00'),('cms.cmsversion.module_name',NULL,'true',NULL,'2015-09-30 10:03:01',NULL,'0000-00-00 00:00:00'),('cms.cmsversion.overview_lastchanges.title',NULL,'true',NULL,'2015-09-30 10:03:01',NULL,'0000-00-00 00:00:00'),('cms.cmsversion.person',NULL,'true',NULL,'2015-09-30 10:03:01',NULL,'0000-00-00 00:00:00'),('cms.cmsversion.version_datetime',NULL,'true',NULL,'2015-09-30 10:03:01',NULL,'0000-00-00 00:00:00'),('cms.comment.activated.message',NULL,'true',NULL,'2015-09-30 10:03:01',NULL,'0000-00-00 00:00:00'),('cms.comment.detail.edit.title',NULL,'true',NULL,'2015-09-30 10:03:01',NULL,'0000-00-00 00:00:00'),('cms.comment.detail.title',NULL,'true',NULL,'2015-09-30 10:03:01',NULL,'0000-00-00 00:00:00'),('cms.comment.edit.title',NULL,'true',NULL,'2015-09-30 10:03:01',NULL,'0000-00-00 00:00:00'),('cms.comment.field.appendix.title',NULL,'true',NULL,'2015-09-30 10:03:01',NULL,'0000-00-00 00:00:00'),('cms.comment.field.cmsarticlecategory.title',NULL,'true',NULL,'2015-09-30 10:03:01',NULL,'0000-00-00 00:00:00'),('cms.comment.field.date.title',NULL,'true',NULL,'2015-09-30 10:03:01',NULL,'0000-00-00 00:00:00'),('cms.comment.field.head.title',NULL,'true',NULL,'2015-09-30 10:03:01',NULL,'0000-00-00 00:00:00'),('cms.comment.field.parent.title',NULL,'true',NULL,'2015-09-30 10:03:01',NULL,'0000-00-00 00:00:00'),('cms.comment.field.show.title',NULL,'true',NULL,'2015-09-30 10:03:01',NULL,'0000-00-00 00:00:00'),('cms.comment.field.text.title',NULL,'true',NULL,'2015-09-30 10:03:01',NULL,'0000-00-00 00:00:00'),('cms.comment.field.title.title',NULL,'true',NULL,'2015-09-30 10:03:01',NULL,'0000-00-00 00:00:00'),('cms.comment.field.value.title',NULL,'true',NULL,'2015-09-30 10:03:01',NULL,'0000-00-00 00:00:00'),('cms.comment.overview.detail.title',NULL,'true',NULL,'2015-09-30 10:03:01',NULL,'0000-00-00 00:00:00'),('cms.comment.overview.edit.title',NULL,'true',NULL,'2015-09-30 10:03:01',NULL,'0000-00-00 00:00:00'),('cms.comment.overview.title',NULL,'true',NULL,'2015-09-30 10:03:01',NULL,'0000-00-00 00:00:00'),('cms.date.articleentrydatetime_active',NULL,'true',NULL,'2015-09-30 10:03:01',NULL,'0000-00-00 00:00:00'),('cms.date.articleentrydatetime_active.false',NULL,'true',NULL,'2015-09-30 10:03:01',NULL,'0000-00-00 00:00:00'),('cms.date.articleentrydatetime_active.true',NULL,'true',NULL,'2015-09-30 10:03:01',NULL,'0000-00-00 00:00:00'),('cms.date.articleentrydatetime_date_from',NULL,'true',NULL,'2015-09-30 10:03:01',NULL,'0000-00-00 00:00:00'),('cms.date.articleentrydatetime_date_to',NULL,'true',NULL,'2015-09-30 10:03:01',NULL,'0000-00-00 00:00:00'),('cms.date.articleentrydatetime_time_from',NULL,'true',NULL,'2015-09-30 10:03:01',NULL,'0000-00-00 00:00:00'),('cms.date.articleentrydatetime_time_to',NULL,'true',NULL,'2015-09-30 10:03:01',NULL,'0000-00-00 00:00:00'),('cms.date.articleentrydatetime_weekday',NULL,'true',NULL,'2015-09-30 10:03:01',NULL,'0000-00-00 00:00:00'),('cms.date.delete_confirmation',NULL,'true',NULL,'2015-09-30 10:03:01',NULL,'0000-00-00 00:00:00'),('cms.date.edit.add_date',NULL,'true',NULL,'2015-09-30 10:03:01',NULL,'0000-00-00 00:00:00'),('cms.date.edit.add_date_range',NULL,'true',NULL,'2015-09-30 10:03:01',NULL,'0000-00-00 00:00:00'),('cms.date.executeaction.error',NULL,'true',NULL,'2015-09-30 10:03:01',NULL,'0000-00-00 00:00:00'),('cms.date.overview.add_date',NULL,'true',NULL,'2015-09-30 10:03:01',NULL,'0000-00-00 00:00:00'),('cms.date.overview.add_date_range',NULL,'true',NULL,'2015-09-30 10:03:01',NULL,'0000-00-00 00:00:00'),('cms.date.overview.title',NULL,'true',NULL,'2015-09-30 10:03:01',NULL,'0000-00-00 00:00:00'),('cms.date.weekday.1',NULL,'true',NULL,'2015-09-30 10:03:01',NULL,'0000-00-00 00:00:00'),('cms.date.weekday.2',NULL,'true',NULL,'2015-09-30 10:03:01',NULL,'0000-00-00 00:00:00'),('cms.date.weekday.3',NULL,'true',NULL,'2015-09-30 10:03:01',NULL,'0000-00-00 00:00:00'),('cms.date.weekday.4',NULL,'true',NULL,'2015-09-30 10:03:01',NULL,'0000-00-00 00:00:00'),('cms.date.weekday.5',NULL,'true',NULL,'2015-09-30 10:03:01',NULL,'0000-00-00 00:00:00'),('cms.date.weekday.6',NULL,'true',NULL,'2015-09-30 10:03:01',NULL,'0000-00-00 00:00:00'),('cms.date.weekday.7',NULL,'true',NULL,'2015-09-30 10:03:01',NULL,'0000-00-00 00:00:00'),('cms.document.documentcategory_code',NULL,'true',NULL,'2015-09-30 10:03:01',NULL,'0000-00-00 00:00:00'),('cms.document.documentcategory_fileextensions.info',NULL,'true',NULL,'2015-09-30 10:03:01',NULL,'0000-00-00 00:00:00'),('cms.document.documentcategory_fileextensions.title',NULL,'true',NULL,'2015-09-30 10:03:01',NULL,'0000-00-00 00:00:00'),('cms.document.documentcategory_itemcount',NULL,'true',NULL,'2015-09-30 10:03:01',NULL,'0000-00-00 00:00:00'),('cms.document.documentcategory_title',NULL,'true',NULL,'2015-09-30 10:03:01',NULL,'0000-00-00 00:00:00'),('cms.document.edit.show.title',NULL,'true',NULL,'2015-09-30 10:03:01',NULL,'0000-00-00 00:00:00'),('cms.document.edit.title',NULL,'true',NULL,'2015-09-30 10:03:01',NULL,'0000-00-00 00:00:00'),('cms.document.edittitle.title',NULL,'true',NULL,'2015-09-30 10:03:01',NULL,'0000-00-00 00:00:00'),('cms.document.field.document_description.title',NULL,'true',NULL,'2015-09-30 10:03:01',NULL,'0000-00-00 00:00:00'),('cms.document.field.Document_Name.title',NULL,'true',NULL,'2015-09-30 10:03:01',NULL,'0000-00-00 00:00:00'),('cms.document.field.Document_Size.title',NULL,'true',NULL,'2015-09-30 10:03:01',NULL,'0000-00-00 00:00:00'),('cms.document.field.Document_Title.title',NULL,'true',NULL,'2015-09-30 10:03:01',NULL,'0000-00-00 00:00:00'),('cms.document.field.link_description.title',NULL,'true',NULL,'2015-09-30 10:03:01',NULL,'0000-00-00 00:00:00'),('cms.document.mediapool_document_overview.title',NULL,'true',NULL,'2015-09-30 10:03:01',NULL,'0000-00-00 00:00:00'),('cms.document.overview.add.title',NULL,'true',NULL,'2015-09-30 10:03:01',NULL,'0000-00-00 00:00:00'),('cms.document.overview.copy.title',NULL,'true',NULL,'2015-09-30 10:03:01',NULL,'0000-00-00 00:00:00'),('cms.document.overview.delete.confirmation',NULL,'true',NULL,'2015-09-30 10:03:01',NULL,'0000-00-00 00:00:00'),('cms.document.overview.paste.title',NULL,'true',NULL,'2015-09-30 10:03:01',NULL,'0000-00-00 00:00:00'),('cms.document.overview.title',NULL,'true',NULL,'2015-09-30 10:03:01',NULL,'0000-00-00 00:00:00'),('cms.documentcategory.add.info',NULL,'true',NULL,'2015-09-30 10:03:01',NULL,'0000-00-00 00:00:00'),('cms.documentcategory.add.title',NULL,'true',NULL,'2015-09-30 10:03:01',NULL,'0000-00-00 00:00:00'),('cms.documentcategory.overview.button.add',NULL,'true',NULL,'2015-09-30 10:03:01',NULL,'0000-00-00 00:00:00'),('cms.documentcategory.overview.deleteconfirmation',NULL,'true',NULL,'2015-09-30 10:03:01',NULL,'0000-00-00 00:00:00'),('cms.documentcategory.overview.info',NULL,'true',NULL,'2015-09-30 10:03:01',NULL,'0000-00-00 00:00:00'),('cms.documentcategory.overview.title',NULL,'true',NULL,'2015-09-30 10:03:01',NULL,'0000-00-00 00:00:00'),('cms.fielddefinition.add.info',NULL,'true',NULL,'2015-09-30 10:03:01',NULL,'0000-00-00 00:00:00'),('cms.fielddefinition.add.title',NULL,'true',NULL,'2015-09-30 10:03:01',NULL,'0000-00-00 00:00:00'),('cms.fielddefinition.detail.info',NULL,'true',NULL,'2015-09-30 10:03:01',NULL,'0000-00-00 00:00:00'),('cms.fielddefinition.detail.title',NULL,'true',NULL,'2015-09-30 10:03:01',NULL,'0000-00-00 00:00:00'),('cms.fielddefinition.edit.info',NULL,'true',NULL,'2015-09-30 10:03:01',NULL,'0000-00-00 00:00:00'),('cms.fielddefinition.edit.title',NULL,'true',NULL,'2015-09-30 10:03:01',NULL,'0000-00-00 00:00:00'),('cms.fielddefinition.fielddefinitiondatatype_code',NULL,'true',NULL,'2015-09-30 10:03:01',NULL,'0000-00-00 00:00:00'),('cms.fielddefinition.fielddefinitiontype_code',NULL,'true',NULL,'2015-09-30 10:03:01',NULL,'0000-00-00 00:00:00'),('cms.fielddefinition.fielddefinitiontype_itemcount',NULL,'true',NULL,'2015-09-30 10:03:01',NULL,'0000-00-00 00:00:00'),('cms.fielddefinition.fielddefinitiontype_name',NULL,'true',NULL,'2015-09-30 10:03:01',NULL,'0000-00-00 00:00:00'),('cms.fielddefinition.fielddefinition_activebackend',NULL,'true',NULL,'2015-09-30 10:03:01',NULL,'0000-00-00 00:00:00'),('cms.fielddefinition.fielddefinition_activebackend.false',NULL,'true',NULL,'2015-09-30 10:03:01',NULL,'0000-00-00 00:00:00'),('cms.fielddefinition.fielddefinition_activebackend.false_text',NULL,'true',NULL,'2015-09-30 10:03:01',NULL,'0000-00-00 00:00:00'),('cms.fielddefinition.fielddefinition_activebackend.shortcut',NULL,'true',NULL,'2015-09-30 10:03:01',NULL,'0000-00-00 00:00:00'),('cms.fielddefinition.fielddefinition_activebackend.true',NULL,'true',NULL,'2015-09-30 10:03:01',NULL,'0000-00-00 00:00:00'),('cms.fielddefinition.fielddefinition_activebackend.true_text',NULL,'true',NULL,'2015-09-30 10:03:01',NULL,'0000-00-00 00:00:00'),('cms.fielddefinition.fielddefinition_activefrontend',NULL,'true',NULL,'2015-09-30 10:03:01',NULL,'0000-00-00 00:00:00'),('cms.fielddefinition.fielddefinition_activefrontend.false',NULL,'true',NULL,'2015-09-30 10:03:01',NULL,'0000-00-00 00:00:00'),('cms.fielddefinition.fielddefinition_activefrontend.false_text',NULL,'true',NULL,'2015-09-30 10:03:01',NULL,'0000-00-00 00:00:00'),('cms.fielddefinition.fielddefinition_activefrontend.shortcut',NULL,'true',NULL,'2015-09-30 10:03:01',NULL,'0000-00-00 00:00:00'),('cms.fielddefinition.fielddefinition_activefrontend.true',NULL,'true',NULL,'2015-09-30 10:03:01',NULL,'0000-00-00 00:00:00'),('cms.fielddefinition.fielddefinition_activefrontend.true_text',NULL,'true',NULL,'2015-09-30 10:03:01',NULL,'0000-00-00 00:00:00'),('cms.fielddefinition.fielddefinition_code',NULL,'true',NULL,'2015-09-30 10:03:01',NULL,'0000-00-00 00:00:00'),('cms.fielddefinition.fielddefinition_default',NULL,'true',NULL,'2015-09-30 10:03:01',NULL,'0000-00-00 00:00:00'),('cms.fielddefinition.fielddefinition_name',NULL,'true',NULL,'2015-09-30 10:03:01',NULL,'0000-00-00 00:00:00'),('cms.fielddefinition.fielddefinition_title',NULL,'true',NULL,'2015-09-30 10:03:01',NULL,'0000-00-00 00:00:00'),('cms.fielddefinition.overview.button.add',NULL,'true',NULL,'2015-09-30 10:03:01',NULL,'0000-00-00 00:00:00'),('cms.fielddefinition.overview.button.edit',NULL,'true',NULL,'2015-09-30 10:03:01',NULL,'0000-00-00 00:00:00'),('cms.fielddefinition.overview.deleteconfirmation',NULL,'true',NULL,'2015-09-30 10:03:01',NULL,'0000-00-00 00:00:00'),('cms.fielddefinition.overview.info',NULL,'true',NULL,'2015-09-30 10:03:01',NULL,'0000-00-00 00:00:00'),('cms.fielddefinition.overview.title',NULL,'true',NULL,'2015-09-30 10:03:01',NULL,'0000-00-00 00:00:00'),('cms.fielddefinitiontype.add.info',NULL,'true',NULL,'2015-09-30 10:03:01',NULL,'0000-00-00 00:00:00'),('cms.fielddefinitiontype.add.title',NULL,'true',NULL,'2015-09-30 10:03:01',NULL,'0000-00-00 00:00:00'),('cms.fielddefinitiontype.detail.button.edit',NULL,'true',NULL,'2015-09-30 10:03:01',NULL,'0000-00-00 00:00:00'),('cms.fielddefinitiontype.detail.info',NULL,'true',NULL,'2015-09-30 10:03:01',NULL,'0000-00-00 00:00:00'),('cms.fielddefinitiontype.detail.title',NULL,'true',NULL,'2015-09-30 10:03:01',NULL,'0000-00-00 00:00:00'),('cms.fielddefinitiontype.edit.info',NULL,'true',NULL,'2015-09-30 10:03:01',NULL,'0000-00-00 00:00:00'),('cms.fielddefinitiontype.edit.title',NULL,'true',NULL,'2015-09-30 10:03:01',NULL,'0000-00-00 00:00:00'),('cms.fielddefinitiontype.overview.button.add',NULL,'true',NULL,'2015-09-30 10:03:01',NULL,'0000-00-00 00:00:00'),('cms.fielddefinitiontype.overview.deleteconfirmation',NULL,'true',NULL,'2015-09-30 10:03:01',NULL,'0000-00-00 00:00:00'),('cms.fielddefinitiontype.overview.info',NULL,'true',NULL,'2015-09-30 10:03:01',NULL,'0000-00-00 00:00:00'),('cms.fielddefinitiontype.overview.title',NULL,'true',NULL,'2015-09-30 10:03:01',NULL,'0000-00-00 00:00:00'),('cms.fieldselect.add.info',NULL,'true',NULL,'2015-09-30 10:03:01',NULL,'0000-00-00 00:00:00'),('cms.fieldselect.add.title',NULL,'true',NULL,'2015-09-30 10:03:01',NULL,'0000-00-00 00:00:00'),('cms.fieldselect.detail.info',NULL,'true',NULL,'2015-09-30 10:03:01',NULL,'0000-00-00 00:00:00'),('cms.fieldselect.detail.title',NULL,'true',NULL,'2015-09-30 10:03:01',NULL,'0000-00-00 00:00:00'),('cms.fieldselect.edit.info',NULL,'true',NULL,'2015-09-30 10:03:01',NULL,'0000-00-00 00:00:00'),('cms.fieldselect.edit.title',NULL,'true',NULL,'2015-09-30 10:03:01',NULL,'0000-00-00 00:00:00'),('cms.fieldselect.fieldselect_code',NULL,'true',NULL,'2015-09-30 10:03:01',NULL,'0000-00-00 00:00:00'),('cms.fieldselect.fieldselect_name',NULL,'true',NULL,'2015-09-30 10:03:01',NULL,'0000-00-00 00:00:00'),('cms.fieldselect.fieldselect_title',NULL,'true',NULL,'2015-09-30 10:03:01',NULL,'0000-00-00 00:00:00'),('cms.fieldselect.overview.button.add',NULL,'true',NULL,'2015-09-30 10:03:01',NULL,'0000-00-00 00:00:00'),('cms.fieldselect.overview.button.edit',NULL,'true',NULL,'2015-09-30 10:03:01',NULL,'0000-00-00 00:00:00'),('cms.fieldselect.overview.deleteconfirmation',NULL,'true',NULL,'2015-09-30 10:03:01',NULL,'0000-00-00 00:00:00'),('cms.fieldselect.overview.info',NULL,'true',NULL,'2015-09-30 10:03:01',NULL,'0000-00-00 00:00:00'),('cms.fieldselect.overview.title',NULL,'true',NULL,'2015-09-30 10:03:01',NULL,'0000-00-00 00:00:00'),('cms.link.field.linkcategory.title',NULL,'true',NULL,'2015-09-30 10:03:01',NULL,'0000-00-00 00:00:00'),('cms.link.field.Link_Show.title',NULL,'true',NULL,'2015-09-30 10:03:01',NULL,'0000-00-00 00:00:00'),('cms.link.field.Link_Title.title',NULL,'true',NULL,'2015-09-30 10:03:01',NULL,'0000-00-00 00:00:00'),('cms.link.field.Link_Url.title',NULL,'true',NULL,'2015-09-30 10:03:01',NULL,'0000-00-00 00:00:00'),('cms.link.linkcategory_code',NULL,'true',NULL,'2015-09-30 10:03:01',NULL,'0000-00-00 00:00:00'),('cms.link.linkcategory_itemcount',NULL,'true',NULL,'2015-09-30 10:03:01',NULL,'0000-00-00 00:00:00'),('cms.link.linkcategory_title',NULL,'true',NULL,'2015-09-30 10:03:01',NULL,'0000-00-00 00:00:00'),('cms.link.mediapool_link_overview.title',NULL,'true',NULL,'2015-09-30 10:03:01',NULL,'0000-00-00 00:00:00'),('cms.link.overview.add.title',NULL,'true',NULL,'2015-09-30 10:03:01',NULL,'0000-00-00 00:00:00'),('cms.link.overview.copy.title',NULL,'true',NULL,'2015-09-30 10:03:01',NULL,'0000-00-00 00:00:00'),('cms.link.overview.delete.confirmation',NULL,'true',NULL,'2015-09-30 10:03:01',NULL,'0000-00-00 00:00:00'),('cms.link.overview.edit.title',NULL,'true',NULL,'2015-09-30 10:03:01',NULL,'0000-00-00 00:00:00'),('cms.link.overview.paste.title',NULL,'true',NULL,'2015-09-30 10:03:01',NULL,'0000-00-00 00:00:00'),('cms.link.overview.title',NULL,'true',NULL,'2015-09-30 10:03:01',NULL,'0000-00-00 00:00:00'),('cms.linkcategory.add.info',NULL,'true',NULL,'2015-09-30 10:03:01',NULL,'0000-00-00 00:00:00'),('cms.linkcategory.add.title',NULL,'true',NULL,'2015-09-30 10:03:01',NULL,'0000-00-00 00:00:00'),('cms.linkcategory.detail.button.edit',NULL,'true',NULL,'2015-09-30 10:03:01',NULL,'0000-00-00 00:00:00'),('cms.linkcategory.detail.info',NULL,'true',NULL,'2015-09-30 10:03:01',NULL,'0000-00-00 00:00:00'),('cms.linkcategory.detail.title',NULL,'true',NULL,'2015-09-30 10:03:01',NULL,'0000-00-00 00:00:00'),('cms.linkcategory.edit.info',NULL,'true',NULL,'2015-09-30 10:03:01',NULL,'0000-00-00 00:00:00'),('cms.linkcategory.edit.title',NULL,'true',NULL,'2015-09-30 10:03:01',NULL,'0000-00-00 00:00:00'),('cms.linkcategory.overview.button.add',NULL,'true',NULL,'2015-09-30 10:03:01',NULL,'0000-00-00 00:00:00'),('cms.linkcategory.overview.deleteconfirmation',NULL,'true',NULL,'2015-09-30 10:03:01',NULL,'0000-00-00 00:00:00'),('cms.linkcategory.overview.info',NULL,'true',NULL,'2015-09-30 10:03:01',NULL,'0000-00-00 00:00:00'),('cms.linkcategory.overview.title',NULL,'true',NULL,'2015-09-30 10:03:01',NULL,'0000-00-00 00:00:00'),('cms.maplocation.field.MapLocation_Latitude.title',NULL,'true',NULL,'2015-09-30 10:03:01',NULL,'0000-00-00 00:00:00'),('cms.maplocation.field.MapLocation_Location.title',NULL,'true',NULL,'2015-09-30 10:03:01',NULL,'0000-00-00 00:00:00'),('cms.maplocation.field.MapLocation_Longitude.title',NULL,'true',NULL,'2015-09-30 10:03:01',NULL,'0000-00-00 00:00:00'),('cms.maplocation.field.MapLocation_RoutingDestination.title',NULL,'true',NULL,'2015-09-30 10:03:01',NULL,'0000-00-00 00:00:00'),('cms.maplocation.field.MapLocation_Show.title',NULL,'true',NULL,'2015-09-30 10:03:01',NULL,'0000-00-00 00:00:00'),('cms.maplocation.field.MapLocation_Text.title',NULL,'true',NULL,'2015-09-30 10:03:01',NULL,'0000-00-00 00:00:00'),('cms.maplocation.field.MapLocation_Title.title',NULL,'true',NULL,'2015-09-30 10:03:01',NULL,'0000-00-00 00:00:00'),('cms.maplocation.field.MapLocation_ToolTip.title',NULL,'true',NULL,'2015-09-30 10:03:01',NULL,'0000-00-00 00:00:00'),('cms.maplocation.overview.add.title',NULL,'true',NULL,'2015-09-30 10:03:01',NULL,'0000-00-00 00:00:00'),('cms.maplocation.overview.copy.title',NULL,'true',NULL,'2015-09-30 10:03:01',NULL,'0000-00-00 00:00:00'),('cms.maplocation.overview.delete.confirmation',NULL,'true',NULL,'2015-09-30 10:03:01',NULL,'0000-00-00 00:00:00'),('cms.maplocation.overview.edit.title',NULL,'true',NULL,'2015-09-30 10:03:01',NULL,'0000-00-00 00:00:00'),('cms.maplocation.overview.paste.title',NULL,'true',NULL,'2015-09-30 10:03:01',NULL,'0000-00-00 00:00:00'),('cms.maplocation.overview.title',NULL,'true',NULL,'2015-09-30 10:03:01',NULL,'0000-00-00 00:00:00'),('cms.mediappool.articleentry_title',NULL,'true',NULL,'2015-09-30 10:03:01',NULL,'0000-00-00 00:00:00'),('cms.optionalfields.boolean.false.text',NULL,'true',NULL,'2015-09-30 10:03:01',NULL,'0000-00-00 00:00:00'),('cms.optionalfields.boolean.true.text',NULL,'true',NULL,'2015-09-30 10:03:01',NULL,'0000-00-00 00:00:00'),('cms.pageview.edit.title.insert_articleentry',NULL,'true',NULL,'2015-09-30 10:03:01',NULL,'0000-00-00 00:00:00'),('cms.pageview.edit.title.update_articleentry',NULL,'true',NULL,'2015-09-30 10:03:01',NULL,'0000-00-00 00:00:00'),('cms.pageview.edit.title.update_articleentry_with_name',NULL,'true',NULL,'2015-09-30 10:03:01',NULL,'0000-00-00 00:00:00'),('cms.picture.detail.title',NULL,'true',NULL,'2015-09-30 10:03:01',NULL,'0000-00-00 00:00:00'),('cms.picture.editadvanced.title',NULL,'true',NULL,'2015-09-30 10:03:01',NULL,'0000-00-00 00:00:00'),('cms.picture.editbutton.title',NULL,'true',NULL,'2015-09-30 10:03:01',NULL,'0000-00-00 00:00:00'),('cms.picture.edittitle.title',NULL,'true',NULL,'2015-09-30 10:03:01',NULL,'0000-00-00 00:00:00'),('cms.picture.field.picture_copyright.title',NULL,'true',NULL,'2015-09-30 10:03:01',NULL,'0000-00-00 00:00:00'),('cms.picture.field.picture_description.title',NULL,'true',NULL,'2015-09-30 10:03:01',NULL,'0000-00-00 00:00:00'),('cms.picture.field.Picture_File.info',NULL,'true',NULL,'2015-09-30 10:03:01',NULL,'0000-00-00 00:00:00'),('cms.picture.field.Picture_File.title',NULL,'true',NULL,'2015-09-30 10:03:01',NULL,'0000-00-00 00:00:00'),('cms.picture.field.picture_link.title',NULL,'true',NULL,'2015-09-30 10:03:01',NULL,'0000-00-00 00:00:00'),('cms.picture.field.Picture_Show.title',NULL,'true',NULL,'2015-09-30 10:03:01',NULL,'0000-00-00 00:00:00'),('cms.picture.field.picture_symbolic.title',NULL,'true',NULL,'2015-09-30 10:03:01',NULL,'0000-00-00 00:00:00'),('cms.picture.field.Picture_Thumb.title',NULL,'true',NULL,'2015-09-30 10:03:01',NULL,'0000-00-00 00:00:00'),('cms.picture.field.Picture_Title.title',NULL,'true',NULL,'2015-09-30 10:03:01',NULL,'0000-00-00 00:00:00'),('cms.picture.field.picture_xrated.title',NULL,'true',NULL,'2015-09-30 10:03:01',NULL,'0000-00-00 00:00:00'),('cms.picture.filter.keyword',NULL,'true',NULL,'2015-09-30 10:03:01',NULL,'0000-00-00 00:00:00'),('cms.picture.free',NULL,'true',NULL,'2015-09-30 10:03:01',NULL,'0000-00-00 00:00:00'),('cms.picture.mediapool_picture_overview.title',NULL,'true',NULL,'2015-09-30 10:03:01',NULL,'0000-00-00 00:00:00'),('cms.picture.overview.add.title',NULL,'true',NULL,'2015-09-30 10:03:01',NULL,'0000-00-00 00:00:00'),('cms.picture.overview.bulk_delete.confirmation',NULL,'true',NULL,'2015-09-30 10:03:01',NULL,'0000-00-00 00:00:00'),('cms.picture.overview.bulk_delete.title',NULL,'true',NULL,'2015-09-30 10:03:01',NULL,'0000-00-00 00:00:00'),('cms.picture.overview.button.add',NULL,'true',NULL,'2015-09-30 10:03:01',NULL,'0000-00-00 00:00:00'),('cms.picture.overview.button.add_from_mediapool',NULL,'true',NULL,'2015-09-30 10:03:01',NULL,'0000-00-00 00:00:00'),('cms.picture.overview.copy.title',NULL,'true',NULL,'2015-09-30 10:03:01',NULL,'0000-00-00 00:00:00'),('cms.picture.overview.delete.confirmation',NULL,'true',NULL,'2015-09-30 10:03:01',NULL,'0000-00-00 00:00:00'),('cms.picture.overview.paste.title',NULL,'true',NULL,'2015-09-30 10:03:01',NULL,'0000-00-00 00:00:00'),('cms.picture.overview.show.false.title',NULL,'true',NULL,'2015-09-30 10:03:01',NULL,'0000-00-00 00:00:00'),('cms.picture.overview.show.true.title',NULL,'true',NULL,'2015-09-30 10:03:01',NULL,'0000-00-00 00:00:00'),('cms.picture.overview.title',NULL,'true',NULL,'2015-09-30 10:03:01',NULL,'0000-00-00 00:00:00'),('cms.picture.overview.xrated.false.title',NULL,'true',NULL,'2015-09-30 10:03:01',NULL,'0000-00-00 00:00:00'),('cms.picture.overview.xrated.true.bulk.confirm',NULL,'true',NULL,'2015-09-30 10:03:01',NULL,'0000-00-00 00:00:00'),('cms.picture.overview.xrated.true.bulk.title',NULL,'true',NULL,'2015-09-30 10:03:01',NULL,'0000-00-00 00:00:00'),('cms.picture.overview.xrated.true.title',NULL,'true',NULL,'2015-09-30 10:03:01',NULL,'0000-00-00 00:00:00'),('cms.picture.picture.edit',NULL,'true',NULL,'2015-09-30 10:03:01',NULL,'0000-00-00 00:00:00'),('cms.picture.proportional',NULL,'true',NULL,'2015-09-30 10:03:01',NULL,'0000-00-00 00:00:00'),('cms.picture.select_picturecrop',NULL,'true',NULL,'2015-09-30 10:03:01',NULL,'0000-00-00 00:00:00'),('cms.picture.select_picturetype',NULL,'true',NULL,'2015-09-30 10:03:01',NULL,'0000-00-00 00:00:00'),('cms.picturefile.file.name',NULL,'true',NULL,'2015-09-30 10:03:01',NULL,'0000-00-00 00:00:00'),('cms.picturefile.file.upload',NULL,'true',NULL,'2015-09-30 10:03:01',NULL,'0000-00-00 00:00:00'),('cms.picturefile.file_extension',NULL,'true',NULL,'2015-09-30 10:03:01',NULL,'0000-00-00 00:00:00'),('cms.picturefile.file_type',NULL,'true',NULL,'2015-09-30 10:03:01',NULL,'0000-00-00 00:00:00'),('cms.picturefile.height.name',NULL,'true',NULL,'2015-09-30 10:03:01',NULL,'0000-00-00 00:00:00'),('cms.picturefile.listpicturefile.title',NULL,'true',NULL,'2015-09-30 10:03:01',NULL,'0000-00-00 00:00:00'),('cms.picturefile.picture.edit',NULL,'true',NULL,'2015-09-30 10:03:01',NULL,'0000-00-00 00:00:00'),('cms.picturefile.picture.info',NULL,'true',NULL,'2015-09-30 10:03:01',NULL,'0000-00-00 00:00:00'),('cms.picturefile.upload_error',NULL,'true',NULL,'2015-09-30 10:03:01',NULL,'0000-00-00 00:00:00'),('cms.picturefile.upload_error_unkown_filetype',NULL,'true',NULL,'2015-09-30 10:03:01',NULL,'0000-00-00 00:00:00'),('cms.picturefile.width.name',NULL,'true',NULL,'2015-09-30 10:03:01',NULL,'0000-00-00 00:00:00'),('cms_Link_Target_name',NULL,'true',NULL,'2015-09-30 10:03:01',NULL,'0000-00-00 00:00:00'),('cms_Link_Target_newWindows',NULL,'true',NULL,'2015-09-30 10:03:01',NULL,'0000-00-00 00:00:00'),('cms_Link_Target_sameWindows',NULL,'true',NULL,'2015-09-30 10:03:01',NULL,'0000-00-00 00:00:00'),('comment.button.rate',NULL,'true',NULL,'2015-09-30 10:03:01',NULL,'0000-00-00 00:00:00'),('comment.email.intern.head.text',NULL,'true',NULL,'2015-09-30 10:03:01',NULL,'0000-00-00 00:00:00'),('comment.email.intern.subject',NULL,'true',NULL,'2015-09-30 10:03:01',NULL,'0000-00-00 00:00:00'),('comment.field.email.errormessage',NULL,'true',NULL,'2015-09-30 10:03:01',NULL,'0000-00-00 00:00:00'),('comment.field.email.title',NULL,'true',NULL,'2015-09-30 10:03:01',NULL,'0000-00-00 00:00:00'),('comment.field.name.errormessage',NULL,'true',NULL,'2015-09-30 10:03:01',NULL,'0000-00-00 00:00:00'),('comment.field.name.title',NULL,'true',NULL,'2015-09-30 10:03:01',NULL,'0000-00-00 00:00:00'),('comment.field.text.errormessage',NULL,'true',NULL,'2015-09-30 10:03:01',NULL,'0000-00-00 00:00:00'),('comment.field.text.title',NULL,'true',NULL,'2015-09-30 10:03:01',NULL,'0000-00-00 00:00:00'),('comment.field.title.errormessage',NULL,'true',NULL,'2015-09-30 10:03:01',NULL,'0000-00-00 00:00:00'),('comment.field.title.title',NULL,'true',NULL,'2015-09-30 10:03:01',NULL,'0000-00-00 00:00:00'),('comment.field.value.errormessage',NULL,'true',NULL,'2015-09-30 10:03:01',NULL,'0000-00-00 00:00:00'),('comment.field.value.title',NULL,'true',NULL,'2015-09-30 10:03:01',NULL,'0000-00-00 00:00:00'),('core.activeicon.green',NULL,'true',NULL,'2015-09-30 10:03:01',NULL,'0000-00-00 00:00:00'),('core.activeicon.red',NULL,'true',NULL,'2015-09-30 10:03:01',NULL,'0000-00-00 00:00:00'),('core.button.removefilter.text',NULL,'true',NULL,'2015-09-30 10:03:01',NULL,'0000-00-00 00:00:00'),('core.clipboard.button.copy',NULL,'true',NULL,'2015-09-30 10:03:01',NULL,'0000-00-00 00:00:00'),('core.clipboard.button.copy_bulk',NULL,'true',NULL,'2015-09-30 10:03:01',NULL,'0000-00-00 00:00:00'),('core.clipboard.button.paste',NULL,'true',NULL,'2015-09-30 10:03:01',NULL,'0000-00-00 00:00:00'),('core.date.month.1.name',NULL,'true',NULL,'2015-09-30 10:03:01',NULL,'0000-00-00 00:00:00'),('core.date.month.10.name',NULL,'true',NULL,'2015-09-30 10:03:01',NULL,'0000-00-00 00:00:00'),('core.date.month.11.name',NULL,'true',NULL,'2015-09-30 10:03:01',NULL,'0000-00-00 00:00:00'),('core.date.month.12.name',NULL,'true',NULL,'2015-09-30 10:03:01',NULL,'0000-00-00 00:00:00'),('core.date.month.2.name',NULL,'true',NULL,'2015-09-30 10:03:01',NULL,'0000-00-00 00:00:00'),('core.date.month.3.name',NULL,'true',NULL,'2015-09-30 10:03:01',NULL,'0000-00-00 00:00:00'),('core.date.month.4.name',NULL,'true',NULL,'2015-09-30 10:03:01',NULL,'0000-00-00 00:00:00'),('core.date.month.5.name',NULL,'true',NULL,'2015-09-30 10:03:01',NULL,'0000-00-00 00:00:00'),('core.date.month.6.name',NULL,'true',NULL,'2015-09-30 10:03:01',NULL,'0000-00-00 00:00:00'),('core.date.month.7.name',NULL,'true',NULL,'2015-09-30 10:03:01',NULL,'0000-00-00 00:00:00'),('core.date.month.8.name',NULL,'true',NULL,'2015-09-30 10:03:01',NULL,'0000-00-00 00:00:00'),('core.date.month.9.name',NULL,'true',NULL,'2015-09-30 10:03:01',NULL,'0000-00-00 00:00:00'),('core.deletebutton.disabled',NULL,'true',NULL,'2015-09-30 10:03:01',NULL,'0000-00-00 00:00:00'),('core.deletebutton.enabled',NULL,'true',NULL,'2015-09-30 10:03:01',NULL,'0000-00-00 00:00:00'),('core.detailbutton',NULL,'true',NULL,'2015-09-30 10:03:01',NULL,'0000-00-00 00:00:00'),('core.downbutton.disabled',NULL,'true',NULL,'2015-09-30 10:03:01',NULL,'0000-00-00 00:00:00'),('core.downbutton.enabled',NULL,'true',NULL,'2015-09-30 10:03:01',NULL,'0000-00-00 00:00:00'),('core.editbutton.disabled',NULL,'true',NULL,'2015-09-30 10:03:01',NULL,'0000-00-00 00:00:00'),('core.editbutton.enabled',NULL,'true',NULL,'2015-09-30 10:03:01',NULL,'0000-00-00 00:00:00'),('core.logic.clipboard.manyentriesadded',NULL,'true',NULL,'2015-09-30 10:03:01',NULL,'0000-00-00 00:00:00'),('core.logic.clipboard.noentriesadded',NULL,'true',NULL,'2015-09-30 10:03:01',NULL,'0000-00-00 00:00:00'),('core.logic.clipboard.oneentryadded',NULL,'true',NULL,'2015-09-30 10:03:01',NULL,'0000-00-00 00:00:00'),('core.logic.clipboard.onlyallowedgroups',NULL,'true',NULL,'2015-09-30 10:03:01',NULL,'0000-00-00 00:00:00'),('Core.logic.delete.error.entrynotfound',NULL,'true',NULL,'2015-09-30 10:03:01',NULL,'0000-00-00 00:00:00'),('core.logic.delete.error.no_dataobject',NULL,'true',NULL,'2015-09-30 10:03:01',NULL,'0000-00-00 00:00:00'),('Core.logic.delete.error.only1entryperupdateallowed',NULL,'true',NULL,'2015-09-30 10:03:01',NULL,'0000-00-00 00:00:00'),('core.logic.delete.error.title',NULL,'true',NULL,'2015-09-30 10:03:01',NULL,'0000-00-00 00:00:00'),('core.logic.delete.ok.message',NULL,'true',NULL,'2015-09-30 10:03:01',NULL,'0000-00-00 00:00:00'),('core.logic.delete.ok.title',NULL,'true',NULL,'2015-09-30 10:03:01',NULL,'0000-00-00 00:00:00'),('core.logic.insert.error.no_dataobject',NULL,'true',NULL,'2015-09-30 10:03:01',NULL,'0000-00-00 00:00:00'),('core.logic.insert.error.title',NULL,'true',NULL,'2015-09-30 10:03:01',NULL,'0000-00-00 00:00:00'),('core.logic.noclipboardgroupdefined',NULL,'true',NULL,'2015-09-30 10:03:01',NULL,'0000-00-00 00:00:00'),('core.logic.requiredfieldnotset',NULL,'true',NULL,'2015-09-30 10:03:01',NULL,'0000-00-00 00:00:00'),('core.logic.systemAction.cache.cleaned',NULL,'true',NULL,'2015-09-30 10:03:01',NULL,'0000-00-00 00:00:00'),('core.logic.systemAction.clearClipboard',NULL,'true',NULL,'2015-09-30 10:03:01',NULL,'0000-00-00 00:00:00'),('core.logic.systemAction.clipboard.delete.group.failure',NULL,'true',NULL,'2015-09-30 10:03:01',NULL,'0000-00-00 00:00:00'),('core.logic.systemAction.clipboard.delete.group.success',NULL,'true',NULL,'2015-09-30 10:03:01',NULL,'0000-00-00 00:00:00'),('core.logic.systemAction.clipboard.delete.item.failure',NULL,'true',NULL,'2015-09-30 10:03:01',NULL,'0000-00-00 00:00:00'),('core.logic.systemAction.clipboard.delete.item.success',NULL,'true',NULL,'2015-09-30 10:03:01',NULL,'0000-00-00 00:00:00'),('core.logic.systemAction.debug.hidden',NULL,'true',NULL,'2015-09-30 10:03:01',NULL,'0000-00-00 00:00:00'),('core.logic.systemAction.debug.show',NULL,'true',NULL,'2015-09-30 10:03:01',NULL,'0000-00-00 00:00:00'),('core.logic.systemAction.title',NULL,'true',NULL,'2015-09-30 10:03:01',NULL,'0000-00-00 00:00:00'),('core.logic.systemAction.warnings.hidden',NULL,'true',NULL,'2015-09-30 10:03:01',NULL,'0000-00-00 00:00:00'),('core.logic.systemAction.warnings.show',NULL,'true',NULL,'2015-09-30 10:03:01',NULL,'0000-00-00 00:00:00'),('core.logic.toggle.error.title',NULL,'true',NULL,'2015-09-30 10:03:01',NULL,'0000-00-00 00:00:00'),('Core.logic.update.error.entrynotfound',NULL,'true',NULL,'2015-09-30 10:03:01',NULL,'0000-00-00 00:00:00'),('Core.logic.update.error.only1entryperupdateallowed',NULL,'true',NULL,'2015-09-30 10:03:01',NULL,'0000-00-00 00:00:00'),('core.logic.update.error.title',NULL,'true',NULL,'2015-09-30 10:03:01',NULL,'0000-00-00 00:00:00'),('core.movebutton.removefilter.text',NULL,'true',NULL,'2015-09-30 10:03:01',NULL,'0000-00-00 00:00:00'),('core.pageview.caption.closebutton',NULL,'true',NULL,'2015-09-30 10:03:01',NULL,'0000-00-00 00:00:00'),('core.pageview.caption.editbutton',NULL,'true',NULL,'2015-09-30 10:03:01',NULL,'0000-00-00 00:00:00'),('core.pageview.caption.savebutton',NULL,'true',NULL,'2015-09-30 10:03:01',NULL,'0000-00-00 00:00:00'),('core.pageview.chapter.metabackoffice_user_only',NULL,'true',NULL,'2015-09-30 10:03:01',NULL,'0000-00-00 00:00:00'),('core.pageview.field.table_create_information.title',NULL,'true',NULL,'2015-09-30 10:03:01',NULL,'0000-00-00 00:00:00'),('core.pageview.field.table_edit_information.title',NULL,'true',NULL,'2015-09-30 10:03:01',NULL,'0000-00-00 00:00:00'),('core.pageview.general_error.title',NULL,'true',NULL,'2015-09-30 10:03:01',NULL,'0000-00-00 00:00:00'),('core.pageview.overview.edit.title',NULL,'true',NULL,'2015-09-30 10:03:01',NULL,'0000-00-00 00:00:00'),('core.pageview.undefined_error',NULL,'true',NULL,'2015-09-30 10:03:01',NULL,'0000-00-00 00:00:00'),('core.pageview.validation.field_not_found',NULL,'true',NULL,'2015-09-30 10:03:01',NULL,'0000-00-00 00:00:00'),('core.pageviewfield.radiobutton.boolean.false',NULL,'true',NULL,'2015-09-30 10:03:01',NULL,'0000-00-00 00:00:00'),('core.pageviewfield.radiobutton.boolean.null',NULL,'true',NULL,'2015-09-30 10:03:01',NULL,'0000-00-00 00:00:00'),('core.pageviewfield.radiobutton.boolean.true',NULL,'true',NULL,'2015-09-30 10:03:01',NULL,'0000-00-00 00:00:00'),('core.pageviewfield.select.selectall',NULL,'true',NULL,'2015-09-30 10:03:01',NULL,'0000-00-00 00:00:00'),('core.upbutton.disabled',NULL,'true',NULL,'2015-09-30 10:03:01',NULL,'0000-00-00 00:00:00'),('core.upbutton.enabled',NULL,'true',NULL,'2015-09-30 10:03:01',NULL,'0000-00-00 00:00:00'),('core.view.flag.bypassvalidation.text',NULL,'true',NULL,'2015-09-30 10:03:01',NULL,'0000-00-00 00:00:00'),('core.view.formelements.textajax.delete_results',NULL,'true',NULL,'2015-09-30 10:03:01',NULL,'0000-00-00 00:00:00'),('core.view.formelements.textajax.search',NULL,'true',NULL,'2015-09-30 10:03:01',NULL,'0000-00-00 00:00:00'),('core.view.header.base.clear_apc',NULL,'true',NULL,'2015-09-30 10:03:01',NULL,'0000-00-00 00:00:00'),('core.view.header.base.clear_byte_cache',NULL,'true',NULL,'2016-08-10 19:45:03',NULL,'0000-00-00 00:00:00'),('core.view.header.base.clear_cache',NULL,'true',NULL,'2015-09-30 10:03:01',NULL,'0000-00-00 00:00:00'),('core.view.header.base.search',NULL,'true',NULL,'2015-09-30 10:03:01',NULL,'0000-00-00 00:00:00'),('core.view.helper.bulk_action.label',NULL,'true',NULL,'2015-09-30 10:03:01',NULL,'0000-00-00 00:00:00'),('core.view.helper.dialog.title',NULL,'true',NULL,'2015-09-30 10:03:01',NULL,'0000-00-00 00:00:00'),('core.view.helper.filter.button',NULL,'true',NULL,'2015-09-30 10:03:01',NULL,'0000-00-00 00:00:00'),('core.view.helper.javascript.search_default_text',NULL,'true',NULL,'2015-09-30 10:03:01',NULL,'0000-00-00 00:00:00'),('core.view.helper.javascript.search_pageview_default_text',NULL,'true',NULL,'2015-09-30 10:03:01',NULL,'0000-00-00 00:00:00'),('core.view.helper.languageselector.label',NULL,'true',NULL,'2015-09-30 10:03:01',NULL,'0000-00-00 00:00:00'),('core.view.helper.pageturn.back',NULL,'true',NULL,'2015-09-30 10:03:01',NULL,'0000-00-00 00:00:00'),('core.view.helper.pageturn.delete',NULL,'true',NULL,'2015-09-30 10:03:01',NULL,'0000-00-00 00:00:00'),('core.view.helper.pageturn.next',NULL,'true',NULL,'2015-09-30 10:03:01',NULL,'0000-00-00 00:00:00'),('core.view.helper.pageturn.page',NULL,'true',NULL,'2015-09-30 10:03:01',NULL,'0000-00-00 00:00:00'),('core.view.helper.pageturn.rows',NULL,'true',NULL,'2015-09-30 10:03:01',NULL,'0000-00-00 00:00:00'),('core.view.helper.pageturn.rows_per_page',NULL,'true',NULL,'2015-09-30 10:03:01',NULL,'0000-00-00 00:00:00'),('core.view.helper.pageturn.search',NULL,'true',NULL,'2015-09-30 10:03:01',NULL,'0000-00-00 00:00:00'),('core.view.helper.pageturn.show_all',NULL,'true',NULL,'2015-09-30 10:03:01',NULL,'0000-00-00 00:00:00'),('core.view.helper.sidebar.cronjob.idle',NULL,'true',NULL,'2015-09-30 10:03:01',NULL,'0000-00-00 00:00:00'),('core.view.helper.sidebar.cronjob.running',NULL,'true',NULL,'2015-09-30 10:03:01',NULL,'0000-00-00 00:00:00'),('core.view.helper.sidebar.setting.debug_message',NULL,'true',NULL,'2015-09-30 10:03:01',NULL,'0000-00-00 00:00:00'),('core.view.helper.sidebar.setting.language',NULL,'true',NULL,'2015-09-30 10:03:01',NULL,'0000-00-00 00:00:00'),('core.view.helper.sidebar.setting.logged_in_as',NULL,'true',NULL,'2015-09-30 10:03:01',NULL,'0000-00-00 00:00:00'),('core.view.helper.sidebar.setting.logout',NULL,'true',NULL,'2015-09-30 10:03:01',NULL,'0000-00-00 00:00:00'),('core.view.helper.sidebar.setting.my_account',NULL,'true',NULL,'2015-09-30 10:03:01',NULL,'0000-00-00 00:00:00'),('core.view.helper.sidebar.setting.query_count',NULL,'true',NULL,'2015-09-30 10:03:01',NULL,'0000-00-00 00:00:00'),('core.view.helper.sidebar.setting.script_time',NULL,'true',NULL,'2015-09-30 10:03:01',NULL,'0000-00-00 00:00:00'),('core.view.helper.sidebar.setting.title',NULL,'true',NULL,'2015-09-30 10:03:01',NULL,'0000-00-00 00:00:00'),('core.view.helper.sidebar.setting.warning_message',NULL,'true',NULL,'2015-09-30 10:03:01',NULL,'0000-00-00 00:00:00'),('core.view.index.login.button',NULL,'true',NULL,'2015-09-30 10:03:01',NULL,'0000-00-00 00:00:00'),('core.view.index.login.invaliduser',NULL,'true',NULL,'2015-09-30 10:03:01',NULL,'0000-00-00 00:00:00'),('core.view.index.login.password',NULL,'true',NULL,'2015-09-30 10:03:01',NULL,'0000-00-00 00:00:00'),('core.view.index.login.username',NULL,'true',NULL,'2015-09-30 10:03:01',NULL,'0000-00-00 00:00:00'),('core.view.standard_edit.required_message',NULL,'true',NULL,'2015-09-30 10:03:01',NULL,'0000-00-00 00:00:00'),('core.view.standard_edit.validation_title',NULL,'true',NULL,'2015-09-30 10:03:01',NULL,'0000-00-00 00:00:00'),('core.view.standard_list.no_entry_found',NULL,'true',NULL,'2015-09-30 10:03:01',NULL,'0000-00-00 00:00:00'),('frontend.beispiel',NULL,'true',NULL,'2015-09-30 10:03:01',NULL,'0000-00-00 00:00:00'),('frontend.cms.contact.send_success.text',NULL,'true',NULL,'2015-09-30 10:03:01',NULL,'0000-00-00 00:00:00'),('frontend.cms.newsletter.subscribeNewsletter',NULL,'true',NULL,'2015-09-30 10:03:01',NULL,'0000-00-00 00:00:00'),('frontend.cms.newsletter.unsubscribeNewsletter',NULL,'true',NULL,'2015-09-30 10:03:01',NULL,'0000-00-00 00:00:00'),('frontend.cmsdocument',NULL,'true',NULL,'2015-09-30 10:03:01',NULL,'0000-00-00 00:00:00'),('frontend.cmslink',NULL,'true',NULL,'2015-09-30 10:03:01',NULL,'0000-00-00 00:00:00'),('frontend.commons.error.text',NULL,'true',NULL,'2015-09-30 10:03:01',NULL,'0000-00-00 00:00:00'),('frontend.commons.error.title',NULL,'true',NULL,'2015-09-30 10:03:01',NULL,'0000-00-00 00:00:00'),('frontend.commons.search_site.title',NULL,'true',NULL,'2015-09-30 10:03:01',NULL,'0000-00-00 00:00:00'),('frontend.navigation.now',NULL,'true',NULL,'2015-09-30 10:03:01',NULL,'0000-00-00 00:00:00'),('frontend.news.notavailable',NULL,'true',NULL,'2015-09-30 10:03:01',NULL,'0000-00-00 00:00:00'),('frontend.readmore',NULL,'true',NULL,'2015-09-30 10:03:01',NULL,'0000-00-00 00:00:00'),('frontend.routeberechnen',NULL,'true',NULL,'2015-09-30 10:03:01',NULL,'0000-00-00 00:00:00'),('frontend.startadresse',NULL,'true',NULL,'2015-09-30 10:03:01',NULL,'0000-00-00 00:00:00'),('glascard.common.or',NULL,'false',NULL,'2015-09-30 10:03:01',NULL,'0000-00-00 00:00:00'),('glascard.wizard.backgroundcolor',NULL,'false',NULL,'2015-09-30 10:03:01',NULL,'0000-00-00 00:00:00'),('glascard.wizard.cart.title',NULL,'false',NULL,'2015-09-30 10:03:01',NULL,'0000-00-00 00:00:00'),('glascard.wizard.choose_new_picture',NULL,'false',NULL,'2015-09-30 10:03:01',NULL,'0000-00-00 00:00:00'),('glascard.wizard.choose_new_picture_2',NULL,'false',NULL,'2015-09-30 10:03:01',NULL,'0000-00-00 00:00:00'),('glascard.wizard.continue_to_step',NULL,'false',NULL,'2015-09-30 10:03:01',NULL,'0000-00-00 00:00:00'),('glascard.wizard.edit_picture.choose_frame_first',NULL,'false',NULL,'2015-09-30 10:03:01',NULL,'0000-00-00 00:00:00'),('glascard.wizard.hint.move_picture',NULL,'false',NULL,'2015-09-30 10:03:01',NULL,'0000-00-00 00:00:00'),('glascard.wizard.legend.configurator',NULL,'false',NULL,'2015-09-30 10:03:01',NULL,'0000-00-00 00:00:00'),('glascard.wizard.legend.configurator.text',NULL,'false',NULL,'2015-09-30 10:03:01',NULL,'0000-00-00 00:00:00'),('glascard.wizard.legend.help',NULL,'false',NULL,'2015-09-30 10:03:01',NULL,'0000-00-00 00:00:00'),('glascard.wizard.legend.help.text',NULL,'false',NULL,'2015-09-30 10:03:01',NULL,'0000-00-00 00:00:00'),('glascard.wizard.legend.maxsize',NULL,'false',NULL,'2015-09-30 10:03:01',NULL,'0000-00-00 00:00:00'),('glascard.wizard.legend.maxsize.text',NULL,'false',NULL,'2015-09-30 10:03:01',NULL,'0000-00-00 00:00:00'),('glascard.wizard.legend.quality',NULL,'false',NULL,'2015-09-30 10:03:01',NULL,'0000-00-00 00:00:00'),('glascard.wizard.legend.quality.text',NULL,'false',NULL,'2015-09-30 10:03:01',NULL,'0000-00-00 00:00:00'),('glascard.wizard.legend.title',NULL,'false',NULL,'2015-09-30 10:03:01',NULL,'0000-00-00 00:00:00'),('glascard.wizard.message.green',NULL,'false',NULL,'2015-09-30 10:03:01',NULL,'0000-00-00 00:00:00'),('glascard.wizard.message.legend',NULL,'false',NULL,'2015-09-30 10:03:01',NULL,'0000-00-00 00:00:00'),('glascard.wizard.message.orange',NULL,'false',NULL,'2015-09-30 10:03:01',NULL,'0000-00-00 00:00:00'),('glascard.wizard.message.red',NULL,'false',NULL,'2015-09-30 10:03:01',NULL,'0000-00-00 00:00:00'),('glascard.wizard.picture_upload.error',NULL,'false',NULL,'2015-09-30 10:03:01',NULL,'0000-00-00 00:00:00'),('glascard.wizard.picture_upload.success',NULL,'false',NULL,'2015-09-30 10:03:01',NULL,'0000-00-00 00:00:00'),('glascard.wizard.step.accessories.title',NULL,'false',NULL,'2015-09-30 10:03:01',NULL,'0000-00-00 00:00:00'),('glascard.wizard.step.choose_layout.title',NULL,'false',NULL,'2015-09-30 10:03:01',NULL,'0000-00-00 00:00:00'),('glascard.wizard.step.choose_picture.text',NULL,'false',NULL,'2015-09-30 10:03:01',NULL,'0000-00-00 00:00:00'),('glascard.wizard.step.choose_picture.title',NULL,'false',NULL,'2015-09-30 10:03:01',NULL,'0000-00-00 00:00:00'),('glascard.wizard.step.choose_size.title',NULL,'false',NULL,'2015-09-30 10:03:01',NULL,'0000-00-00 00:00:00'),('glascard.wizard.step.edit_picture.title',NULL,'false',NULL,'2015-09-30 10:03:01',NULL,'0000-00-00 00:00:00'),('glascard.wizard.step.newsize',NULL,'false',NULL,'2015-09-30 10:03:01',NULL,'0000-00-00 00:00:00'),('glascard.wizard.step.scale.title',NULL,'false',NULL,'2015-09-30 10:03:01',NULL,'0000-00-00 00:00:00'),('glascard.wizard.upload.dragdrop.fallback.message',NULL,'false',NULL,'2015-09-30 10:03:01',NULL,'0000-00-00 00:00:00'),('glascard.wizard.upload_new_picture',NULL,'false',NULL,'2015-09-30 10:03:01',NULL,'0000-00-00 00:00:00'),('glascard.wizard.validation.layout.frame.low_quality',NULL,'false',NULL,'2015-09-30 10:03:01',NULL,'0000-00-00 00:00:00'),('glascard.wizard.validation.layout.frame.missing_attachment',NULL,'false',NULL,'2016-08-10 19:45:03',NULL,'0000-00-00 00:00:00'),('glascard.wizard.validation.layout.frame.missing_mounting',NULL,'false',NULL,'2016-08-10 19:45:03',NULL,'0000-00-00 00:00:00'),('glascard.wizard.validation.layout.frame.missing_picture',NULL,'false',NULL,'2015-09-30 10:03:01',NULL,'0000-00-00 00:00:00'),('glascard.wizard.validation.layout.frame.missing_printside',NULL,'false',NULL,'2016-08-10 19:45:03',NULL,'0000-00-00 00:00:00'),('glascard.wizard.validation.layout.missing',NULL,'false',NULL,'2015-09-30 10:03:01',NULL,'0000-00-00 00:00:00'),('glascard.wizard.validation.recipients.missing',NULL,'false',NULL,'2016-08-10 19:45:03',NULL,'0000-00-00 00:00:00'),('glascard.wizard.validation.size.custom_height_max',NULL,'false',NULL,'2015-09-30 10:03:01',NULL,'0000-00-00 00:00:00'),('glascard.wizard.validation.size.custom_width_height_missing',NULL,'false',NULL,'2015-09-30 10:03:01',NULL,'0000-00-00 00:00:00'),('glascard.wizard.validation.size.custom_width_max',NULL,'false',NULL,'2015-09-30 10:03:01',NULL,'0000-00-00 00:00:00'),('glascard.wizard.validation.size.missing',NULL,'false',NULL,'2015-09-30 10:03:01',NULL,'0000-00-00 00:00:00'),('glascard.wizard.validation.size.notfound',NULL,'false',NULL,'2015-09-30 10:03:01',NULL,'0000-00-00 00:00:00'),('missing_printside',NULL,'false',NULL,'2016-08-10 19:45:03',NULL,'0000-00-00 00:00:00'),('mycms.customer.navtitle.forgotten_password',NULL,'true',NULL,'2015-09-30 10:03:01',NULL,'0000-00-00 00:00:00'),('mycms.customer.navtitle.login',NULL,'true',NULL,'2015-09-30 10:03:01',NULL,'0000-00-00 00:00:00'),('mycms.customer.navtitle.register',NULL,'true',NULL,'2015-09-30 10:03:01',NULL,'0000-00-00 00:00:00'),('mycms.search.quicktitle',NULL,'true',NULL,'2015-09-30 10:03:01',NULL,'0000-00-00 00:00:00'),('mycms.search.title',NULL,'true',NULL,'2015-09-30 10:03:01',NULL,'0000-00-00 00:00:00'),('mycms.shop.cart.grandtotal',NULL,'true',NULL,'2015-09-30 10:03:01',NULL,'0000-00-00 00:00:00'),('mycms.shop.deliverybox',NULL,'true',NULL,'2015-09-30 10:03:01',NULL,'0000-00-00 00:00:00'),('mycms.shop.email.introduction',NULL,'true',NULL,'2015-09-30 10:03:01',NULL,'0000-00-00 00:00:00'),('mycms.shop.email.introduction.internal',NULL,'true',NULL,'2015-09-30 10:03:01',NULL,'0000-00-00 00:00:00'),('mycms.shop.email.subject',NULL,'true',NULL,'2015-09-30 10:03:01',NULL,'0000-00-00 00:00:00'),('mycms.shop.email.subject.internal',NULL,'true',NULL,'2015-09-30 10:03:01',NULL,'0000-00-00 00:00:00'),('mycms.shop.faq.text',NULL,'true',NULL,'2015-09-30 10:03:01',NULL,'0000-00-00 00:00:00'),('mycms.shop.form.validation.order_message',NULL,'true',NULL,'2015-09-30 10:03:01',NULL,'0000-00-00 00:00:00'),('mycms.shop.form.validation.person.city',NULL,'true',NULL,'2015-09-30 10:03:01',NULL,'0000-00-00 00:00:00'),('mycms.shop.form.validation.person.country',NULL,'true',NULL,'2015-09-30 10:03:01',NULL,'0000-00-00 00:00:00'),('mycms.shop.form.validation.person.email',NULL,'true',NULL,'2015-09-30 10:03:01',NULL,'0000-00-00 00:00:00'),('mycms.shop.form.validation.person.firstname',NULL,'true',NULL,'2015-09-30 10:03:01',NULL,'0000-00-00 00:00:00'),('mycms.shop.form.validation.person.lastname',NULL,'true',NULL,'2015-09-30 10:03:01',NULL,'0000-00-00 00:00:00'),('mycms.shop.form.validation.person.sex_label',NULL,'true',NULL,'2015-09-30 10:03:01',NULL,'0000-00-00 00:00:00'),('mycms.shop.form.validation.person.street',NULL,'true',NULL,'2015-09-30 10:03:01',NULL,'0000-00-00 00:00:00'),('mycms.shop.form.validation.person.zipcode',NULL,'true',NULL,'2015-09-30 10:03:01',NULL,'0000-00-00 00:00:00'),('mycms.shop.hotline',NULL,'true',NULL,'2015-09-30 10:03:01',NULL,'0000-00-00 00:00:00'),('mycms.shop.person.city',NULL,'true',NULL,'2015-09-30 10:03:01',NULL,'0000-00-00 00:00:00'),('mycms.shop.person.country',NULL,'true',NULL,'2015-09-30 10:03:01',NULL,'0000-00-00 00:00:00'),('mycms.shop.person.email',NULL,'true',NULL,'2015-09-30 10:03:01',NULL,'0000-00-00 00:00:00'),('mycms.shop.person.firstname',NULL,'true',NULL,'2015-09-30 10:03:01',NULL,'0000-00-00 00:00:00'),('mycms.shop.person.lastname',NULL,'true',NULL,'2015-09-30 10:03:01',NULL,'0000-00-00 00:00:00'),('mycms.shop.person.sex_label',NULL,'true',NULL,'2015-09-30 10:03:01',NULL,'0000-00-00 00:00:00'),('mycms.shop.person.street',NULL,'true',NULL,'2015-09-30 10:03:01',NULL,'0000-00-00 00:00:00'),('mycms.shop.person.zipcode',NULL,'true',NULL,'2015-09-30 10:03:01',NULL,'0000-00-00 00:00:00'),('mycms.shop.toolbox.delivery',NULL,'true',NULL,'2015-09-30 10:03:01',NULL,'0000-00-00 00:00:00'),('mycms.shop.toolbox.help',NULL,'true',NULL,'2015-09-30 10:03:01',NULL,'0000-00-00 00:00:00'),('myshop.shop.invoice.footer.account_number',NULL,'true',NULL,'2015-09-30 10:03:01',NULL,'0000-00-00 00:00:00'),('myshop.shop.invoice.footer.bank_number',NULL,'true',NULL,'2015-09-30 10:03:01',NULL,'0000-00-00 00:00:00'),('myshop.shop.invoice.footer.bic',NULL,'true',NULL,'2015-09-30 10:03:01',NULL,'0000-00-00 00:00:00'),('myshop.shop.invoice.footer.firmenbuch',NULL,'true',NULL,'2015-09-30 10:03:01',NULL,'0000-00-00 00:00:00'),('myshop.shop.invoice.footer.iban',NULL,'true',NULL,'2015-09-30 10:03:01',NULL,'0000-00-00 00:00:00'),('myshop.shop.invoice.footer.uid',NULL,'true',NULL,'2015-09-30 10:03:01',NULL,'0000-00-00 00:00:00'),('navigation.back',NULL,'true',NULL,'2015-09-30 10:03:01',NULL,'0000-00-00 00:00:00'),('navigation.category_in_category',NULL,'true',NULL,'2015-09-30 10:03:01',NULL,'0000-00-00 00:00:00'),('navigation.firstSite',NULL,'true',NULL,'2015-09-30 10:03:01',NULL,'0000-00-00 00:00:00'),('navigation.lastSite',NULL,'true',NULL,'2015-09-30 10:03:01',NULL,'0000-00-00 00:00:00'),('navigation.next',NULL,'true',NULL,'2015-09-30 10:03:01',NULL,'0000-00-00 00:00:00'),('navigation.site',NULL,'true',NULL,'2015-09-30 10:03:01',NULL,'0000-00-00 00:00:00'),('navigation.siteOf',NULL,'true',NULL,'2015-09-30 10:03:01',NULL,'0000-00-00 00:00:00'),('newsletter.accept',NULL,'true',NULL,'2015-09-30 10:03:01',NULL,'0000-00-00 00:00:00'),('newsletter.active',NULL,'true',NULL,'2015-09-30 10:03:01',NULL,'0000-00-00 00:00:00'),('newsletter.add',NULL,'true',NULL,'2015-09-30 10:03:01',NULL,'0000-00-00 00:00:00'),('newsletter.applied_on',NULL,'true',NULL,'2015-09-30 10:03:01',NULL,'0000-00-00 00:00:00'),('newsletter.attachments',NULL,'true',NULL,'2015-09-30 10:03:01',NULL,'0000-00-00 00:00:00'),('newsletter.clicks',NULL,'true',NULL,'2015-09-30 10:03:01',NULL,'0000-00-00 00:00:00'),('newsletter.commons.email',NULL,'true',NULL,'2015-09-30 10:03:01',NULL,'0000-00-00 00:00:00'),('newsletter.commons.mandatory_fields',NULL,'true',NULL,'2015-09-30 10:03:01',NULL,'0000-00-00 00:00:00'),('newsletter.commons.newslettergroups',NULL,'true',NULL,'2015-09-30 10:03:01',NULL,'0000-00-00 00:00:00'),('newsletter.commons.person_firstname',NULL,'true',NULL,'2015-09-30 10:03:01',NULL,'0000-00-00 00:00:00'),('newsletter.commons.person_lastname',NULL,'true',NULL,'2015-09-30 10:03:01',NULL,'0000-00-00 00:00:00'),('newsletter.commons.person_sex',NULL,'true',NULL,'2015-09-30 10:03:01',NULL,'0000-00-00 00:00:00'),('newsletter.commons.person_sex.female',NULL,'true',NULL,'2015-09-30 10:03:01',NULL,'0000-00-00 00:00:00'),('newsletter.commons.person_sex.male',NULL,'true',NULL,'2015-09-30 10:03:01',NULL,'0000-00-00 00:00:00'),('newsletter.commons.person_title',NULL,'true',NULL,'2015-09-30 10:03:01',NULL,'0000-00-00 00:00:00'),('newsletter.data_export',NULL,'true',NULL,'2015-09-30 10:03:01',NULL,'0000-00-00 00:00:00'),('newsletter.data_import',NULL,'true',NULL,'2015-09-30 10:03:01',NULL,'0000-00-00 00:00:00'),('newsletter.delete_group',NULL,'true',NULL,'2015-09-30 10:03:01',NULL,'0000-00-00 00:00:00'),('newsletter.delete_newsletterreceiver',NULL,'true',NULL,'2015-09-30 10:03:01',NULL,'0000-00-00 00:00:00'),('newsletter.delete_receiver',NULL,'true',NULL,'2015-09-30 10:03:01',NULL,'0000-00-00 00:00:00'),('newsletter.delete_receiver_all',NULL,'true',NULL,'2015-09-30 10:03:01',NULL,'0000-00-00 00:00:00'),('newsletter.delete_receiver_all_confirmation',NULL,'true',NULL,'2015-09-30 10:03:01',NULL,'0000-00-00 00:00:00'),('newsletter.delete_selected_receiver',NULL,'true',NULL,'2015-09-30 10:03:01',NULL,'0000-00-00 00:00:00'),('newsletter.delete_selected_receiver_confirmation',NULL,'true',NULL,'2015-09-30 10:03:01',NULL,'0000-00-00 00:00:00'),('newsletter.description_frontend',NULL,'true',NULL,'2015-09-30 10:03:01',NULL,'0000-00-00 00:00:00'),('newsletter.description_internal',NULL,'true',NULL,'2015-09-30 10:03:01',NULL,'0000-00-00 00:00:00'),('newsletter.done',NULL,'true',NULL,'2015-09-30 10:03:01',NULL,'0000-00-00 00:00:00'),('newsletter.duzen',NULL,'true',NULL,'2015-09-30 10:03:01',NULL,'0000-00-00 00:00:00'),('newsletter.edit',NULL,'true',NULL,'2015-09-30 10:03:01',NULL,'0000-00-00 00:00:00'),('newsletter.email',NULL,'true',NULL,'2015-09-30 10:03:01',NULL,'0000-00-00 00:00:00'),('newsletter.email.readmore',NULL,'true',NULL,'2015-09-30 10:03:01',NULL,'0000-00-00 00:00:00'),('newsletter.email.singleoptin.subject',NULL,'true',NULL,'2015-09-30 10:03:01',NULL,'0000-00-00 00:00:00'),('newsletter.field_email',NULL,'true',NULL,'2015-09-30 10:03:01',NULL,'0000-00-00 00:00:00'),('newsletter.field_firstname',NULL,'true',NULL,'2015-09-30 10:03:01',NULL,'0000-00-00 00:00:00'),('newsletter.field_language',NULL,'true',NULL,'2015-09-30 10:03:01',NULL,'0000-00-00 00:00:00'),('newsletter.field_lastname',NULL,'true',NULL,'2015-09-30 10:03:01',NULL,'0000-00-00 00:00:00'),('newsletter.field_salutation',NULL,'true',NULL,'2015-09-30 10:03:01',NULL,'0000-00-00 00:00:00'),('newsletter.field_title',NULL,'true',NULL,'2015-09-30 10:03:01',NULL,'0000-00-00 00:00:00'),('newsletter.file',NULL,'true',NULL,'2015-09-30 10:03:01',NULL,'0000-00-00 00:00:00'),('newsletter.filter_import',NULL,'true',NULL,'2015-09-30 10:03:01',NULL,'0000-00-00 00:00:00'),('newsletter.finish',NULL,'true',NULL,'2015-09-30 10:03:01',NULL,'0000-00-00 00:00:00'),('newsletter.frontend_show',NULL,'true',NULL,'2015-09-30 10:03:01',NULL,'0000-00-00 00:00:00'),('newsletter.greetings',NULL,'true',NULL,'2015-09-30 10:03:01',NULL,'0000-00-00 00:00:00'),('newsletter.group_choose',NULL,'true',NULL,'2015-09-30 10:03:01',NULL,'0000-00-00 00:00:00'),('newsletter.group_hide',NULL,'true',NULL,'2015-09-30 10:03:01',NULL,'0000-00-00 00:00:00'),('newsletter.group_show',NULL,'true',NULL,'2015-09-30 10:03:01',NULL,'0000-00-00 00:00:00'),('newsletter.ignore',NULL,'true',NULL,'2015-09-30 10:03:01',NULL,'0000-00-00 00:00:00'),('newsletter.import',NULL,'true',NULL,'2015-09-30 10:03:01',NULL,'0000-00-00 00:00:00'),('newsletter.import_in_group',NULL,'true',NULL,'2015-09-30 10:03:01',NULL,'0000-00-00 00:00:00'),('newsletter.import_step1',NULL,'true',NULL,'2015-09-30 10:03:01',NULL,'0000-00-00 00:00:00'),('newsletter.import_step2',NULL,'true',NULL,'2015-09-30 10:03:01',NULL,'0000-00-00 00:00:00'),('newsletter.in',NULL,'true',NULL,'2015-09-30 10:03:01',NULL,'0000-00-00 00:00:00'),('newsletter.inprogress',NULL,'true',NULL,'2015-09-30 10:03:01',NULL,'0000-00-00 00:00:00'),('newsletter.keyword_female',NULL,'true',NULL,'2015-09-30 10:03:01',NULL,'0000-00-00 00:00:00'),('newsletter.keyword_male',NULL,'true',NULL,'2015-09-30 10:03:01',NULL,'0000-00-00 00:00:00'),('newsletter.language',NULL,'true',NULL,'2015-09-30 10:03:01',NULL,'0000-00-00 00:00:00'),('newsletter.languageconfig',NULL,'true',NULL,'2015-09-30 10:03:01',NULL,'0000-00-00 00:00:00'),('newsletter.logged_lang',NULL,'true',NULL,'2015-09-30 10:03:01',NULL,'0000-00-00 00:00:00'),('newsletter.moreinfo',NULL,'true',NULL,'2015-09-30 10:03:01',NULL,'0000-00-00 00:00:00'),('newsletter.mr',NULL,'true',NULL,'2015-09-30 10:03:01',NULL,'0000-00-00 00:00:00'),('newsletter.ms',NULL,'true',NULL,'2015-09-30 10:03:01',NULL,'0000-00-00 00:00:00'),('newsletter.name',NULL,'true',NULL,'2015-09-30 10:03:01',NULL,'0000-00-00 00:00:00'),('newsletter.newsletterbuilder.button.add',NULL,'true',NULL,'2015-09-30 10:03:01',NULL,'0000-00-00 00:00:00'),('newsletter.newsletterbuilder.button.send',NULL,'true',NULL,'2015-09-30 10:03:01',NULL,'0000-00-00 00:00:00'),('newsletter.newsletterbuilder.chapter.filters',NULL,'true',NULL,'2015-09-30 10:03:01',NULL,'0000-00-00 00:00:00'),('newsletter.newsletterbuilder.chapter.groups',NULL,'true',NULL,'2015-09-30 10:03:01',NULL,'0000-00-00 00:00:00'),('newsletter.newsletterbuilder.chapter.languages',NULL,'true',NULL,'2015-09-30 10:03:01',NULL,'0000-00-00 00:00:00'),('newsletter.newsletterbuilder.newsletter.add.title',NULL,'true',NULL,'2015-09-30 10:03:01',NULL,'0000-00-00 00:00:00'),('newsletter.newsletterbuilder.newsletter.edit.title',NULL,'true',NULL,'2015-09-30 10:03:01',NULL,'0000-00-00 00:00:00'),('newsletter.newsletterbuilder.overview.articleentry_text',NULL,'true',NULL,'2015-09-30 10:03:01',NULL,'0000-00-00 00:00:00'),('newsletter.newsletterbuilder.overview.articleentry_title',NULL,'true',NULL,'2015-09-30 10:03:01',NULL,'0000-00-00 00:00:00'),('newsletter.newsletterbuilder.overview.click',NULL,'true',NULL,'2015-09-30 10:03:01',NULL,'0000-00-00 00:00:00'),('newsletter.newsletterbuilder.overview.click_rate',NULL,'true',NULL,'2015-09-30 10:03:01',NULL,'0000-00-00 00:00:00'),('newsletter.newsletterbuilder.overview.html_template',NULL,'true',NULL,'2015-09-30 10:03:01',NULL,'0000-00-00 00:00:00'),('newsletter.newsletterbuilder.overview.info',NULL,'true',NULL,'2015-09-30 10:03:01',NULL,'0000-00-00 00:00:00'),('newsletter.newsletterbuilder.overview.recipientcount',NULL,'true',NULL,'2015-09-30 10:03:01',NULL,'0000-00-00 00:00:00'),('newsletter.newsletterbuilder.overview.sendcount',NULL,'true',NULL,'2015-09-30 10:03:01',NULL,'0000-00-00 00:00:00'),('newsletter.newsletterbuilder.overview.table_edit',NULL,'true',NULL,'2015-09-30 10:03:01',NULL,'0000-00-00 00:00:00'),('newsletter.newsletterbuilder.overview.text',NULL,'true',NULL,'2015-09-30 10:03:01',NULL,'0000-00-00 00:00:00'),('newsletter.newsletterbuilder.overview.text_template',NULL,'true',NULL,'2015-09-30 10:03:01',NULL,'0000-00-00 00:00:00'),('newsletter.newsletterbuilder.overview.title',NULL,'true',NULL,'2015-09-30 10:03:01',NULL,'0000-00-00 00:00:00'),('newsletter.newsletterbuilder.overview_send.info',NULL,'true',NULL,'2015-09-30 10:03:01',NULL,'0000-00-00 00:00:00'),('newsletter.newsletterbuilder.overview_send.title',NULL,'true',NULL,'2015-09-30 10:03:01',NULL,'0000-00-00 00:00:00'),('newsletter.newsletterbuilder.state.finished',NULL,'true',NULL,'2015-09-30 10:03:01',NULL,'0000-00-00 00:00:00'),('newsletter.newsletterbuilder.state.progress',NULL,'true',NULL,'2015-09-30 10:03:01',NULL,'0000-00-00 00:00:00'),('newsletter.newsletterbuilder.state.send',NULL,'true',NULL,'2015-09-30 10:03:01',NULL,'0000-00-00 00:00:00'),('newsletter.newsletterbuilder.statistic.clicks',NULL,'true',NULL,'2015-09-30 10:03:01',NULL,'0000-00-00 00:00:00'),('newsletter.newsletterbuilder.statistic.link',NULL,'true',NULL,'2015-09-30 10:03:01',NULL,'0000-00-00 00:00:00'),('newsletter.newsletterbuilder.statistic.title',NULL,'true',NULL,'2015-09-30 10:03:01',NULL,'0000-00-00 00:00:00'),('newsletter.newsletterbuilder.subitem.add',NULL,'true',NULL,'2015-09-30 10:03:01',NULL,'0000-00-00 00:00:00'),('newsletter.newsletterbuilder.subitem.button.edit',NULL,'true',NULL,'2015-09-30 10:03:01',NULL,'0000-00-00 00:00:00'),('newsletter.newsletterbuilder.subitem.edit',NULL,'true',NULL,'2015-09-30 10:03:01',NULL,'0000-00-00 00:00:00'),('newsletter.newsletterbuilder.subitem.link',NULL,'true',NULL,'2015-09-30 10:03:01',NULL,'0000-00-00 00:00:00'),('newsletter.newsletterbuilder.subitem.overview.title',NULL,'true',NULL,'2015-09-30 10:03:01',NULL,'0000-00-00 00:00:00'),('newsletter.newsletterbuilder.subitem.pciture',NULL,'true',NULL,'2015-09-30 10:03:01',NULL,'0000-00-00 00:00:00'),('newsletter.newsletterbuilder.subitem.text',NULL,'true',NULL,'2015-09-30 10:03:01',NULL,'0000-00-00 00:00:00'),('newsletter.newsletterbuilder.subitem.title',NULL,'true',NULL,'2015-09-30 10:03:01',NULL,'0000-00-00 00:00:00'),('newsletter.newsletterbuilder.testmail.send',NULL,'true',NULL,'2015-09-30 10:03:01',NULL,'0000-00-00 00:00:00'),('newsletter.newsletterbuilder.testmail.send.default',NULL,'true',NULL,'2015-09-30 10:03:01',NULL,'0000-00-00 00:00:00'),('newsletter.newsletterbuildermodel.recipients.deleted',NULL,'true',NULL,'2015-09-30 10:03:01',NULL,'0000-00-00 00:00:00'),('newsletter.newsletterbuildermodel.state.building',NULL,'true',NULL,'2015-09-30 10:03:01',NULL,'0000-00-00 00:00:00'),('newsletter.newsletterbuildermodel.state.finished',NULL,'true',NULL,'2015-09-30 10:03:01',NULL,'0000-00-00 00:00:00'),('newsletter.newsletterbuildermodel.state.running',NULL,'true',NULL,'2015-09-30 10:03:01',NULL,'0000-00-00 00:00:00'),('newsletter.newsletterbuilderrecipientmodel.recipients.added',NULL,'true',NULL,'2015-09-30 10:03:01',NULL,'0000-00-00 00:00:00'),('newsletter.newsletterbuilderrecipientmodel.unknownnewsletter',NULL,'true',NULL,'2015-09-30 10:03:01',NULL,'0000-00-00 00:00:00'),('newsletter.newsletterbuildersendmodel.norecipients',NULL,'true',NULL,'2015-09-30 10:03:01',NULL,'0000-00-00 00:00:00'),('newsletter.newsletterimportmodel.emailerror',NULL,'true',NULL,'2015-09-30 10:03:01',NULL,'0000-00-00 00:00:00'),('newsletter.newsletterimportmodel.entries.count.emailerror',NULL,'true',NULL,'2015-09-30 10:03:01',NULL,'0000-00-00 00:00:00'),('newsletter.newsletterimportmodel.entries.duplicate',NULL,'true',NULL,'2015-09-30 10:03:01',NULL,'0000-00-00 00:00:00'),('newsletter.newsletterimportmodel.error',NULL,'true',NULL,'2015-09-30 10:03:01',NULL,'0000-00-00 00:00:00'),('newsletter.newsletterimportmodel.file.noentries',NULL,'true',NULL,'2015-09-30 10:03:01',NULL,'0000-00-00 00:00:00'),('newsletter.newsletterimportmodel.file.notfound',NULL,'true',NULL,'2015-09-30 10:03:01',NULL,'0000-00-00 00:00:00'),('newsletter.newsletterimportmodel.file.recipientnotfound',NULL,'true',NULL,'2015-09-30 10:03:01',NULL,'0000-00-00 00:00:00'),('newsletter.newsletterimportmodel.importfrom',NULL,'true',NULL,'2015-09-30 10:03:01',NULL,'0000-00-00 00:00:00'),('newsletter.newsletterimportmodel.languagenotresolved',NULL,'true',NULL,'2015-09-30 10:03:01',NULL,'0000-00-00 00:00:00'),('newsletter.newsletterimportmodel.manyerrors',NULL,'true',NULL,'2015-09-30 10:03:01',NULL,'0000-00-00 00:00:00'),('newsletter.newsletterimportmodel.nogrp',NULL,'true',NULL,'2015-09-30 10:03:01',NULL,'0000-00-00 00:00:00'),('newsletter.newsletterimportmodel.recipients.count.added',NULL,'true',NULL,'2015-09-30 10:03:01',NULL,'0000-00-00 00:00:00'),('newsletter.newsletterimportmodel.recipients.count.updated',NULL,'true',NULL,'2015-09-30 10:03:01',NULL,'0000-00-00 00:00:00'),('newsletter.newsletterimportmodel.upload.error',NULL,'true',NULL,'2015-09-30 10:03:01',NULL,'0000-00-00 00:00:00'),('newsletter.newsletterimportmodel.upload.incomplete',NULL,'true',NULL,'2015-09-30 10:03:01',NULL,'0000-00-00 00:00:00'),('newsletter.newsletterimportmodel.upload.nothinguploaded',NULL,'true',NULL,'2015-09-30 10:03:01',NULL,'0000-00-00 00:00:00'),('newsletter.newsletterimportmodel.upload.toobig',NULL,'true',NULL,'2015-09-30 10:03:01',NULL,'0000-00-00 00:00:00'),('newsletter.newsletterpreviewmodel.nolanguages',NULL,'true',NULL,'2015-09-30 10:03:01',NULL,'0000-00-00 00:00:00'),('newsletter.newsletterpreviewmodel.norecipient',NULL,'true',NULL,'2015-09-30 10:03:01',NULL,'0000-00-00 00:00:00'),('newsletter.newslettersendmodel.newsletternotfound',NULL,'true',NULL,'2015-09-30 10:03:01',NULL,'0000-00-00 00:00:00'),('newsletter.newslettersendmodel.noemail',NULL,'true',NULL,'2015-09-30 10:03:01',NULL,'0000-00-00 00:00:00'),('newsletter.newslettersendmodel.nosubject',NULL,'true',NULL,'2015-09-30 10:03:01',NULL,'0000-00-00 00:00:00'),('newsletter.newslettersendmodel.notemplateset',NULL,'true',NULL,'2015-09-30 10:03:01',NULL,'0000-00-00 00:00:00'),('newsletter.newslettersendmodel.personnotfound',NULL,'true',NULL,'2015-09-30 10:03:01',NULL,'0000-00-00 00:00:00'),('newsletter.newslettersendmodel.senderror',NULL,'true',NULL,'2015-09-30 10:03:01',NULL,'0000-00-00 00:00:00'),('newsletter.newsletter_receiver_group_add',NULL,'true',NULL,'2015-09-30 10:03:01',NULL,'0000-00-00 00:00:00'),('newsletter.newsletter_receiver_group_edit',NULL,'true',NULL,'2015-09-30 10:03:01',NULL,'0000-00-00 00:00:00'),('newsletter.newsletter_start',NULL,'true',NULL,'2015-09-30 10:03:01',NULL,'0000-00-00 00:00:00'),('newsletter.no',NULL,'true',NULL,'2015-09-30 10:03:01',NULL,'0000-00-00 00:00:00'),('newsletter.noimport',NULL,'true',NULL,'2015-09-30 10:03:01',NULL,'0000-00-00 00:00:00'),('newsletter.no_newsletter',NULL,'true',NULL,'2015-09-30 10:03:01',NULL,'0000-00-00 00:00:00'),('newsletter.person_email',NULL,'true',NULL,'2015-09-30 10:03:01',NULL,'0000-00-00 00:00:00'),('newsletter.person_firstname',NULL,'true',NULL,'2015-09-30 10:03:01',NULL,'0000-00-00 00:00:00'),('newsletter.person_lastname',NULL,'true',NULL,'2015-09-30 10:03:01',NULL,'0000-00-00 00:00:00'),('newsletter.person_title',NULL,'true',NULL,'2015-09-30 10:03:01',NULL,'0000-00-00 00:00:00'),('newsletter.preview',NULL,'true',NULL,'2015-09-30 10:03:01',NULL,'0000-00-00 00:00:00'),('newsletter.preview_email',NULL,'true',NULL,'2015-09-30 10:03:01',NULL,'0000-00-00 00:00:00'),('newsletter.progress_lang',NULL,'true',NULL,'2015-09-30 10:03:01',NULL,'0000-00-00 00:00:00'),('newsletter.receiver',NULL,'true',NULL,'2015-09-30 10:03:01',NULL,'0000-00-00 00:00:00'),('newsletter.receiver_add',NULL,'true',NULL,'2015-09-30 10:03:01',NULL,'0000-00-00 00:00:00'),('newsletter.receiver_count',NULL,'true',NULL,'2015-09-30 10:03:01',NULL,'0000-00-00 00:00:00'),('newsletter.receiver_delete_confirmation',NULL,'true',NULL,'2015-09-30 10:03:01',NULL,'0000-00-00 00:00:00'),('newsletter.receiver_edit',NULL,'true',NULL,'2015-09-30 10:03:01',NULL,'0000-00-00 00:00:00'),('newsletter.receiver_email',NULL,'true',NULL,'2015-09-30 10:03:01',NULL,'0000-00-00 00:00:00'),('newsletter.receiver_group',NULL,'true',NULL,'2015-09-30 10:03:01',NULL,'0000-00-00 00:00:00'),('newsletter.receiver_group_add',NULL,'true',NULL,'2015-09-30 10:03:01',NULL,'0000-00-00 00:00:00'),('newsletter.receiver_import',NULL,'true',NULL,'2015-09-30 10:03:01',NULL,'0000-00-00 00:00:00'),('newsletter.receiver_import_finished',NULL,'true',NULL,'2015-09-30 10:03:01',NULL,'0000-00-00 00:00:00'),('newsletter.receiver_list_info',NULL,'true',NULL,'2015-09-30 10:03:01',NULL,'0000-00-00 00:00:00'),('newsletter.receiver_showall',NULL,'true',NULL,'2015-09-30 10:03:01',NULL,'0000-00-00 00:00:00'),('newsletter.receiver_show_groupless',NULL,'true',NULL,'2015-09-30 10:03:01',NULL,'0000-00-00 00:00:00'),('newsletter.recipient.salutation',NULL,'true',NULL,'2015-09-30 10:03:01',NULL,'0000-00-00 00:00:00'),('newsletter.recipient.salutation.female',NULL,'true',NULL,'2015-09-30 10:03:01',NULL,'0000-00-00 00:00:00'),('newsletter.recipient.salutation.female_personal',NULL,'true',NULL,'2015-09-30 10:03:01',NULL,'0000-00-00 00:00:00'),('newsletter.recipient.salutation.male',NULL,'true',NULL,'2015-09-30 10:03:01',NULL,'0000-00-00 00:00:00'),('newsletter.recipient.salutation.male_personal',NULL,'true',NULL,'2015-09-30 10:03:01',NULL,'0000-00-00 00:00:00'),('newsletter.salutation',NULL,'true',NULL,'2015-09-30 10:03:01',NULL,'0000-00-00 00:00:00'),('newsletter.send',NULL,'true',NULL,'2015-09-30 10:03:01',NULL,'0000-00-00 00:00:00'),('newsletter.subscription.button.title',NULL,'true',NULL,'2015-09-30 10:03:01',NULL,'0000-00-00 00:00:00'),('newsletter.testemail',NULL,'true',NULL,'2015-09-30 10:03:01',NULL,'0000-00-00 00:00:00'),('newsletter.title',NULL,'true',NULL,'2015-09-30 10:03:01',NULL,'0000-00-00 00:00:00'),('newsletter.unknown',NULL,'true',NULL,'2015-09-30 10:03:01',NULL,'0000-00-00 00:00:00'),('newsletter.unsubscription.button.title',NULL,'true',NULL,'2015-09-30 10:03:01',NULL,'0000-00-00 00:00:00'),('newsletter.unsubscription.form.title',NULL,'true',NULL,'2015-09-30 10:03:01',NULL,'0000-00-00 00:00:00'),('newsletter.use',NULL,'true',NULL,'2015-09-30 10:03:01',NULL,'0000-00-00 00:00:00'),('newsletter.usenot',NULL,'true',NULL,'2015-09-30 10:03:01',NULL,'0000-00-00 00:00:00'),('newsletter.validation.email',NULL,'true',NULL,'2015-09-30 10:03:01',NULL,'0000-00-00 00:00:00'),('newsletter.validation.email_not_found',NULL,'true',NULL,'2015-09-30 10:03:01',NULL,'0000-00-00 00:00:00'),('newsletter.validation.newslettergroups',NULL,'true',NULL,'2015-09-30 10:03:01',NULL,'0000-00-00 00:00:00'),('newsletter.validation.person_firstname',NULL,'true',NULL,'2015-09-30 10:03:01',NULL,'0000-00-00 00:00:00'),('newsletter.validation.person_lastname',NULL,'true',NULL,'2015-09-30 10:03:01',NULL,'0000-00-00 00:00:00'),('newsletter.validation.person_sex',NULL,'true',NULL,'2015-09-30 10:03:01',NULL,'0000-00-00 00:00:00'),('order.custom.frame.sizes.not.valid',NULL,'false',NULL,'2016-08-10 19:45:03',NULL,'0000-00-00 00:00:00'),('path.customer',NULL,'true',NULL,'2015-09-30 10:03:01',NULL,'0000-00-00 00:00:00'),('path.order',NULL,'true',NULL,'2015-09-30 10:03:01',NULL,'0000-00-00 00:00:00'),('path.search',NULL,'true',NULL,'2015-09-30 10:03:01',NULL,'0000-00-00 00:00:00'),('path.shop_articlecompare',NULL,'true',NULL,'2015-09-30 10:03:01',NULL,'0000-00-00 00:00:00'),('path.shop_brandnew',NULL,'true',NULL,'2015-09-30 10:03:01',NULL,'0000-00-00 00:00:00'),('path.shop_brands',NULL,'true',NULL,'2015-09-30 10:03:01',NULL,'0000-00-00 00:00:00'),('path.shop_cart',NULL,'true',NULL,'2015-09-30 10:03:01',NULL,'0000-00-00 00:00:00'),('path.shop_checkout',NULL,'true',NULL,'2015-09-30 10:03:01',NULL,'0000-00-00 00:00:00'),('path.shop_checkout_now',NULL,'true',NULL,'2015-09-30 10:03:01',NULL,'0000-00-00 00:00:00'),('path.shop_checkout_offer',NULL,'true',NULL,'2015-09-30 10:03:01',NULL,'0000-00-00 00:00:00'),('path.shop_checkout_order',NULL,'true',NULL,'2015-09-30 10:03:01',NULL,'0000-00-00 00:00:00'),('path.shop_comment',NULL,'true',NULL,'2015-09-30 10:03:01',NULL,'0000-00-00 00:00:00'),('path.shop_customer',NULL,'true',NULL,'2015-09-30 10:03:01',NULL,'0000-00-00 00:00:00'),('path.shop_customer_account',NULL,'true',NULL,'2015-09-30 10:03:01',NULL,'0000-00-00 00:00:00'),('path.shop_customer_addresses',NULL,'true',NULL,'2015-09-30 10:03:01',NULL,'0000-00-00 00:00:00'),('path.shop_customer_carpenters',NULL,'false',NULL,'2016-08-10 19:45:03',NULL,'0000-00-00 00:00:00'),('path.shop_customer_changepassword',NULL,'true',NULL,'2015-09-30 10:03:01',NULL,'0000-00-00 00:00:00'),('path.shop_customer_login',NULL,'true',NULL,'2015-09-30 10:03:01',NULL,'0000-00-00 00:00:00'),('path.shop_customer_lostpassword',NULL,'true',NULL,'2015-09-30 10:03:01',NULL,'0000-00-00 00:00:00'),('path.shop_customer_orders',NULL,'true',NULL,'2015-09-30 10:03:01',NULL,'0000-00-00 00:00:00'),('path.shop_customer_signup',NULL,'true',NULL,'2015-09-30 10:03:01',NULL,'0000-00-00 00:00:00'),('path.shop_partner',NULL,'true',NULL,'2015-09-30 10:03:01',NULL,'0000-00-00 00:00:00'),('path.shop_quickrating',NULL,'true',NULL,'2015-09-30 10:03:01',NULL,'0000-00-00 00:00:00'),('path.shop_sale',NULL,'true',NULL,'2015-09-30 10:03:01',NULL,'0000-00-00 00:00:00'),('path.shop_similar_article',NULL,'true',NULL,'2015-09-30 10:03:01',NULL,'0000-00-00 00:00:00'),('path.shop_tellafriend',NULL,'true',NULL,'2015-09-30 10:03:01',NULL,'0000-00-00 00:00:00'),('path.shop_topseller',NULL,'true',NULL,'2015-09-30 10:03:01',NULL,'0000-00-00 00:00:00'),('path.site',NULL,'true',NULL,'2015-09-30 10:03:01',NULL,'0000-00-00 00:00:00'),('plupload.btn.add',NULL,'true',NULL,'2015-09-30 10:03:01',NULL,'0000-00-00 00:00:00'),('plupload.btn.upload',NULL,'true',NULL,'2015-09-30 10:03:01',NULL,'0000-00-00 00:00:00'),('plupload.choosefile',NULL,'true',NULL,'2015-09-30 10:03:01',NULL,'0000-00-00 00:00:00'),('plupload.dataforall',NULL,'true',NULL,'2015-09-30 10:03:01',NULL,'0000-00-00 00:00:00'),('plupload.dataforall.title',NULL,'true',NULL,'2015-09-30 10:03:01',NULL,'0000-00-00 00:00:00'),('plupload.dataforall.warning',NULL,'true',NULL,'2015-09-30 10:03:01',NULL,'0000-00-00 00:00:00'),('plupload.dragdrop',NULL,'true',NULL,'2015-09-30 10:03:01',NULL,'0000-00-00 00:00:00'),('plupload.filename',NULL,'true',NULL,'2015-09-30 10:03:01',NULL,'0000-00-00 00:00:00'),('plupload.getflash',NULL,'true',NULL,'2015-09-30 10:03:01',NULL,'0000-00-00 00:00:00'),('plupload.size',NULL,'true',NULL,'2015-09-30 10:03:01',NULL,'0000-00-00 00:00:00'),('plupload.status',NULL,'true',NULL,'2015-09-30 10:03:01',NULL,'0000-00-00 00:00:00'),('shop.account.journalgroup.defaultname',NULL,'true',NULL,'2015-09-30 10:03:01',NULL,'0000-00-00 00:00:00'),('shop.account.journalgroup.name.closed_append',NULL,'true',NULL,'2015-09-30 10:03:01',NULL,'0000-00-00 00:00:00'),('shop.authorization.login_withcode_failure',NULL,'true',NULL,'2015-09-30 10:03:01',NULL,'0000-00-00 00:00:00'),('shop.authorization.login_withcode_failure.text',NULL,'true',NULL,'2015-09-30 10:03:01',NULL,'0000-00-00 00:00:00'),('shop.brands.path_prefix',NULL,'true',NULL,'2015-09-30 10:03:01',NULL,'0000-00-00 00:00:00'),('shop.brands.shopcategory_shoparticleattributeitem.listing.title',NULL,'true',NULL,'2015-09-30 10:03:01',NULL,'0000-00-00 00:00:00'),('shop.breadcrumbs.link.back.name',NULL,'true',NULL,'2015-09-30 10:03:01',NULL,'0000-00-00 00:00:00'),('shop.breadcrumbs.link.back.title',NULL,'true',NULL,'2015-09-30 10:03:01',NULL,'0000-00-00 00:00:00'),('shop.breadcrumbs.link.home.name',NULL,'true',NULL,'2015-09-30 10:03:01',NULL,'0000-00-00 00:00:00'),('shop.breadcrumbs.link.next.name',NULL,'true',NULL,'2015-09-30 10:03:01',NULL,'0000-00-00 00:00:00'),('shop.breadcrumbs.link.prev.name',NULL,'true',NULL,'2015-09-30 10:03:01',NULL,'0000-00-00 00:00:00'),('shop.cart.addbundle_changeable.failed.desc.general',NULL,'true',NULL,'2015-09-30 10:03:01',NULL,'0000-00-00 00:00:00'),('shop.cart.addbundle_changeable.failed.title.general',NULL,'true',NULL,'2015-09-30 10:03:01',NULL,'0000-00-00 00:00:00'),('shop.cart.addbundle_changeable.validation.too_less',NULL,'true',NULL,'2015-09-30 10:03:01',NULL,'0000-00-00 00:00:00'),('shop.cart.addbundle_changeable.validation.too_much',NULL,'true',NULL,'2015-09-30 10:03:01',NULL,'0000-00-00 00:00:00'),('shop.cart.addshoparticle.failed.many.variants.text',NULL,'true',NULL,'2015-09-30 10:03:01',NULL,'0000-00-00 00:00:00'),('shop.cart.addshoparticle.failed.many.variants.title',NULL,'true',NULL,'2015-09-30 10:03:01',NULL,'0000-00-00 00:00:00'),('shop.cart.amount',NULL,'true',NULL,'2015-09-30 10:03:01',NULL,'0000-00-00 00:00:00'),('shop.cart.errormessage_title',NULL,'true',NULL,'2015-09-30 10:03:01',NULL,'0000-00-00 00:00:00'),('shop.cart.item.delivery.state.message.available',NULL,'true',NULL,'2015-09-30 10:03:01',NULL,'0000-00-00 00:00:00'),('shop.cart.item.special_offer.message',NULL,'true',NULL,'2016-08-10 19:45:03',NULL,'0000-00-00 00:00:00'),('shop.cart.message.locked.description',NULL,'true',NULL,'2015-09-30 10:03:01',NULL,'0000-00-00 00:00:00'),('shop.cart.message.locked.title',NULL,'true',NULL,'2015-09-30 10:03:01',NULL,'0000-00-00 00:00:00'),('shop.cart.message.product_not_available',NULL,'true',NULL,'2015-09-30 10:03:01',NULL,'0000-00-00 00:00:00'),('shop.cart.message.product_to_less_available.text',NULL,'true',NULL,'2015-09-30 10:03:01',NULL,'0000-00-00 00:00:00'),('shop.cart.message.product_to_less_available.title',NULL,'true',NULL,'2015-09-30 10:03:01',NULL,'0000-00-00 00:00:00'),('shop.cart.message.too_many_items',NULL,'true',NULL,'2015-09-30 10:03:01',NULL,'0000-00-00 00:00:00'),('shop.cart.message.voucher.redeem.text',NULL,'true',NULL,'2015-09-30 10:03:01',NULL,'0000-00-00 00:00:00'),('shop.cart.message.voucher.redeem.title',NULL,'true',NULL,'2015-09-30 10:03:01',NULL,'0000-00-00 00:00:00'),('shop.cart.sum_price_vat.excl',NULL,'true',NULL,'2015-09-30 10:03:01',NULL,'0000-00-00 00:00:00'),('shop.cart.sum_price_vat.incl',NULL,'true',NULL,'2015-09-30 10:03:01',NULL,'0000-00-00 00:00:00'),('shop.cart.unit_price.excl',NULL,'true',NULL,'2015-09-30 10:03:01',NULL,'0000-00-00 00:00:00'),('shop.cart.unit_price.incl',NULL,'true',NULL,'2015-09-30 10:03:01',NULL,'0000-00-00 00:00:00'),('shop.catalog.brand.title.default',NULL,'true',NULL,'2015-09-30 10:03:01',NULL,'0000-00-00 00:00:00'),('shop.catalog.category.title.default.brand',NULL,'true',NULL,'2015-09-30 10:03:01',NULL,'0000-00-00 00:00:00'),('shop.catalog.category.title.default.page_suffix',NULL,'true',NULL,'2015-09-30 10:03:01',NULL,'0000-00-00 00:00:00'),('shop.catalog.category.title.default.suffix',NULL,'true',NULL,'2015-09-30 10:03:01',NULL,'0000-00-00 00:00:00'),('shop.catalog.comment.auth.message',NULL,'true',NULL,'2015-09-30 10:03:01',NULL,'0000-00-00 00:00:00'),('shop.catalog.comment.auth.message_sub',NULL,'true',NULL,'2015-09-30 10:03:01',NULL,'0000-00-00 00:00:00'),('shop.catalog.comment.field.Comment_Active',NULL,'true',NULL,'2015-09-30 10:03:01',NULL,'0000-00-00 00:00:00'),('shop.catalog.comment.form.legend',NULL,'true',NULL,'2015-09-30 10:03:01',NULL,'0000-00-00 00:00:00'),('shop.catalog.comment.success.message',NULL,'true',NULL,'2015-09-30 10:03:01',NULL,'0000-00-00 00:00:00'),('shop.catalog.comment.success.title',NULL,'true',NULL,'2015-09-30 10:03:01',NULL,'0000-00-00 00:00:00'),('shop.catalog.comment.title',NULL,'true',NULL,'2015-09-30 10:03:01',NULL,'0000-00-00 00:00:00'),('shop.catalog.commons.addabotocart',NULL,'true',NULL,'2015-09-30 10:03:01',NULL,'0000-00-00 00:00:00'),('shop.catalog.commons.addtocart',NULL,'true',NULL,'2015-09-30 10:03:01',NULL,'0000-00-00 00:00:00'),('shop.catalog.commons.articleamount',NULL,'true',NULL,'2015-09-30 10:03:01',NULL,'0000-00-00 00:00:00'),('shop.catalog.commons.articlenumber_short_abbr',NULL,'true',NULL,'2015-09-30 10:03:01',NULL,'0000-00-00 00:00:00'),('shop.catalog.commons.checks.fastdelivery',NULL,'false',NULL,'2015-09-30 10:03:01',NULL,'0000-00-00 00:00:00'),('shop.catalog.commons.checks.freedelivery',NULL,'false',NULL,'2015-09-30 10:03:01',NULL,'0000-00-00 00:00:00'),('shop.catalog.commons.contents',NULL,'true',NULL,'2015-09-30 10:03:01',NULL,'0000-00-00 00:00:00'),('shop.catalog.commons.currently_not_available',NULL,'true',NULL,'2015-09-30 10:03:01',NULL,'0000-00-00 00:00:00'),('shop.catalog.commons.date',NULL,'true',NULL,'2015-09-30 10:03:01',NULL,'0000-00-00 00:00:00'),('shop.catalog.commons.datetime',NULL,'true',NULL,'2015-09-30 10:03:01',NULL,'0000-00-00 00:00:00'),('shop.catalog.commons.downloads',NULL,'true',NULL,'2015-09-30 10:03:01',NULL,'0000-00-00 00:00:00'),('shop.catalog.commons.email',NULL,'true',NULL,'2015-09-30 10:03:01',NULL,'0000-00-00 00:00:00'),('shop.catalog.commons.footer.payment',NULL,'false',NULL,'2015-09-30 10:03:01',NULL,'0000-00-00 00:00:00'),('shop.catalog.commons.footer.shippingcost',NULL,'true',NULL,'2015-09-30 10:03:01',NULL,'0000-00-00 00:00:00'),('shop.catalog.commons.from',NULL,'true',NULL,'2015-09-30 10:03:01',NULL,'0000-00-00 00:00:00'),('shop.catalog.commons.goto_details',NULL,'true',NULL,'2015-09-30 10:03:01',NULL,'0000-00-00 00:00:00'),('shop.catalog.commons.grandtotal',NULL,'true',NULL,'2015-09-30 10:03:01',NULL,'0000-00-00 00:00:00'),('shop.catalog.commons.instead',NULL,'true',NULL,'2015-09-30 10:03:01',NULL,'0000-00-00 00:00:00'),('shop.catalog.commons.more_links',NULL,'true',NULL,'2015-09-30 10:03:01',NULL,'0000-00-00 00:00:00'),('shop.catalog.commons.only',NULL,'true',NULL,'2015-09-30 10:03:01',NULL,'0000-00-00 00:00:00'),('shop.catalog.commons.ordernumber',NULL,'true',NULL,'2015-09-30 10:03:01',NULL,'0000-00-00 00:00:00'),('shop.catalog.commons.order_now',NULL,'true',NULL,'2015-09-30 10:03:01',NULL,'0000-00-00 00:00:00'),('shop.catalog.commons.order_now_check',NULL,'true',NULL,'2015-09-30 10:03:01',NULL,'0000-00-00 00:00:00'),('shop.catalog.commons.save',NULL,'false',NULL,'2016-08-10 19:45:03',NULL,'0000-00-00 00:00:00'),('shop.catalog.commons.state',NULL,'true',NULL,'2015-09-30 10:03:01',NULL,'0000-00-00 00:00:00'),('shop.catalog.commons.state.delivered',NULL,'true',NULL,'2015-09-30 10:03:01',NULL,'0000-00-00 00:00:00'),('shop.catalog.commons.state.processing',NULL,'true',NULL,'2015-09-30 10:03:01',NULL,'0000-00-00 00:00:00'),('shop.catalog.commons.state.storno',NULL,'true',NULL,'2015-09-30 10:03:01',NULL,'0000-00-00 00:00:00'),('shop.catalog.commons.symbolicimage',NULL,'true',NULL,'2015-09-30 10:03:01',NULL,'0000-00-00 00:00:00'),('shop.catalog.commons.unit',NULL,'true',NULL,'2015-09-30 10:03:01',NULL,'0000-00-00 00:00:00'),('shop.catalog.commons.unit_abbr',NULL,'true',NULL,'2015-09-30 10:03:01',NULL,'0000-00-00 00:00:00'),('shop.catalog.commons.videos',NULL,'true',NULL,'2015-09-30 10:03:01',NULL,'0000-00-00 00:00:00'),('shop.catalog.detail.abo_option',NULL,'true',NULL,'2015-09-30 10:03:01',NULL,'0000-00-00 00:00:00'),('shop.catalog.detail.comment.add_comment',NULL,'true',NULL,'2015-09-30 10:03:01',NULL,'0000-00-00 00:00:00'),('shop.catalog.detail.comment.add_rating',NULL,'true',NULL,'2015-09-30 10:03:01',NULL,'0000-00-00 00:00:00'),('shop.catalog.detail.comment.already_added.message',NULL,'true',NULL,'2015-09-30 10:03:01',NULL,'0000-00-00 00:00:00'),('shop.catalog.detail.comment.already_added.title',NULL,'true',NULL,'2015-09-30 10:03:01',NULL,'0000-00-00 00:00:00'),('shop.catalog.detail.comment.average_rating',NULL,'true',NULL,'2015-09-30 10:03:01',NULL,'0000-00-00 00:00:00'),('shop.catalog.detail.comment.list.date',NULL,'true',NULL,'2015-09-30 10:03:01',NULL,'0000-00-00 00:00:00'),('shop.catalog.detail.comment.list.rating',NULL,'true',NULL,'2015-09-30 10:03:01',NULL,'0000-00-00 00:00:00'),('shop.catalog.detail.comment.list.title.comment',NULL,'true',NULL,'2015-09-30 10:03:01',NULL,'0000-00-00 00:00:00'),('shop.catalog.detail.comment.list.title.comment_missing',NULL,'true',NULL,'2015-09-30 10:03:01',NULL,'0000-00-00 00:00:00'),('shop.catalog.detail.comment.list.title.rating',NULL,'true',NULL,'2015-09-30 10:03:01',NULL,'0000-00-00 00:00:00'),('shop.catalog.detail.comment.list.title.rating_missing',NULL,'true',NULL,'2015-09-30 10:03:01',NULL,'0000-00-00 00:00:00'),('shop.catalog.detail.comment.no_comment',NULL,'true',NULL,'2015-09-30 10:03:01',NULL,'0000-00-00 00:00:00'),('shop.catalog.detail.comment.no_rating',NULL,'true',NULL,'2015-09-30 10:03:01',NULL,'0000-00-00 00:00:00'),('shop.catalog.detail.comment.rating_summary',NULL,'true',NULL,'2015-09-30 10:03:01',NULL,'0000-00-00 00:00:00'),('shop.catalog.detail.delivery.free',NULL,'true',NULL,'2015-09-30 10:03:01',NULL,'0000-00-00 00:00:00'),('shop.catalog.detail.item.article_number',NULL,'true',NULL,'2015-09-30 10:03:01',NULL,'0000-00-00 00:00:00'),('shop.catalog.detail.item.ean',NULL,'true',NULL,'2015-09-30 10:03:01',NULL,'0000-00-00 00:00:00'),('shop.catalog.detail.product_not_found.message.text',NULL,'true',NULL,'2015-09-30 10:03:01',NULL,'0000-00-00 00:00:00'),('shop.catalog.detail.product_not_found.message.title',NULL,'true',NULL,'2015-09-30 10:03:01',NULL,'0000-00-00 00:00:00'),('shop.catalog.detail.show_abo_options',NULL,'true',NULL,'2015-09-30 10:03:01',NULL,'0000-00-00 00:00:00'),('shop.catalog.detail.subbox_text',NULL,'true',NULL,'2015-09-30 10:03:01',NULL,'0000-00-00 00:00:00'),('shop.catalog.detail.title.default',NULL,'true',NULL,'2015-09-30 10:03:01',NULL,'0000-00-00 00:00:00'),('shop.catalog.detail.title.default.category',NULL,'true',NULL,'2015-09-30 10:03:01',NULL,'0000-00-00 00:00:00'),('shop.catalog.detail.title.default.suffix',NULL,'true',NULL,'2015-09-30 10:03:01',NULL,'0000-00-00 00:00:00'),('shop.catalog.detail.title.default.suffix.free_shipping',NULL,'true',NULL,'2015-09-30 10:03:01',NULL,'0000-00-00 00:00:00'),('shop.catalog.pageturn.products.found',NULL,'true',NULL,'2015-09-30 10:03:01',NULL,'0000-00-00 00:00:00'),('shop.catalog.productlist.brand',NULL,'true',NULL,'2015-09-30 10:03:01',NULL,'0000-00-00 00:00:00'),('shop.catalog.productlist.rating',NULL,'true',NULL,'2015-09-30 10:03:01',NULL,'0000-00-00 00:00:00'),('shop.catalog.productlist.rating_count',NULL,'true',NULL,'2015-09-30 10:03:01',NULL,'0000-00-00 00:00:00'),('shop.catalog.productlist.rating_count.singular',NULL,'true',NULL,'2015-09-30 10:03:01',NULL,'0000-00-00 00:00:00'),('shop.common.release',NULL,'false',NULL,'2016-08-10 19:45:03',NULL,'0000-00-00 00:00:00'),('shop.commons.about_us',NULL,'true',NULL,'2015-09-30 10:03:01',NULL,'0000-00-00 00:00:00'),('shop.commons.academicgrade',NULL,'true',NULL,'2015-09-30 10:03:01',NULL,'0000-00-00 00:00:00'),('shop.commons.add',NULL,'true',NULL,'2015-09-30 10:03:01',NULL,'0000-00-00 00:00:00'),('shop.commons.additionalname',NULL,'true',NULL,'2015-09-30 10:03:01',NULL,'0000-00-00 00:00:00'),('shop.commons.additional_remarks',NULL,'true',NULL,'2015-09-30 10:03:01',NULL,'0000-00-00 00:00:00'),('shop.commons.address',NULL,'true',NULL,'2015-09-30 10:03:01',NULL,'0000-00-00 00:00:00'),('shop.commons.all',NULL,'true',NULL,'2015-09-30 10:03:01',NULL,'0000-00-00 00:00:00'),('shop.commons.allfilters',NULL,'true',NULL,'2015-09-30 10:03:01',NULL,'0000-00-00 00:00:00'),('shop.commons.already_customer',NULL,'true',NULL,'2015-09-30 10:03:01',NULL,'0000-00-00 00:00:00'),('shop.commons.anonymous_customer',NULL,'true',NULL,'2015-09-30 10:03:01',NULL,'0000-00-00 00:00:00'),('shop.commons.anonymous_customer_text',NULL,'true',NULL,'2015-09-30 10:03:01',NULL,'0000-00-00 00:00:00'),('shop.commons.are_you_sure',NULL,'false',NULL,'2016-08-10 19:45:03',NULL,'0000-00-00 00:00:00'),('shop.commons.authorization.password.message',NULL,'true',NULL,'2015-09-30 10:03:01',NULL,'0000-00-00 00:00:00'),('shop.commons.authorization.password.title',NULL,'true',NULL,'2015-09-30 10:03:01',NULL,'0000-00-00 00:00:00'),('shop.commons.authorization.username.message',NULL,'true',NULL,'2015-09-30 10:03:01',NULL,'0000-00-00 00:00:00'),('shop.commons.authorization.username.title',NULL,'true',NULL,'2015-09-30 10:03:01',NULL,'0000-00-00 00:00:00'),('shop.commons.available_paymenttypes',NULL,'true',NULL,'2015-09-30 10:03:01',NULL,'0000-00-00 00:00:00'),('shop.commons.back',NULL,'true',NULL,'2015-09-30 10:03:01',NULL,'0000-00-00 00:00:00'),('shop.commons.bank_name',NULL,'true',NULL,'2015-09-30 10:03:01',NULL,'0000-00-00 00:00:00'),('shop.commons.billing_address_remark',NULL,'true',NULL,'2015-09-30 10:03:01',NULL,'0000-00-00 00:00:00'),('shop.commons.birthday',NULL,'true',NULL,'2015-09-30 10:03:01',NULL,'0000-00-00 00:00:00'),('shop.commons.birthday_addtext',NULL,'true',NULL,'2015-09-30 10:03:01',NULL,'0000-00-00 00:00:00'),('shop.commons.birthday_day',NULL,'true',NULL,'2015-09-30 10:03:01',NULL,'0000-00-00 00:00:00'),('shop.commons.birthday_month',NULL,'true',NULL,'2015-09-30 10:03:01',NULL,'0000-00-00 00:00:00'),('shop.commons.birthday_year',NULL,'true',NULL,'2015-09-30 10:03:01',NULL,'0000-00-00 00:00:00'),('shop.commons.brands',NULL,'true',NULL,'2015-09-30 10:03:01',NULL,'0000-00-00 00:00:00'),('shop.commons.button.update.title',NULL,'true',NULL,'2015-09-30 10:03:01',NULL,'0000-00-00 00:00:00'),('shop.commons.cancel',NULL,'false',NULL,'2016-08-10 19:45:03',NULL,'0000-00-00 00:00:00'),('shop.commons.cart.includes_vat',NULL,'true',NULL,'2015-09-30 10:03:01',NULL,'0000-00-00 00:00:00'),('shop.commons.cart_count',NULL,'true',NULL,'2015-09-30 10:03:01',NULL,'0000-00-00 00:00:00'),('shop.commons.cart_count_new',NULL,'true',NULL,'2015-09-30 10:03:01',NULL,'0000-00-00 00:00:00'),('shop.commons.cart_is_empty',NULL,'true',NULL,'2015-09-30 10:03:01',NULL,'0000-00-00 00:00:00'),('shop.commons.cash_voucher',NULL,'true',NULL,'2015-09-30 10:03:01',NULL,'0000-00-00 00:00:00'),('shop.commons.catalog.detail.mainprice.vat_incl',NULL,'true',NULL,'2015-09-30 10:03:01',NULL,'0000-00-00 00:00:00'),('shop.commons.catalog.detail_productincart.goto_cart',NULL,'true',NULL,'2015-09-30 10:03:01',NULL,'0000-00-00 00:00:00'),('shop.commons.catalog.detail_productincart.into_cart',NULL,'true',NULL,'2015-09-30 10:03:01',NULL,'0000-00-00 00:00:00'),('shop.commons.catalog.detail_productincart.message_in_cart',NULL,'true',NULL,'2015-09-30 10:03:01',NULL,'0000-00-00 00:00:00'),('shop.commons.catalog.detail_productincart.recommendation.producttitle',NULL,'true',NULL,'2015-09-30 10:03:01',NULL,'0000-00-00 00:00:00'),('shop.commons.change_password',NULL,'true',NULL,'2015-09-30 10:03:01',NULL,'0000-00-00 00:00:00'),('shop.commons.change_password_legend',NULL,'true',NULL,'2015-09-30 10:03:01',NULL,'0000-00-00 00:00:00'),('shop.commons.checkout.summary.title.order',NULL,'true',NULL,'2015-09-30 10:03:01',NULL,'0000-00-00 00:00:00'),('shop.commons.city',NULL,'true',NULL,'2015-09-30 10:03:01',NULL,'0000-00-00 00:00:00'),('shop.commons.cms_menu.title',NULL,'true',NULL,'2015-09-30 10:03:01',NULL,'0000-00-00 00:00:00'),('shop.commons.company',NULL,'true',NULL,'2015-09-30 10:03:01',NULL,'0000-00-00 00:00:00'),('shop.commons.companytype_company',NULL,'true',NULL,'2015-09-30 10:03:01',NULL,'0000-00-00 00:00:00'),('shop.commons.companytype_private',NULL,'true',NULL,'2015-09-30 10:03:01',NULL,'0000-00-00 00:00:00'),('shop.commons.confirmation',NULL,'true',NULL,'2015-09-30 10:03:01',NULL,'0000-00-00 00:00:00'),('shop.commons.confirm_password',NULL,'true',NULL,'2015-09-30 10:03:01',NULL,'0000-00-00 00:00:00'),('shop.commons.continue_order',NULL,'true',NULL,'2015-09-30 10:03:01',NULL,'0000-00-00 00:00:00'),('shop.commons.continue_shopping',NULL,'true',NULL,'2015-09-30 10:03:01',NULL,'0000-00-00 00:00:00'),('shop.commons.country',NULL,'true',NULL,'2015-09-30 10:03:01',NULL,'0000-00-00 00:00:00'),('shop.commons.create_account_text',NULL,'true',NULL,'2015-09-30 10:03:01',NULL,'0000-00-00 00:00:00'),('shop.commons.creditcard.cvc_image_description',NULL,'true',NULL,'2015-09-30 10:03:01',NULL,'0000-00-00 00:00:00'),('shop.commons.creditcard.cvc_what_is_it',NULL,'true',NULL,'2015-09-30 10:03:01',NULL,'0000-00-00 00:00:00'),('shop.commons.creditcard.cvc_where_to_find',NULL,'true',NULL,'2015-09-30 10:03:01',NULL,'0000-00-00 00:00:00'),('shop.commons.creditcard_data',NULL,'true',NULL,'2015-09-30 10:03:01',NULL,'0000-00-00 00:00:00'),('shop.commons.creditcard_type',NULL,'true',NULL,'2015-09-30 10:03:01',NULL,'0000-00-00 00:00:00'),('shop.commons.customer.validation.birthday',NULL,'true',NULL,'2015-09-30 10:03:01',NULL,'0000-00-00 00:00:00'),('shop.commons.customer.validation.city',NULL,'true',NULL,'2015-09-30 10:03:01',NULL,'0000-00-00 00:00:00'),('shop.commons.customer.validation.company',NULL,'true',NULL,'2015-09-30 10:03:01',NULL,'0000-00-00 00:00:00'),('shop.commons.customer.validation.country',NULL,'true',NULL,'2015-09-30 10:03:01',NULL,'0000-00-00 00:00:00'),('shop.commons.customer.validation.email',NULL,'true',NULL,'2015-09-30 10:03:01',NULL,'0000-00-00 00:00:00'),('shop.commons.customer.validation.firstname',NULL,'true',NULL,'2015-09-30 10:03:01',NULL,'0000-00-00 00:00:00'),('shop.commons.customer.validation.iscompany',NULL,'true',NULL,'2015-09-30 10:03:01',NULL,'0000-00-00 00:00:00'),('shop.commons.customer.validation.lastname',NULL,'true',NULL,'2015-09-30 10:03:01',NULL,'0000-00-00 00:00:00'),('shop.commons.customer.validation.message',NULL,'true',NULL,'2015-09-30 10:03:01',NULL,'0000-00-00 00:00:00'),('shop.commons.customer.validation.message.message',NULL,'true',NULL,'2015-09-30 10:03:01',NULL,'0000-00-00 00:00:00'),('shop.commons.customer.validation.password',NULL,'true',NULL,'2015-09-30 10:03:01',NULL,'0000-00-00 00:00:00'),('shop.commons.customer.validation.passwordconfirmation',NULL,'true',NULL,'2015-09-30 10:03:01',NULL,'0000-00-00 00:00:00'),('shop.commons.customer.validation.payment',NULL,'true',NULL,'2015-09-30 10:03:01',NULL,'0000-00-00 00:00:00'),('shop.commons.customer.validation.person_sex',NULL,'true',NULL,'2015-09-30 10:03:01',NULL,'0000-00-00 00:00:00'),('shop.commons.customer.validation.phone',NULL,'true',NULL,'2015-09-30 10:03:01',NULL,'0000-00-00 00:00:00'),('shop.commons.customer.validation.state',NULL,'true',NULL,'2015-09-30 10:03:01',NULL,'0000-00-00 00:00:00'),('shop.commons.customer.validation.street',NULL,'true',NULL,'2015-09-30 10:03:01',NULL,'0000-00-00 00:00:00'),('shop.commons.customer.validation.subject',NULL,'true',NULL,'2015-09-30 10:03:01',NULL,'0000-00-00 00:00:00'),('shop.commons.customer.validation.subject.message',NULL,'true',NULL,'2015-09-30 10:03:01',NULL,'0000-00-00 00:00:00'),('shop.commons.customer.validation.uid',NULL,'true',NULL,'2015-09-30 10:03:01',NULL,'0000-00-00 00:00:00'),('shop.commons.customer.validation.zip',NULL,'true',NULL,'2015-09-30 10:03:01',NULL,'0000-00-00 00:00:00'),('shop.commons.customer.validation.zipcity',NULL,'true',NULL,'2015-09-30 10:03:01',NULL,'0000-00-00 00:00:00'),('shop.commons.customer_addresses',NULL,'true',NULL,'2015-09-30 10:03:01',NULL,'0000-00-00 00:00:00'),('shop.commons.customer_data_request',NULL,'true',NULL,'2015-09-30 10:03:01',NULL,'0000-00-00 00:00:00'),('shop.commons.customer_menu.title',NULL,'true',NULL,'2015-09-30 10:03:01',NULL,'0000-00-00 00:00:00'),('shop.commons.debitorder_data',NULL,'true',NULL,'2015-09-30 10:03:01',NULL,'0000-00-00 00:00:00'),('shop.commons.deliveryTime',NULL,'true',NULL,'2015-09-30 10:03:01',NULL,'0000-00-00 00:00:00'),('shop.commons.delivery_address',NULL,'true',NULL,'2015-09-30 10:03:01',NULL,'0000-00-00 00:00:00'),('shop.commons.delivery_without_invoice',NULL,'true',NULL,'2015-09-30 10:03:01',NULL,'0000-00-00 00:00:00'),('shop.commons.delivery_with_invoice',NULL,'true',NULL,'2015-09-30 10:03:01',NULL,'0000-00-00 00:00:00'),('shop.commons.delivery_with_invoice.label',NULL,'true',NULL,'2015-09-30 10:03:01',NULL,'0000-00-00 00:00:00'),('shop.commons.different_delivery_address',NULL,'true',NULL,'2015-09-30 10:03:01',NULL,'0000-00-00 00:00:00'),('shop.commons.different_delivery_address.label',NULL,'true',NULL,'2015-09-30 10:03:01',NULL,'0000-00-00 00:00:00'),('shop.commons.district',NULL,'true',NULL,'2015-09-30 10:03:01',NULL,'0000-00-00 00:00:00'),('shop.commons.email',NULL,'true',NULL,'2015-09-30 10:03:01',NULL,'0000-00-00 00:00:00'),('shop.commons.faqs',NULL,'true',NULL,'2015-09-30 10:03:01',NULL,'0000-00-00 00:00:00'),('shop.commons.filter.price.from',NULL,'true',NULL,'2015-09-30 10:03:01',NULL,'0000-00-00 00:00:00'),('shop.commons.filter.price.range',NULL,'true',NULL,'2015-09-30 10:03:01',NULL,'0000-00-00 00:00:00'),('shop.commons.filter.price.title',NULL,'true',NULL,'2015-09-30 10:03:01',NULL,'0000-00-00 00:00:00'),('shop.commons.filter.price.to',NULL,'true',NULL,'2015-09-30 10:03:01',NULL,'0000-00-00 00:00:00'),('shop.commons.filter.rating.title',NULL,'true',NULL,'2015-09-30 10:03:01',NULL,'0000-00-00 00:00:00'),('shop.commons.filter.rating.title.entry',NULL,'true',NULL,'2015-09-30 10:03:01',NULL,'0000-00-00 00:00:00'),('shop.commons.filter.selected.title',NULL,'true',NULL,'2015-09-30 10:03:01',NULL,'0000-00-00 00:00:00'),('shop.commons.filter.sorting.name_asc',NULL,'true',NULL,'2015-09-30 10:03:01',NULL,'0000-00-00 00:00:00'),('shop.commons.filter.sorting.name_desc',NULL,'true',NULL,'2015-09-30 10:03:01',NULL,'0000-00-00 00:00:00'),('shop.commons.filter.sorting.popularity',NULL,'true',NULL,'2015-09-30 10:03:01',NULL,'0000-00-00 00:00:00'),('shop.commons.filter.sorting.price_asc',NULL,'true',NULL,'2015-09-30 10:03:01',NULL,'0000-00-00 00:00:00'),('shop.commons.filter.sorting.price_desc',NULL,'true',NULL,'2015-09-30 10:03:01',NULL,'0000-00-00 00:00:00'),('shop.commons.filter.sorting.rating',NULL,'true',NULL,'2015-09-30 10:03:01',NULL,'0000-00-00 00:00:00'),('shop.commons.filter.sorting.standard',NULL,'true',NULL,'2015-09-30 10:03:01',NULL,'0000-00-00 00:00:00'),('shop.commons.firstname',NULL,'true',NULL,'2015-09-30 10:03:01',NULL,'0000-00-00 00:00:00'),('shop.commons.footer.facebook.visit',NULL,'true',NULL,'2015-09-30 10:03:01',NULL,'0000-00-00 00:00:00'),('shop.commons.footer.gplus.visit',NULL,'true',NULL,'2015-09-30 10:03:01',NULL,'0000-00-00 00:00:00'),('shop.commons.footer.infobox',NULL,'false',NULL,'2015-09-30 10:03:01',NULL,'0000-00-00 00:00:00'),('shop.commons.footer.twitter.visit',NULL,'true',NULL,'2015-09-30 10:03:01',NULL,'0000-00-00 00:00:00'),('shop.commons.forget_your_password',NULL,'true',NULL,'2015-09-30 10:03:01',NULL,'0000-00-00 00:00:00'),('shop.commons.forget_your_password_text',NULL,'true',NULL,'2015-09-30 10:03:01',NULL,'0000-00-00 00:00:00'),('shop.commons.general_terms_and_conditions',NULL,'true',NULL,'2015-09-30 10:03:01',NULL,'0000-00-00 00:00:00'),('shop.commons.general_terms_and_conditions_confirmation',NULL,'true',NULL,'2015-09-30 10:03:01',NULL,'0000-00-00 00:00:00'),('shop.commons.gotoproduct',NULL,'true',NULL,'2015-09-30 10:03:01',NULL,'0000-00-00 00:00:00'),('shop.commons.goto_cart',NULL,'true',NULL,'2015-09-30 10:03:01',NULL,'0000-00-00 00:00:00'),('shop.commons.lastname',NULL,'true',NULL,'2015-09-30 10:03:01',NULL,'0000-00-00 00:00:00'),('shop.commons.login',NULL,'true',NULL,'2015-09-30 10:03:01',NULL,'0000-00-00 00:00:00'),('shop.commons.logout',NULL,'true',NULL,'2015-09-30 10:03:01',NULL,'0000-00-00 00:00:00'),('shop.commons.make_order',NULL,'false',NULL,'2016-08-10 19:45:03',NULL,'0000-00-00 00:00:00'),('shop.commons.make_order.confirm',NULL,'false',NULL,'2016-08-10 19:45:03',NULL,'0000-00-00 00:00:00'),('shop.commons.mandatory_fields',NULL,'true',NULL,'2015-09-30 10:03:01',NULL,'0000-00-00 00:00:00'),('shop.commons.message',NULL,'true',NULL,'2015-09-30 10:03:01',NULL,'0000-00-00 00:00:00'),('shop.commons.message_ext',NULL,'true',NULL,'2015-09-30 10:03:01',NULL,'0000-00-00 00:00:00'),('shop.commons.more_info',NULL,'true',NULL,'2015-09-30 10:03:01',NULL,'0000-00-00 00:00:00'),('shop.commons.mpay24.error.message',NULL,'true',NULL,'2015-09-30 10:03:01',NULL,'0000-00-00 00:00:00'),('shop.commons.mpay24.error.title',NULL,'true',NULL,'2015-09-30 10:03:01',NULL,'0000-00-00 00:00:00'),('shop.commons.my_account',NULL,'true',NULL,'2015-09-30 10:03:01',NULL,'0000-00-00 00:00:00'),('shop.commons.my_cart',NULL,'true',NULL,'2015-09-30 10:03:01',NULL,'0000-00-00 00:00:00'),('shop.commons.my_orders',NULL,'true',NULL,'2015-09-30 10:03:01',NULL,'0000-00-00 00:00:00'),('shop.commons.my_partner_customer_relationship',NULL,'true',NULL,'2015-09-30 10:03:01',NULL,'0000-00-00 00:00:00'),('shop.commons.my_partner_program',NULL,'true',NULL,'2015-09-30 10:03:01',NULL,'0000-00-00 00:00:00'),('shop.commons.my_partner_provision',NULL,'true',NULL,'2015-09-30 10:03:01',NULL,'0000-00-00 00:00:00'),('shop.commons.name',NULL,'true',NULL,'2015-09-30 10:03:01',NULL,'0000-00-00 00:00:00'),('shop.commons.navigation.brands',NULL,'true',NULL,'2015-09-30 10:03:01',NULL,'0000-00-00 00:00:00'),('shop.commons.navigation.categories',NULL,'true',NULL,'2015-09-30 10:03:01',NULL,'0000-00-00 00:00:00'),('shop.commons.navigation.main.brands',NULL,'true',NULL,'2015-09-30 10:03:01',NULL,'0000-00-00 00:00:00'),('shop.commons.navigation.more',NULL,'true',NULL,'2015-09-30 10:03:01',NULL,'0000-00-00 00:00:00'),('shop.commons.news',NULL,'true',NULL,'2015-09-30 10:03:01',NULL,'0000-00-00 00:00:00'),('shop.commons.newsletter',NULL,'true',NULL,'2015-09-30 10:03:01',NULL,'0000-00-00 00:00:00'),('shop.commons.newsletter_request',NULL,'true',NULL,'2015-09-30 10:03:01',NULL,'0000-00-00 00:00:00'),('shop.commons.new_customer',NULL,'true',NULL,'2015-09-30 10:03:01',NULL,'0000-00-00 00:00:00'),('shop.commons.new_customer_title',NULL,'true',NULL,'2015-09-30 10:03:01',NULL,'0000-00-00 00:00:00'),('shop.commons.new_password',NULL,'true',NULL,'2015-09-30 10:03:01',NULL,'0000-00-00 00:00:00'),('shop.commons.new_products',NULL,'true',NULL,'2015-09-30 10:03:01',NULL,'0000-00-00 00:00:00'),('shop.commons.next',NULL,'true',NULL,'2015-09-30 10:03:01',NULL,'0000-00-00 00:00:00'),('shop.commons.no_entries_found',NULL,'true',NULL,'2015-09-30 10:03:01',NULL,'0000-00-00 00:00:00'),('shop.commons.order_confirmation',NULL,'true',NULL,'2015-09-30 10:03:01',NULL,'0000-00-00 00:00:00'),('shop.commons.order_confirmation_text',NULL,'true',NULL,'2015-09-30 10:03:01',NULL,'0000-00-00 00:00:00'),('shop.commons.order_for_type',NULL,'true',NULL,'2015-09-30 10:03:01',NULL,'0000-00-00 00:00:00'),('shop.commons.order_payment',NULL,'true',NULL,'2015-09-30 10:03:01',NULL,'0000-00-00 00:00:00'),('shop.commons.order_payment_text',NULL,'true',NULL,'2015-09-30 10:03:01',NULL,'0000-00-00 00:00:00'),('shop.commons.password',NULL,'true',NULL,'2015-09-30 10:03:01',NULL,'0000-00-00 00:00:00'),('shop.commons.password_forgotten',NULL,'true',NULL,'2015-09-30 10:03:01',NULL,'0000-00-00 00:00:00'),('shop.commons.password_forgotten_request',NULL,'true',NULL,'2015-09-30 10:03:01',NULL,'0000-00-00 00:00:00'),('shop.commons.payment.infos',NULL,'false',NULL,'2015-09-30 10:03:01',NULL,'0000-00-00 00:00:00'),('shop.commons.paymentitem.ordernumber',NULL,'true',NULL,'2015-09-30 10:03:01',NULL,'0000-00-00 00:00:00'),('shop.commons.paymentitem.ordernumber_name',NULL,'true',NULL,'2015-09-30 10:03:01',NULL,'0000-00-00 00:00:00'),('shop.commons.paymentprovider.error.default',NULL,'true',NULL,'2015-09-30 10:03:01',NULL,'0000-00-00 00:00:00'),('shop.commons.paymentprovider.paypal.docheckout.error',NULL,'true',NULL,'2015-09-30 10:03:01',NULL,'0000-00-00 00:00:00'),('shop.commons.paymentprovider.paypal.token.error',NULL,'true',NULL,'2015-09-30 10:03:01',NULL,'0000-00-00 00:00:00'),('shop.commons.payment_accountbank',NULL,'true',NULL,'2015-09-30 10:03:01',NULL,'0000-00-00 00:00:00'),('shop.commons.payment_accountblz',NULL,'true',NULL,'2015-09-30 10:03:01',NULL,'0000-00-00 00:00:00'),('shop.commons.payment_accountnumber',NULL,'true',NULL,'2015-09-30 10:03:01',NULL,'0000-00-00 00:00:00'),('shop.commons.payment_accountowner',NULL,'true',NULL,'2015-09-30 10:03:01',NULL,'0000-00-00 00:00:00'),('shop.commons.payment_bank_code',NULL,'true',NULL,'2015-09-30 10:03:01',NULL,'0000-00-00 00:00:00'),('shop.commons.payment_cardname',NULL,'true',NULL,'2015-09-30 10:03:01',NULL,'0000-00-00 00:00:00'),('shop.commons.payment_cardnumber',NULL,'true',NULL,'2015-09-30 10:03:01',NULL,'0000-00-00 00:00:00'),('shop.commons.payment_creditcard_cvc',NULL,'true',NULL,'2015-09-30 10:03:01',NULL,'0000-00-00 00:00:00'),('shop.commons.payment_creditcard_cvc.abbr',NULL,'true',NULL,'2015-09-30 10:03:01',NULL,'0000-00-00 00:00:00'),('shop.commons.payment_eps',NULL,'true',NULL,'2015-09-30 10:03:01',NULL,'0000-00-00 00:00:00'),('shop.commons.payment_giropay',NULL,'true',NULL,'2015-09-30 10:03:01',NULL,'0000-00-00 00:00:00'),('shop.commons.payment_type',NULL,'true',NULL,'2015-09-30 10:03:01',NULL,'0000-00-00 00:00:00'),('shop.commons.payment_type_title',NULL,'true',NULL,'2015-09-30 10:03:01',NULL,'0000-00-00 00:00:00'),('shop.commons.payment_valid_until',NULL,'true',NULL,'2015-09-30 10:03:01',NULL,'0000-00-00 00:00:00'),('shop.commons.paypal.cancel_message',NULL,'true',NULL,'2015-09-30 10:03:01',NULL,'0000-00-00 00:00:00'),('shop.commons.personal_data',NULL,'true',NULL,'2015-09-30 10:03:01',NULL,'0000-00-00 00:00:00'),('shop.commons.phone',NULL,'true',NULL,'2015-09-30 10:03:01',NULL,'0000-00-00 00:00:00'),('shop.commons.phone_add',NULL,'true',NULL,'2015-09-30 10:03:01',NULL,'0000-00-00 00:00:00'),('shop.commons.plus_vat',NULL,'true',NULL,'2015-09-30 10:03:01',NULL,'0000-00-00 00:00:00'),('shop.commons.price.nextquantityscaletext.first',NULL,'true',NULL,'2015-09-30 10:03:01',NULL,'0000-00-00 00:00:00'),('shop.commons.price.nextquantityscaletext.last',NULL,'true',NULL,'2015-09-30 10:03:01',NULL,'0000-00-00 00:00:00'),('shop.commons.price_just',NULL,'true',NULL,'2015-09-30 10:03:01',NULL,'0000-00-00 00:00:00'),('shop.commons.productpicture',NULL,'true',NULL,'2015-09-30 10:03:01',NULL,'0000-00-00 00:00:00'),('shop.commons.product_preview',NULL,'true',NULL,'2015-09-30 10:03:01',NULL,'0000-00-00 00:00:00'),('shop.commons.quickcart',NULL,'true',NULL,'2015-09-30 10:03:01',NULL,'0000-00-00 00:00:00'),('shop.commons.quickcart.anz',NULL,'true',NULL,'2015-09-30 10:03:01',NULL,'0000-00-00 00:00:00'),('shop.commons.quickcart.exclvat',NULL,'true',NULL,'2015-09-30 10:03:01',NULL,'0000-00-00 00:00:00'),('shop.commons.quickcart.inclvat',NULL,'true',NULL,'2015-09-30 10:03:01',NULL,'0000-00-00 00:00:00'),('shop.commons.quickcart.sum',NULL,'true',NULL,'2015-09-30 10:03:01',NULL,'0000-00-00 00:00:00'),('shop.commons.recalculate',NULL,'true',NULL,'2015-09-30 10:03:01',NULL,'0000-00-00 00:00:00'),('shop.commons.register',NULL,'true',NULL,'2015-09-30 10:03:01',NULL,'0000-00-00 00:00:00'),('shop.commons.register_as_anoymous.text',NULL,'true',NULL,'2015-09-30 10:03:01',NULL,'0000-00-00 00:00:00'),('shop.commons.registration_confirmation',NULL,'true',NULL,'2015-09-30 10:03:01',NULL,'0000-00-00 00:00:00'),('shop.commons.registration_confirmation_anoymous',NULL,'true',NULL,'2015-09-30 10:03:01',NULL,'0000-00-00 00:00:00'),('shop.commons.registration_confirmation_text',NULL,'true',NULL,'2015-09-30 10:03:01',NULL,'0000-00-00 00:00:00'),('shop.commons.registration_confirmation_text_anoymous',NULL,'true',NULL,'2015-09-30 10:03:01',NULL,'0000-00-00 00:00:00'),('shop.commons.remove_from_cart',NULL,'true',NULL,'2015-09-30 10:03:01',NULL,'0000-00-00 00:00:00'),('shop.commons.remove_from_cart_new',NULL,'true',NULL,'2015-09-30 10:03:01',NULL,'0000-00-00 00:00:00'),('shop.commons.renew_from_cart_new',NULL,'false',NULL,'2015-09-30 10:03:01',NULL,'0000-00-00 00:00:00'),('shop.commons.reorder',NULL,'false',NULL,'2016-08-10 19:45:03',NULL,'0000-00-00 00:00:00'),('shop.commons.salutation',NULL,'true',NULL,'2015-09-30 10:03:01',NULL,'0000-00-00 00:00:00'),('shop.commons.same_as_billing_address',NULL,'true',NULL,'2015-09-30 10:03:01',NULL,'0000-00-00 00:00:00'),('shop.commons.save',NULL,'true',NULL,'2015-09-30 10:03:01',NULL,'0000-00-00 00:00:00'),('shop.commons.save_continue',NULL,'true',NULL,'2015-09-30 10:03:01',NULL,'0000-00-00 00:00:00'),('shop.commons.search',NULL,'true',NULL,'2015-09-30 10:03:01',NULL,'0000-00-00 00:00:00'),('shop.commons.search.button.title',NULL,'true',NULL,'2015-09-30 10:03:01',NULL,'0000-00-00 00:00:00'),('shop.commons.searchresult_count',NULL,'true',NULL,'2015-09-30 10:03:01',NULL,'0000-00-00 00:00:00'),('shop.commons.searchresult_didyoumean',NULL,'true',NULL,'2015-09-30 10:03:01',NULL,'0000-00-00 00:00:00'),('shop.commons.searchresult_empty',NULL,'true',NULL,'2015-09-30 10:03:01',NULL,'0000-00-00 00:00:00'),('shop.commons.searchresult_empty_text',NULL,'true',NULL,'2015-09-30 10:03:01',NULL,'0000-00-00 00:00:00'),('shop.commons.searchresult_for',NULL,'true',NULL,'2015-09-30 10:03:01',NULL,'0000-00-00 00:00:00'),('shop.commons.search_again',NULL,'true',NULL,'2015-09-30 10:03:01',NULL,'0000-00-00 00:00:00'),('shop.commons.search_keyword',NULL,'true',NULL,'2015-09-30 10:03:01',NULL,'0000-00-00 00:00:00'),('shop.commons.search_landingpage.text',NULL,'true',NULL,'2015-09-30 10:03:01',NULL,'0000-00-00 00:00:00'),('shop.commons.search_landingpage.text.singular',NULL,'true',NULL,'2015-09-30 10:03:01',NULL,'0000-00-00 00:00:00'),('shop.commons.search_value',NULL,'true',NULL,'2015-09-30 10:03:01',NULL,'0000-00-00 00:00:00'),('shop.commons.security',NULL,'true',NULL,'2015-09-30 10:03:01',NULL,'0000-00-00 00:00:00'),('shop.commons.security_info',NULL,'true',NULL,'2015-09-30 10:03:01',NULL,'0000-00-00 00:00:00'),('shop.commons.send_new_password',NULL,'true',NULL,'2015-09-30 10:03:01',NULL,'0000-00-00 00:00:00'),('shop.commons.send_order',NULL,'true',NULL,'2015-09-30 10:03:01',NULL,'0000-00-00 00:00:00'),('shop.commons.sex_female',NULL,'true',NULL,'2015-09-30 10:03:01',NULL,'0000-00-00 00:00:00'),('shop.commons.sex_male',NULL,'true',NULL,'2015-09-30 10:03:01',NULL,'0000-00-00 00:00:00'),('shop.commons.shipping.cost_deliveryType',NULL,'false',NULL,'2015-09-30 10:03:01',NULL,'0000-00-00 00:00:00'),('shop.commons.shopname_clear',NULL,'true',NULL,'2015-09-30 10:03:01',NULL,'0000-00-00 00:00:00'),('shop.commons.shopuseraccountnumber',NULL,'true',NULL,'2015-09-30 10:03:01',NULL,'0000-00-00 00:00:00'),('shop.commons.shopuseraddress_id_invoice',NULL,'true',NULL,'2015-09-30 10:03:01',NULL,'0000-00-00 00:00:00'),('shop.commons.shopuseraddress_id_shipping',NULL,'true',NULL,'2015-09-30 10:03:01',NULL,'0000-00-00 00:00:00'),('shop.commons.shop_footer_keys',NULL,'true',NULL,'2015-09-30 10:03:01',NULL,'0000-00-00 00:00:00'),('shop.commons.sofortueberweisung.error.message',NULL,'true',NULL,'2015-09-30 10:03:01',NULL,'0000-00-00 00:00:00'),('shop.commons.sofortueberweisung.error.title',NULL,'true',NULL,'2015-09-30 10:03:01',NULL,'0000-00-00 00:00:00'),('shop.commons.state',NULL,'true',NULL,'2015-09-30 10:03:01',NULL,'0000-00-00 00:00:00'),('shop.commons.stock.delivery',NULL,'true',NULL,'2015-09-30 10:03:01',NULL,'0000-00-00 00:00:00'),('shop.commons.stock.delivery.error',NULL,'true',NULL,'2015-09-30 10:03:01',NULL,'0000-00-00 00:00:00'),('shop.commons.street',NULL,'true',NULL,'2015-09-30 10:03:01',NULL,'0000-00-00 00:00:00'),('shop.commons.streetnumber',NULL,'true',NULL,'2015-09-30 10:03:01',NULL,'0000-00-00 00:00:00'),('shop.commons.sub_total',NULL,'true',NULL,'2015-09-30 10:03:01',NULL,'0000-00-00 00:00:00'),('shop.commons.sum_excl',NULL,'true',NULL,'2015-09-30 10:03:01',NULL,'0000-00-00 00:00:00'),('shop.commons.sum_price',NULL,'true',NULL,'2015-09-30 10:03:01',NULL,'0000-00-00 00:00:00'),('shop.commons.topseller_products',NULL,'true',NULL,'2015-09-30 10:03:01',NULL,'0000-00-00 00:00:00'),('shop.commons.to_cart',NULL,'true',NULL,'2015-09-30 10:03:01',NULL,'0000-00-00 00:00:00'),('shop.commons.uid_abbr',NULL,'true',NULL,'2015-09-30 10:03:01',NULL,'0000-00-00 00:00:00'),('shop.commons.update_sum',NULL,'true',NULL,'2015-09-30 10:03:01',NULL,'0000-00-00 00:00:00'),('shop.commons.update_sum_only',NULL,'true',NULL,'2015-09-30 10:03:01',NULL,'0000-00-00 00:00:00'),('shop.commons.vat',NULL,'true',NULL,'2015-09-30 10:03:01',NULL,'0000-00-00 00:00:00'),('shop.commons.vattext_excl',NULL,'true',NULL,'2015-09-30 10:03:01',NULL,'0000-00-00 00:00:00'),('shop.commons.vattext_incl',NULL,'true',NULL,'2015-09-30 10:03:01',NULL,'0000-00-00 00:00:00'),('shop.commons.vattext_incl_nolink',NULL,'true',NULL,'2015-09-30 10:03:01',NULL,'0000-00-00 00:00:00'),('shop.commons.voucher.enter_code',NULL,'true',NULL,'2015-09-30 10:03:01',NULL,'0000-00-00 00:00:00'),('shop.commons.warning_can_not_order_quality_to_low',NULL,'false',NULL,'2016-08-10 19:45:03',NULL,'0000-00-00 00:00:00'),('shop.commons.warning_order_not_released',NULL,'false',NULL,'2016-08-10 19:45:03',NULL,'0000-00-00 00:00:00'),('shop.commons.we_help',NULL,'true',NULL,'2015-09-30 10:03:01',NULL,'0000-00-00 00:00:00'),('shop.commons.your_email',NULL,'true',NULL,'2015-09-30 10:03:01',NULL,'0000-00-00 00:00:00'),('shop.commons.your_password_remark_optional',NULL,'true',NULL,'2015-09-30 10:03:01',NULL,'0000-00-00 00:00:00'),('shop.commons.zahlungsart_cash.validationerror',NULL,'true',NULL,'2015-09-30 10:03:01',NULL,'0000-00-00 00:00:00'),('shop.commons.zahlungsart_cash.validationerror.text',NULL,'true',NULL,'2015-09-30 10:03:01',NULL,'0000-00-00 00:00:00'),('shop.commons.zahlungsart_credit.validationerror',NULL,'true',NULL,'2015-09-30 10:03:01',NULL,'0000-00-00 00:00:00'),('shop.commons.zahlungsart_credit.validationerror.text',NULL,'true',NULL,'2015-09-30 10:03:01',NULL,'0000-00-00 00:00:00'),('shop.commons.zahlungsart_debit.validationerror',NULL,'true',NULL,'2015-09-30 10:03:01',NULL,'0000-00-00 00:00:00'),('shop.commons.zahlungsart_debit.validationerror.text',NULL,'true',NULL,'2015-09-30 10:03:01',NULL,'0000-00-00 00:00:00'),('shop.commons.zipcode',NULL,'true',NULL,'2015-09-30 10:03:01',NULL,'0000-00-00 00:00:00'),('shop.commons.zipcode_and_city',NULL,'true',NULL,'2015-09-30 10:03:01',NULL,'0000-00-00 00:00:00'),('shop.credit',NULL,'true',NULL,'2015-09-30 10:03:01',NULL,'0000-00-00 00:00:00'),('shop.creditcard.',NULL,'true',NULL,'2015-09-30 10:03:01',NULL,'0000-00-00 00:00:00'),('shop.creditcard.AMEX',NULL,'true',NULL,'2015-09-30 10:03:01',NULL,'0000-00-00 00:00:00'),('shop.creditcard.DINERS',NULL,'true',NULL,'2015-09-30 10:03:01',NULL,'0000-00-00 00:00:00'),('shop.creditcard.JCB',NULL,'true',NULL,'2015-09-30 10:03:01',NULL,'0000-00-00 00:00:00'),('shop.creditcard.MASTERCARD',NULL,'true',NULL,'2015-09-30 10:03:01',NULL,'0000-00-00 00:00:00'),('shop.creditcard.VISA',NULL,'true',NULL,'2015-09-30 10:03:01',NULL,'0000-00-00 00:00:00'),('shop.customer.address.delete.link.confirm',NULL,'true',NULL,'2015-09-30 10:03:01',NULL,'0000-00-00 00:00:00'),('shop.customer.address.insert.success.message.text',NULL,'true',NULL,'2015-09-30 10:03:01',NULL,'0000-00-00 00:00:00'),('shop.customer.address.insert.success.message.title',NULL,'true',NULL,'2015-09-30 10:03:01',NULL,'0000-00-00 00:00:00'),('shop.customer.address.insert.title',NULL,'true',NULL,'2015-09-30 10:03:01',NULL,'0000-00-00 00:00:00'),('shop.customer.backend_name_new',NULL,'true',NULL,'2015-09-30 10:03:01',NULL,'0000-00-00 00:00:00'),('shop.customer.commons.load_order',NULL,'true',NULL,'2015-09-30 10:03:01',NULL,'0000-00-00 00:00:00'),('shop.customer.item.paymentinfo.billpay_invoice',NULL,'true',NULL,'2015-09-30 10:03:01',NULL,'0000-00-00 00:00:00'),('shop.customer.item.paymentinfo.billpay_invoice.ordernumber',NULL,'true',NULL,'2015-09-30 10:03:01',NULL,'0000-00-00 00:00:00'),('shop.customer.item.paymentinfo.giropay',NULL,'true',NULL,'2015-09-30 10:03:01',NULL,'0000-00-00 00:00:00'),('shop.customer.item.paymentinfo.invoice',NULL,'true',NULL,'2015-09-30 10:03:01',NULL,'0000-00-00 00:00:00'),('shop.customer.item.paymentinfo.invoice_ordernumber',NULL,'true',NULL,'2015-09-30 10:03:01',NULL,'0000-00-00 00:00:00'),('shop.customer.item.paymentinfo.prepayed',NULL,'true',NULL,'2015-09-30 10:03:01',NULL,'0000-00-00 00:00:00'),('shop.customer.item.paymentinfo.prepayed_ordernumber',NULL,'true',NULL,'2015-09-30 10:03:01',NULL,'0000-00-00 00:00:00'),('shop.customer.item.paymentinfo.transfer_please',NULL,'true',NULL,'2015-09-30 10:03:01',NULL,'0000-00-00 00:00:00'),('shop.customer.item.taxfree_delivery.text',NULL,'true',NULL,'2015-09-30 10:03:01',NULL,'0000-00-00 00:00:00'),('shop.customer.item.taxfree_uid.text',NULL,'true',NULL,'2015-09-30 10:03:01',NULL,'0000-00-00 00:00:00'),('shop.customer.paymenttype.creditcard.creditcardnumber',NULL,'true',NULL,'2015-09-30 10:03:01',NULL,'0000-00-00 00:00:00'),('shop.customer.paymenttype.creditcard.creditcardowner',NULL,'true',NULL,'2015-09-30 10:03:01',NULL,'0000-00-00 00:00:00'),('shop.customer.paymenttype.creditcard.creditcardtype',NULL,'true',NULL,'2015-09-30 10:03:01',NULL,'0000-00-00 00:00:00'),('shop.customer.paymenttype.creditcard.expired',NULL,'true',NULL,'2015-09-30 10:03:01',NULL,'0000-00-00 00:00:00'),('shop.customer.paymenttype.creditcard.expiremonth',NULL,'true',NULL,'2015-09-30 10:03:01',NULL,'0000-00-00 00:00:00'),('shop.customer.paymenttype.creditcard.expireyear',NULL,'true',NULL,'2015-09-30 10:03:01',NULL,'0000-00-00 00:00:00'),('shop.customer.paymenttype.creditcard.securitycode',NULL,'true',NULL,'2015-09-30 10:03:01',NULL,'0000-00-00 00:00:00'),('shop.customer.paymenttype.debitorder.expireyear',NULL,'true',NULL,'2015-09-30 10:03:01',NULL,'0000-00-00 00:00:00'),('shop.customer.paymenttype.eps.brand',NULL,'true',NULL,'2015-09-30 10:03:01',NULL,'0000-00-00 00:00:00'),('shop.customer.paymenttype.giropay.sort_code',NULL,'true',NULL,'2015-09-30 10:03:01',NULL,'0000-00-00 00:00:00'),('shop.customer.paymenttype.giropay.sort_code.errormessage',NULL,'true',NULL,'2015-09-30 10:03:01',NULL,'0000-00-00 00:00:00'),('shop.customer.registration.voucher.journal_title',NULL,'true',NULL,'2015-09-30 10:03:01',NULL,'0000-00-00 00:00:00'),('shop.customer.uid.service_not_avialable',NULL,'true',NULL,'2015-09-30 10:03:01',NULL,'0000-00-00 00:00:00'),('shop.customer.validation.email.already_registered',NULL,'true',NULL,'2015-09-30 10:03:01',NULL,'0000-00-00 00:00:00'),('shop.customer.validation.password.notequal',NULL,'true',NULL,'2015-09-30 10:03:01',NULL,'0000-00-00 00:00:00'),('shop.customer.validation.password.tooshort',NULL,'true',NULL,'2015-09-30 10:03:01',NULL,'0000-00-00 00:00:00'),('shop.customer.validation.uid.soap',NULL,'true',NULL,'2015-09-30 10:03:01',NULL,'0000-00-00 00:00:00'),('shop.customer.validation.uid.syntax',NULL,'true',NULL,'2015-09-30 10:03:01',NULL,'0000-00-00 00:00:00'),('shop.description.default.detail',NULL,'true',NULL,'2015-09-30 10:03:01',NULL,'0000-00-00 00:00:00'),('shop.description.default.detail.brand',NULL,'true',NULL,'2015-09-30 10:03:01',NULL,'0000-00-00 00:00:00'),('shop.description.default.detail.category',NULL,'true',NULL,'2015-09-30 10:03:01',NULL,'0000-00-00 00:00:00'),('shop.description.default.detail.contents',NULL,'true',NULL,'2015-09-30 10:03:01',NULL,'0000-00-00 00:00:00'),('shop.description.default.detail.feature.1',NULL,'true',NULL,'2015-09-30 10:03:01',NULL,'0000-00-00 00:00:00'),('shop.description.default.detail.feature.2',NULL,'true',NULL,'2015-09-30 10:03:01',NULL,'0000-00-00 00:00:00'),('shop.description.default.detail.feature.3',NULL,'true',NULL,'2015-09-30 10:03:01',NULL,'0000-00-00 00:00:00'),('shop.description.default.detail.feature.separator',NULL,'true',NULL,'2015-09-30 10:03:01',NULL,'0000-00-00 00:00:00'),('shop.description.default.detail.feature.shipping_free',NULL,'true',NULL,'2015-09-30 10:03:01',NULL,'0000-00-00 00:00:00'),('shop.description.default.detail.price',NULL,'true',NULL,'2015-09-30 10:03:01',NULL,'0000-00-00 00:00:00'),('shop.drilldoses',NULL,'false',NULL,'2016-08-10 19:45:03',NULL,'0000-00-00 00:00:00'),('shop.drillholes',NULL,'false',NULL,'2016-08-10 19:45:03',NULL,'0000-00-00 00:00:00'),('shop.drillholesBigger45mm',NULL,'false',NULL,'2016-08-10 19:45:03',NULL,'0000-00-00 00:00:00'),('shop.drillholesLess45mm',NULL,'false',NULL,'2016-08-10 19:45:03',NULL,'0000-00-00 00:00:00'),('shop.easylager.accountjournal_detail.artnr',NULL,'true',NULL,'2015-09-30 10:03:01',NULL,'0000-00-00 00:00:00'),('shop.easylager.accountjournal_detail.description',NULL,'true',NULL,'2015-09-30 10:03:01',NULL,'0000-00-00 00:00:00'),('shop.easylager.accountjournal_detail.piece',NULL,'true',NULL,'2015-09-30 10:03:01',NULL,'0000-00-00 00:00:00'),('shop.easylager.accountjournal_detail.prdnr',NULL,'true',NULL,'2015-09-30 10:03:01',NULL,'0000-00-00 00:00:00'),('shop.easylager.accountjournal_detail.single',NULL,'true',NULL,'2015-09-30 10:03:01',NULL,'0000-00-00 00:00:00'),('shop.easylager.accountjournal_detail.stock',NULL,'true',NULL,'2015-09-30 10:03:01',NULL,'0000-00-00 00:00:00'),('shop.easylager.accountjournal_detail.total',NULL,'true',NULL,'2015-09-30 10:03:01',NULL,'0000-00-00 00:00:00'),('shop.easylager.accountjournal_list.customer',NULL,'true',NULL,'2015-09-30 10:03:01',NULL,'0000-00-00 00:00:00'),('shop.easylager.accountjournal_list.noentries',NULL,'true',NULL,'2015-09-30 10:03:01',NULL,'0000-00-00 00:00:00'),('shop.easylager.accountjournal_list.nr',NULL,'true',NULL,'2015-09-30 10:03:01',NULL,'0000-00-00 00:00:00'),('shop.easylager.accountjournal_list.payment',NULL,'true',NULL,'2015-09-30 10:03:01',NULL,'0000-00-00 00:00:00'),('shop.easylager.accountjournal_list.total',NULL,'true',NULL,'2015-09-30 10:03:01',NULL,'0000-00-00 00:00:00'),('shop.easylager.accountjournal_list.zip',NULL,'true',NULL,'2015-09-30 10:03:01',NULL,'0000-00-00 00:00:00'),('shop.easylager.barcode.close',NULL,'true',NULL,'2015-09-30 10:03:01',NULL,'0000-00-00 00:00:00'),('shop.easylager.barcode.easylager',NULL,'true',NULL,'2015-09-30 10:03:01',NULL,'0000-00-00 00:00:00'),('shop.easylager.barcode.easylager.codes',NULL,'true',NULL,'2015-09-30 10:03:01',NULL,'0000-00-00 00:00:00'),('shop.easylager.barcode.next',NULL,'true',NULL,'2015-09-30 10:03:01',NULL,'0000-00-00 00:00:00'),('shop.easylager.barcode.pack',NULL,'true',NULL,'2015-09-30 10:03:01',NULL,'0000-00-00 00:00:00'),('shop.easylager.barcode.stock1',NULL,'true',NULL,'2015-09-30 10:03:01',NULL,'0000-00-00 00:00:00'),('shop.easylager.barcode.stock2',NULL,'true',NULL,'2015-09-30 10:03:01',NULL,'0000-00-00 00:00:00'),('shop.easylager.barcode.stock3',NULL,'true',NULL,'2015-09-30 10:03:01',NULL,'0000-00-00 00:00:00'),('shop.easylager.barcode.stock4',NULL,'true',NULL,'2015-09-30 10:03:01',NULL,'0000-00-00 00:00:00'),('shop.easylager.barcode.stock5',NULL,'true',NULL,'2015-09-30 10:03:01',NULL,'0000-00-00 00:00:00'),('shop.easylager.barcode.stockadd1',NULL,'true',NULL,'2015-09-30 10:03:01',NULL,'0000-00-00 00:00:00'),('shop.easylager.barcode.stockadd2',NULL,'true',NULL,'2015-09-30 10:03:01',NULL,'0000-00-00 00:00:00'),('shop.easylager.barcode.stockadd3',NULL,'true',NULL,'2015-09-30 10:03:01',NULL,'0000-00-00 00:00:00'),('shop.easylager.barcode.stockadd4',NULL,'true',NULL,'2015-09-30 10:03:01',NULL,'0000-00-00 00:00:00'),('shop.easylager.barcode.stockadd5',NULL,'true',NULL,'2015-09-30 10:03:01',NULL,'0000-00-00 00:00:00'),('shop.easylager.barcode.stockset0',NULL,'true',NULL,'2015-09-30 10:03:01',NULL,'0000-00-00 00:00:00'),('shop.easylager.commons.error',NULL,'true',NULL,'2015-09-30 10:03:01',NULL,'0000-00-00 00:00:00'),('shop.easylager.commons.error.404.text',NULL,'true',NULL,'2015-09-30 10:03:01',NULL,'0000-00-00 00:00:00'),('shop.easylager.commons.error.404.title',NULL,'true',NULL,'2015-09-30 10:03:01',NULL,'0000-00-00 00:00:00'),('shop.easylager.delivery_list.date',NULL,'true',NULL,'2015-09-30 10:03:01',NULL,'0000-00-00 00:00:00'),('shop.easylager.delivery_list.deliverynote',NULL,'true',NULL,'2015-09-30 10:03:01',NULL,'0000-00-00 00:00:00'),('shop.easylager.delivery_list.deliverynr',NULL,'true',NULL,'2015-09-30 10:03:01',NULL,'0000-00-00 00:00:00'),('shop.easylager.delivery_list.description',NULL,'true',NULL,'2015-09-30 10:03:01',NULL,'0000-00-00 00:00:00'),('shop.easylager.delivery_list.invoicenr',NULL,'true',NULL,'2015-09-30 10:03:01',NULL,'0000-00-00 00:00:00'),('shop.easylager.delivery_list.lagdelivery',NULL,'true',NULL,'2015-09-30 10:03:01',NULL,'0000-00-00 00:00:00'),('shop.easylager.delivery_list.noentries',NULL,'true',NULL,'2015-09-30 10:03:01',NULL,'0000-00-00 00:00:00'),('shop.easylager.delivery_list.nr',NULL,'true',NULL,'2015-09-30 10:03:01',NULL,'0000-00-00 00:00:00'),('shop.easylager.delivery_list.total',NULL,'true',NULL,'2015-09-30 10:03:01',NULL,'0000-00-00 00:00:00'),('shop.easylager.filter.search',NULL,'true',NULL,'2015-09-30 10:03:01',NULL,'0000-00-00 00:00:00'),('shop.easylager.header.days',NULL,'true',NULL,'2015-09-30 10:03:01',NULL,'0000-00-00 00:00:00'),('shop.easylager.header.login',NULL,'true',NULL,'2015-09-30 10:03:01',NULL,'0000-00-00 00:00:00'),('shop.easylager.header.logout',NULL,'true',NULL,'2015-09-30 10:03:01',NULL,'0000-00-00 00:00:00'),('shop.easylager.header.new',NULL,'true',NULL,'2015-09-30 10:03:01',NULL,'0000-00-00 00:00:00'),('shop.easylager.header.packagelist',NULL,'true',NULL,'2015-09-30 10:03:01',NULL,'0000-00-00 00:00:00'),('shop.easylager.header.printlist',NULL,'true',NULL,'2015-09-30 10:03:01',NULL,'0000-00-00 00:00:00'),('shop.easylager.header.products',NULL,'true',NULL,'2015-09-30 10:03:01',NULL,'0000-00-00 00:00:00'),('shop.easylager.header.return',NULL,'true',NULL,'2015-09-30 10:03:01',NULL,'0000-00-00 00:00:00'),('shop.easylager.header.shiplist',NULL,'true',NULL,'2015-09-30 10:03:01',NULL,'0000-00-00 00:00:00'),('shop.easylager.header.stockadd',NULL,'true',NULL,'2015-09-30 10:03:01',NULL,'0000-00-00 00:00:00'),('shop.easylager.header.tracking',NULL,'true',NULL,'2015-09-30 10:03:01',NULL,'0000-00-00 00:00:00'),('shop.easylager.inlay_delivery_detail.deliverynote.nr',NULL,'true',NULL,'2015-09-30 10:03:01',NULL,'0000-00-00 00:00:00'),('shop.easylager.inlay_delivery_detail.invoice.date',NULL,'true',NULL,'2015-09-30 10:03:01',NULL,'0000-00-00 00:00:00'),('shop.easylager.inlay_delivery_detail.invoice.nr',NULL,'true',NULL,'2015-09-30 10:03:01',NULL,'0000-00-00 00:00:00'),('shop.easylager.inlay_delivery_detail.merge',NULL,'true',NULL,'2015-09-30 10:03:01',NULL,'0000-00-00 00:00:00'),('shop.easylager.inlay_delivery_detail.note',NULL,'true',NULL,'2015-09-30 10:03:01',NULL,'0000-00-00 00:00:00'),('shop.easylager.inlay_delivery_detail.stockadd.date',NULL,'true',NULL,'2015-09-30 10:03:01',NULL,'0000-00-00 00:00:00'),('shop.easylager.login.easylager',NULL,'true',NULL,'2015-09-30 10:03:01',NULL,'0000-00-00 00:00:00'),('shop.easylager.login.login',NULL,'true',NULL,'2015-09-30 10:03:01',NULL,'0000-00-00 00:00:00'),('shop.easylager.login.password',NULL,'true',NULL,'2015-09-30 10:03:01',NULL,'0000-00-00 00:00:00'),('shop.easylager.login.username',NULL,'true',NULL,'2015-09-30 10:03:01',NULL,'0000-00-00 00:00:00'),('shop.easylager.order_data.invoice',NULL,'true',NULL,'2015-09-30 10:03:01',NULL,'0000-00-00 00:00:00'),('shop.easylager.order_data.order',NULL,'true',NULL,'2015-09-30 10:03:01',NULL,'0000-00-00 00:00:00'),('shop.easylager.order_data.ordernote',NULL,'true',NULL,'2015-09-30 10:03:01',NULL,'0000-00-00 00:00:00'),('shop.easylager.order_data.payment',NULL,'true',NULL,'2015-09-30 10:03:01',NULL,'0000-00-00 00:00:00'),('shop.easylager.order_data.tracking.nr',NULL,'true',NULL,'2015-09-30 10:03:01',NULL,'0000-00-00 00:00:00'),('shop.easylager.order_detail_product.stockcount',NULL,'true',NULL,'2015-09-30 10:03:01',NULL,'0000-00-00 00:00:00'),('shop.easylager.order_detail_product.stockcount.changeby',NULL,'true',NULL,'2015-09-30 10:03:01',NULL,'0000-00-00 00:00:00'),('shop.easylager.order_detail_product.stockcount.changecause',NULL,'true',NULL,'2015-09-30 10:03:01',NULL,'0000-00-00 00:00:00'),('shop.easylager.order_detail_product.stockcount.piece',NULL,'true',NULL,'2015-09-30 10:03:01',NULL,'0000-00-00 00:00:00'),('shop.easylager.order_list.country',NULL,'true',NULL,'2015-09-30 10:03:01',NULL,'0000-00-00 00:00:00'),('shop.easylager.order_list.customer',NULL,'true',NULL,'2015-09-30 10:03:01',NULL,'0000-00-00 00:00:00'),('shop.easylager.order_list.days',NULL,'true',NULL,'2015-09-30 10:03:01',NULL,'0000-00-00 00:00:00'),('shop.easylager.order_list.noentries',NULL,'true',NULL,'2015-09-30 10:03:01',NULL,'0000-00-00 00:00:00'),('shop.easylager.order_list.order',NULL,'true',NULL,'2015-09-30 10:03:01',NULL,'0000-00-00 00:00:00'),('shop.easylager.order_list.payment',NULL,'true',NULL,'2015-09-30 10:03:01',NULL,'0000-00-00 00:00:00'),('shop.easylager.order_list.zip',NULL,'true',NULL,'2015-09-30 10:03:01',NULL,'0000-00-00 00:00:00'),('shop.easylager.order_overview_new.apply',NULL,'true',NULL,'2015-09-30 10:03:01',NULL,'0000-00-00 00:00:00'),('shop.easylager.order_overview_new.artnr',NULL,'true',NULL,'2015-09-30 10:03:01',NULL,'0000-00-00 00:00:00'),('shop.easylager.order_overview_new.bestnr',NULL,'true',NULL,'2015-09-30 10:03:01',NULL,'0000-00-00 00:00:00'),('shop.easylager.order_overview_new.description',NULL,'true',NULL,'2015-09-30 10:03:01',NULL,'0000-00-00 00:00:00'),('shop.easylager.order_overview_new.ep',NULL,'true',NULL,'2015-09-30 10:03:01',NULL,'0000-00-00 00:00:00'),('shop.easylager.order_overview_new.gp',NULL,'true',NULL,'2015-09-30 10:03:01',NULL,'0000-00-00 00:00:00'),('shop.easylager.order_overview_new.kunnr',NULL,'true',NULL,'2015-09-30 10:03:01',NULL,'0000-00-00 00:00:00'),('shop.easylager.order_overview_new.piece',NULL,'true',NULL,'2015-09-30 10:03:01',NULL,'0000-00-00 00:00:00'),('shop.easylager.order_overview_new.prodnr',NULL,'true',NULL,'2015-09-30 10:03:01',NULL,'0000-00-00 00:00:00'),('shop.easylager.order_overview_new.stock',NULL,'true',NULL,'2015-09-30 10:03:01',NULL,'0000-00-00 00:00:00'),('shop.easylager.order_overview_packing.confirmcancel',NULL,'true',NULL,'2015-09-30 10:03:01',NULL,'0000-00-00 00:00:00'),('shop.easylager.order_overview_packing.country',NULL,'true',NULL,'2015-09-30 10:03:01',NULL,'0000-00-00 00:00:00'),('shop.easylager.order_overview_packing.deliverytype',NULL,'true',NULL,'2015-09-30 10:03:01',NULL,'0000-00-00 00:00:00'),('shop.easylager.order_overview_packing.erroroccured',NULL,'true',NULL,'2015-09-30 10:03:01',NULL,'0000-00-00 00:00:00'),('shop.easylager.order_overview_packing.paymenttype',NULL,'true',NULL,'2015-09-30 10:03:01',NULL,'0000-00-00 00:00:00'),('shop.easylager.order_overview_packing.pleasechoose',NULL,'true',NULL,'2015-09-30 10:03:01',NULL,'0000-00-00 00:00:00'),('shop.easylager.order_overview_packing.search',NULL,'true',NULL,'2015-09-30 10:03:01',NULL,'0000-00-00 00:00:00'),('shop.easylager.order_overview_packing.searchkeyword',NULL,'true',NULL,'2015-09-30 10:03:01',NULL,'0000-00-00 00:00:00'),('shop.easylager.order_overview_packing.sendableproducts',NULL,'true',NULL,'2015-09-30 10:03:01',NULL,'0000-00-00 00:00:00'),('shop.easylager.order_overview_packing.triggeraction',NULL,'true',NULL,'2015-09-30 10:03:01',NULL,'0000-00-00 00:00:00'),('shop.easylager.order_overview_print.art',NULL,'true',NULL,'2015-09-30 10:03:01',NULL,'0000-00-00 00:00:00'),('shop.easylager.order_overview_print.close',NULL,'true',NULL,'2015-09-30 10:03:01',NULL,'0000-00-00 00:00:00'),('shop.easylager.order_overview_print.confirmclose',NULL,'true',NULL,'2015-09-30 10:03:01',NULL,'0000-00-00 00:00:00'),('shop.easylager.order_overview_print.customer',NULL,'true',NULL,'2015-09-30 10:03:01',NULL,'0000-00-00 00:00:00'),('shop.easylager.order_overview_print.date',NULL,'true',NULL,'2015-09-30 10:03:01',NULL,'0000-00-00 00:00:00'),('shop.easylager.order_overview_print.description',NULL,'true',NULL,'2015-09-30 10:03:01',NULL,'0000-00-00 00:00:00'),('shop.easylager.order_overview_print.noentries',NULL,'true',NULL,'2015-09-30 10:03:01',NULL,'0000-00-00 00:00:00'),('shop.easylager.order_overview_print.nr',NULL,'true',NULL,'2015-09-30 10:03:01',NULL,'0000-00-00 00:00:00'),('shop.easylager.order_overview_reshipment.artnr',NULL,'true',NULL,'2015-09-30 10:03:01',NULL,'0000-00-00 00:00:00'),('shop.easylager.order_overview_reshipment.back',NULL,'true',NULL,'2015-09-30 10:03:01',NULL,'0000-00-00 00:00:00'),('shop.easylager.order_overview_reshipment.cancel',NULL,'true',NULL,'2015-09-30 10:03:01',NULL,'0000-00-00 00:00:00'),('shop.easylager.order_overview_reshipment.close',NULL,'true',NULL,'2015-09-30 10:03:01',NULL,'0000-00-00 00:00:00'),('shop.easylager.order_overview_reshipment.confirmreship',NULL,'true',NULL,'2015-09-30 10:03:01',NULL,'0000-00-00 00:00:00'),('shop.easylager.order_overview_reshipment.containsproducts',NULL,'true',NULL,'2015-09-30 10:03:01',NULL,'0000-00-00 00:00:00'),('shop.easylager.order_overview_reshipment.description',NULL,'true',NULL,'2015-09-30 10:03:01',NULL,'0000-00-00 00:00:00'),('shop.easylager.order_overview_reshipment.invoiceprint',NULL,'true',NULL,'2015-09-30 10:03:01',NULL,'0000-00-00 00:00:00'),('shop.easylager.order_overview_reshipment.next',NULL,'true',NULL,'2015-09-30 10:03:01',NULL,'0000-00-00 00:00:00'),('shop.easylager.order_overview_reshipment.piece',NULL,'true',NULL,'2015-09-30 10:03:01',NULL,'0000-00-00 00:00:00'),('shop.easylager.order_overview_reshipment.reship',NULL,'true',NULL,'2015-09-30 10:03:01',NULL,'0000-00-00 00:00:00'),('shop.easylager.order_overview_reshipment.reshipment.cause',NULL,'true',NULL,'2015-09-30 10:03:01',NULL,'0000-00-00 00:00:00'),('shop.easylager.order_overview_reshipment.reshipment.comment',NULL,'true',NULL,'2015-09-30 10:03:01',NULL,'0000-00-00 00:00:00'),('shop.easylager.order_overview_reshipment.reshipment.success',NULL,'true',NULL,'2015-09-30 10:03:01',NULL,'0000-00-00 00:00:00'),('shop.easylager.order_overview_reshipment.reshipment.title',NULL,'true',NULL,'2015-09-30 10:03:01',NULL,'0000-00-00 00:00:00'),('shop.easylager.order_overview_reshipment.reshipmentsingle',NULL,'true',NULL,'2015-09-30 10:03:01',NULL,'0000-00-00 00:00:00'),('shop.easylager.order_overview_reshipment.validation.retourtype',NULL,'true',NULL,'2015-09-30 10:03:01',NULL,'0000-00-00 00:00:00'),('shop.easylager.order_overview_shipping.confirmclosepostlist',NULL,'true',NULL,'2015-09-30 10:03:01',NULL,'0000-00-00 00:00:00'),('shop.easylager.order_overview_shipping.confirmreopen',NULL,'true',NULL,'2015-09-30 10:03:01',NULL,'0000-00-00 00:00:00'),('shop.easylager.order_overview_shipping.confirmsendwithmail',NULL,'true',NULL,'2015-09-30 10:03:01',NULL,'0000-00-00 00:00:00'),('shop.easylager.order_overview_shipping.confirmsendwithoutmail',NULL,'true',NULL,'2015-09-30 10:03:01',NULL,'0000-00-00 00:00:00'),('shop.easylager.order_overview_shipping.containsproducts',NULL,'true',NULL,'2015-09-30 10:03:01',NULL,'0000-00-00 00:00:00'),('shop.easylager.order_overview_shipping.maillist',NULL,'true',NULL,'2015-09-30 10:03:01',NULL,'0000-00-00 00:00:00'),('shop.easylager.order_overview_shipping.pleasechoose',NULL,'true',NULL,'2015-09-30 10:03:01',NULL,'0000-00-00 00:00:00'),('shop.easylager.order_overview_shipping.postlistclose',NULL,'true',NULL,'2015-09-30 10:03:01',NULL,'0000-00-00 00:00:00'),('shop.easylager.order_overview_shipping.sendwithmail',NULL,'true',NULL,'2015-09-30 10:03:01',NULL,'0000-00-00 00:00:00'),('shop.easylager.order_overview_shipping.sendwithoutmail',NULL,'true',NULL,'2015-09-30 10:03:01',NULL,'0000-00-00 00:00:00'),('shop.easylager.order_overview_shipping.singledelivery',NULL,'true',NULL,'2015-09-30 10:03:01',NULL,'0000-00-00 00:00:00'),('shop.easylager.order_overview_shipping.todolist',NULL,'true',NULL,'2015-09-30 10:03:01',NULL,'0000-00-00 00:00:00'),('shop.easylager.order_overview_shipping.triggeraction',NULL,'true',NULL,'2015-09-30 10:03:01',NULL,'0000-00-00 00:00:00'),('shop.easylager.order_overview_tracking.erroroccured',NULL,'true',NULL,'2015-09-30 10:03:01',NULL,'0000-00-00 00:00:00'),('shop.easylager.order_overview_tracking.invoicecancel',NULL,'true',NULL,'2015-09-30 10:03:01',NULL,'0000-00-00 00:00:00'),('shop.easylager.order_overview_tracking.invoicenr',NULL,'true',NULL,'2015-09-30 10:03:01',NULL,'0000-00-00 00:00:00'),('shop.easylager.order_overview_tracking.productstoship',NULL,'true',NULL,'2015-09-30 10:03:01',NULL,'0000-00-00 00:00:00'),('shop.easylager.order_overview_tracking.search',NULL,'true',NULL,'2015-09-30 10:03:01',NULL,'0000-00-00 00:00:00'),('shop.easylager.person_data.deliveryadress',NULL,'true',NULL,'2015-09-30 10:03:01',NULL,'0000-00-00 00:00:00'),('shop.easylager.person_data.deliveryadress.issame',NULL,'true',NULL,'2015-09-30 10:03:01',NULL,'0000-00-00 00:00:00'),('shop.easylager.person_data.email',NULL,'true',NULL,'2015-09-30 10:03:01',NULL,'0000-00-00 00:00:00'),('shop.easylager.person_data.invoiceadress',NULL,'true',NULL,'2015-09-30 10:03:01',NULL,'0000-00-00 00:00:00'),('shop.easylager.person_data.mr',NULL,'true',NULL,'2015-09-30 10:03:01',NULL,'0000-00-00 00:00:00'),('shop.easylager.person_data.ms',NULL,'true',NULL,'2015-09-30 10:03:01',NULL,'0000-00-00 00:00:00'),('shop.easylager.person_data.tel',NULL,'true',NULL,'2015-09-30 10:03:01',NULL,'0000-00-00 00:00:00'),('shop.easylager.person_data.uid',NULL,'true',NULL,'2015-09-30 10:03:01',NULL,'0000-00-00 00:00:00'),('shop.easylager.person_edit.city',NULL,'true',NULL,'2015-09-30 10:03:01',NULL,'0000-00-00 00:00:00'),('shop.easylager.person_edit.company',NULL,'true',NULL,'2015-09-30 10:03:01',NULL,'0000-00-00 00:00:00'),('shop.easylager.person_edit.deliveryadress',NULL,'true',NULL,'2015-09-30 10:03:01',NULL,'0000-00-00 00:00:00'),('shop.easylager.person_edit.deliverycity',NULL,'true',NULL,'2015-09-30 10:03:01',NULL,'0000-00-00 00:00:00'),('shop.easylager.person_edit.deliverystreet',NULL,'true',NULL,'2015-09-30 10:03:01',NULL,'0000-00-00 00:00:00'),('shop.easylager.person_edit.deliveryzip',NULL,'true',NULL,'2015-09-30 10:03:01',NULL,'0000-00-00 00:00:00'),('shop.easylager.person_edit.email',NULL,'true',NULL,'2015-09-30 10:03:01',NULL,'0000-00-00 00:00:00'),('shop.easylager.person_edit.firstname',NULL,'true',NULL,'2015-09-30 10:03:01',NULL,'0000-00-00 00:00:00'),('shop.easylager.person_edit.lastname',NULL,'true',NULL,'2015-09-30 10:03:01',NULL,'0000-00-00 00:00:00'),('shop.easylager.person_edit.savetocustomer',NULL,'true',NULL,'2015-09-30 10:03:01',NULL,'0000-00-00 00:00:00'),('shop.easylager.person_edit.street',NULL,'true',NULL,'2015-09-30 10:03:01',NULL,'0000-00-00 00:00:00'),('shop.easylager.person_edit.title',NULL,'true',NULL,'2015-09-30 10:03:01',NULL,'0000-00-00 00:00:00'),('shop.easylager.person_edit.zip',NULL,'true',NULL,'2015-09-30 10:03:01',NULL,'0000-00-00 00:00:00'),('shop.easylager.showreshipment_overview.canceled',NULL,'true',NULL,'2015-09-30 10:03:01',NULL,'0000-00-00 00:00:00'),('shop.easylager.showreshipment_overview.confirmcancel',NULL,'true',NULL,'2015-09-30 10:03:01',NULL,'0000-00-00 00:00:00'),('shop.easylager.showreshipment_overview.deliverystate',NULL,'true',NULL,'2015-09-30 10:03:01',NULL,'0000-00-00 00:00:00'),('shop.easylager.showreshipment_overview.description',NULL,'true',NULL,'2015-09-30 10:03:01',NULL,'0000-00-00 00:00:00'),('shop.easylager.showreshipment_overview.everythingsent',NULL,'true',NULL,'2015-09-30 10:03:01',NULL,'0000-00-00 00:00:00'),('shop.easylager.showreshipment_overview.lst',NULL,'true',NULL,'2015-09-30 10:03:01',NULL,'0000-00-00 00:00:00'),('shop.easylager.showreshipment_overview.noentries',NULL,'true',NULL,'2015-09-30 10:03:01',NULL,'0000-00-00 00:00:00'),('shop.easylager.showreshipment_overview.notsent',NULL,'true',NULL,'2015-09-30 10:03:01',NULL,'0000-00-00 00:00:00'),('shop.easylager.showreshipment_overview.open',NULL,'true',NULL,'2015-09-30 10:03:01',NULL,'0000-00-00 00:00:00'),('shop.easylager.showreshipment_overview.orderdetails',NULL,'true',NULL,'2015-09-30 10:03:01',NULL,'0000-00-00 00:00:00'),('shop.easylager.showreshipment_overview.ordertotal',NULL,'true',NULL,'2015-09-30 10:03:01',NULL,'0000-00-00 00:00:00'),('shop.easylager.showreshipment_overview.paid',NULL,'true',NULL,'2015-09-30 10:03:01',NULL,'0000-00-00 00:00:00'),('shop.easylager.showreshipment_overview.partdelivery.info',NULL,'true',NULL,'2015-09-30 10:03:01',NULL,'0000-00-00 00:00:00'),('shop.easylager.showreshipment_overview.partdelivery.title',NULL,'true',NULL,'2015-09-30 10:03:01',NULL,'0000-00-00 00:00:00'),('shop.easylager.showreshipment_overview.partlysent',NULL,'true',NULL,'2015-09-30 10:03:01',NULL,'0000-00-00 00:00:00'),('shop.easylager.showreshipment_overview.piece',NULL,'true',NULL,'2015-09-30 10:03:01',NULL,'0000-00-00 00:00:00'),('shop.easylager.showreshipment_overview.prdnr',NULL,'true',NULL,'2015-09-30 10:03:01',NULL,'0000-00-00 00:00:00'),('shop.easylager.showreshipment_overview.sentnotpaid',NULL,'true',NULL,'2015-09-30 10:03:01',NULL,'0000-00-00 00:00:00'),('shop.easylager.showreshipment_overview.state',NULL,'true',NULL,'2015-09-30 10:03:01',NULL,'0000-00-00 00:00:00'),('shop.easylager.showwarehouse_correctionoverview.artnr',NULL,'true',NULL,'2015-09-30 10:03:01',NULL,'0000-00-00 00:00:00'),('shop.easylager.showwarehouse_correctionoverview.changestock',NULL,'true',NULL,'2015-09-30 10:03:01',NULL,'0000-00-00 00:00:00'),('shop.easylager.showwarehouse_correctionoverview.innewlist',NULL,'true',NULL,'2015-09-30 10:03:01',NULL,'0000-00-00 00:00:00'),('shop.easylager.showwarehouse_correctionoverview.instock',NULL,'true',NULL,'2015-09-30 10:03:01',NULL,'0000-00-00 00:00:00'),('shop.easylager.showwarehouse_correctionoverview.journal',NULL,'true',NULL,'2015-09-30 10:03:01',NULL,'0000-00-00 00:00:00'),('shop.easylager.showwarehouse_correctionoverview.journal.alt',NULL,'true',NULL,'2015-09-30 10:03:01',NULL,'0000-00-00 00:00:00'),('shop.easylager.showwarehouse_correctionoverview.journal.cause',NULL,'true',NULL,'2015-09-30 10:03:01',NULL,'0000-00-00 00:00:00'),('shop.easylager.showwarehouse_correctionoverview.journal.change',NULL,'true',NULL,'2015-09-30 10:03:01',NULL,'0000-00-00 00:00:00'),('shop.easylager.showwarehouse_correctionoverview.journal.date',NULL,'true',NULL,'2015-09-30 10:03:01',NULL,'0000-00-00 00:00:00'),('shop.easylager.showwarehouse_correctionoverview.journal.user',NULL,'true',NULL,'2015-09-30 10:03:01',NULL,'0000-00-00 00:00:00'),('shop.easylager.showwarehouse_correctionoverview.piece',NULL,'true',NULL,'2015-09-30 10:03:01',NULL,'0000-00-00 00:00:00'),('shop.easylager.showwarehouse_correctionoverview.search',NULL,'true',NULL,'2015-09-30 10:03:01',NULL,'0000-00-00 00:00:00'),('shop.easylager.showwarehouse_correctionoverview.searchkeyword',NULL,'true',NULL,'2015-09-30 10:03:01',NULL,'0000-00-00 00:00:00'),('shop.easylager.showwarehouse_correctionoverview.showjournal',NULL,'true',NULL,'2015-09-30 10:03:01',NULL,'0000-00-00 00:00:00'),('shop.easylager.showwarehouse_correctionoverview.stock',NULL,'true',NULL,'2015-09-30 10:03:01',NULL,'0000-00-00 00:00:00'),('shop.easylager.showwarehouse_correctionoverview.stock.change.info',NULL,'true',NULL,'2015-09-30 10:03:01',NULL,'0000-00-00 00:00:00'),('shop.easylager.showwarehouse_correctionoverview.stock.change.title',NULL,'true',NULL,'2015-09-30 10:03:01',NULL,'0000-00-00 00:00:00'),('shop.easylager.showwarehouse_correctionoverview.stock.changeby',NULL,'true',NULL,'2015-09-30 10:03:01',NULL,'0000-00-00 00:00:00'),('shop.easylager.showwarehouse_correctionoverview.stockchange',NULL,'true',NULL,'2015-09-30 10:03:01',NULL,'0000-00-00 00:00:00'),('shop.easylager.showwarehouse_correctionoverview.supplier',NULL,'true',NULL,'2015-09-30 10:03:01',NULL,'0000-00-00 00:00:00'),('shop.easylager.showwarehouse_correctionoverview.suppliernr',NULL,'true',NULL,'2015-09-30 10:03:01',NULL,'0000-00-00 00:00:00'),('shop.easylager.showwarehouse_correctionoverview.validate',NULL,'true',NULL,'2015-09-30 10:03:01',NULL,'0000-00-00 00:00:00'),('shop.easylager.showwarehouse_correctionoverview.withoutean',NULL,'true',NULL,'2015-09-30 10:03:01',NULL,'0000-00-00 00:00:00'),('shop.easylager.showwarehouse_correctionoverview.withoutweight',NULL,'true',NULL,'2015-09-30 10:03:01',NULL,'0000-00-00 00:00:00'),('shop.easylager.showwarehouse_overview.correction',NULL,'true',NULL,'2015-09-30 10:03:01',NULL,'0000-00-00 00:00:00'),('shop.easylager.showwarehouse_overview.deliverywithinvoice',NULL,'true',NULL,'2015-09-30 10:03:01',NULL,'0000-00-00 00:00:00'),('shop.easylager.showwarehouse_overview.deliverywithinvoicenote',NULL,'true',NULL,'2015-09-30 10:03:01',NULL,'0000-00-00 00:00:00'),('shop.easylager.showwarehouse_overview.search',NULL,'true',NULL,'2015-09-30 10:03:01',NULL,'0000-00-00 00:00:00'),('shop.easylager.showwarehouse_overview.searchkeyword',NULL,'true',NULL,'2015-09-30 10:03:01',NULL,'0000-00-00 00:00:00'),('shop.easylager.showwarehouse_productoverview.artnr',NULL,'true',NULL,'2015-09-30 10:03:01',NULL,'0000-00-00 00:00:00'),('shop.easylager.showwarehouse_productoverview.barcode',NULL,'true',NULL,'2015-09-30 10:03:01',NULL,'0000-00-00 00:00:00'),('shop.easylager.showwarehouse_productoverview.ean',NULL,'true',NULL,'2015-09-30 10:03:01',NULL,'0000-00-00 00:00:00'),('shop.easylager.showwarehouse_productoverview.innewlist',NULL,'true',NULL,'2015-09-30 10:03:01',NULL,'0000-00-00 00:00:00'),('shop.easylager.showwarehouse_productoverview.instock',NULL,'true',NULL,'2015-09-30 10:03:01',NULL,'0000-00-00 00:00:00'),('shop.easylager.showwarehouse_productoverview.piece',NULL,'true',NULL,'2015-09-30 10:03:01',NULL,'0000-00-00 00:00:00'),('shop.easylager.showwarehouse_productoverview.product.barcode',NULL,'true',NULL,'2015-09-30 10:03:01',NULL,'0000-00-00 00:00:00'),('shop.easylager.showwarehouse_productoverview.product.changestockby',NULL,'true',NULL,'2015-09-30 10:03:01',NULL,'0000-00-00 00:00:00'),('shop.easylager.showwarehouse_productoverview.product.ean',NULL,'true',NULL,'2015-09-30 10:03:01',NULL,'0000-00-00 00:00:00'),('shop.easylager.showwarehouse_productoverview.product.title',NULL,'true',NULL,'2015-09-30 10:03:01',NULL,'0000-00-00 00:00:00'),('shop.easylager.showwarehouse_productoverview.product.weight',NULL,'true',NULL,'2015-09-30 10:03:01',NULL,'0000-00-00 00:00:00'),('shop.easylager.showwarehouse_productoverview.productname',NULL,'true',NULL,'2015-09-30 10:03:01',NULL,'0000-00-00 00:00:00'),('shop.easylager.showwarehouse_productoverview.save',NULL,'true',NULL,'2015-09-30 10:03:01',NULL,'0000-00-00 00:00:00'),('shop.easylager.showwarehouse_productoverview.search',NULL,'true',NULL,'2015-09-30 10:03:01',NULL,'0000-00-00 00:00:00'),('shop.easylager.showwarehouse_productoverview.searchkeyword',NULL,'true',NULL,'2015-09-30 10:03:01',NULL,'0000-00-00 00:00:00'),('shop.easylager.showwarehouse_productoverview.supplier',NULL,'true',NULL,'2015-09-30 10:03:01',NULL,'0000-00-00 00:00:00'),('shop.easylager.showwarehouse_productoverview.supplier.artnr',NULL,'true',NULL,'2015-09-30 10:03:01',NULL,'0000-00-00 00:00:00'),('shop.easylager.showwarehouse_productoverview.weight',NULL,'true',NULL,'2015-09-30 10:03:01',NULL,'0000-00-00 00:00:00'),('shop.easylager.showwarehouse_productoverview.withoutean',NULL,'true',NULL,'2015-09-30 10:03:01',NULL,'0000-00-00 00:00:00'),('shop.easylager.showwarehouse_productoverview.withoutposition',NULL,'true',NULL,'2015-09-30 10:03:01',NULL,'0000-00-00 00:00:00'),('shop.easylager.showwarehouse_productoverview.withoutweight',NULL,'true',NULL,'2015-09-30 10:03:01',NULL,'0000-00-00 00:00:00'),('shop.easylager.stockcount.deliveryadress',NULL,'true',NULL,'2015-09-30 10:03:01',NULL,'0000-00-00 00:00:00'),('shop.easylager.stockcount.invoiceadress',NULL,'true',NULL,'2015-09-30 10:03:01',NULL,'0000-00-00 00:00:00'),('shop.easylager.stock_list.artnr',NULL,'true',NULL,'2015-09-30 10:03:01',NULL,'0000-00-00 00:00:00'),('shop.easylager.stock_list.barcode',NULL,'true',NULL,'2015-09-30 10:03:01',NULL,'0000-00-00 00:00:00'),('shop.easylager.stock_list.description',NULL,'true',NULL,'2015-09-30 10:03:01',NULL,'0000-00-00 00:00:00'),('shop.easylager.stock_list.ean',NULL,'true',NULL,'2015-09-30 10:03:01',NULL,'0000-00-00 00:00:00'),('shop.easylager.stock_list.entries',NULL,'true',NULL,'2015-09-30 10:03:01',NULL,'0000-00-00 00:00:00'),('shop.easylager.stock_list.kg',NULL,'true',NULL,'2015-09-30 10:03:01',NULL,'0000-00-00 00:00:00'),('shop.easylager.stock_list.prodnr',NULL,'true',NULL,'2015-09-30 10:03:01',NULL,'0000-00-00 00:00:00'),('shop.easylager.stock_list.stock',NULL,'true',NULL,'2015-09-30 10:03:01',NULL,'0000-00-00 00:00:00'),('shop.easylager.stock_list.supplier',NULL,'true',NULL,'2015-09-30 10:03:01',NULL,'0000-00-00 00:00:00'),('shop.easylager.stock_list.weight',NULL,'true',NULL,'2015-09-30 10:03:01',NULL,'0000-00-00 00:00:00'),('shop.easylager.trackingnumber.pleasechoose',NULL,'true',NULL,'2015-09-30 10:03:01',NULL,'0000-00-00 00:00:00'),('shop.easylager.trackingnumber.search',NULL,'true',NULL,'2015-09-30 10:03:01',NULL,'0000-00-00 00:00:00'),('shop.easylager.trackingnumber.setnr',NULL,'true',NULL,'2015-09-30 10:03:01',NULL,'0000-00-00 00:00:00'),('shop.easylager.trackingnumber.shippingmethod',NULL,'true',NULL,'2015-09-30 10:03:01',NULL,'0000-00-00 00:00:00'),('shop.easylager.trackingnumber.trackingnumber',NULL,'true',NULL,'2015-09-30 10:03:01',NULL,'0000-00-00 00:00:00'),('shop.easylager.warehouse_correction.additionalproducts',NULL,'true',NULL,'2015-09-30 10:03:01',NULL,'0000-00-00 00:00:00'),('shop.easylager.warehouse_correction.artnr',NULL,'true',NULL,'2015-09-30 10:03:01',NULL,'0000-00-00 00:00:00'),('shop.easylager.warehouse_correction.bookintostock',NULL,'true',NULL,'2015-09-30 10:03:01',NULL,'0000-00-00 00:00:00'),('shop.easylager.warehouse_correction.deliveryerror',NULL,'true',NULL,'2015-09-30 10:03:01',NULL,'0000-00-00 00:00:00'),('shop.easylager.warehouse_correction.deliveryerror.artnr',NULL,'true',NULL,'2015-09-30 10:03:01',NULL,'0000-00-00 00:00:00'),('shop.easylager.warehouse_correction.deliveryerror.cause',NULL,'true',NULL,'2015-09-30 10:03:01',NULL,'0000-00-00 00:00:00'),('shop.easylager.warehouse_correction.deliveryerror.count',NULL,'true',NULL,'2015-09-30 10:03:01',NULL,'0000-00-00 00:00:00'),('shop.easylager.warehouse_correction.deliveryerror.entries',NULL,'true',NULL,'2015-09-30 10:03:01',NULL,'0000-00-00 00:00:00'),('shop.easylager.warehouse_correction.deliveryerror.nolongeravailable',NULL,'true',NULL,'2015-09-30 10:03:01',NULL,'0000-00-00 00:00:00'),('shop.easylager.warehouse_correction.deliveryerror.notdelivered',NULL,'true',NULL,'2015-09-30 10:03:01',NULL,'0000-00-00 00:00:00'),('shop.easylager.warehouse_correction.deliveryerror.product',NULL,'true',NULL,'2015-09-30 10:03:01',NULL,'0000-00-00 00:00:00'),('shop.easylager.warehouse_correction.productsadded',NULL,'true',NULL,'2015-09-30 10:03:01',NULL,'0000-00-00 00:00:00'),('shop.easylager.warehouse_default_overview.artnr',NULL,'true',NULL,'2015-09-30 10:03:01',NULL,'0000-00-00 00:00:00'),('shop.easylager.warehouse_default_overview.book',NULL,'true',NULL,'2015-09-30 10:03:01',NULL,'0000-00-00 00:00:00'),('shop.easylager.warehouse_default_overview.bookinstock',NULL,'true',NULL,'2015-09-30 10:03:01',NULL,'0000-00-00 00:00:00'),('shop.easylager.warehouse_default_overview.close',NULL,'true',NULL,'2015-09-30 10:03:01',NULL,'0000-00-00 00:00:00'),('shop.easylager.warehouse_default_overview.delivered',NULL,'true',NULL,'2015-09-30 10:03:01',NULL,'0000-00-00 00:00:00'),('shop.easylager.warehouse_default_overview.delivery.date',NULL,'true',NULL,'2015-09-30 10:03:01',NULL,'0000-00-00 00:00:00'),('shop.easylager.warehouse_default_overview.description',NULL,'true',NULL,'2015-09-30 10:03:01',NULL,'0000-00-00 00:00:00'),('shop.easylager.warehouse_default_overview.entries',NULL,'true',NULL,'2015-09-30 10:03:01',NULL,'0000-00-00 00:00:00'),('shop.easylager.warehouse_default_overview.finish',NULL,'true',NULL,'2015-09-30 10:03:01',NULL,'0000-00-00 00:00:00'),('shop.easylager.warehouse_default_overview.grandtotal',NULL,'true',NULL,'2015-09-30 10:03:01',NULL,'0000-00-00 00:00:00'),('shop.easylager.warehouse_default_overview.open',NULL,'true',NULL,'2015-09-30 10:03:01',NULL,'0000-00-00 00:00:00'),('shop.easylager.warehouse_default_overview.order.bookinstock',NULL,'true',NULL,'2015-09-30 10:03:01',NULL,'0000-00-00 00:00:00'),('shop.easylager.warehouse_default_overview.order.close',NULL,'true',NULL,'2015-09-30 10:03:01',NULL,'0000-00-00 00:00:00'),('shop.easylager.warehouse_default_overview.order.date',NULL,'true',NULL,'2015-09-30 10:03:01',NULL,'0000-00-00 00:00:00'),('shop.easylager.warehouse_default_overview.order.done',NULL,'true',NULL,'2015-09-30 10:03:01',NULL,'0000-00-00 00:00:00'),('shop.easylager.warehouse_default_overview.order.nr',NULL,'true',NULL,'2015-09-30 10:03:01',NULL,'0000-00-00 00:00:00'),('shop.easylager.warehouse_default_overview.order.open',NULL,'true',NULL,'2015-09-30 10:03:01',NULL,'0000-00-00 00:00:00'),('shop.easylager.warehouse_default_overview.order.partlydone',NULL,'true',NULL,'2015-09-30 10:03:01',NULL,'0000-00-00 00:00:00'),('shop.easylager.warehouse_default_overview.order.unfinished',NULL,'true',NULL,'2015-09-30 10:03:01',NULL,'0000-00-00 00:00:00'),('shop.easylager.warehouse_default_overview.ordered',NULL,'true',NULL,'2015-09-30 10:03:01',NULL,'0000-00-00 00:00:00'),('shop.easylager.warehouse_default_overview.piece',NULL,'true',NULL,'2015-09-30 10:03:01',NULL,'0000-00-00 00:00:00'),('shop.easylager.warehouse_default_overview.prodnr',NULL,'true',NULL,'2015-09-30 10:03:01',NULL,'0000-00-00 00:00:00'),('shop.easylager.warehouse_default_overview.reopen',NULL,'true',NULL,'2015-09-30 10:03:01',NULL,'0000-00-00 00:00:00'),('shop.easylager.warehouse_default_overview.stock',NULL,'true',NULL,'2015-09-30 10:03:01',NULL,'0000-00-00 00:00:00'),('shop.easylager.warehouse_default_overview.supplier',NULL,'true',NULL,'2015-09-30 10:03:01',NULL,'0000-00-00 00:00:00'),('shop.easylager.warehouse_delivery.artnr',NULL,'true',NULL,'2015-09-30 10:03:01',NULL,'0000-00-00 00:00:00'),('shop.easylager.warehouse_delivery.barcodescanstart',NULL,'true',NULL,'2015-09-30 10:03:01',NULL,'0000-00-00 00:00:00'),('shop.easylager.warehouse_delivery.bookinstock',NULL,'true',NULL,'2015-09-30 10:03:01',NULL,'0000-00-00 00:00:00'),('shop.easylager.warehouse_delivery.close',NULL,'true',NULL,'2015-09-30 10:03:01',NULL,'0000-00-00 00:00:00'),('shop.easylager.warehouse_delivery.confirmclose',NULL,'true',NULL,'2015-09-30 10:03:01',NULL,'0000-00-00 00:00:00'),('shop.easylager.warehouse_delivery.delivery',NULL,'true',NULL,'2015-09-30 10:03:01',NULL,'0000-00-00 00:00:00'),('shop.easylager.warehouse_delivery.nettotal',NULL,'true',NULL,'2015-09-30 10:03:01',NULL,'0000-00-00 00:00:00'),('shop.easylager.warehouse_delivery.noentries',NULL,'true',NULL,'2015-09-30 10:03:01',NULL,'0000-00-00 00:00:00'),('shop.easylager.warehouse_delivery.ordered',NULL,'true',NULL,'2015-09-30 10:03:01',NULL,'0000-00-00 00:00:00'),('shop.easylager.warehouse_delivery.piece',NULL,'true',NULL,'2015-09-30 10:03:01',NULL,'0000-00-00 00:00:00'),('shop.easylager.warehouse_delivery.product',NULL,'true',NULL,'2015-09-30 10:03:01',NULL,'0000-00-00 00:00:00'),('shop.easylager.warehouse_delivery.total',NULL,'true',NULL,'2015-09-30 10:03:01',NULL,'0000-00-00 00:00:00'),('shop.easylager.warehouse_delivery_correction.deliveryerror',NULL,'true',NULL,'2015-09-30 10:03:01',NULL,'0000-00-00 00:00:00'),('shop.easylager.warehouse_delivery_correction.deliveryerror.artnr',NULL,'true',NULL,'2015-09-30 10:03:01',NULL,'0000-00-00 00:00:00'),('shop.easylager.warehouse_delivery_correction.deliveryerror.break',NULL,'true',NULL,'2015-09-30 10:03:01',NULL,'0000-00-00 00:00:00'),('shop.easylager.warehouse_delivery_correction.deliveryerror.deficit',NULL,'true',NULL,'2015-09-30 10:03:01',NULL,'0000-00-00 00:00:00'),('shop.easylager.warehouse_delivery_correction.deliveryerror.product',NULL,'true',NULL,'2015-09-30 10:03:01',NULL,'0000-00-00 00:00:00'),('shop.easylager.warehouse_delivery_correction.noentries',NULL,'true',NULL,'2015-09-30 10:03:01',NULL,'0000-00-00 00:00:00'),('shop.easylager.warehouse_delivery_correction.sendmail',NULL,'true',NULL,'2015-09-30 10:03:01',NULL,'0000-00-00 00:00:00'),('shop.easylager.warehouse_delivery_invoice.artnr',NULL,'true',NULL,'2015-09-30 10:03:01',NULL,'0000-00-00 00:00:00'),('shop.easylager.warehouse_delivery_invoice.barcodescanstart',NULL,'true',NULL,'2015-09-30 10:03:01',NULL,'0000-00-00 00:00:00'),('shop.easylager.warehouse_delivery_invoice.cargo',NULL,'true',NULL,'2015-09-30 10:03:01',NULL,'0000-00-00 00:00:00'),('shop.easylager.warehouse_delivery_invoice.close',NULL,'true',NULL,'2015-09-30 10:03:01',NULL,'0000-00-00 00:00:00'),('shop.easylager.warehouse_delivery_invoice.confirmclose',NULL,'true',NULL,'2015-09-30 10:03:01',NULL,'0000-00-00 00:00:00'),('shop.easylager.warehouse_delivery_invoice.delivery',NULL,'true',NULL,'2015-09-30 10:03:01',NULL,'0000-00-00 00:00:00'),('shop.easylager.warehouse_delivery_invoice.discount',NULL,'true',NULL,'2015-09-30 10:03:01',NULL,'0000-00-00 00:00:00'),('shop.easylager.warehouse_delivery_invoice.ek',NULL,'true',NULL,'2015-09-30 10:03:01',NULL,'0000-00-00 00:00:00'),('shop.easylager.warehouse_delivery_invoice.ep',NULL,'true',NULL,'2015-09-30 10:03:01',NULL,'0000-00-00 00:00:00'),('shop.easylager.warehouse_delivery_invoice.inheritdata',NULL,'true',NULL,'2015-09-30 10:03:01',NULL,'0000-00-00 00:00:00'),('shop.easylager.warehouse_delivery_invoice.insurance',NULL,'true',NULL,'2015-09-30 10:03:01',NULL,'0000-00-00 00:00:00'),('shop.easylager.warehouse_delivery_invoice.invoice',NULL,'true',NULL,'2015-09-30 10:03:01',NULL,'0000-00-00 00:00:00'),('shop.easylager.warehouse_delivery_invoice.minusdiscount',NULL,'true',NULL,'2015-09-30 10:03:01',NULL,'0000-00-00 00:00:00'),('shop.easylager.warehouse_delivery_invoice.netamount',NULL,'true',NULL,'2015-09-30 10:03:01',NULL,'0000-00-00 00:00:00'),('shop.easylager.warehouse_delivery_invoice.netcost',NULL,'true',NULL,'2015-09-30 10:03:01',NULL,'0000-00-00 00:00:00'),('shop.easylager.warehouse_delivery_invoice.nettotal',NULL,'true',NULL,'2015-09-30 10:03:01',NULL,'0000-00-00 00:00:00'),('shop.easylager.warehouse_delivery_invoice.noentries',NULL,'true',NULL,'2015-09-30 10:03:01',NULL,'0000-00-00 00:00:00'),('shop.easylager.warehouse_delivery_invoice.piece',NULL,'true',NULL,'2015-09-30 10:03:01',NULL,'0000-00-00 00:00:00'),('shop.easylager.warehouse_delivery_invoice.product',NULL,'true',NULL,'2015-09-30 10:03:01',NULL,'0000-00-00 00:00:00'),('shop.easylager.warehouse_delivery_invoice.save',NULL,'true',NULL,'2015-09-30 10:03:01',NULL,'0000-00-00 00:00:00'),('shop.easylager.warehouse_delivery_invoice.shortdelivery',NULL,'true',NULL,'2015-09-30 10:03:01',NULL,'0000-00-00 00:00:00'),('shop.easylager.warehouse_delivery_invoice.total',NULL,'true',NULL,'2015-09-30 10:03:01',NULL,'0000-00-00 00:00:00'),('shop.easylager.warehouse_delivery_invoice.totalsum',NULL,'true',NULL,'2015-09-30 10:03:01',NULL,'0000-00-00 00:00:00'),('shop.easylager.warehouse_delivery_invoice.wrapping',NULL,'true',NULL,'2015-09-30 10:03:01',NULL,'0000-00-00 00:00:00'),('shop.email.birthday_voucher.text',NULL,'true',NULL,'2015-09-30 10:03:01',NULL,'0000-00-00 00:00:00'),('shop.email.bottom.fax',NULL,'true',NULL,'2015-09-30 10:03:01',NULL,'0000-00-00 00:00:00'),('shop.email.bottom.greetings',NULL,'true',NULL,'2015-09-30 10:03:01',NULL,'0000-00-00 00:00:00'),('shop.email.bottom.newsletterunsubscribe',NULL,'true',NULL,'2015-09-30 10:03:01',NULL,'0000-00-00 00:00:00'),('shop.email.bottom.no_spam',NULL,'true',NULL,'2015-09-30 10:03:01',NULL,'0000-00-00 00:00:00'),('shop.email.bottom.phone',NULL,'true',NULL,'2015-09-30 10:03:01',NULL,'0000-00-00 00:00:00'),('shop.email.cart.additional_notes',NULL,'true',NULL,'2015-09-30 10:03:01',NULL,'0000-00-00 00:00:00'),('shop.email.cart.article',NULL,'true',NULL,'2015-09-30 10:03:01',NULL,'0000-00-00 00:00:00'),('shop.email.cart.article_number',NULL,'true',NULL,'2015-09-30 10:03:01',NULL,'0000-00-00 00:00:00'),('shop.email.cart.grand_total',NULL,'true',NULL,'2015-09-30 10:03:01',NULL,'0000-00-00 00:00:00'),('shop.email.cart.item',NULL,'true',NULL,'2015-09-30 10:03:01',NULL,'0000-00-00 00:00:00'),('shop.email.cart.no_entries',NULL,'true',NULL,'2015-09-30 10:03:01',NULL,'0000-00-00 00:00:00'),('shop.email.cart.plus_vat',NULL,'true',NULL,'2015-09-30 10:03:01',NULL,'0000-00-00 00:00:00'),('shop.email.cart.quantity',NULL,'true',NULL,'2015-09-30 10:03:01',NULL,'0000-00-00 00:00:00'),('shop.email.cart.single',NULL,'true',NULL,'2015-09-30 10:03:01',NULL,'0000-00-00 00:00:00'),('shop.email.cart.sub_total',NULL,'true',NULL,'2015-09-30 10:03:01',NULL,'0000-00-00 00:00:00'),('shop.email.cart.total',NULL,'true',NULL,'2015-09-30 10:03:01',NULL,'0000-00-00 00:00:00'),('shop.email.cart.total_vat_excluded',NULL,'true',NULL,'2015-09-30 10:03:01',NULL,'0000-00-00 00:00:00'),('shop.email.cart.vat_excluded',NULL,'true',NULL,'2015-09-30 10:03:01',NULL,'0000-00-00 00:00:00'),('shop.email.cart.vat_included',NULL,'true',NULL,'2015-09-30 10:03:01',NULL,'0000-00-00 00:00:00'),('shop.email.contact.email',NULL,'true',NULL,'2015-09-30 10:03:01',NULL,'0000-00-00 00:00:00'),('shop.email.contact.female',NULL,'true',NULL,'2015-09-30 10:03:01',NULL,'0000-00-00 00:00:00'),('shop.email.contact.firstname',NULL,'true',NULL,'2015-09-30 10:03:01',NULL,'0000-00-00 00:00:00'),('shop.email.contact.lastname',NULL,'true',NULL,'2015-09-30 10:03:01',NULL,'0000-00-00 00:00:00'),('shop.email.contact.male',NULL,'true',NULL,'2015-09-30 10:03:01',NULL,'0000-00-00 00:00:00'),('shop.email.contact.message',NULL,'true',NULL,'2015-09-30 10:03:01',NULL,'0000-00-00 00:00:00'),('shop.email.contact.salutation',NULL,'true',NULL,'2015-09-30 10:03:01',NULL,'0000-00-00 00:00:00'),('shop.email.contact.sex',NULL,'true',NULL,'2015-09-30 10:03:01',NULL,'0000-00-00 00:00:00'),('shop.email.contact.text',NULL,'true',NULL,'2015-09-30 10:03:01',NULL,'0000-00-00 00:00:00'),('shop.email.contact.title',NULL,'true',NULL,'2015-09-30 10:03:01',NULL,'0000-00-00 00:00:00'),('shop.email.customer.address',NULL,'true',NULL,'2015-09-30 10:03:01',NULL,'0000-00-00 00:00:00'),('shop.email.customer.company',NULL,'true',NULL,'2015-09-30 10:03:01',NULL,'0000-00-00 00:00:00'),('shop.email.customer.country',NULL,'true',NULL,'2015-09-30 10:03:01',NULL,'0000-00-00 00:00:00'),('shop.email.customer.delivery_address',NULL,'true',NULL,'2015-09-30 10:03:01',NULL,'0000-00-00 00:00:00'),('shop.email.customer.email',NULL,'true',NULL,'2015-09-30 10:03:01',NULL,'0000-00-00 00:00:00'),('shop.email.customer.like_invoice_address',NULL,'true',NULL,'2015-09-30 10:03:01',NULL,'0000-00-00 00:00:00'),('shop.email.customer.name',NULL,'true',NULL,'2015-09-30 10:03:01',NULL,'0000-00-00 00:00:00'),('shop.email.customer.personal_data',NULL,'true',NULL,'2015-09-30 10:03:01',NULL,'0000-00-00 00:00:00'),('shop.email.customer.phone',NULL,'true',NULL,'2015-09-30 10:03:01',NULL,'0000-00-00 00:00:00'),('shop.email.customer.uid',NULL,'true',NULL,'2015-09-30 10:03:01',NULL,'0000-00-00 00:00:00'),('shop.email.customer.zipcode_city',NULL,'true',NULL,'2015-09-30 10:03:01',NULL,'0000-00-00 00:00:00'),('shop.email.deliver.article_sent',NULL,'true',NULL,'2015-09-30 10:03:01',NULL,'0000-00-00 00:00:00'),('shop.email.deliver.conclusion',NULL,'true',NULL,'2015-09-30 10:03:01',NULL,'0000-00-00 00:00:00'),('shop.email.deliver.part_delivery',NULL,'true',NULL,'2015-09-30 10:03:01',NULL,'0000-00-00 00:00:00'),('shop.email.deliver.text.paymenttype',NULL,'true',NULL,'2015-09-30 10:03:01',NULL,'0000-00-00 00:00:00'),('shop.email.deliver.text.paymenttype_cashondelivery',NULL,'true',NULL,'2015-09-30 10:03:01',NULL,'0000-00-00 00:00:00'),('shop.email.deliver.text.send_package_with',NULL,'true',NULL,'2015-09-30 10:03:01',NULL,'0000-00-00 00:00:00'),('shop.email.deliver.text.thank_you',NULL,'true',NULL,'2015-09-30 10:03:01',NULL,'0000-00-00 00:00:00'),('shop.email.deliver.text.trackingurl',NULL,'true',NULL,'2015-09-30 10:03:01',NULL,'0000-00-00 00:00:00'),('shop.email.deliver.text.trackingurl_enter_code',NULL,'true',NULL,'2015-09-30 10:03:01',NULL,'0000-00-00 00:00:00'),('shop.email.deliver.text.trackingurl_notavailable',NULL,'true',NULL,'2015-09-30 10:03:01',NULL,'0000-00-00 00:00:00'),('shop.email.header.delivery.title',NULL,'true',NULL,'2015-09-30 10:03:01',NULL,'0000-00-00 00:00:00'),('shop.email.header.help.title',NULL,'true',NULL,'2015-09-30 10:03:01',NULL,'0000-00-00 00:00:00'),('shop.email.invoice.subject',NULL,'true',NULL,'2015-09-30 10:03:01',NULL,'0000-00-00 00:00:00'),('shop.email.invoice.text',NULL,'true',NULL,'2015-09-30 10:03:01',NULL,'0000-00-00 00:00:00'),('shop.email.order.paymenttype',NULL,'true',NULL,'2015-09-30 10:03:01',NULL,'0000-00-00 00:00:00'),('shop.email.order.text',NULL,'true',NULL,'2015-09-30 10:03:01',NULL,'0000-00-00 00:00:00'),('shop.email.order_abo.text',NULL,'true',NULL,'2015-09-30 10:03:01',NULL,'0000-00-00 00:00:00'),('shop.email.order_internal.paymenttype',NULL,'true',NULL,'2015-09-30 10:03:01',NULL,'0000-00-00 00:00:00'),('shop.email.order_internal.salutation',NULL,'true',NULL,'2015-09-30 10:03:01',NULL,'0000-00-00 00:00:00'),('shop.email.order_internal.text',NULL,'true',NULL,'2015-09-30 10:03:01',NULL,'0000-00-00 00:00:00'),('shop.email.password.password',NULL,'true',NULL,'2015-09-30 10:03:01',NULL,'0000-00-00 00:00:00'),('shop.email.password.text',NULL,'true',NULL,'2015-09-30 10:03:01',NULL,'0000-00-00 00:00:00'),('shop.email.password.username',NULL,'true',NULL,'2015-09-30 10:03:01',NULL,'0000-00-00 00:00:00'),('shop.email.payinconfirmation.text',NULL,'true',NULL,'2015-09-30 10:03:01',NULL,'0000-00-00 00:00:00'),('shop.email.paymentreminder.invoice1.text',NULL,'true',NULL,'2015-09-30 10:03:01',NULL,'0000-00-00 00:00:00'),('shop.email.paymentreminder.invoice2.text',NULL,'true',NULL,'2015-09-30 10:03:01',NULL,'0000-00-00 00:00:00'),('shop.email.paymentreminder.prepayed1.text',NULL,'true',NULL,'2015-09-30 10:03:01',NULL,'0000-00-00 00:00:00'),('shop.email.paymentreminder.prepayed2.text',NULL,'true',NULL,'2015-09-30 10:03:01',NULL,'0000-00-00 00:00:00'),('shop.email.paymentreminder.prepayed_reject',NULL,'true',NULL,'2015-09-30 10:03:01',NULL,'0000-00-00 00:00:00'),('shop.email.paymenttype_per',NULL,'true',NULL,'2015-09-30 10:03:01',NULL,'0000-00-00 00:00:00'),('shop.email.registration.access_data',NULL,'true',NULL,'2015-09-30 10:03:01',NULL,'0000-00-00 00:00:00'),('shop.email.registration.address',NULL,'true',NULL,'2015-09-30 10:03:01',NULL,'0000-00-00 00:00:00'),('shop.email.registration.company',NULL,'true',NULL,'2015-09-30 10:03:01',NULL,'0000-00-00 00:00:00'),('shop.email.registration.conclusion',NULL,'true',NULL,'2015-09-30 10:03:01',NULL,'0000-00-00 00:00:00'),('shop.email.registration.country',NULL,'true',NULL,'2015-09-30 10:03:01',NULL,'0000-00-00 00:00:00'),('shop.email.registration.email',NULL,'true',NULL,'2015-09-30 10:03:01',NULL,'0000-00-00 00:00:00'),('shop.email.registration.female',NULL,'true',NULL,'2015-09-30 10:03:01',NULL,'0000-00-00 00:00:00'),('shop.email.registration.male',NULL,'true',NULL,'2015-09-30 10:03:01',NULL,'0000-00-00 00:00:00'),('shop.email.registration.name',NULL,'true',NULL,'2015-09-30 10:03:01',NULL,'0000-00-00 00:00:00'),('shop.email.registration.phone',NULL,'true',NULL,'2015-09-30 10:03:01',NULL,'0000-00-00 00:00:00'),('shop.email.registration.sex',NULL,'true',NULL,'2015-09-30 10:03:01',NULL,'0000-00-00 00:00:00'),('shop.email.registration.text',NULL,'true',NULL,'2015-09-30 10:03:01',NULL,'0000-00-00 00:00:00'),('shop.email.registration.uid',NULL,'true',NULL,'2015-09-30 10:03:01',NULL,'0000-00-00 00:00:00'),('shop.email.registration.voucher',NULL,'true',NULL,'2015-09-30 10:03:01',NULL,'0000-00-00 00:00:00'),('shop.email.registration.voucher.percent',NULL,'true',NULL,'2015-09-30 10:03:01',NULL,'0000-00-00 00:00:00'),('shop.email.registration.your_data',NULL,'true',NULL,'2015-09-30 10:03:01',NULL,'0000-00-00 00:00:00'),('shop.email.registration.zipcode_city',NULL,'true',NULL,'2015-09-30 10:03:01',NULL,'0000-00-00 00:00:00'),('shop.email.subject.sendNewPassword',NULL,'true',NULL,'2015-09-30 10:03:01',NULL,'0000-00-00 00:00:00'),('shop.email.subject.sendOfferNotification',NULL,'true',NULL,'2015-09-30 10:03:01',NULL,'0000-00-00 00:00:00'),('shop.email.subject.sendOfferNotification_Internal',NULL,'true',NULL,'2015-09-30 10:03:01',NULL,'0000-00-00 00:00:00'),('shop.email.subject.sendOrderNotification.abo',NULL,'true',NULL,'2015-09-30 10:03:01',NULL,'0000-00-00 00:00:00'),('shop.email.subject.sendOrderNotification.customer',NULL,'true',NULL,'2015-09-30 10:03:01',NULL,'0000-00-00 00:00:00'),('shop.email.subject.sendOrderNotification.internal',NULL,'true',NULL,'2015-09-30 10:03:01',NULL,'0000-00-00 00:00:00'),('shop.email.subject.sendRegistrationNotification',NULL,'true',NULL,'2015-09-30 10:03:01',NULL,'0000-00-00 00:00:00'),('shop.email.task.due_date',NULL,'true',NULL,'2015-09-30 10:03:01',NULL,'0000-00-00 00:00:00'),('shop.email.task.task_subject',NULL,'true',NULL,'2015-09-30 10:03:01',NULL,'0000-00-00 00:00:00'),('shop.email.task.url',NULL,'true',NULL,'2015-09-30 10:03:01',NULL,'0000-00-00 00:00:00'),('shop.email.upselling.title',NULL,'true',NULL,'2015-09-30 10:03:01',NULL,'0000-00-00 00:00:00'),('shop.email.voucher.text',NULL,'true',NULL,'2015-09-30 10:03:01',NULL,'0000-00-00 00:00:00'),('shop.email.voucher.user_account',NULL,'true',NULL,'2015-09-30 10:03:01',NULL,'0000-00-00 00:00:00'),('shop.eps.aerzte.freie.berufe',NULL,'true',NULL,'2015-09-30 10:03:01',NULL,'0000-00-00 00:00:00'),('shop.eps.bank.austria',NULL,'true',NULL,'2015-09-30 10:03:01',NULL,'0000-00-00 00:00:00'),('shop.eps.bawag.psk',NULL,'true',NULL,'2015-09-30 10:03:01',NULL,'0000-00-00 00:00:00'),('shop.eps.card.spaengler',NULL,'true',NULL,'2015-09-30 10:03:01',NULL,'0000-00-00 00:00:00'),('shop.eps.erste.bank.sparkasse',NULL,'true',NULL,'2015-09-30 10:03:01',NULL,'0000-00-00 00:00:00'),('shop.eps.hypo.alpe.adria',NULL,'true',NULL,'2015-09-30 10:03:01',NULL,'0000-00-00 00:00:00'),('shop.eps.hypo.oberoesterreich',NULL,'true',NULL,'2015-09-30 10:03:01',NULL,'0000-00-00 00:00:00'),('shop.eps.hypo.tirol',NULL,'true',NULL,'2015-09-30 10:03:01',NULL,'0000-00-00 00:00:00'),('shop.eps.immo.bank',NULL,'true',NULL,'2015-09-30 10:03:01',NULL,'0000-00-00 00:00:00'),('shop.eps.investkredit.bank',NULL,'true',NULL,'2015-09-30 10:03:01',NULL,'0000-00-00 00:00:00'),('shop.eps.niederoesterreichische.landesbank',NULL,'true',NULL,'2015-09-30 10:03:01',NULL,'0000-00-00 00:00:00'),('shop.eps.raiffeisen.bankgruppe',NULL,'true',NULL,'2015-09-30 10:03:01',NULL,'0000-00-00 00:00:00'),('shop.eps.vorarlberger.landesbank',NULL,'true',NULL,'2015-09-30 10:03:01',NULL,'0000-00-00 00:00:00'),('shop.expense.discount.title',NULL,'true',NULL,'2015-09-30 10:03:01',NULL,'0000-00-00 00:00:00'),('shop.expense.extra.title',NULL,'true',NULL,'2015-09-30 10:03:01',NULL,'0000-00-00 00:00:00'),('shop.expense.skonto.title',NULL,'true',NULL,'2015-09-30 10:03:01',NULL,'0000-00-00 00:00:00'),('shop.expense.voucher.description',NULL,'true',NULL,'2015-09-30 10:03:01',NULL,'0000-00-00 00:00:00'),('shop.expense.voucher.title',NULL,'true',NULL,'2015-09-30 10:03:01',NULL,'0000-00-00 00:00:00'),('shop.feed.google_base.entry_title',NULL,'true',NULL,'2015-09-30 10:03:01',NULL,'0000-00-00 00:00:00'),('shop.feed.google_base.entry_title_and_description',NULL,'true',NULL,'2015-09-30 10:03:01',NULL,'0000-00-00 00:00:00'),('shop.feed.google_base.entry_title_and_description_with_brand',NULL,'true',NULL,'2015-09-30 10:03:01',NULL,'0000-00-00 00:00:00'),('shop.feed.google_base.entry_title_with_brand',NULL,'true',NULL,'2015-09-30 10:03:01',NULL,'0000-00-00 00:00:00'),('shop.feed.rss_category.entry_title_with_brand',NULL,'true',NULL,'2015-09-30 10:03:01',NULL,'0000-00-00 00:00:00'),('shop.framealignment.bottom',NULL,'false',NULL,'2016-08-10 19:45:03',NULL,'0000-00-00 00:00:00'),('shop.framealignment.top',NULL,'false',NULL,'2016-08-10 19:45:03',NULL,'0000-00-00 00:00:00'),('shop.frontend.article_compare.title',NULL,'true',NULL,'2015-09-30 10:03:01',NULL,'0000-00-00 00:00:00'),('shop.frontend.catalog.not_buyable',NULL,'true',NULL,'2015-09-30 10:03:01',NULL,'0000-00-00 00:00:00'),('shop.frontend.checkout.finish.empfehlen',NULL,'true',NULL,'2015-09-30 10:03:01',NULL,'0000-00-00 00:00:00'),('shop.frontend.checkout.finish.empfehlen.facebook',NULL,'true',NULL,'2015-09-30 10:03:01',NULL,'0000-00-00 00:00:00'),('shop.frontend.checkout.finish.empfehlen.google',NULL,'true',NULL,'2015-09-30 10:03:01',NULL,'0000-00-00 00:00:00'),('shop.frontend.checkout.finish.empfehlen.reddit',NULL,'true',NULL,'2015-09-30 10:03:01',NULL,'0000-00-00 00:00:00'),('shop.frontend.checkout.finish.empfehlen.twitter',NULL,'true',NULL,'2015-09-30 10:03:01',NULL,'0000-00-00 00:00:00'),('shop.frontend.checkout.finish.empfehlen.webmail',NULL,'true',NULL,'2015-09-30 10:03:01',NULL,'0000-00-00 00:00:00'),('shop.frontend.checkout.finish.empfehlen.webmail.body',NULL,'true',NULL,'2015-09-30 10:03:01',NULL,'0000-00-00 00:00:00'),('shop.frontend.crossselling.common',NULL,'true',NULL,'2015-09-30 10:03:01',NULL,'0000-00-00 00:00:00'),('shop.frontend.customer.partner.brokerage.detail.grandtotal',NULL,'true',NULL,'2015-09-30 10:03:01',NULL,'0000-00-00 00:00:00'),('shop.frontend.customer.partner.brokerage.detail.header.count',NULL,'true',NULL,'2015-09-30 10:03:01',NULL,'0000-00-00 00:00:00'),('shop.frontend.customer.partner.brokerage.detail.header.grandtotal',NULL,'true',NULL,'2015-09-30 10:03:01',NULL,'0000-00-00 00:00:00'),('shop.frontend.customer.partner.brokerage.detail.header.name',NULL,'true',NULL,'2015-09-30 10:03:01',NULL,'0000-00-00 00:00:00'),('shop.frontend.customer.partner.brokerage.detail.header.vat',NULL,'true',NULL,'2015-09-30 10:03:01',NULL,'0000-00-00 00:00:00'),('shop.frontend.customer.partner.brokerage.details',NULL,'true',NULL,'2015-09-30 10:03:01',NULL,'0000-00-00 00:00:00'),('shop.frontend.customer.partner.brokerage.export_csv',NULL,'true',NULL,'2015-09-30 10:03:01',NULL,'0000-00-00 00:00:00'),('shop.frontend.customer.partner.brokerage.export_pdf',NULL,'true',NULL,'2015-09-30 10:03:01',NULL,'0000-00-00 00:00:00'),('shop.frontend.customer.partner.brokerage.header.date',NULL,'true',NULL,'2015-09-30 10:03:01',NULL,'0000-00-00 00:00:00'),('shop.frontend.customer.partner.brokerage.header.name',NULL,'true',NULL,'2015-09-30 10:03:01',NULL,'0000-00-00 00:00:00'),('shop.frontend.customer.partner.brokerage.header.number',NULL,'true',NULL,'2015-09-30 10:03:01',NULL,'0000-00-00 00:00:00'),('shop.frontend.customer.partner.brokerage.header.value',NULL,'true',NULL,'2015-09-30 10:03:01',NULL,'0000-00-00 00:00:00'),('shop.frontend.customer.partner.brokerage.no_entries_found',NULL,'true',NULL,'2015-09-30 10:03:01',NULL,'0000-00-00 00:00:00'),('shop.frontend.customer.partner.brokerage.search.label',NULL,'true',NULL,'2015-09-30 10:03:01',NULL,'0000-00-00 00:00:00'),('shop.frontend.customer.partner.brokerage.search.submit',NULL,'true',NULL,'2015-09-30 10:03:01',NULL,'0000-00-00 00:00:00'),('shop.frontend.customer.partner.customer_relationship.header.name',NULL,'true',NULL,'2015-09-30 10:03:01',NULL,'0000-00-00 00:00:00'),('shop.frontend.customer.partner.customer_relationship.header.number',NULL,'true',NULL,'2015-09-30 10:03:01',NULL,'0000-00-00 00:00:00'),('shop.frontend.customer.partner.customer_relationship.header.num_orders',NULL,'true',NULL,'2015-09-30 10:03:01',NULL,'0000-00-00 00:00:00'),('shop.frontend.customer.partner.customer_relationship.header.registration_date',NULL,'true',NULL,'2015-09-30 10:03:01',NULL,'0000-00-00 00:00:00'),('shop.frontend.customer.partner.customer_relationship.no_entries_found',NULL,'true',NULL,'2015-09-30 10:03:01',NULL,'0000-00-00 00:00:00'),('shop.frontend.customer.partner.customer_relationship.search.label',NULL,'true',NULL,'2015-09-30 10:03:01',NULL,'0000-00-00 00:00:00'),('shop.frontend.header.cart.cart.count',NULL,'true',NULL,'2015-09-30 10:03:01',NULL,'0000-00-00 00:00:00'),('shop.frontend.lastseen.common',NULL,'true',NULL,'2015-09-30 10:03:01',NULL,'0000-00-00 00:00:00'),('shop.frontend.myshop_customer.message.save.text',NULL,'true',NULL,'2015-09-30 10:03:01',NULL,'0000-00-00 00:00:00'),('shop.frontend.myshop_customer.message.save.title',NULL,'true',NULL,'2015-09-30 10:03:01',NULL,'0000-00-00 00:00:00'),('shop.frontend.myshop_customer.navtitle.brokerage',NULL,'true',NULL,'2015-09-30 10:03:01',NULL,'0000-00-00 00:00:00'),('shop.frontend.myshop_customer.navtitle.carpenters',NULL,'false',NULL,'2016-08-10 19:45:03',NULL,'0000-00-00 00:00:00'),('shop.frontend.myshop_customer.navtitle.change_password',NULL,'true',NULL,'2015-09-30 10:03:01',NULL,'0000-00-00 00:00:00'),('shop.frontend.myshop_customer.navtitle.forgotten_password',NULL,'true',NULL,'2015-09-30 10:03:01',NULL,'0000-00-00 00:00:00'),('shop.frontend.myshop_customer.navtitle.historic_order',NULL,'true',NULL,'2015-09-30 10:03:01',NULL,'0000-00-00 00:00:00'),('shop.frontend.myshop_customer.navtitle.historic_order_detail',NULL,'true',NULL,'2015-09-30 10:03:01',NULL,'0000-00-00 00:00:00'),('shop.frontend.myshop_customer.navtitle.login',NULL,'true',NULL,'2015-09-30 10:03:01',NULL,'0000-00-00 00:00:00'),('shop.frontend.myshop_customer.navtitle.my_account',NULL,'true',NULL,'2015-09-30 10:03:01',NULL,'0000-00-00 00:00:00'),('shop.frontend.myshop_customer.navtitle.my_addresses',NULL,'true',NULL,'2015-09-30 10:03:01',NULL,'0000-00-00 00:00:00'),('shop.frontend.myshop_customer.navtitle.partner_customer_relationship',NULL,'true',NULL,'2015-09-30 10:03:01',NULL,'0000-00-00 00:00:00'),('shop.frontend.myshop_customer.navtitle.register',NULL,'true',NULL,'2015-09-30 10:03:01',NULL,'0000-00-00 00:00:00'),('shop.frontend.myshop_customer.navtitle.register_anoymous',NULL,'true',NULL,'2015-09-30 10:03:01',NULL,'0000-00-00 00:00:00'),('shop.frontend.myshop_customer.pwd.message.save.text',NULL,'true',NULL,'2015-09-30 10:03:01',NULL,'0000-00-00 00:00:00'),('shop.frontend.myshop_customer.pwd.message.save.title',NULL,'true',NULL,'2015-09-30 10:03:01',NULL,'0000-00-00 00:00:00'),('shop.frontend.myshop_customer.pwdlost.message.save.text',NULL,'true',NULL,'2015-09-30 10:03:01',NULL,'0000-00-00 00:00:00'),('shop.frontend.myshop_customer.pwdlost.message.save.title',NULL,'true',NULL,'2015-09-30 10:03:01',NULL,'0000-00-00 00:00:00'),('shop.frontend.myshop_order.navtitle.offer_done',NULL,'true',NULL,'2015-09-30 10:03:01',NULL,'0000-00-00 00:00:00'),('shop.frontend.myshop_order.navtitle.offer_step1',NULL,'true',NULL,'2015-09-30 10:03:01',NULL,'0000-00-00 00:00:00'),('shop.frontend.myshop_order.navtitle.offer_step2.add',NULL,'true',NULL,'2015-09-30 10:03:01',NULL,'0000-00-00 00:00:00'),('shop.frontend.myshop_order.navtitle.offer_step2.edit',NULL,'true',NULL,'2015-09-30 10:03:01',NULL,'0000-00-00 00:00:00'),('shop.frontend.myshop_order.navtitle.offer_step3',NULL,'true',NULL,'2015-09-30 10:03:01',NULL,'0000-00-00 00:00:00'),('shop.frontend.myshop_order.navtitle.order_done',NULL,'true',NULL,'2015-09-30 10:03:01',NULL,'0000-00-00 00:00:00'),('shop.frontend.myshop_order.navtitle.order_extra',NULL,'true',NULL,'2015-09-30 10:03:01',NULL,'0000-00-00 00:00:00'),('shop.frontend.myshop_order.navtitle.order_step1',NULL,'true',NULL,'2015-09-30 10:03:01',NULL,'0000-00-00 00:00:00'),('shop.frontend.myshop_order.navtitle.order_step2.add',NULL,'true',NULL,'2015-09-30 10:03:01',NULL,'0000-00-00 00:00:00'),('shop.frontend.myshop_order.navtitle.order_step2.edit',NULL,'true',NULL,'2015-09-30 10:03:01',NULL,'0000-00-00 00:00:00'),('shop.frontend.myshop_order.navtitle.order_step3',NULL,'true',NULL,'2015-09-30 10:03:01',NULL,'0000-00-00 00:00:00'),('shop.frontend.myshop_order.navtitle.order_step3.creditcard',NULL,'true',NULL,'2015-09-30 10:03:01',NULL,'0000-00-00 00:00:00'),('shop.frontend.myshop_order.navtitle.order_step3.debit',NULL,'true',NULL,'2015-09-30 10:03:01',NULL,'0000-00-00 00:00:00'),('shop.frontend.myshop_order.navtitle.order_step3.eps',NULL,'true',NULL,'2015-09-30 10:03:01',NULL,'0000-00-00 00:00:00'),('shop.frontend.myshop_order.navtitle.order_step3.giropay',NULL,'true',NULL,'2015-09-30 10:03:01',NULL,'0000-00-00 00:00:00'),('shop.frontend.myshop_order.navtitle.order_step4',NULL,'true',NULL,'2015-09-30 10:03:01',NULL,'0000-00-00 00:00:00'),('shop.frontend.myshop_order.navtitle.start_payment',NULL,'true',NULL,'2015-09-30 10:03:01',NULL,'0000-00-00 00:00:00'),('shop.frontend.rating.detail_header',NULL,'true',NULL,'2015-09-30 10:03:01',NULL,'0000-00-00 00:00:00'),('shop.frontend.rating.no_rating_count',NULL,'true',NULL,'2015-09-30 10:03:01',NULL,'0000-00-00 00:00:00'),('shop.frontend.rating.rating_count_text',NULL,'true',NULL,'2015-09-30 10:03:01',NULL,'0000-00-00 00:00:00'),('shop.frontend.rating.stars.1',NULL,'true',NULL,'2015-09-30 10:03:01',NULL,'0000-00-00 00:00:00'),('shop.frontend.rating.stars.2',NULL,'true',NULL,'2015-09-30 10:03:01',NULL,'0000-00-00 00:00:00'),('shop.frontend.rating.stars.3',NULL,'true',NULL,'2015-09-30 10:03:01',NULL,'0000-00-00 00:00:00'),('shop.frontend.rating.stars.4',NULL,'true',NULL,'2015-09-30 10:03:01',NULL,'0000-00-00 00:00:00'),('shop.frontend.rating.stars.5',NULL,'true',NULL,'2015-09-30 10:03:01',NULL,'0000-00-00 00:00:00'),('shop.frontend.rating.thanks',NULL,'true',NULL,'2015-09-30 10:03:01',NULL,'0000-00-00 00:00:00'),('shop.frontend.search.title',NULL,'true',NULL,'2015-09-30 10:03:01',NULL,'0000-00-00 00:00:00'),('shop.frontend.search_landingpage.title',NULL,'true',NULL,'2015-09-30 10:03:01',NULL,'0000-00-00 00:00:00'),('shop.frontend.teaser.left',NULL,'true',NULL,'2015-09-30 10:03:01',NULL,'0000-00-00 00:00:00'),('shop.frontend.teaser.right',NULL,'true',NULL,'2015-09-30 10:03:01',NULL,'0000-00-00 00:00:00'),('shop.frontend.timeline_order.cart',NULL,'true',NULL,'2015-09-30 10:03:01',NULL,'0000-00-00 00:00:00'),('shop.frontend.timeline_order.check_order',NULL,'true',NULL,'2015-09-30 10:03:01',NULL,'0000-00-00 00:00:00'),('shop.frontend.timeline_order.customer_data',NULL,'true',NULL,'2015-09-30 10:03:01',NULL,'0000-00-00 00:00:00'),('shop.frontend.timeline_order.pay_order',NULL,'true',NULL,'2015-09-30 10:03:01',NULL,'0000-00-00 00:00:00'),('shop.gallery.image.not.found',NULL,'false',NULL,'2016-08-10 19:45:03',NULL,'0000-00-00 00:00:00'),('shop.glasart.aludibond',NULL,'false',NULL,'2017-11-10 11:55:38',NULL,'0000-00-00 00:00:00'),('shop.glasart.extraweissglas',NULL,'false',NULL,'2017-11-10 11:55:38',NULL,'0000-00-00 00:00:00'),('shop.header.faq',NULL,'false',NULL,'2015-09-30 10:03:01',NULL,'0000-00-00 00:00:00'),('shop.header.res.filter',NULL,'true',NULL,'2015-09-30 10:03:01',NULL,'0000-00-00 00:00:00'),('shop.header.res.menu',NULL,'true',NULL,'2015-09-30 10:03:01',NULL,'0000-00-00 00:00:00'),('shop.header.shipping',NULL,'false',NULL,'2015-09-30 10:03:01',NULL,'0000-00-00 00:00:00'),('shop.header.welcome.female',NULL,'true',NULL,'2015-09-30 10:03:01',NULL,'0000-00-00 00:00:00'),('shop.header.welcome.male',NULL,'true',NULL,'2015-09-30 10:03:01',NULL,'0000-00-00 00:00:00'),('shop.invoice',NULL,'true',NULL,'2015-09-30 10:03:01',NULL,'0000-00-00 00:00:00'),('shop.mailer.birthdayVoucher.subject',NULL,'true',NULL,'2015-09-30 10:03:01',NULL,'0000-00-00 00:00:00'),('shop.mailer.customerinvoiceinformation.subject',NULL,'true',NULL,'2015-09-30 10:03:01',NULL,'0000-00-00 00:00:00'),('shop.mailer.customerinvoiceinformation.text',NULL,'true',NULL,'2015-09-30 10:03:01',NULL,'0000-00-00 00:00:00'),('shop.mailer.payinconfirmation.subject',NULL,'true',NULL,'2015-09-30 10:03:01',NULL,'0000-00-00 00:00:00'),('shop.mailer.sendStockDeliveryMessage.subject',NULL,'true',NULL,'2015-09-30 10:03:01',NULL,'0000-00-00 00:00:00'),('shop.mailer.sendStockDeliveryMessage.subject.nosupplieraddress',NULL,'true',NULL,'2015-09-30 10:03:01',NULL,'0000-00-00 00:00:00'),('shop.mailer.sendVoucher.subject',NULL,'true',NULL,'2015-09-30 10:03:01',NULL,'0000-00-00 00:00:00'),('shop.message.discountlistmessage',NULL,'true',NULL,'2015-09-30 10:03:01',NULL,'0000-00-00 00:00:00'),('shop.mounting.freestand',NULL,'false',NULL,'2016-08-10 19:45:03',NULL,'0000-00-00 00:00:00'),('shop.mounting.wallmount',NULL,'false',NULL,'2016-08-10 19:45:03',NULL,'0000-00-00 00:00:00'),('shop.order.customer.birthdayvoucher.journal.subject.absolute',NULL,'true',NULL,'2015-09-30 10:03:01',NULL,'0000-00-00 00:00:00'),('shop.order.customer.birthdayvoucher.journal.subject.percent',NULL,'true',NULL,'2015-09-30 10:03:01',NULL,'0000-00-00 00:00:00'),('shop.order.deliver.subject',NULL,'true',NULL,'2015-09-30 10:03:01',NULL,'0000-00-00 00:00:00'),('shop.order.delivery.journal_subject',NULL,'true',NULL,'2015-09-30 10:03:01',NULL,'0000-00-00 00:00:00'),('shop.order.delivery.journal_subject.with_tracking_number',NULL,'true',NULL,'2015-09-30 10:03:01',NULL,'0000-00-00 00:00:00'),('shop.order.journal.grouptitle.login',NULL,'true',NULL,'2015-09-30 10:03:01',NULL,'0000-00-00 00:00:00'),('shop.order.journal.grouptitle.order',NULL,'true',NULL,'2015-09-30 10:03:01',NULL,'0000-00-00 00:00:00'),('shop.order.journal.order.subject',NULL,'true',NULL,'2015-09-30 10:03:01',NULL,'0000-00-00 00:00:00'),('shop.order.payment.reminder.subject.invoice.1',NULL,'true',NULL,'2015-09-30 10:03:01',NULL,'0000-00-00 00:00:00'),('shop.order.payment.reminder.subject.invoice.2',NULL,'true',NULL,'2015-09-30 10:03:01',NULL,'0000-00-00 00:00:00'),('shop.order.payment.reminder.subject.prepayed.1',NULL,'true',NULL,'2015-09-30 10:03:01',NULL,'0000-00-00 00:00:00'),('shop.order.payment.reminder.subject.prepayed.2',NULL,'true',NULL,'2015-09-30 10:03:01',NULL,'0000-00-00 00:00:00'),('shop.order.payment.reminder.subject.prepayed.reject',NULL,'true',NULL,'2015-09-30 10:03:01',NULL,'0000-00-00 00:00:00'),('shop.order.task.gateway_error',NULL,'true',NULL,'2015-09-30 10:03:01',NULL,'0000-00-00 00:00:00'),('shop.order.task.gateway_error_text',NULL,'true',NULL,'2015-09-30 10:03:01',NULL,'0000-00-00 00:00:00'),('shop.order.task.order_notice_added',NULL,'true',NULL,'2015-09-30 10:03:01',NULL,'0000-00-00 00:00:00'),('shop.order.task.order_to_combine_exists',NULL,'true',NULL,'2015-09-30 10:03:01',NULL,'0000-00-00 00:00:00'),('shop.order.task.order_to_combine_exists_text',NULL,'true',NULL,'2015-09-30 10:03:01',NULL,'0000-00-00 00:00:00'),('shop.order.task.paymentitem_balance.supplementary_entry.subject',NULL,'true',NULL,'2015-09-30 10:03:01',NULL,'0000-00-00 00:00:00'),('shop.order.task.paymentitem_balance.supplementary_entry.text',NULL,'true',NULL,'2015-09-30 10:03:01',NULL,'0000-00-00 00:00:00'),('shop.order.task.paymentitem_balance.voucher.subject',NULL,'true',NULL,'2015-09-30 10:03:01',NULL,'0000-00-00 00:00:00'),('shop.order.task.paymentitem_balance.voucher.text',NULL,'true',NULL,'2015-09-30 10:03:01',NULL,'0000-00-00 00:00:00'),('shop.order.updatestock.shopwawijournal.subject',NULL,'true',NULL,'2015-09-30 10:03:01',NULL,'0000-00-00 00:00:00'),('shop.order.validation.cart_empty',NULL,'true',NULL,'2015-09-30 10:03:01',NULL,'0000-00-00 00:00:00'),('shop.order.validation.invalid_paymenttype',NULL,'true',NULL,'2015-09-30 10:03:01',NULL,'0000-00-00 00:00:00'),('shop.order.validation.underminimumvalue',NULL,'true',NULL,'2015-09-30 10:03:01',NULL,'0000-00-00 00:00:00'),('shop.payment.billpay.data_protection_regulations.text.AT',NULL,'true',NULL,'2015-09-30 10:03:01',NULL,'0000-00-00 00:00:00'),('shop.payment.billpay.data_protection_regulations.text.CH',NULL,'true',NULL,'2015-09-30 10:03:01',NULL,'0000-00-00 00:00:00'),('shop.payment.billpay.data_protection_regulations.text.DE',NULL,'true',NULL,'2015-09-30 10:03:01',NULL,'0000-00-00 00:00:00'),('shop.payment.billpay.invoice_created.error.message',NULL,'true',NULL,'2015-09-30 10:03:01',NULL,'0000-00-00 00:00:00'),('shop.payment.billpay.invoice_created.error.title',NULL,'true',NULL,'2015-09-30 10:03:01',NULL,'0000-00-00 00:00:00'),('shop.payment.billpay.invoice_created.success.message',NULL,'true',NULL,'2015-09-30 10:03:01',NULL,'0000-00-00 00:00:00'),('shop.payment.billpay.invoice_created.success.title',NULL,'true',NULL,'2015-09-30 10:03:01',NULL,'0000-00-00 00:00:00'),('shop.payment.billpay.order_captured.message',NULL,'true',NULL,'2015-09-30 10:03:01',NULL,'0000-00-00 00:00:00'),('shop.payment.billpay.order_captured.title',NULL,'true',NULL,'2015-09-30 10:03:01',NULL,'0000-00-00 00:00:00'),('shop.paymentreminder.invoice_2.text',NULL,'true',NULL,'2015-09-30 10:03:01',NULL,'0000-00-00 00:00:00'),('shop.paymentreminder.invoice_2.title',NULL,'true',NULL,'2015-09-30 10:03:01',NULL,'0000-00-00 00:00:00'),('shop.paymentreminder.invoice_printable.accountline.title',NULL,'true',NULL,'2015-09-30 10:03:01',NULL,'0000-00-00 00:00:00'),('shop.printside.glatte',NULL,'false',NULL,'2016-08-10 19:45:03',NULL,'0000-00-00 00:00:00'),('shop.printside.matte',NULL,'false',NULL,'2016-08-10 19:45:03',NULL,'0000-00-00 00:00:00'),('shop.report.amazon',NULL,'true',NULL,'2015-09-30 10:03:01',NULL,'0000-00-00 00:00:00'),('shop.report.amount',NULL,'true',NULL,'2015-09-30 10:03:01',NULL,'0000-00-00 00:00:00'),('shop.report.article',NULL,'true',NULL,'2015-09-30 10:03:01',NULL,'0000-00-00 00:00:00'),('shop.report.bad.articles',NULL,'true',NULL,'2015-09-30 10:03:01',NULL,'0000-00-00 00:00:00'),('shop.report.bad.articles.overall',NULL,'true',NULL,'2015-09-30 10:03:01',NULL,'0000-00-00 00:00:00'),('shop.report.billpay_invoice',NULL,'true',NULL,'2015-09-30 10:03:01',NULL,'0000-00-00 00:00:00'),('shop.report.cash',NULL,'true',NULL,'2015-09-30 10:03:01',NULL,'0000-00-00 00:00:00'),('shop.report.cashflow.average',NULL,'true',NULL,'2015-09-30 10:03:01',NULL,'0000-00-00 00:00:00'),('shop.report.cashondelivery',NULL,'true',NULL,'2015-09-30 10:03:01',NULL,'0000-00-00 00:00:00'),('shop.report.credit',NULL,'true',NULL,'2015-09-30 10:03:01',NULL,'0000-00-00 00:00:00'),('shop.report.Day',NULL,'true',NULL,'2015-09-30 10:03:01',NULL,'0000-00-00 00:00:00'),('shop.report.days',NULL,'true',NULL,'2015-09-30 10:03:01',NULL,'0000-00-00 00:00:00'),('shop.report.deliverycosts',NULL,'true',NULL,'2015-09-30 10:03:01',NULL,'0000-00-00 00:00:00'),('shop.report.from',NULL,'true',NULL,'2015-09-30 10:03:01',NULL,'0000-00-00 00:00:00'),('shop.report.invoice',NULL,'true',NULL,'2015-09-30 10:03:01',NULL,'0000-00-00 00:00:00'),('shop.report.margen',NULL,'true',NULL,'2015-09-30 10:03:01',NULL,'0000-00-00 00:00:00'),('shop.report.margen.marge',NULL,'true',NULL,'2015-09-30 10:03:01',NULL,'0000-00-00 00:00:00'),('shop.report.margen.purchase.cost',NULL,'true',NULL,'2015-09-30 10:03:01',NULL,'0000-00-00 00:00:00'),('shop.report.margen.supplier',NULL,'true',NULL,'2015-09-30 10:03:01',NULL,'0000-00-00 00:00:00'),('shop.report.Month',NULL,'true',NULL,'2015-09-30 10:03:01',NULL,'0000-00-00 00:00:00'),('shop.report.net.cashflow',NULL,'true',NULL,'2015-09-30 10:03:01',NULL,'0000-00-00 00:00:00'),('shop.report.new.registrations',NULL,'true',NULL,'2015-09-30 10:03:01',NULL,'0000-00-00 00:00:00'),('shop.report.newsletter.registrations',NULL,'true',NULL,'2015-09-30 10:03:01',NULL,'0000-00-00 00:00:00'),('shop.report.none',NULL,'true',NULL,'2015-09-30 10:03:01',NULL,'0000-00-00 00:00:00'),('shop.report.offer.creator',NULL,'true',NULL,'2015-09-30 10:03:01',NULL,'0000-00-00 00:00:00'),('shop.report.offer.customer_number',NULL,'true',NULL,'2015-09-30 10:03:01',NULL,'0000-00-00 00:00:00'),('shop.report.offer.date',NULL,'true',NULL,'2015-09-30 10:03:01',NULL,'0000-00-00 00:00:00'),('shop.report.offer.grandtotal_incl',NULL,'true',NULL,'2015-09-30 10:03:01',NULL,'0000-00-00 00:00:00'),('shop.report.offer.pagexofy.of',NULL,'true',NULL,'2015-09-30 10:03:01',NULL,'0000-00-00 00:00:00'),('shop.report.offer.pagexofy.prefix',NULL,'true',NULL,'2015-09-30 10:03:01',NULL,'0000-00-00 00:00:00'),('shop.report.offer.tax_sum',NULL,'true',NULL,'2015-09-30 10:03:01',NULL,'0000-00-00 00:00:00'),('shop.report.offer.tax_title',NULL,'true',NULL,'2015-09-30 10:03:01',NULL,'0000-00-00 00:00:00'),('shop.report.offer.title',NULL,'true',NULL,'2015-09-30 10:03:01',NULL,'0000-00-00 00:00:00'),('shop.report.offer.uid',NULL,'true',NULL,'2015-09-30 10:03:01',NULL,'0000-00-00 00:00:00'),('shop.report.order.article.average',NULL,'true',NULL,'2015-09-30 10:03:01',NULL,'0000-00-00 00:00:00'),('shop.report.orderings',NULL,'true',NULL,'2015-09-30 10:03:01',NULL,'0000-00-00 00:00:00'),('shop.report.paymenttype',NULL,'true',NULL,'2015-09-30 10:03:01',NULL,'0000-00-00 00:00:00'),('shop.report.paypal',NULL,'true',NULL,'2015-09-30 10:03:01',NULL,'0000-00-00 00:00:00'),('shop.report.prepayed',NULL,'true',NULL,'2015-09-30 10:03:01',NULL,'0000-00-00 00:00:00'),('shop.report.print.cashondelivery',NULL,'true',NULL,'2015-09-30 10:03:01',NULL,'0000-00-00 00:00:00'),('shop.report.print.delivery',NULL,'false',NULL,'2016-08-10 19:45:03',NULL,'0000-00-00 00:00:00'),('shop.report.print.etiquette',NULL,'true',NULL,'2015-09-30 10:03:01',NULL,'0000-00-00 00:00:00'),('shop.report.print.invoice',NULL,'true',NULL,'2015-09-30 10:03:01',NULL,'0000-00-00 00:00:00'),('shop.report.print.invoice.already_payed_text',NULL,'true',NULL,'2015-09-30 10:03:01',NULL,'0000-00-00 00:00:00'),('shop.report.print.invoice.more_deliveries_to_invoice',NULL,'true',NULL,'2015-09-30 10:03:01',NULL,'0000-00-00 00:00:00'),('shop.report.print.invoice.part_delivery',NULL,'true',NULL,'2015-09-30 10:03:01',NULL,'0000-00-00 00:00:00'),('shop.report.print.postlabel',NULL,'true',NULL,'2015-09-30 10:03:01',NULL,'0000-00-00 00:00:00'),('shop.report.products',NULL,'true',NULL,'2015-09-30 10:03:01',NULL,'0000-00-00 00:00:00'),('shop.report.products.axis_x',NULL,'true',NULL,'2015-09-30 10:03:01',NULL,'0000-00-00 00:00:00'),('shop.report.products.axis_y',NULL,'true',NULL,'2015-09-30 10:03:01',NULL,'0000-00-00 00:00:00'),('shop.report.products.csv.count',NULL,'true',NULL,'2015-09-30 10:03:01',NULL,'0000-00-00 00:00:00'),('shop.report.products.csv.name',NULL,'true',NULL,'2015-09-30 10:03:01',NULL,'0000-00-00 00:00:00'),('shop.report.products.csv.number',NULL,'true',NULL,'2015-09-30 10:03:01',NULL,'0000-00-00 00:00:00'),('shop.report.products.csv.stock',NULL,'true',NULL,'2016-08-10 19:45:03',NULL,'0000-00-00 00:00:00'),('shop.report.quantity',NULL,'true',NULL,'2015-09-30 10:03:01',NULL,'0000-00-00 00:00:00'),('shop.report.regular.customer',NULL,'true',NULL,'2015-09-30 10:03:01',NULL,'0000-00-00 00:00:00'),('shop.report.returned',NULL,'true',NULL,'2015-09-30 10:03:01',NULL,'0000-00-00 00:00:00'),('shop.report.shop.articles',NULL,'true',NULL,'2015-09-30 10:03:01',NULL,'0000-00-00 00:00:00'),('shop.report.sofortueberweisung',NULL,'true',NULL,'2015-09-30 10:03:01',NULL,'0000-00-00 00:00:00'),('shop.report.to',NULL,'true',NULL,'2015-09-30 10:03:01',NULL,'0000-00-00 00:00:00'),('shop.report.top.articles',NULL,'true',NULL,'2015-09-30 10:03:01',NULL,'0000-00-00 00:00:00'),('shop.report.top.articles.overall',NULL,'true',NULL,'2015-09-30 10:03:01',NULL,'0000-00-00 00:00:00'),('shop.report.total.order.average',NULL,'true',NULL,'2015-09-30 10:03:01',NULL,'0000-00-00 00:00:00'),('shop.report.user',NULL,'true',NULL,'2015-09-30 10:03:01',NULL,'0000-00-00 00:00:00'),('shop.report.voucher',NULL,'true',NULL,'2015-09-30 10:03:01',NULL,'0000-00-00 00:00:00'),('shop.report.vs.cashflow',NULL,'true',NULL,'2015-09-30 10:03:01',NULL,'0000-00-00 00:00:00'),('shop.report.vs.new.customer',NULL,'true',NULL,'2015-09-30 10:03:01',NULL,'0000-00-00 00:00:00'),('shop.report.vs.orderings',NULL,'true',NULL,'2015-09-30 10:03:01',NULL,'0000-00-00 00:00:00'),('shop.report.vs.regular.customer',NULL,'true',NULL,'2015-09-30 10:03:01',NULL,'0000-00-00 00:00:00'),('shop.report.waitingtime_order',NULL,'true',NULL,'2015-09-30 10:03:01',NULL,'0000-00-00 00:00:00'),('shop.report.waitingtime_payin',NULL,'true',NULL,'2015-09-30 10:03:01',NULL,'0000-00-00 00:00:00'),('shop.report.Week',NULL,'true',NULL,'2015-09-30 10:03:01',NULL,'0000-00-00 00:00:00'),('shop.report.Year',NULL,'true',NULL,'2015-09-30 10:03:01',NULL,'0000-00-00 00:00:00'),('shop.shoarticleitem.insert_error.already_exists_wawi',NULL,'true',NULL,'2015-09-30 10:03:01',NULL,'0000-00-00 00:00:00'),('shop.shop.add.info',NULL,'true',NULL,'2015-09-30 10:03:01',NULL,'0000-00-00 00:00:00'),('shop.shop.add.title',NULL,'true',NULL,'2015-09-30 10:03:01',NULL,'0000-00-00 00:00:00'),('shop.shop.article_compare.add_to_list.text',NULL,'true',NULL,'2015-09-30 10:03:01',NULL,'0000-00-00 00:00:00'),('shop.shop.article_compare.add_to_list.title',NULL,'true',NULL,'2015-09-30 10:03:01',NULL,'0000-00-00 00:00:00'),('shop.shop.article_compare.error.already_added.text',NULL,'true',NULL,'2015-09-30 10:03:01',NULL,'0000-00-00 00:00:00'),('shop.shop.article_compare.error.already_added.title',NULL,'true',NULL,'2015-09-30 10:03:01',NULL,'0000-00-00 00:00:00'),('shop.shop.article_compare.error.max_items.title',NULL,'true',NULL,'2015-09-30 10:03:01',NULL,'0000-00-00 00:00:00'),('shop.shop.article_compare.max_items.text',NULL,'true',NULL,'2015-09-30 10:03:01',NULL,'0000-00-00 00:00:00'),('shop.shop.article_compare.removed_from_list.text',NULL,'true',NULL,'2015-09-30 10:03:01',NULL,'0000-00-00 00:00:00'),('shop.shop.article_compare.removed_from_list.title',NULL,'true',NULL,'2015-09-30 10:03:01',NULL,'0000-00-00 00:00:00'),('shop.shop.auto_clearing.fail.subject',NULL,'true',NULL,'2015-09-30 10:03:01',NULL,'0000-00-00 00:00:00'),('shop.shop.auto_clearing.fail.text',NULL,'true',NULL,'2015-09-30 10:03:01',NULL,'0000-00-00 00:00:00'),('shop.shop.cart.abo_already_in_cart',NULL,'true',NULL,'2015-09-30 10:03:01',NULL,'0000-00-00 00:00:00'),('shop.shop.cart.item_already_in_cart',NULL,'true',NULL,'2015-09-30 10:03:01',NULL,'0000-00-00 00:00:00'),('shop.shop.cart.message',NULL,'true',NULL,'2015-09-30 10:03:01',NULL,'0000-00-00 00:00:00'),('shop.shop.cart.message.addArticleToCart',NULL,'true',NULL,'2015-09-30 10:03:01',NULL,'0000-00-00 00:00:00'),('shop.shop.cart.message.articleItemThreshold',NULL,'true',NULL,'2015-09-30 10:03:01',NULL,'0000-00-00 00:00:00'),('shop.shop.cart.message.breakablepackings',NULL,'true',NULL,'2015-09-30 10:03:01',NULL,'0000-00-00 00:00:00'),('shop.shop.cart.message.free_delivery',NULL,'true',NULL,'2015-09-30 10:03:01',NULL,'0000-00-00 00:00:00'),('shop.shop.cart.message.free_delivery_customer',NULL,'true',NULL,'2015-09-30 10:03:01',NULL,'0000-00-00 00:00:00'),('shop.shop.cart.message.free_delivery_threshold',NULL,'true',NULL,'2015-09-30 10:03:01',NULL,'0000-00-00 00:00:00'),('shop.shop.country_code',NULL,'true',NULL,'2015-09-30 10:03:01',NULL,'0000-00-00 00:00:00'),('shop.shop.country_code.please_choose',NULL,'true',NULL,'2015-09-30 10:03:01',NULL,'0000-00-00 00:00:00'),('shop.shop.currency_code',NULL,'true',NULL,'2015-09-30 10:03:01',NULL,'0000-00-00 00:00:00'),('shop.shop.currency_code.please_choose',NULL,'true',NULL,'2015-09-30 10:03:01',NULL,'0000-00-00 00:00:00'),('shop.shop.customer.journal.allowinvoice.subject',NULL,'true',NULL,'2015-09-30 10:03:01',NULL,'0000-00-00 00:00:00'),('shop.shop.customer.journal.backend_login',NULL,'true',NULL,'2015-09-30 10:03:01',NULL,'0000-00-00 00:00:00'),('shop.shop.customer.journal.forgotten_password',NULL,'true',NULL,'2015-09-30 10:03:01',NULL,'0000-00-00 00:00:00'),('shop.shop.customer.journal.forgotten_password.text',NULL,'true',NULL,'2015-09-30 10:03:01',NULL,'0000-00-00 00:00:00'),('shop.shop.customer.journal.login',NULL,'true',NULL,'2015-09-30 10:03:01',NULL,'0000-00-00 00:00:00'),('shop.shop.customer.journal.login_failure',NULL,'true',NULL,'2015-09-30 10:03:01',NULL,'0000-00-00 00:00:00'),('shop.shop.customer.journal.login_failure.text',NULL,'true',NULL,'2015-09-30 10:03:01',NULL,'0000-00-00 00:00:00'),('shop.shop.delivery.service.dhl.error.address_oversea',NULL,'true',NULL,'2015-09-30 10:03:01',NULL,'0000-00-00 00:00:00'),('shop.shop.delivery.service.dhl.error.city_ambiguous',NULL,'true',NULL,'2015-09-30 10:03:01',NULL,'0000-00-00 00:00:00'),('shop.shop.delivery.service.dhl.error.city_not_found',NULL,'true',NULL,'2015-09-30 10:03:01',NULL,'0000-00-00 00:00:00'),('shop.shop.delivery.service.dhl.error.general',NULL,'true',NULL,'2015-09-30 10:03:01',NULL,'0000-00-00 00:00:00'),('shop.shop.delivery.service.dhl.error.steet_ambiguous',NULL,'true',NULL,'2015-09-30 10:03:01',NULL,'0000-00-00 00:00:00'),('shop.shop.delivery.service.dhl.error.street_invalid',NULL,'true',NULL,'2015-09-30 10:03:01',NULL,'0000-00-00 00:00:00'),('shop.shop.delivery.service.dhl.error.street_not_found',NULL,'true',NULL,'2015-09-30 10:03:01',NULL,'0000-00-00 00:00:00'),('shop.shop.delivery.service.dhl.error.structure',NULL,'true',NULL,'2015-09-30 10:03:01',NULL,'0000-00-00 00:00:00'),('shop.shop.delivery.service.dhl.error.wrong_housenumber',NULL,'true',NULL,'2015-09-30 10:03:01',NULL,'0000-00-00 00:00:00'),('shop.shop.delivery.service.dhl.error.wrong_postnumber',NULL,'true',NULL,'2015-09-30 10:03:01',NULL,'0000-00-00 00:00:00'),('shop.shop.detail.info',NULL,'true',NULL,'2015-09-30 10:03:01',NULL,'0000-00-00 00:00:00'),('shop.shop.detail.title',NULL,'true',NULL,'2015-09-30 10:03:01',NULL,'0000-00-00 00:00:00'),('shop.shop.dun.complimentary_close',NULL,'true',NULL,'2015-09-30 10:03:01',NULL,'0000-00-00 00:00:00'),('shop.shop.edit.info',NULL,'true',NULL,'2015-09-30 10:03:01',NULL,'0000-00-00 00:00:00'),('shop.shop.edit.title',NULL,'true',NULL,'2015-09-30 10:03:01',NULL,'0000-00-00 00:00:00'),('shop.shop.expense.cod',NULL,'true',NULL,'2015-09-30 10:03:01',NULL,'0000-00-00 00:00:00'),('shop.shop.expense.deilverycosts.and.cod',NULL,'true',NULL,'2015-09-30 10:03:01',NULL,'0000-00-00 00:00:00'),('shop.shop.expense.deliverycosts',NULL,'true',NULL,'2015-09-30 10:03:01',NULL,'0000-00-00 00:00:00'),('shop.shop.expense.deliverycosts_free',NULL,'true',NULL,'2015-09-30 10:03:01',NULL,'0000-00-00 00:00:00'),('shop.shop.expense.deliverycosts_free_voucher',NULL,'true',NULL,'2015-09-30 10:03:01',NULL,'0000-00-00 00:00:00'),('shop.shop.expense.deliverycosts_selfpickup',NULL,'false',NULL,'2017-11-10 11:55:38',NULL,'0000-00-00 00:00:00'),('shop.shop.expense.free.delivery',NULL,'true',NULL,'2015-09-30 10:03:01',NULL,'0000-00-00 00:00:00'),('shop.shop.expense.minorder',NULL,'true',NULL,'2015-09-30 10:03:01',NULL,'0000-00-00 00:00:00'),('shop.shop.expense.packagingcosts',NULL,'true',NULL,'2017-11-10 11:55:38',NULL,'0000-00-00 00:00:00'),('shop.shop.expense.to',NULL,'true',NULL,'2015-09-30 10:03:01',NULL,'0000-00-00 00:00:00'),('shop.shop.invoice.codrecipient',NULL,'true',NULL,'2015-09-30 10:03:01',NULL,'0000-00-00 00:00:00'),('shop.shop.invoice.customer_number',NULL,'true',NULL,'2015-09-30 10:03:01',NULL,'0000-00-00 00:00:00'),('shop.shop.invoice.date.complete',NULL,'true',NULL,'2015-09-30 10:03:01',NULL,'0000-00-00 00:00:00'),('shop.shop.invoice.date.delivery',NULL,'true',NULL,'2015-09-30 10:03:01',NULL,'0000-00-00 00:00:00'),('shop.shop.invoice.date.storno',NULL,'true',NULL,'2015-09-30 10:03:01',NULL,'0000-00-00 00:00:00'),('shop.shop.invoice.dun.paymentinfo',NULL,'true',NULL,'2015-09-30 10:03:01',NULL,'0000-00-00 00:00:00'),('shop.shop.invoice.dun.subject',NULL,'true',NULL,'2015-09-30 10:03:01',NULL,'0000-00-00 00:00:00'),('shop.shop.invoice.dun.text',NULL,'true',NULL,'2015-09-30 10:03:01',NULL,'0000-00-00 00:00:00'),('shop.shop.invoice.extraproperty.deliveryname',NULL,'true',NULL,'2015-09-30 10:03:01',NULL,'0000-00-00 00:00:00'),('shop.shop.invoice.extraproperty.layoutCode',NULL,'false',NULL,'2016-08-10 19:45:03',NULL,'0000-00-00 00:00:00'),('shop.shop.invoice.general_salutation',NULL,'true',NULL,'2015-09-30 10:03:01',NULL,'0000-00-00 00:00:00'),('shop.shop.invoice.grandtotal',NULL,'true',NULL,'2015-09-30 10:03:01',NULL,'0000-00-00 00:00:00'),('shop.shop.invoice.grandtotal_incl',NULL,'true',NULL,'2015-09-30 10:03:01',NULL,'0000-00-00 00:00:00'),('shop.shop.invoice.invoice_number.complete',NULL,'true',NULL,'2015-09-30 10:03:01',NULL,'0000-00-00 00:00:00'),('shop.shop.invoice.invoice_number.delivery',NULL,'true',NULL,'2015-09-30 10:03:01',NULL,'0000-00-00 00:00:00'),('shop.shop.invoice.invoice_number.storno',NULL,'true',NULL,'2015-09-30 10:03:01',NULL,'0000-00-00 00:00:00'),('shop.shop.invoice.orderitem',NULL,'true',NULL,'2015-09-30 10:03:01',NULL,'0000-00-00 00:00:00'),('shop.shop.invoice.orderitem_brutto',NULL,'true',NULL,'2015-09-30 10:03:01',NULL,'0000-00-00 00:00:00'),('shop.shop.invoice.orderitem_count',NULL,'true',NULL,'2015-09-30 10:03:01',NULL,'0000-00-00 00:00:00'),('shop.shop.invoice.orderitem_name',NULL,'true',NULL,'2015-09-30 10:03:01',NULL,'0000-00-00 00:00:00'),('shop.shop.invoice.orderitem_number',NULL,'true',NULL,'2015-09-30 10:03:01',NULL,'0000-00-00 00:00:00'),('shop.shop.invoice.orderitem_single',NULL,'true',NULL,'2015-09-30 10:03:01',NULL,'0000-00-00 00:00:00'),('shop.shop.invoice.orderitem_single_brutto',NULL,'true',NULL,'2015-09-30 10:03:01',NULL,'0000-00-00 00:00:00'),('shop.shop.invoice.orderitem_vat',NULL,'true',NULL,'2015-09-30 10:03:01',NULL,'0000-00-00 00:00:00'),('shop.shop.invoice.paymenttypetext.billpay_invoice',NULL,'true',NULL,'2015-09-30 10:03:01',NULL,'0000-00-00 00:00:00'),('shop.shop.invoice.paymenttype_type',NULL,'true',NULL,'2015-09-30 10:03:01',NULL,'0000-00-00 00:00:00'),('shop.shop.invoice.recipient',NULL,'true',NULL,'2015-09-30 10:03:01',NULL,'0000-00-00 00:00:00'),('shop.shop.invoice.refer_invoice_number',NULL,'true',NULL,'2015-09-30 10:03:01',NULL,'0000-00-00 00:00:00'),('shop.shop.invoice.renderinvoiceblock.pagexofy.of',NULL,'true',NULL,'2015-09-30 10:03:01',NULL,'0000-00-00 00:00:00'),('shop.shop.invoice.renderinvoiceblock.pagexofy.prefix',NULL,'true',NULL,'2015-09-30 10:03:01',NULL,'0000-00-00 00:00:00'),('shop.shop.invoice.renderreturninginfoblock.Anmerkungen.text',NULL,'true',NULL,'2015-09-30 10:03:01',NULL,'0000-00-00 00:00:00'),('shop.shop.invoice.renderreturninginfoblock.blz',NULL,'true',NULL,'2015-09-30 10:03:01',NULL,'0000-00-00 00:00:00'),('shop.shop.invoice.renderreturninginfoblock.kontoinhaber',NULL,'true',NULL,'2015-09-30 10:03:01',NULL,'0000-00-00 00:00:00'),('shop.shop.invoice.renderreturninginfoblock.kreditinstitut',NULL,'true',NULL,'2015-09-30 10:03:01',NULL,'0000-00-00 00:00:00'),('shop.shop.invoice.renderreturninginfoblock.kto',NULL,'true',NULL,'2015-09-30 10:03:01',NULL,'0000-00-00 00:00:00'),('shop.shop.invoice.renderreturninginfoblock.telefonnummer.text',NULL,'true',NULL,'2015-09-30 10:03:01',NULL,'0000-00-00 00:00:00'),('shop.shop.invoice.renderreturninginfoblock.tf.ueberweisung',NULL,'true',NULL,'2015-09-30 10:03:01',NULL,'0000-00-00 00:00:00'),('shop.shop.invoice.renderreturninginfoblock.th.anzahl',NULL,'true',NULL,'2015-09-30 10:03:01',NULL,'0000-00-00 00:00:00'),('shop.shop.invoice.renderreturninginfoblock.th.bestellnr',NULL,'true',NULL,'2015-09-30 10:03:01',NULL,'0000-00-00 00:00:00'),('shop.shop.invoice.renderreturninginfoblock.th.bittenreintragen',NULL,'true',NULL,'2015-09-30 10:03:01',NULL,'0000-00-00 00:00:00'),('shop.shop.invoice.renderreturninginfoblock.th.ersatzumtausch',NULL,'true',NULL,'2015-09-30 10:03:01',NULL,'0000-00-00 00:00:00'),('shop.shop.invoice.renderreturninginfoblock.th.produktbezeichnung',NULL,'true',NULL,'2015-09-30 10:03:01',NULL,'0000-00-00 00:00:00'),('shop.shop.invoice.renderreturninginfoblock.th.regelung.ankreuzen',NULL,'true',NULL,'2015-09-30 10:03:01',NULL,'0000-00-00 00:00:00'),('shop.shop.invoice.renderreturninginfoblock.th.retouregrund',NULL,'true',NULL,'2015-09-30 10:03:01',NULL,'0000-00-00 00:00:00'),('shop.shop.invoice.renderreturninginfoblock.th.rueckgabe',NULL,'true',NULL,'2015-09-30 10:03:01',NULL,'0000-00-00 00:00:00'),('shop.shop.invoice.renderreturninginfoblock.th.zurueckartikel',NULL,'true',NULL,'2015-09-30 10:03:01',NULL,'0000-00-00 00:00:00'),('shop.shop.invoice.reshipment',NULL,'true',NULL,'2015-09-30 10:03:01',NULL,'0000-00-00 00:00:00'),('shop.shop.invoice.retourninginfoblock.body',NULL,'true',NULL,'2015-09-30 10:03:01',NULL,'0000-00-00 00:00:00'),('shop.shop.invoice.retourninginfoblock.list',NULL,'true',NULL,'2015-09-30 10:03:01',NULL,'0000-00-00 00:00:00'),('shop.shop.invoice.retourninginfoblock.title',NULL,'true',NULL,'2015-09-30 10:03:01',NULL,'0000-00-00 00:00:00'),('shop.shop.invoice.sender',NULL,'true',NULL,'2015-09-30 10:03:01',NULL,'0000-00-00 00:00:00'),('shop.shop.invoice.senderblock_cashondelivery',NULL,'true',NULL,'2015-09-30 10:03:01',NULL,'0000-00-00 00:00:00'),('shop.shop.invoice.senderblock_cashondelivery_price',NULL,'true',NULL,'2015-09-30 10:03:01',NULL,'0000-00-00 00:00:00'),('shop.shop.invoice.tax_sum',NULL,'true',NULL,'2015-09-30 10:03:01',NULL,'0000-00-00 00:00:00'),('shop.shop.invoice.tax_title',NULL,'true',NULL,'2015-09-30 10:03:01',NULL,'0000-00-00 00:00:00'),('shop.shop.invoice.text.discount.period',NULL,'true',NULL,'2015-09-30 10:03:01',NULL,'0000-00-00 00:00:00'),('shop.shop.invoice.text.discount.period_and_discount',NULL,'true',NULL,'2015-09-30 10:03:01',NULL,'0000-00-00 00:00:00'),('shop.shop.invoice.title.complete',NULL,'true',NULL,'2015-09-30 10:03:01',NULL,'0000-00-00 00:00:00'),('shop.shop.invoice.title.delivery',NULL,'true',NULL,'2015-09-30 10:03:01',NULL,'0000-00-00 00:00:00'),('shop.shop.invoice.title.storno',NULL,'true',NULL,'2015-09-30 10:03:01',NULL,'0000-00-00 00:00:00'),('shop.shop.invoice.uid',NULL,'true',NULL,'2015-09-30 10:03:01',NULL,'0000-00-00 00:00:00'),('shop.shop.label.dhl.cod.account_number',NULL,'true',NULL,'2015-09-30 10:03:01',NULL,'0000-00-00 00:00:00'),('shop.shop.label.dhl.cod.amount',NULL,'true',NULL,'2015-09-30 10:03:01',NULL,'0000-00-00 00:00:00'),('shop.shop.label.dhl.cod.amount.euro',NULL,'true',NULL,'2015-09-30 10:03:01',NULL,'0000-00-00 00:00:00'),('shop.shop.label.dhl.cod.bank_number',NULL,'true',NULL,'2015-09-30 10:03:01',NULL,'0000-00-00 00:00:00'),('shop.shop.label.dhl.cod.institute',NULL,'true',NULL,'2015-09-30 10:03:01',NULL,'0000-00-00 00:00:00'),('shop.shop.label.dhl.identcode.name',NULL,'true',NULL,'2015-09-30 10:03:01',NULL,'0000-00-00 00:00:00'),('shop.shop.label.dhl.leitcode.paketzentrum',NULL,'true',NULL,'2015-09-30 10:03:01',NULL,'0000-00-00 00:00:00'),('shop.shop.mpay.error.no_order_found.msg',NULL,'true',NULL,'2015-09-30 10:03:01',NULL,'0000-00-00 00:00:00'),('shop.shop.mpay.error.no_order_found.title',NULL,'true',NULL,'2015-09-30 10:03:01',NULL,'0000-00-00 00:00:00'),('shop.shop.no_details',NULL,'true',NULL,'2015-09-30 10:03:01',NULL,'0000-00-00 00:00:00'),('shop.shop.order.ipayment.error.general',NULL,'true',NULL,'2015-09-30 10:03:01',NULL,'0000-00-00 00:00:00'),('shop.shop.order.journal.cancel_open_orderitems',NULL,'true',NULL,'2015-09-30 10:03:01',NULL,'0000-00-00 00:00:00'),('shop.shop.order.journal.orderitem_changed',NULL,'true',NULL,'2015-09-30 10:03:01',NULL,'0000-00-00 00:00:00'),('shop.shop.order.journal.order_to_excl',NULL,'true',NULL,'2015-09-30 10:03:01',NULL,'0000-00-00 00:00:00'),('shop.shop.order.journal.order_to_incl',NULL,'true',NULL,'2015-09-30 10:03:01',NULL,'0000-00-00 00:00:00'),('shop.shop.order.journal.payin.subject',NULL,'true',NULL,'2015-09-30 10:03:01',NULL,'0000-00-00 00:00:00'),('shop.shop.order.journal.payin.text',NULL,'true',NULL,'2015-09-30 10:03:01',NULL,'0000-00-00 00:00:00'),('shop.shop.order.journal.payment_error',NULL,'true',NULL,'2015-09-30 10:03:01',NULL,'0000-00-00 00:00:00'),('shop.shop.order.journal.storno',NULL,'true',NULL,'2015-09-30 10:03:01',NULL,'0000-00-00 00:00:00'),('shop.shop.order.journal.undo_cancellation',NULL,'true',NULL,'2015-09-30 10:03:01',NULL,'0000-00-00 00:00:00'),('shop.shop.order.journal.undo_order.subject',NULL,'true',NULL,'2015-09-30 10:03:01',NULL,'0000-00-00 00:00:00'),('shop.shop.order.journal.undo_order.text',NULL,'true',NULL,'2015-09-30 10:03:01',NULL,'0000-00-00 00:00:00'),('shop.shop.order.journal.undo_order.text.appendix',NULL,'true',NULL,'2015-09-30 10:03:01',NULL,'0000-00-00 00:00:00'),('shop.shop.order.mpay.error.curl.exec.error',NULL,'true',NULL,'2015-09-30 10:03:01',NULL,'0000-00-00 00:00:00'),('shop.shop.order.mpay.error.ptype.not.found',NULL,'true',NULL,'2015-09-30 10:03:01',NULL,'0000-00-00 00:00:00'),('shop.shop.order.mpay.error.response.cc.general.error',NULL,'true',NULL,'2015-09-30 10:03:01',NULL,'0000-00-00 00:00:00'),('shop.shop.order.mpay.error.response.cvc.not.corrected',NULL,'true',NULL,'2015-09-30 10:03:01',NULL,'0000-00-00 00:00:00'),('shop.shop.order.mpay.error.response.declined',NULL,'true',NULL,'2015-09-30 10:03:01',NULL,'0000-00-00 00:00:00'),('shop.shop.order.mpay.error.response.eps.general.error',NULL,'true',NULL,'2015-09-30 10:03:01',NULL,'0000-00-00 00:00:00'),('shop.shop.order.mpay.error.response.external.error',NULL,'true',NULL,'2015-09-30 10:03:01',NULL,'0000-00-00 00:00:00'),('shop.shop.order.mpay.error.response.giropay.general.error',NULL,'true',NULL,'2015-09-30 10:03:01',NULL,'0000-00-00 00:00:00'),('shop.shop.order.mpay.error.response.sort.code.invalid',NULL,'true',NULL,'2015-09-30 10:03:01',NULL,'0000-00-00 00:00:00'),('shop.shop.order.mpay.error_ablaufdatum_wrong',NULL,'true',NULL,'2015-09-30 10:03:01',NULL,'0000-00-00 00:00:00'),('shop.shop.order.mpay.error_creditcard_denied',NULL,'true',NULL,'2015-09-30 10:03:01',NULL,'0000-00-00 00:00:00'),('shop.shop.order.mpay.error_invalid_creditcardnumber',NULL,'true',NULL,'2015-09-30 10:03:01',NULL,'0000-00-00 00:00:00'),('shop.shop.order.paypal.error.do.checkout',NULL,'true',NULL,'2015-09-30 10:03:01',NULL,'0000-00-00 00:00:00'),('shop.shop.order.retour.command_type.command_putback',NULL,'true',NULL,'2015-09-30 10:03:01',NULL,'0000-00-00 00:00:00'),('shop.shop.order.retour.command_type.command_throwaway',NULL,'true',NULL,'2015-09-30 10:03:01',NULL,'0000-00-00 00:00:00'),('shop.shop.order.retour.type.complete_canceled',NULL,'true',NULL,'2015-09-30 10:03:01',NULL,'0000-00-00 00:00:00'),('shop.shop.order.retour.type.complete_invalid_address',NULL,'true',NULL,'2015-09-30 10:03:01',NULL,'0000-00-00 00:00:00'),('shop.shop.order.retour.type.complete_not_accepted',NULL,'true',NULL,'2015-09-30 10:03:01',NULL,'0000-00-00 00:00:00'),('shop.shop.order.retour.type.complete_send_deadline',NULL,'true',NULL,'2015-09-30 10:03:01',NULL,'0000-00-00 00:00:00'),('shop.shop.order.retour.type.partly_canceled',NULL,'true',NULL,'2015-09-30 10:03:01',NULL,'0000-00-00 00:00:00'),('shop.shop.order.retour.type.partly_change',NULL,'true',NULL,'2015-09-30 10:03:01',NULL,'0000-00-00 00:00:00'),('shop.shop.order.retour.type.partly_defect',NULL,'true',NULL,'2015-09-30 10:03:01',NULL,'0000-00-00 00:00:00'),('shop.shop.order.retour.type.partly_dont_look',NULL,'true',NULL,'2015-09-30 10:03:01',NULL,'0000-00-00 00:00:00'),('shop.shop.order.retour.type.partly_not_ordered',NULL,'true',NULL,'2015-09-30 10:03:01',NULL,'0000-00-00 00:00:00'),('shop.shop.order.retour.type.partly_wrong_product',NULL,'true',NULL,'2015-09-30 10:03:01',NULL,'0000-00-00 00:00:00'),('shop.shop.overview.button.add',NULL,'true',NULL,'2015-09-30 10:03:01',NULL,'0000-00-00 00:00:00'),('shop.shop.overview.button.edit',NULL,'true',NULL,'2015-09-30 10:03:01',NULL,'0000-00-00 00:00:00'),('shop.shop.overview.deleteconfirmation',NULL,'true',NULL,'2015-09-30 10:03:01',NULL,'0000-00-00 00:00:00'),('shop.shop.overview.info',NULL,'true',NULL,'2015-09-30 10:03:01',NULL,'0000-00-00 00:00:00'),('shop.shop.overview.title',NULL,'true',NULL,'2015-09-30 10:03:01',NULL,'0000-00-00 00:00:00'),('shop.shop.partner.journal.customer_relationship',NULL,'true',NULL,'2015-09-30 10:03:01',NULL,'0000-00-00 00:00:00'),('shop.shop.payment.autoclearing_fail.subject',NULL,'true',NULL,'2015-09-30 10:03:01',NULL,'0000-00-00 00:00:00'),('shop.shop.payment.autoclearing_fail.text',NULL,'true',NULL,'2015-09-30 10:03:01',NULL,'0000-00-00 00:00:00'),('shop.shop.postlist.codamount',NULL,'true',NULL,'2015-09-30 10:03:01',NULL,'0000-00-00 00:00:00'),('shop.shop.postlist.company_employer',NULL,'true',NULL,'2015-09-30 10:03:01',NULL,'0000-00-00 00:00:00'),('shop.shop.postlist.dhl.codamount',NULL,'true',NULL,'2015-09-30 10:03:01',NULL,'0000-00-00 00:00:00'),('shop.shop.postlist.dhl.header.clientname',NULL,'true',NULL,'2015-09-30 10:03:01',NULL,'0000-00-00 00:00:00'),('shop.shop.postlist.dhl.header.clientnumber',NULL,'true',NULL,'2015-09-30 10:03:01',NULL,'0000-00-00 00:00:00'),('shop.shop.postlist.dhl.header.deliverypagenumber',NULL,'true',NULL,'2015-09-30 10:03:01',NULL,'0000-00-00 00:00:00'),('shop.shop.postlist.dhl.header.printed_on',NULL,'true',NULL,'2015-09-30 10:03:01',NULL,'0000-00-00 00:00:00'),('shop.shop.postlist.dhl.name',NULL,'true',NULL,'2015-09-30 10:03:01',NULL,'0000-00-00 00:00:00'),('shop.shop.postlist.dhl.trackingnumber',NULL,'true',NULL,'2015-09-30 10:03:01',NULL,'0000-00-00 00:00:00'),('shop.shop.postlist.dhl.weight',NULL,'true',NULL,'2015-09-30 10:03:01',NULL,'0000-00-00 00:00:00'),('shop.shop.postlist.dhl.zipcode',NULL,'true',NULL,'2015-09-30 10:03:01',NULL,'0000-00-00 00:00:00'),('shop.shop.postlist.footer.packinglist',NULL,'true',NULL,'2015-09-30 10:03:01',NULL,'0000-00-00 00:00:00'),('shop.shop.postlist.footer.taken_over_at',NULL,'true',NULL,'2015-09-30 10:03:01',NULL,'0000-00-00 00:00:00'),('shop.shop.postlist.footer.taken_over_from',NULL,'true',NULL,'2015-09-30 10:03:01',NULL,'0000-00-00 00:00:00'),('shop.shop.postlist.footer.taken_over_signature',NULL,'true',NULL,'2015-09-30 10:03:01',NULL,'0000-00-00 00:00:00'),('shop.shop.postlist.header.deliverypagenumber',NULL,'true',NULL,'2015-09-30 10:03:01',NULL,'0000-00-00 00:00:00'),('shop.shop.postlist.header.printed_on',NULL,'true',NULL,'2015-09-30 10:03:01',NULL,'0000-00-00 00:00:00'),('shop.shop.postlist.name',NULL,'true',NULL,'2015-09-30 10:03:01',NULL,'0000-00-00 00:00:00'),('shop.shop.postlist.postzone',NULL,'true',NULL,'2015-09-30 10:03:01',NULL,'0000-00-00 00:00:00'),('shop.shop.postlist.totalcount',NULL,'true',NULL,'2015-09-30 10:03:01',NULL,'0000-00-00 00:00:00'),('shop.shop.postlist.trackingnumber',NULL,'true',NULL,'2015-09-30 10:03:01',NULL,'0000-00-00 00:00:00'),('shop.shop.postlist.type',NULL,'true',NULL,'2015-09-30 10:03:01',NULL,'0000-00-00 00:00:00'),('shop.shop.postlist.weight',NULL,'true',NULL,'2015-09-30 10:03:01',NULL,'0000-00-00 00:00:00'),('shop.shop.postlist.zipcode',NULL,'true',NULL,'2015-09-30 10:03:01',NULL,'0000-00-00 00:00:00'),('shop.shop.price.item.abo',NULL,'true',NULL,'2015-09-30 10:03:01',NULL,'0000-00-00 00:00:00'),('shop.shop.price.item.freebie',NULL,'true',NULL,'2015-09-30 10:03:01',NULL,'0000-00-00 00:00:00'),('shop.shop.shoporder.resendlogic.resend_delivery.journaltext',NULL,'true',NULL,'2015-09-30 10:03:01',NULL,'0000-00-00 00:00:00'),('shop.shop.shoporder.resendlogic.resend_invoice.journaltext',NULL,'true',NULL,'2015-09-30 10:03:01',NULL,'0000-00-00 00:00:00'),('shop.shop.shoporder.resendlogic.storno',NULL,'true',NULL,'2015-09-30 10:03:01',NULL,'0000-00-00 00:00:00'),('shop.shop.shop_code',NULL,'true',NULL,'2015-09-30 10:03:01',NULL,'0000-00-00 00:00:00'),('shop.shop.shop_name',NULL,'true',NULL,'2015-09-30 10:03:01',NULL,'0000-00-00 00:00:00'),('shop.shop.shop_state',NULL,'true',NULL,'2015-09-30 10:03:01',NULL,'0000-00-00 00:00:00'),('shop.shop.task.autolock.subject',NULL,'true',NULL,'2015-09-30 10:03:01',NULL,'0000-00-00 00:00:00'),('shop.shop.task.autolock.subject.high_value',NULL,'true',NULL,'2015-09-30 10:03:01',NULL,'0000-00-00 00:00:00'),('shop.shop.task.autolock.subject.too_much_storno',NULL,'true',NULL,'2015-09-30 10:03:01',NULL,'0000-00-00 00:00:00'),('shop.shop.task.autolock.subject.user_settings',NULL,'true',NULL,'2015-09-30 10:03:01',NULL,'0000-00-00 00:00:00'),('shop.shop.task.autolock.text',NULL,'true',NULL,'2015-09-30 10:03:01',NULL,'0000-00-00 00:00:00'),('shop.shopabo.customer_name',NULL,'true',NULL,'2015-09-30 10:03:01',NULL,'0000-00-00 00:00:00'),('shop.shopabo.deliverycount',NULL,'true',NULL,'2015-09-30 10:03:01',NULL,'0000-00-00 00:00:00'),('shop.shopabo.delivery_interval',NULL,'true',NULL,'2015-09-30 10:03:01',NULL,'0000-00-00 00:00:00'),('shop.shopabo.delivery_interval.days',NULL,'true',NULL,'2015-09-30 10:03:01',NULL,'0000-00-00 00:00:00'),('shop.shopabo.edit.info',NULL,'true',NULL,'2015-09-30 10:03:01',NULL,'0000-00-00 00:00:00'),('shop.shopabo.edit.title',NULL,'true',NULL,'2015-09-30 10:03:01',NULL,'0000-00-00 00:00:00'),('shop.shopabo.order_created',NULL,'true',NULL,'2015-09-30 10:03:01',NULL,'0000-00-00 00:00:00'),('shop.shopabo.order_problems.autolock',NULL,'true',NULL,'2015-09-30 10:03:01',NULL,'0000-00-00 00:00:00'),('shop.shopabo.order_problems.cant_create_order',NULL,'true',NULL,'2015-09-30 10:03:01',NULL,'0000-00-00 00:00:00'),('shop.shopabo.order_problems.deactivation_deliverytime',NULL,'true',NULL,'2015-09-30 10:03:01',NULL,'0000-00-00 00:00:00'),('shop.shopabo.order_problems.invalid_items',NULL,'true',NULL,'2015-09-30 10:03:01',NULL,'0000-00-00 00:00:00'),('shop.shopabo.overview.button.add',NULL,'true',NULL,'2015-09-30 10:03:01',NULL,'0000-00-00 00:00:00'),('shop.shopabo.overview.deleteconfirmation',NULL,'true',NULL,'2015-09-30 10:03:01',NULL,'0000-00-00 00:00:00'),('shop.shopabo.overview.info',NULL,'true',NULL,'2015-09-30 10:03:01',NULL,'0000-00-00 00:00:00'),('shop.shopabo.overview.sendconfirmation',NULL,'true',NULL,'2015-09-30 10:03:01',NULL,'0000-00-00 00:00:00'),('shop.shopabo.overview.title',NULL,'true',NULL,'2015-09-30 10:03:01',NULL,'0000-00-00 00:00:00'),('shop.shopabo.send.error',NULL,'true',NULL,'2015-09-30 10:03:01',NULL,'0000-00-00 00:00:00'),('shop.shopabo.send.success',NULL,'true',NULL,'2015-09-30 10:03:01',NULL,'0000-00-00 00:00:00'),('shop.shopabo.shopabo_active',NULL,'true',NULL,'2015-09-30 10:03:01',NULL,'0000-00-00 00:00:00'),('shop.shopabo.shopabo_active.false',NULL,'true',NULL,'2015-09-30 10:03:01',NULL,'0000-00-00 00:00:00'),('shop.shopabo.shopabo_active.false.text',NULL,'true',NULL,'2015-09-30 10:03:01',NULL,'0000-00-00 00:00:00'),('shop.shopabo.shopabo_active.true',NULL,'true',NULL,'2015-09-30 10:03:01',NULL,'0000-00-00 00:00:00'),('shop.shopabo.shopabo_active.true.text',NULL,'true',NULL,'2015-09-30 10:03:01',NULL,'0000-00-00 00:00:00'),('shop.shopabo.shopabo_dueat',NULL,'true',NULL,'2015-09-30 10:03:01',NULL,'0000-00-00 00:00:00'),('shop.shopabo.shopabo_dueat.abbr',NULL,'true',NULL,'2015-09-30 10:03:01',NULL,'0000-00-00 00:00:00'),('shop.shopabo.shopabo_id',NULL,'true',NULL,'2015-09-30 10:03:01',NULL,'0000-00-00 00:00:00'),('shop.shopabo.shopabo_itemcount',NULL,'true',NULL,'2015-09-30 10:03:01',NULL,'0000-00-00 00:00:00'),('shop.shopabo.shopabo_ordercount',NULL,'true',NULL,'2015-09-30 10:03:01',NULL,'0000-00-00 00:00:00'),('shop.shopabo.shoparticleitem_id',NULL,'true',NULL,'2015-09-30 10:03:01',NULL,'0000-00-00 00:00:00'),('shop.shopabo.shoporderitem_articlenumber',NULL,'true',NULL,'2015-09-30 10:03:01',NULL,'0000-00-00 00:00:00'),('shop.shopabo.shoporderitem_name',NULL,'true',NULL,'2015-09-30 10:03:01',NULL,'0000-00-00 00:00:00'),('shop.shopabo.shoporder_id',NULL,'true',NULL,'2015-09-30 10:03:01',NULL,'0000-00-00 00:00:00'),('shop.shopaccounting.brokerage.button.export',NULL,'true',NULL,'2015-09-30 10:03:01',NULL,'0000-00-00 00:00:00'),('shop.shopaccounting.brokerage.overview.title',NULL,'true',NULL,'2015-09-30 10:03:01',NULL,'0000-00-00 00:00:00'),('shop.shopaccounting.detail.info',NULL,'true',NULL,'2015-09-30 10:03:01',NULL,'0000-00-00 00:00:00'),('shop.shopaccounting.detail.title',NULL,'true',NULL,'2015-09-30 10:03:01',NULL,'0000-00-00 00:00:00'),('shop.shopaccounting.edit.info',NULL,'true',NULL,'2015-09-30 10:03:01',NULL,'0000-00-00 00:00:00'),('shop.shopaccounting.edit.title',NULL,'true',NULL,'2015-09-30 10:03:01',NULL,'0000-00-00 00:00:00'),('shop.shopaccounting.exportoverview_month.info',NULL,'true',NULL,'2015-09-30 10:03:01',NULL,'0000-00-00 00:00:00'),('shop.shopaccounting.exportoverview_month.title',NULL,'true',NULL,'2015-09-30 10:03:01',NULL,'0000-00-00 00:00:00'),('shop.shopaccounting.exportoverview_week.info',NULL,'true',NULL,'2015-09-30 10:03:01',NULL,'0000-00-00 00:00:00'),('shop.shopaccounting.exportoverview_week.title',NULL,'true',NULL,'2015-09-30 10:03:01',NULL,'0000-00-00 00:00:00'),('shop.shopaccounting.overview.button.add',NULL,'true',NULL,'2015-09-30 10:03:01',NULL,'0000-00-00 00:00:00'),('shop.shopaccounting.overview.button.edit',NULL,'true',NULL,'2015-09-30 10:03:01',NULL,'0000-00-00 00:00:00'),('shop.shopaccounting.overview.deleteconfirmation',NULL,'true',NULL,'2015-09-30 10:03:01',NULL,'0000-00-00 00:00:00'),('shop.shopaccounting.overview.info',NULL,'true',NULL,'2015-09-30 10:03:01',NULL,'0000-00-00 00:00:00'),('shop.shopaccounting.overview.title',NULL,'true',NULL,'2015-09-30 10:03:01',NULL,'0000-00-00 00:00:00'),('shop.shopaccounting.shopaccountjournaltype_code',NULL,'true',NULL,'2015-09-30 10:03:01',NULL,'0000-00-00 00:00:00'),('shop.shopaccounting.shopaccountjournal_count',NULL,'true',NULL,'2015-09-30 10:03:01',NULL,'0000-00-00 00:00:00'),('shop.shopaccounting.shopaccountjournal_date',NULL,'true',NULL,'2015-09-30 10:03:01',NULL,'0000-00-00 00:00:00'),('shop.shopaccounting.shopaccountjournal_date_month',NULL,'true',NULL,'2015-09-30 10:03:01',NULL,'0000-00-00 00:00:00'),('shop.shopaccounting.shopaccountjournal_date_week',NULL,'true',NULL,'2015-09-30 10:03:01',NULL,'0000-00-00 00:00:00'),('shop.shopaccounting.shopaccountjournal_name',NULL,'true',NULL,'2015-09-30 10:03:01',NULL,'0000-00-00 00:00:00'),('shop.shopaccounting.shopaccountjournal_number',NULL,'true',NULL,'2015-09-30 10:03:01',NULL,'0000-00-00 00:00:00'),('shop.shopaccounting.shopaccountjournal_sum',NULL,'true',NULL,'2015-09-30 10:03:01',NULL,'0000-00-00 00:00:00'),('shop.shopaccounting.shopaccountjournal_value',NULL,'true',NULL,'2015-09-30 10:03:01',NULL,'0000-00-00 00:00:00'),('shop.shopaccounting.showshopaccounting_overview_filter.field.date_from',NULL,'true',NULL,'2015-09-30 10:03:01',NULL,'0000-00-00 00:00:00'),('shop.shopaccounting.showshopaccounting_overview_filter.field.date_to',NULL,'true',NULL,'2015-09-30 10:03:01',NULL,'0000-00-00 00:00:00'),('shop.shopaccounting.showshopaccounting_overview_filter.field.keyword',NULL,'true',NULL,'2015-09-30 10:03:01',NULL,'0000-00-00 00:00:00'),('shop.shopaccountjournal.brokerage.export.count',NULL,'true',NULL,'2015-09-30 10:03:01',NULL,'0000-00-00 00:00:00'),('shop.shopaccountjournal.brokerage.export.description',NULL,'true',NULL,'2015-09-30 10:03:01',NULL,'0000-00-00 00:00:00'),('shop.shopaccountjournal.brokerage.export.grandtotal',NULL,'true',NULL,'2015-09-30 10:03:01',NULL,'0000-00-00 00:00:00'),('shop.shopaccountjournal.brokerage.export.name',NULL,'true',NULL,'2015-09-30 10:03:01',NULL,'0000-00-00 00:00:00'),('shop.shopaccountjournal.brokerage.export.vat',NULL,'true',NULL,'2015-09-30 10:03:01',NULL,'0000-00-00 00:00:00'),('shop.shopaccountjournal.brokerage.line.description.accountjournal_number',NULL,'true',NULL,'2015-09-30 10:03:01',NULL,'0000-00-00 00:00:00'),('shop.shopaccountjournal.brokerage.line.description.customer',NULL,'true',NULL,'2015-09-30 10:03:01',NULL,'0000-00-00 00:00:00'),('shop.shopaccountjournal.brokerage.line.title.default',NULL,'true',NULL,'2015-09-30 10:03:01',NULL,'0000-00-00 00:00:00'),('shop.shopaccountjournal.brokerage.line.title.percentual.group',NULL,'true',NULL,'2015-09-30 10:03:01',NULL,'0000-00-00 00:00:00'),('shop.shopaccountjournal.brokerage.line.title.percentual.nogroup',NULL,'true',NULL,'2015-09-30 10:03:01',NULL,'0000-00-00 00:00:00'),('shop.shopaccountjournal.invoice.sent_by_email.journal_text',NULL,'true',NULL,'2015-09-30 10:03:01',NULL,'0000-00-00 00:00:00'),('shop.shopaccountjournal.name.brokerage',NULL,'true',NULL,'2015-09-30 10:03:01',NULL,'0000-00-00 00:00:00'),('shop.shopaccountjournal.name.delivery',NULL,'true',NULL,'2015-09-30 10:03:01',NULL,'0000-00-00 00:00:00'),('shop.shopaccountjournal.name.delivery_with_service',NULL,'true',NULL,'2015-09-30 10:03:01',NULL,'0000-00-00 00:00:00'),('shop.shopaccountjournal.name.delivery_with_service_tracking',NULL,'true',NULL,'2015-09-30 10:03:01',NULL,'0000-00-00 00:00:00'),('shop.shopaccountjournal.name.invoice',NULL,'true',NULL,'2015-09-30 10:03:01',NULL,'0000-00-00 00:00:00'),('shop.shopaccountjournal.name.invoice.append_inactive',NULL,'true',NULL,'2015-09-30 10:03:01',NULL,'0000-00-00 00:00:00'),('shop.shopaccountjournal.name.invoice.append_inactive.partly',NULL,'true',NULL,'2015-09-30 10:03:01',NULL,'0000-00-00 00:00:00'),('shop.shopaccountjournal.name.invoice.append_taxfree',NULL,'true',NULL,'2015-09-30 10:03:01',NULL,'0000-00-00 00:00:00'),('shop.shopaccountjournal.name.invoice.append_uid',NULL,'true',NULL,'2015-09-30 10:03:01',NULL,'0000-00-00 00:00:00'),('shop.shopaccountjournal.name.paymentreminder',NULL,'true',NULL,'2015-09-30 10:03:01',NULL,'0000-00-00 00:00:00'),('shop.shopaccountjournal.name.storno',NULL,'true',NULL,'2015-09-30 10:03:01',NULL,'0000-00-00 00:00:00'),('shop.shopaccountjournal.name.storno_to_account',NULL,'true',NULL,'2015-09-30 10:03:01',NULL,'0000-00-00 00:00:00'),('shop.shopaccountjournal.name.storno_to_account_full',NULL,'true',NULL,'2015-09-30 10:03:01',NULL,'0000-00-00 00:00:00'),('shop.shopaccountjournalgroup.create_name',NULL,'true',NULL,'2015-09-30 10:03:01',NULL,'0000-00-00 00:00:00'),('shop.shopaccountjournalgroup.create_name_list',NULL,'true',NULL,'2015-09-30 10:03:01',NULL,'0000-00-00 00:00:00'),('shop.shopaccountjournalgroup.detail.info',NULL,'true',NULL,'2015-09-30 10:03:01',NULL,'0000-00-00 00:00:00'),('shop.shopaccountjournalgroup.detail.title',NULL,'true',NULL,'2015-09-30 10:03:01',NULL,'0000-00-00 00:00:00'),('shop.shopaccountjournalgroup.edit.title',NULL,'true',NULL,'2015-09-30 10:03:01',NULL,'0000-00-00 00:00:00'),('shop.shopaccountjournalgroup.export.cashondelivery',NULL,'true',NULL,'2015-09-30 10:03:01',NULL,'0000-00-00 00:00:00'),('shop.shopaccountjournalgroup.export.costs',NULL,'true',NULL,'2015-09-30 10:03:01',NULL,'0000-00-00 00:00:00'),('shop.shopaccountjournalgroup.export.country',NULL,'true',NULL,'2015-09-30 10:03:01',NULL,'0000-00-00 00:00:00'),('shop.shopaccountjournalgroup.export.delivery',NULL,'true',NULL,'2015-09-30 10:03:01',NULL,'0000-00-00 00:00:00'),('shop.shopaccountjournalgroup.export.deliveryservice',NULL,'true',NULL,'2015-09-30 10:03:01',NULL,'0000-00-00 00:00:00'),('shop.shopaccountjournalgroup.export.grandtotal',NULL,'true',NULL,'2015-09-30 10:03:01',NULL,'0000-00-00 00:00:00'),('shop.shopaccountjournalgroup.export.invoice',NULL,'true',NULL,'2015-09-30 10:03:01',NULL,'0000-00-00 00:00:00'),('shop.shopaccountjournalgroup.export.name',NULL,'true',NULL,'2015-09-30 10:03:01',NULL,'0000-00-00 00:00:00'),('shop.shopaccountjournalgroup.export.tracking',NULL,'true',NULL,'2015-09-30 10:03:01',NULL,'0000-00-00 00:00:00'),('shop.shopaccountjournalgroup.export.weight',NULL,'true',NULL,'2015-09-30 10:03:01',NULL,'0000-00-00 00:00:00'),('shop.shopaccountjournalgroup.overview.button.add',NULL,'true',NULL,'2015-09-30 10:03:01',NULL,'0000-00-00 00:00:00'),('shop.shopaccountjournalgroup.overview.button.export_deliveries',NULL,'true',NULL,'2015-09-30 10:03:01',NULL,'0000-00-00 00:00:00'),('shop.shopaccountjournalgroup.overview.button.print',NULL,'true',NULL,'2015-09-30 10:03:01',NULL,'0000-00-00 00:00:00'),('shop.shopaccountjournalgroup.overview.button.print_postlistext',NULL,'true',NULL,'2015-09-30 10:03:01',NULL,'0000-00-00 00:00:00'),('shop.shopaccountjournalgroup.overview.deleteconfirmation',NULL,'true',NULL,'2015-09-30 10:03:01',NULL,'0000-00-00 00:00:00'),('shop.shopaccountjournalgroup.overview.info',NULL,'true',NULL,'2015-09-30 10:03:01',NULL,'0000-00-00 00:00:00'),('shop.shopaccountjournalgroup.overview.title',NULL,'true',NULL,'2015-09-30 10:03:01',NULL,'0000-00-00 00:00:00'),('shop.shopaccountjournalgroup.shopaccountjournalgroup_active',NULL,'true',NULL,'2015-09-30 10:03:01',NULL,'0000-00-00 00:00:00'),('shop.shopaccountjournalgroup.shopaccountjournalgroup_id',NULL,'true',NULL,'2015-09-30 10:03:01',NULL,'0000-00-00 00:00:00'),('shop.shopaccountjournalgroup.shopaccountjournalgroup_id_count',NULL,'true',NULL,'2015-09-30 10:03:01',NULL,'0000-00-00 00:00:00'),('shop.shopaccountjournalgroup.shopaccountjournalgroup_name',NULL,'true',NULL,'2015-09-30 10:03:01',NULL,'0000-00-00 00:00:00'),('shop.shopaccountjournalgroup.table_create',NULL,'true',NULL,'2015-09-30 10:03:01',NULL,'0000-00-00 00:00:00'),('shop.shoparticle.action.merge.error.number_of_items',NULL,'true',NULL,'2015-09-30 10:03:01',NULL,'0000-00-00 00:00:00'),('shop.shoparticle.action.merge.success.message',NULL,'true',NULL,'2015-09-30 10:03:01',NULL,'0000-00-00 00:00:00'),('shop.shoparticle.add.title',NULL,'true',NULL,'2015-09-30 10:03:01',NULL,'0000-00-00 00:00:00'),('shop.shoparticle.appendtocategory.category',NULL,'true',NULL,'2015-09-30 10:03:01',NULL,'0000-00-00 00:00:00'),('shop.shoparticle.appendtocategory.deleted',NULL,'true',NULL,'2015-09-30 10:03:01',NULL,'0000-00-00 00:00:00'),('shop.shoparticle.appendtocategory.info',NULL,'true',NULL,'2015-09-30 10:03:01',NULL,'0000-00-00 00:00:00'),('shop.shoparticle.appendtocategory.inserted',NULL,'true',NULL,'2015-09-30 10:03:01',NULL,'0000-00-00 00:00:00'),('shop.shoparticle.appendtocategory.moved',NULL,'true',NULL,'2015-09-30 10:03:01',NULL,'0000-00-00 00:00:00'),('shop.shoparticle.appendtocategory.title',NULL,'true',NULL,'2015-09-30 10:03:01',NULL,'0000-00-00 00:00:00'),('shop.shoparticle.articleentry_additional',NULL,'true',NULL,'2015-09-30 10:03:01',NULL,'0000-00-00 00:00:00'),('shop.shoparticle.articleentry_additional.info',NULL,'true',NULL,'2015-09-30 10:03:01',NULL,'0000-00-00 00:00:00'),('shop.shoparticle.articleentry_appendix',NULL,'true',NULL,'2015-09-30 10:03:01',NULL,'0000-00-00 00:00:00'),('shop.shoparticle.articleentry_appendix_campaign',NULL,'true',NULL,'2015-09-30 10:03:01',NULL,'0000-00-00 00:00:00'),('shop.shoparticle.articleentry_head',NULL,'true',NULL,'2015-09-30 10:03:01',NULL,'0000-00-00 00:00:00'),('shop.shoparticle.articleentry_head.info',NULL,'true',NULL,'2015-09-30 10:03:01',NULL,'0000-00-00 00:00:00'),('shop.shoparticle.articleentry_keyword',NULL,'true',NULL,'2015-09-30 10:03:01',NULL,'0000-00-00 00:00:00'),('shop.shoparticle.articleentry_menu',NULL,'true',NULL,'2015-09-30 10:03:01',NULL,'0000-00-00 00:00:00'),('shop.shoparticle.articleentry_sitedescription',NULL,'true',NULL,'2015-09-30 10:03:01',NULL,'0000-00-00 00:00:00'),('shop.shoparticle.articleentry_sitetitle',NULL,'true',NULL,'2015-09-30 10:03:01',NULL,'0000-00-00 00:00:00'),('shop.shoparticle.articleentry_text',NULL,'true',NULL,'2015-09-30 10:03:01',NULL,'0000-00-00 00:00:00'),('shop.shoparticle.articleentry_text.info',NULL,'true',NULL,'2015-09-30 10:03:01',NULL,'0000-00-00 00:00:00'),('shop.shoparticle.articleentry_textcode',NULL,'true',NULL,'2015-09-30 10:03:01',NULL,'0000-00-00 00:00:00'),('shop.shoparticle.articleentry_title',NULL,'true',NULL,'2015-09-30 10:03:01',NULL,'0000-00-00 00:00:00'),('shop.shoparticle.categoryoverview.info',NULL,'true',NULL,'2015-09-30 10:03:01',NULL,'0000-00-00 00:00:00'),('shop.shoparticle.categoryoverview.title',NULL,'true',NULL,'2015-09-30 10:03:01',NULL,'0000-00-00 00:00:00'),('shop.shoparticle.crossselling.items_added.message',NULL,'true',NULL,'2015-09-30 10:03:01',NULL,'0000-00-00 00:00:00'),('shop.shoparticle.crossselling.items_added.title',NULL,'true',NULL,'2015-09-30 10:03:01',NULL,'0000-00-00 00:00:00'),('shop.shoparticle.crossselling.items_removed.message',NULL,'true',NULL,'2015-09-30 10:03:01',NULL,'0000-00-00 00:00:00'),('shop.shoparticle.crossselling.items_removed.title',NULL,'true',NULL,'2015-09-30 10:03:01',NULL,'0000-00-00 00:00:00'),('shop.shoparticle.detail.comments.title',NULL,'true',NULL,'2015-09-30 10:03:01',NULL,'0000-00-00 00:00:00'),('shop.shoparticle.detail.info',NULL,'true',NULL,'2015-09-30 10:03:01',NULL,'0000-00-00 00:00:00'),('shop.shoparticle.detail.title',NULL,'true',NULL,'2015-09-30 10:03:01',NULL,'0000-00-00 00:00:00'),('shop.shoparticle.edit.button.next',NULL,'true',NULL,'2015-09-30 10:03:01',NULL,'0000-00-00 00:00:00'),('shop.shoparticle.edit.chapter.attributes',NULL,'true',NULL,'2015-09-30 10:03:01',NULL,'0000-00-00 00:00:00'),('shop.shoparticle.edit.chapter.core',NULL,'true',NULL,'2015-09-30 10:03:01',NULL,'0000-00-00 00:00:00'),('shop.shoparticle.edit.chapter.shoparticleitem_defaults',NULL,'true',NULL,'2015-09-30 10:03:01',NULL,'0000-00-00 00:00:00'),('shop.shoparticle.edit.info',NULL,'true',NULL,'2015-09-30 10:03:01',NULL,'0000-00-00 00:00:00'),('shop.shoparticle.edit.title',NULL,'true',NULL,'2015-09-30 10:03:01',NULL,'0000-00-00 00:00:00'),('shop.shoparticle.group.article',NULL,'true',NULL,'2015-09-30 10:03:01',NULL,'0000-00-00 00:00:00'),('shop.shoparticle.group.attribute',NULL,'true',NULL,'2015-09-30 10:03:01',NULL,'0000-00-00 00:00:00'),('shop.shoparticle.group.picture',NULL,'true',NULL,'2015-09-30 10:03:01',NULL,'0000-00-00 00:00:00'),('shop.shoparticle.keyword',NULL,'true',NULL,'2015-09-30 10:03:01',NULL,'0000-00-00 00:00:00'),('shop.shoparticle.overview.button.add',NULL,'true',NULL,'2015-09-30 10:03:01',NULL,'0000-00-00 00:00:00'),('shop.shoparticle.overview.button.append_category',NULL,'true',NULL,'2015-09-30 10:03:01',NULL,'0000-00-00 00:00:00'),('shop.shoparticle.overview.button.edit',NULL,'true',NULL,'2015-09-30 10:03:01',NULL,'0000-00-00 00:00:00'),('shop.shoparticle.overview.button.edit_text',NULL,'true',NULL,'2015-09-30 10:03:01',NULL,'0000-00-00 00:00:00'),('shop.shoparticle.overview.button.merge',NULL,'true',NULL,'2015-09-30 10:03:01',NULL,'0000-00-00 00:00:00'),('shop.shoparticle.overview.button.merge.confirm',NULL,'true',NULL,'2015-09-30 10:03:01',NULL,'0000-00-00 00:00:00'),('shop.shoparticle.overview.deleteconfirmation',NULL,'true',NULL,'2015-09-30 10:03:01',NULL,'0000-00-00 00:00:00'),('shop.shoparticle.overview.info',NULL,'true',NULL,'2015-09-30 10:03:01',NULL,'0000-00-00 00:00:00'),('shop.shoparticle.overview.title',NULL,'true',NULL,'2015-09-30 10:03:01',NULL,'0000-00-00 00:00:00'),('shop.shoparticle.overviewinattributelist.button.remove_selected',NULL,'true',NULL,'2015-09-30 10:03:01',NULL,'0000-00-00 00:00:00'),('shop.shoparticle.overviewinattributelist.button.remove_selected.confirmation',NULL,'true',NULL,'2015-09-30 10:03:01',NULL,'0000-00-00 00:00:00'),('shop.shoparticle.overviewinattributelist.info',NULL,'true',NULL,'2015-09-30 10:03:01',NULL,'0000-00-00 00:00:00'),('shop.shoparticle.overviewinattributelist.title',NULL,'true',NULL,'2015-09-30 10:03:01',NULL,'0000-00-00 00:00:00'),('shop.shoparticle.overviewnotinattributelist.info',NULL,'true',NULL,'2015-09-30 10:03:01',NULL,'0000-00-00 00:00:00'),('shop.shoparticle.overviewnotinattributelist.title',NULL,'true',NULL,'2015-09-30 10:03:01',NULL,'0000-00-00 00:00:00'),('shop.shoparticle.overviewshoparticletypelist.info',NULL,'true',NULL,'2015-09-30 10:03:01',NULL,'0000-00-00 00:00:00'),('shop.shoparticle.overviewshoparticletypelist.title',NULL,'true',NULL,'2015-09-30 10:03:01',NULL,'0000-00-00 00:00:00'),('shop.shoparticle.overview_crossselling.button.paste',NULL,'true',NULL,'2015-09-30 10:03:01',NULL,'0000-00-00 00:00:00'),('shop.shoparticle.overview_crossselling_detail.button.paste',NULL,'true',NULL,'2015-09-30 10:03:01',NULL,'0000-00-00 00:00:00'),('shop.shoparticle.overview_crossselling_detail.button.remove_selected',NULL,'true',NULL,'2015-09-30 10:03:01',NULL,'0000-00-00 00:00:00'),('shop.shoparticle.overview_crossselling_detail.button.remove_selected.confirmation',NULL,'true',NULL,'2015-09-30 10:03:01',NULL,'0000-00-00 00:00:00'),('shop.shoparticle.overview_crossselling_detail.deleteconfirmation',NULL,'true',NULL,'2015-09-30 10:03:01',NULL,'0000-00-00 00:00:00'),('shop.shoparticle.overview_crossselling_detail.info',NULL,'true',NULL,'2015-09-30 10:03:01',NULL,'0000-00-00 00:00:00'),('shop.shoparticle.overview_crossselling_detail.title',NULL,'true',NULL,'2015-09-30 10:03:01',NULL,'0000-00-00 00:00:00'),('shop.shoparticle.shoparticlecopy_bulk.noitems',NULL,'true',NULL,'2015-09-30 10:03:01',NULL,'0000-00-00 00:00:00'),('shop.shoparticle.shoparticledelivery_code',NULL,'true',NULL,'2015-09-30 10:03:01',NULL,'0000-00-00 00:00:00'),('shop.shoparticle.shoparticlegroupoverview.info',NULL,'true',NULL,'2015-09-30 10:03:01',NULL,'0000-00-00 00:00:00'),('shop.shoparticle.shoparticlegroupoverview.title',NULL,'true',NULL,'2015-09-30 10:03:01',NULL,'0000-00-00 00:00:00'),('shop.shoparticle.shoparticletype_id',NULL,'true',NULL,'2015-09-30 10:03:01',NULL,'0000-00-00 00:00:00'),('shop.shoparticle.shoparticle_appendtocategory.field.shoparticle_move.radio.false',NULL,'true',NULL,'2015-09-30 10:03:01',NULL,'0000-00-00 00:00:00'),('shop.shoparticle.shoparticle_appendtocategory.field.shoparticle_move.radio.true',NULL,'true',NULL,'2015-09-30 10:03:01',NULL,'0000-00-00 00:00:00'),('shop.shoparticle.shoparticle_appendtocategory.field.shoparticle_move.title',NULL,'true',NULL,'2015-09-30 10:03:01',NULL,'0000-00-00 00:00:00'),('shop.shoparticle.shoparticle_articlenumber',NULL,'true',NULL,'2015-09-30 10:03:01',NULL,'0000-00-00 00:00:00'),('shop.shoparticle.shoparticle_articlenumber_auto',NULL,'true',NULL,'2015-09-30 10:03:01',NULL,'0000-00-00 00:00:00'),('shop.shoparticle.shoparticle_box.article_available',NULL,'true',NULL,'2015-09-30 10:03:01',NULL,'0000-00-00 00:00:00'),('shop.shoparticle.shoparticle_box.article_name',NULL,'true',NULL,'2015-09-30 10:03:01',NULL,'0000-00-00 00:00:00'),('shop.shoparticle.shoparticle_box.article_number',NULL,'true',NULL,'2015-09-30 10:03:01',NULL,'0000-00-00 00:00:00'),('shop.shoparticle.shoparticle_box.article_number_supplier',NULL,'true',NULL,'2015-09-30 10:03:01',NULL,'0000-00-00 00:00:00'),('shop.shoparticle.shoparticle_box.article_price',NULL,'true',NULL,'2015-09-30 10:03:01',NULL,'0000-00-00 00:00:00'),('shop.shoparticle.shoparticle_box.close',NULL,'true',NULL,'2015-09-30 10:03:01',NULL,'0000-00-00 00:00:00'),('shop.shoparticle.shoparticle_box.title',NULL,'true',NULL,'2015-09-30 10:03:01',NULL,'0000-00-00 00:00:00'),('shop.shoparticle.shoparticle_categoryoverview.bulkdelete.confirmation',NULL,'true',NULL,'2015-09-30 10:03:01',NULL,'0000-00-00 00:00:00'),('shop.shoparticle.shoparticle_categoryoverview.bulkdelete.title',NULL,'true',NULL,'2015-09-30 10:03:01',NULL,'0000-00-00 00:00:00'),('shop.shoparticle.shoparticle_categoryoverview.deleteconfirmation',NULL,'true',NULL,'2015-09-30 10:03:01',NULL,'0000-00-00 00:00:00'),('shop.shoparticle.shoparticle_categoryoverview.paste.title',NULL,'true',NULL,'2015-09-30 10:03:01',NULL,'0000-00-00 00:00:00'),('shop.shoparticle.shoparticle_cssclass',NULL,'true',NULL,'2015-09-30 10:03:01',NULL,'0000-00-00 00:00:00'),('shop.shoparticle.shoparticle_cssclass.info',NULL,'true',NULL,'2015-09-30 10:03:01',NULL,'0000-00-00 00:00:00'),('shop.shoparticle.shoparticle_detail.action.button',NULL,'true',NULL,'2015-09-30 10:03:01',NULL,'0000-00-00 00:00:00'),('shop.shoparticle.shoparticle_detailfields.title',NULL,'true',NULL,'2015-09-30 10:03:01',NULL,'0000-00-00 00:00:00'),('shop.shoparticle.shoparticle_discountlist_overview.paste.title',NULL,'true',NULL,'2015-09-30 10:03:01',NULL,'0000-00-00 00:00:00'),('shop.shoparticle.shoparticle_editfields.field.shoparticledelivery_code.info',NULL,'true',NULL,'2015-09-30 10:03:01',NULL,'0000-00-00 00:00:00'),('shop.shoparticle.shoparticle_editfields.field.shoparticletype_id',NULL,'true',NULL,'2015-09-30 10:03:01',NULL,'0000-00-00 00:00:00'),('shop.shoparticle.shoparticle_editfields.field.shoparticle_packingunit',NULL,'true',NULL,'2015-09-30 10:03:01',NULL,'0000-00-00 00:00:00'),('shop.shoparticle.shoparticle_editfields.field.shoparticle_packingunit.info',NULL,'true',NULL,'2015-09-30 10:03:01',NULL,'0000-00-00 00:00:00'),('shop.shoparticle.shoparticle_editfields.field.shopvariant_code',NULL,'true',NULL,'2015-09-30 10:03:01',NULL,'0000-00-00 00:00:00'),('shop.shoparticle.shoparticle_overview.field.picturecount',NULL,'true',NULL,'2015-09-30 10:03:01',NULL,'0000-00-00 00:00:00'),('shop.shoparticle.shoparticle_overview.field.shoparticlecategorycount',NULL,'true',NULL,'2015-09-30 10:03:01',NULL,'0000-00-00 00:00:00'),('shop.shoparticle.shoparticle_overview.field.shoparticleitemcount',NULL,'true',NULL,'2015-09-30 10:03:01',NULL,'0000-00-00 00:00:00'),('shop.shoparticle.shoparticle_overview.field.shoparticle_show.icon.false.alt_text',NULL,'true',NULL,'2015-09-30 10:03:01',NULL,'0000-00-00 00:00:00'),('shop.shoparticle.shoparticle_overview.field.shoparticle_show.icon.true.alt_text',NULL,'true',NULL,'2015-09-30 10:03:01',NULL,'0000-00-00 00:00:00'),('shop.shoparticle.shoparticle_overviewfields.field.shoparticleedit.icon.false.alt_text',NULL,'true',NULL,'2015-09-30 10:03:01',NULL,'0000-00-00 00:00:00'),('shop.shoparticle.shoparticle_overviewfields.field.visibility_frontend.true',NULL,'true',NULL,'2015-09-30 10:03:01',NULL,'0000-00-00 00:00:00'),('shop.shoparticle.shoparticle_pricedetail.action.button',NULL,'true',NULL,'2015-09-30 10:03:01',NULL,'0000-00-00 00:00:00'),('shop.shoparticle.shoparticle_shoparticlegroup.overview.bulkdelete.confirmation',NULL,'true',NULL,'2015-09-30 10:03:01',NULL,'0000-00-00 00:00:00'),('shop.shoparticle.shoparticle_shoparticlegroup.overview.bulkdelete.title',NULL,'true',NULL,'2015-09-30 10:03:01',NULL,'0000-00-00 00:00:00'),('shop.shoparticle.shoparticle_shoparticlegroup.overview.deleteconfirmation',NULL,'true',NULL,'2015-09-30 10:03:01',NULL,'0000-00-00 00:00:00'),('shop.shoparticle.shoparticle_show',NULL,'true',NULL,'2015-09-30 10:03:01',NULL,'0000-00-00 00:00:00'),('shop.shoparticle.shoparticle_show.filter_false',NULL,'true',NULL,'2015-09-30 10:03:01',NULL,'0000-00-00 00:00:00'),('shop.shoparticle.shoparticle_show.filter_true',NULL,'true',NULL,'2015-09-30 10:03:01',NULL,'0000-00-00 00:00:00'),('shop.shoparticle.shoparticle_show.nocategory',NULL,'true',NULL,'2015-09-30 10:03:01',NULL,'0000-00-00 00:00:00'),('shop.shoparticle.shoparticle_show.nopicture',NULL,'true',NULL,'2015-09-30 10:03:01',NULL,'0000-00-00 00:00:00'),('shop.shoparticle.shoparticle_show.notext',NULL,'true',NULL,'2015-09-30 10:03:01',NULL,'0000-00-00 00:00:00'),('shop.shoparticle.shoparticle_variant_overview.title',NULL,'true',NULL,'2015-09-30 10:03:01',NULL,'0000-00-00 00:00:00'),('shop.shoparticle.shoparticle__overviewinattributelist.deleteconfirmation',NULL,'true',NULL,'2015-09-30 10:03:01',NULL,'0000-00-00 00:00:00'),('shop.shoparticle.shopdiscountlist_id',NULL,'true',NULL,'2015-09-30 10:03:01',NULL,'0000-00-00 00:00:00'),('shop.shoparticle.shopvariant_name',NULL,'true',NULL,'2015-09-30 10:03:01',NULL,'0000-00-00 00:00:00'),('shop.shoparticle.shopwawisupplier_id',NULL,'true',NULL,'2015-09-30 10:03:01',NULL,'0000-00-00 00:00:00'),('shop.shoparticle.textvariants.button.add',NULL,'true',NULL,'2015-09-30 10:03:01',NULL,'0000-00-00 00:00:00'),('shop.shoparticle.textvariants.edit.info',NULL,'true',NULL,'2015-09-30 10:03:01',NULL,'0000-00-00 00:00:00'),('shop.shoparticle.textvariants.edit.title',NULL,'true',NULL,'2015-09-30 10:03:01',NULL,'0000-00-00 00:00:00'),('shop.shoparticle.textvariants.overview.title',NULL,'true',NULL,'2015-09-30 10:03:01',NULL,'0000-00-00 00:00:00'),('shop.shoparticle.textvariants.shops',NULL,'true',NULL,'2015-09-30 10:03:01',NULL,'0000-00-00 00:00:00'),('shop.shoparticle.title.prices',NULL,'true',NULL,'2015-09-30 10:03:01',NULL,'0000-00-00 00:00:00'),('shop.shoparticleappendtocategory.shoparticle_appendtocategory.field.shoparticle_move.radio.false',NULL,'true',NULL,'2015-09-30 10:03:01',NULL,'0000-00-00 00:00:00'),('shop.shoparticleappendtocategory.shoparticle_appendtocategory.field.shoparticle_move.radio.true',NULL,'true',NULL,'2015-09-30 10:03:01',NULL,'0000-00-00 00:00:00'),('shop.shoparticleappendtocategory.shoparticle_appendtocategory.field.shoparticle_move.title',NULL,'true',NULL,'2015-09-30 10:03:01',NULL,'0000-00-00 00:00:00'),('shop.shoparticleappendtocategory.shoparticle_appendtocategorybulk.field.shoparticle_move.radio.false',NULL,'true',NULL,'2015-09-30 10:03:01',NULL,'0000-00-00 00:00:00'),('shop.shoparticleappendtocategory.shoparticle_appendtocategorybulk.field.shoparticle_move.radio.true',NULL,'true',NULL,'2015-09-30 10:03:01',NULL,'0000-00-00 00:00:00'),('shop.shoparticleappendtocategory.shoparticle_appendtocategorybulk.field.shoparticle_move.title',NULL,'true',NULL,'2015-09-30 10:03:01',NULL,'0000-00-00 00:00:00'),('shop.shoparticleattribute.edit.info',NULL,'true',NULL,'2015-09-30 10:03:01',NULL,'0000-00-00 00:00:00'),('shop.shoparticleattribute.edit.title',NULL,'true',NULL,'2015-09-30 10:03:01',NULL,'0000-00-00 00:00:00'),('shop.shoparticleattribute.overview.button.add',NULL,'true',NULL,'2015-09-30 10:03:01',NULL,'0000-00-00 00:00:00'),('shop.shoparticleattribute.overview.title',NULL,'true',NULL,'2015-09-30 10:03:01',NULL,'0000-00-00 00:00:00'),('shop.shoparticleattribute.shoparticleattributetype_name',NULL,'true',NULL,'2015-09-30 10:03:01',NULL,'0000-00-00 00:00:00'),('shop.shoparticleattribute.shoparticleattribute_value',NULL,'true',NULL,'2015-09-30 10:03:01',NULL,'0000-00-00 00:00:00'),('shop.shoparticleattributeitem.actionremoveshoparticles.message',NULL,'true',NULL,'2015-09-30 10:03:01',NULL,'0000-00-00 00:00:00'),('shop.shoparticleattributeitem.add.info',NULL,'true',NULL,'2015-09-30 10:03:01',NULL,'0000-00-00 00:00:00'),('shop.shoparticleattributeitem.add.title',NULL,'true',NULL,'2015-09-30 10:03:01',NULL,'0000-00-00 00:00:00'),('shop.shoparticleattributeitem.articleentry_additional',NULL,'true',NULL,'2015-09-30 10:03:01',NULL,'0000-00-00 00:00:00'),('shop.shoparticleattributeitem.articleentry_keyword',NULL,'true',NULL,'2015-09-30 10:03:01',NULL,'0000-00-00 00:00:00'),('shop.shoparticleattributeitem.articleentry_Menu',NULL,'true',NULL,'2015-09-30 10:03:01',NULL,'0000-00-00 00:00:00'),('shop.shoparticleattributeitem.articleentry_show',NULL,'true',NULL,'2015-09-30 10:03:01',NULL,'0000-00-00 00:00:00'),('shop.shoparticleattributeitem.articleentry_sitedescription',NULL,'true',NULL,'2015-09-30 10:03:01',NULL,'0000-00-00 00:00:00'),('shop.shoparticleattributeitem.articleentry_sitetitle',NULL,'true',NULL,'2015-09-30 10:03:01',NULL,'0000-00-00 00:00:00'),('shop.shoparticleattributeitem.articleentry_text',NULL,'true',NULL,'2015-09-30 10:03:01',NULL,'0000-00-00 00:00:00'),('shop.shoparticleattributeitem.articleentry_textcode',NULL,'true',NULL,'2015-09-30 10:03:01',NULL,'0000-00-00 00:00:00'),('shop.shoparticleattributeitem.delete.error',NULL,'true',NULL,'2015-09-30 10:03:01',NULL,'0000-00-00 00:00:00'),('shop.shoparticleattributeitem.detail.info',NULL,'true',NULL,'2015-09-30 10:03:01',NULL,'0000-00-00 00:00:00'),('shop.shoparticleattributeitem.detail.title',NULL,'true',NULL,'2015-09-30 10:03:01',NULL,'0000-00-00 00:00:00'),('shop.shoparticleattributeitem.edit.info',NULL,'true',NULL,'2015-09-30 10:03:01',NULL,'0000-00-00 00:00:00'),('shop.shoparticleattributeitem.edit.title',NULL,'true',NULL,'2015-09-30 10:03:01',NULL,'0000-00-00 00:00:00'),('shop.shoparticleattributeitem.merge.field.shoparticleattributeitem_id_default.info',NULL,'true',NULL,'2015-09-30 10:03:01',NULL,'0000-00-00 00:00:00'),('shop.shoparticleattributeitem.merge.field.shoparticleattributeitem_id_default.title',NULL,'true',NULL,'2015-09-30 10:03:01',NULL,'0000-00-00 00:00:00'),('shop.shoparticleattributeitem.merge.info',NULL,'true',NULL,'2015-09-30 10:03:01',NULL,'0000-00-00 00:00:00'),('shop.shoparticleattributeitem.merge.message.error',NULL,'true',NULL,'2015-09-30 10:03:01',NULL,'0000-00-00 00:00:00'),('shop.shoparticleattributeitem.merge.message.success',NULL,'true',NULL,'2015-09-30 10:03:01',NULL,'0000-00-00 00:00:00'),('shop.shoparticleattributeitem.merge.title',NULL,'true',NULL,'2015-09-30 10:03:01',NULL,'0000-00-00 00:00:00'),('shop.shoparticleattributeitem.overview.action.merge.title',NULL,'true',NULL,'2015-09-30 10:03:01',NULL,'0000-00-00 00:00:00'),('shop.shoparticleattributeitem.overview.button.add',NULL,'true',NULL,'2015-09-30 10:03:01',NULL,'0000-00-00 00:00:00'),('shop.shoparticleattributeitem.overview.button.edit',NULL,'true',NULL,'2015-09-30 10:03:01',NULL,'0000-00-00 00:00:00'),('shop.shoparticleattributeitem.overview.deleteconfirmation',NULL,'true',NULL,'2015-09-30 10:03:01',NULL,'0000-00-00 00:00:00'),