
--
-- Table structure for table `ShopAccountJournalState`
--

CREATE TABLE `ShopAccountJournalState` (
  `ShopAccountJournalState_Code` varchar(40) NOT NULL,
  `ShopAccountJournalState_Name` varchar(255) DEFAULT NULL,
  `ShopAccountJournalState_Active` enum('true','false') NOT NULL DEFAULT 'false',
  `ShopAccountJournalState_Order` int(11) DEFAULT NULL,
  `Person_ID_Edit` int(10) unsigned DEFAULT NULL,
  `Table_Edit` timestamp NOT NULL DEFAULT CURRENT_TIMESTAMP ON UPDATE CURRENT_TIMESTAMP,
  `Person_ID_Create` int(10) unsigned DEFAULT NULL,
  `Table_Create` timestamp NOT NULL DEFAULT '0000-00-00 00:00:00',
  PRIMARY KEY (`ShopAccountJournalState_Code`),
  KEY `IDX_ShopAccountJournalState_Order` (`ShopAccountJournalState_Order`),
  KEY `IDX_Person_Person_ID_Edit` (`Person_ID_Edit`),
  KEY `IDX_Person_Person_ID_Create` (`Person_ID_Create`),
  CONSTRAINT `ShopAccountJournalState_ibfk_1` FOREIGN KEY (`Person_ID_Edit`) REFERENCES `Person` (`Person_ID`) ON DELETE NO ACTION ON UPDATE NO ACTION,
  CONSTRAINT `ShopAccountJournalState_ibfk_2` FOREIGN KEY (`Person_ID_Create`) REFERENCES `Person` (`Person_ID`) ON DELETE NO ACTION ON UPDATE NO ACTION
) ENGINE=InnoDB DEFAULT CHARSET=utf8;

--
-- Dumping data for table `ShopAccountJournalState`
--

INSERT INTO `ShopAccountJournalState` VALUES ('print','Drucken','true',1,NULL,'2010-04-21 11:30:04',NULL,'0000-00-00 00:00:00'),('print_parent','Drucken des Haupteintrages','true',2,NULL,'2010-04-21 11:30:04',NULL,'0000-00-00 00:00:00'),('storno_without_stockchanges','Lieferung wurde storniert, ohne Lageränderungen','true',3,NULL,'2010-04-21 11:30:04',NULL,'0000-00-00 00:00:00');

--
-- Table structure for table `ShopAccountJournalType`
--

CREATE TABLE `ShopAccountJournalType` (
  `ShopAccountJournalType_Code` varchar(40) NOT NULL,
  `ShopAccountJournalType_Name` varchar(255) NOT NULL,
  `ShopAccountJournalType_BookingCode` varchar(255) DEFAULT NULL,
  `ShopAccountJournalType_NumberPrefix` varchar(255) DEFAULT NULL,
  `Person_ID_Edit` int(10) unsigned DEFAULT NULL,
  `Table_Edit` timestamp NOT NULL DEFAULT CURRENT_TIMESTAMP ON UPDATE CURRENT_TIMESTAMP,
  `Person_ID_Create` int(10) unsigned DEFAULT NULL,
  `Table_Create` timestamp NOT NULL DEFAULT '0000-00-00 00:00:00',
  PRIMARY KEY (`ShopAccountJournalType_Code`),
  KEY `IDX_Person_Person_ID_Edit` (`Person_ID_Edit`),
  KEY `IDX_Person_Person_ID_Create` (`Person_ID_Create`),
  CONSTRAINT `ShopAccountJournalType_ibfk_1` FOREIGN KEY (`Person_ID_Edit`) REFERENCES `Person` (`Person_ID`) ON DELETE NO ACTION ON UPDATE NO ACTION,
  CONSTRAINT `ShopAccountJournalType_ibfk_2` FOREIGN KEY (`Person_ID_Create`) REFERENCES `Person` (`Person_ID`) ON DELETE NO ACTION ON UPDATE NO ACTION
) ENGINE=InnoDB DEFAULT CHARSET=utf8;

--
-- Dumping data for table `ShopAccountJournalType`
--

INSERT INTO `ShopAccountJournalType` VALUES ('brokerage','ProvGU',NULL,NULL,1,'2010-04-21 11:31:13',1,'0000-00-00 00:00:00'),('complete','Rechnung','AR','SH',1,'2015-09-07 14:57:06',1,'0000-00-00 00:00:00'),('complete_cashdesk','Rechnung','KR','K',1,'2010-04-21 11:31:13',1,'0000-00-00 00:00:00'),('delivery','Lieferschein','LS','L',1,'2010-04-21 11:31:13',1,'0000-00-00 00:00:00'),('paymentreminder','Mahnung',NULL,'M',NULL,'2010-04-21 11:30:04',NULL,'0000-00-00 00:00:00'),('storno','Gutschrift','GS','G',1,'2010-04-21 11:31:13',1,'0000-00-00 00:00:00'),('storno_cashdesk','Gutschrift','KG','KG',1,'2010-04-21 11:31:13',1,'0000-00-00 00:00:00');

--
-- Table structure for table `ShopAccountJournal_ShopDeliveryServiceOption`
--

CREATE TABLE `ShopAccountJournal_ShopDeliveryServiceOption` (
  `ShopAccountJournal_ID` int(11) NOT NULL,
  `ShopDeliveryServiceOption_Code` varchar(40) NOT NULL,
  `Person_ID_Edit` int(10) unsigned DEFAULT NULL,
  `Table_Edit` timestamp NOT NULL DEFAULT CURRENT_TIMESTAMP ON UPDATE CURRENT_TIMESTAMP,
  `Person_ID_Create` int(10) unsigned DEFAULT NULL,
  `Table_Create` timestamp NOT NULL DEFAULT '0000-00-00 00:00:00',
  PRIMARY KEY (`ShopAccountJournal_ID`,`ShopDeliveryServiceOption_Code`),
  KEY `IDX_ShopAccountJournal_ShopDeliveryServiceOption_1` (`ShopAccountJournal_ID`),
  KEY `IDX_ShopAccountJournal_ShopDeliveryServiceOption_2` (`ShopDeliveryServiceOption_Code`),
  KEY `IDX_Person_Person_ID_Edit` (`Person_ID_Edit`),
  KEY `IDX_Person_Person_ID_Create` (`Person_ID_Create`),
  CONSTRAINT `SAJ_SAJ_SDS_1` FOREIGN KEY (`ShopAccountJournal_ID`) REFERENCES `ShopAccountJournal` (`ShopAccountJournal_ID`) ON DELETE CASCADE,
  CONSTRAINT `SDSO_SAJ_SDS_2` FOREIGN KEY (`ShopDeliveryServiceOption_Code`) REFERENCES `ShopDeliveryServiceOption` (`ShopDeliveryServiceOption_Code`) ON DELETE CASCADE,
  CONSTRAINT `ShopAccountJournal_ShopDeliveryServiceOption_ibfk_1` FOREIGN KEY (`Person_ID_Edit`) REFERENCES `Person` (`Person_ID`) ON DELETE NO ACTION ON UPDATE NO ACTION,
  CONSTRAINT `ShopAccountJournal_ShopDeliveryServiceOption_ibfk_2` FOREIGN KEY (`Person_ID_Create`) REFERENCES `Person` (`Person_ID`) ON DELETE NO ACTION ON UPDATE NO ACTION
) ENGINE=InnoDB DEFAULT CHARSET=utf8;

--
-- Dumping data for table `ShopAccountJournal_ShopDeliveryServiceOption`
--


--
-- Table structure for table `ShopArticle`
--

CREATE TABLE `ShopArticle` (
  `ShopArticle_ID` int(10) unsigned NOT NULL AUTO_INCREMENT,
  `ArticleEntry_ID` int(10) unsigned NOT NULL,
  `ShopArticleType_ID` int(10) unsigned NOT NULL,
  `ShopVariant_Code` varchar(40) NOT NULL,
  `ShopDiscountList_ID` int(10) unsigned DEFAULT NULL,
  `ShopArticleDelivery_Code` varchar(40) DEFAULT NULL,
  `ShopWAWIProductUnit_Code` varchar(40) DEFAULT NULL,
  `ShopWAWISupplier_ID` int(11) DEFAULT NULL,
  `ShopArticle_Articlenumber` varchar(50) DEFAULT NULL,
  `ShopArticle_Name_Internal` varchar(255) DEFAULT NULL,
  `ShopArticle_Show` enum('true','false') NOT NULL DEFAULT 'true',
  `ShopArticle_PackingUnit` int(10) unsigned DEFAULT '1',
  `ShopArticle_CssClass` varchar(40) DEFAULT NULL,
  `ShopArticle_Buyable` enum('true','false') NOT NULL DEFAULT 'true',
  `ShopArticle_OrderWeight` int(10) unsigned NOT NULL DEFAULT '0',
  `Person_ID_Edit` int(10) unsigned DEFAULT NULL,
  `Table_Edit` timestamp NOT NULL DEFAULT CURRENT_TIMESTAMP ON UPDATE CURRENT_TIMESTAMP,
  `Person_ID_Create` int(10) unsigned DEFAULT NULL,
  `Table_Create` timestamp NOT NULL DEFAULT '0000-00-00 00:00:00',
  PRIMARY KEY (`ShopArticle_ID`),
  KEY `IDX_ShopArticle_1` (`ShopArticleType_ID`),
  KEY `IDX_ShopArticle_2` (`ArticleEntry_ID`),
  KEY `IDX_ShopArticle_3` (`ShopDiscountList_ID`),
  KEY `IDX_ShopArticle_4` (`ShopVariant_Code`),
  KEY `IDX_ShopArticle_5` (`ShopArticleDelivery_Code`),
  KEY `IDX_ShopArticle_6` (`ShopWAWIProductUnit_Code`),
  KEY `IDX_ShopArticle_7` (`ShopWAWISupplier_ID`),
  KEY `IDX_ShopArticle_8` (`ShopArticle_OrderWeight`),
  KEY `IDX_Person_Person_ID_Edit` (`Person_ID_Edit`),
  KEY `IDX_Person_Person_ID_Create` (`Person_ID_Create`),
  CONSTRAINT `ArticleEntry_ShopArticle_2` FOREIGN KEY (`ArticleEntry_ID`) REFERENCES `ArticleEntry` (`ArticleEntry_ID`) ON DELETE CASCADE,
  CONSTRAINT `ShopArticleDelivery_ShopArticle_5` FOREIGN KEY (`ShopArticleDelivery_Code`) REFERENCES `ShopArticleDelivery` (`ShopArticleDelivery_Code`),
  CONSTRAINT `ShopArticleType_ShopArticle_1` FOREIGN KEY (`ShopArticleType_ID`) REFERENCES `ShopArticleType` (`ShopArticleType_ID`),
  CONSTRAINT `ShopArticle_ibfk_1` FOREIGN KEY (`Person_ID_Edit`) REFERENCES `Person` (`Person_ID`) ON DELETE NO ACTION ON UPDATE NO ACTION,
  CONSTRAINT `ShopArticle_ibfk_2` FOREIGN KEY (`Person_ID_Create`) REFERENCES `Person` (`Person_ID`) ON DELETE NO ACTION ON UPDATE NO ACTION,
  CONSTRAINT `ShopDiscountList_ShopArticle_3` FOREIGN KEY (`ShopDiscountList_ID`) REFERENCES `ShopDiscountList` (`ShopDiscountList_ID`) ON DELETE SET NULL,
  CONSTRAINT `ShopVariant_ShopArticle_4` FOREIGN KEY (`ShopVariant_Code`) REFERENCES `ShopVariant` (`ShopVariant_Code`) ON UPDATE CASCADE,
  CONSTRAINT `ShopWAWIProductUnit_ShopArticle_6` FOREIGN KEY (`ShopWAWIProductUnit_Code`) REFERENCES `ShopWAWIProductUnit` (`ShopWAWIProductUnit_Code`),
  CONSTRAINT `ShopWAWISupplier_ShopArticle_7` FOREIGN KEY (`ShopWAWISupplier_ID`) REFERENCES `ShopWAWISupplier` (`ShopWAWISupplier_ID`)
) ENGINE=InnoDB AUTO_INCREMENT=84 DEFAULT CHARSET=utf8;

--
-- Dumping data for table `ShopArticle`
--

INSERT INTO `ShopArticle` VALUES (48,94,1,'format',1,NULL,'Stk',NULL,'glassdoor',NULL,'true',1,NULL,'true',0,2,'2015-10-12 10:44:09',2,'2015-10-12 10:05:04'),(54,101,1,'einzelvariante',1,NULL,'Stk',NULL,'01013',NULL,'true',1,NULL,'true',0,9,'2016-03-24 14:10:59',2,'2016-02-10 15:02:47'),(55,102,1,'format',1,NULL,'Stk',NULL,'kitchenbackplane',NULL,'true',9999999,NULL,'true',0,2,'2016-02-17 14:48:48',2,'2016-02-17 14:21:05'),(61,108,1,'format',1,NULL,'Stk',NULL,'wallcover',NULL,'true',9999999,NULL,'true',0,2,'2016-02-25 15:34:37',2,'2016-02-25 15:25:05'),(62,109,1,'einzelvariante',1,NULL,'Stk',NULL,'01000',NULL,'true',1,NULL,'true',0,9,'2016-03-25 10:43:54',9,'2016-03-25 10:41:09'),(63,110,1,'einzelvariante',1,NULL,'Stk',NULL,'01001',NULL,'true',1,NULL,'true',0,9,'2016-03-25 10:54:31',9,'2016-03-25 10:54:31'),(64,111,1,'einzelvariante',1,NULL,'Stk',NULL,'01002',NULL,'true',1,NULL,'true',0,9,'2016-03-25 13:02:21',9,'2016-03-25 10:56:08'),(65,112,1,'einzelvariante',1,NULL,'Stk',NULL,'01003',NULL,'true',1,NULL,'true',0,9,'2016-03-25 12:16:56',9,'2016-03-25 12:14:16'),(66,113,1,'einzelvariante',1,NULL,'Stk',NULL,'01004',NULL,'true',1,NULL,'true',0,9,'2016-03-25 12:20:05',9,'2016-03-25 12:19:04'),(67,114,1,'einzelvariante',1,NULL,'Stk',NULL,'01005',NULL,'true',1,NULL,'true',0,9,'2016-03-25 12:27:28',9,'2016-03-25 12:27:28'),(68,115,1,'einzelvariante',1,NULL,'Stk',NULL,'01006',NULL,'true',1,NULL,'true',0,9,'2016-03-25 12:32:23',9,'2016-03-25 12:32:23'),(69,116,1,'einzelvariante',1,NULL,'Stk',NULL,'01007',NULL,'true',1,NULL,'true',0,9,'2016-03-25 12:49:49',9,'2016-03-25 12:49:49'),(70,117,1,'einzelvariante',1,NULL,'Stk',NULL,'01008',NULL,'true',1,NULL,'true',0,9,'2016-03-25 12:52:43',9,'2016-03-25 12:52:43'),(71,118,1,'einzelvariante',1,NULL,'Stk',NULL,'01009',NULL,'true',1,NULL,'true',0,9,'2016-03-25 12:55:12',9,'2016-03-25 12:55:12'),(72,119,1,'einzelvariante',1,NULL,'Stk',NULL,'01010',NULL,'true',1,NULL,'true',0,9,'2016-03-25 12:58:36',9,'2016-03-25 12:58:36'),(73,120,1,'einzelvariante',1,NULL,'Stk',NULL,'01011',NULL,'true',1,NULL,'true',0,9,'2016-03-25 13:11:06',9,'2016-03-25 13:11:06'),(74,121,1,'format',1,NULL,'Stk',NULL,'aludibond',NULL,'true',1,NULL,'true',0,2,'2016-09-02 17:34:59',2,'2016-09-02 17:19:37'),(75,122,1,'einzelvariante',1,NULL,'Stk',NULL,'01014',NULL,'true',1,NULL,'true',0,2,'2016-09-20 13:07:14',2,'2016-09-20 13:07:14'),(76,123,1,'format',1,NULL,'Stk',NULL,'aludibondjaf',NULL,'true',1,NULL,'true',0,2,'2016-10-17 12:14:02',2,'2016-10-17 12:14:02'),(77,124,1,'einzelvariante',1,NULL,'Stk',NULL,'Expresslieferung',NULL,'true',1,NULL,'true',0,2,'2017-05-18 05:57:58',2,'2017-05-18 05:12:24'),(79,126,1,'einzelvariante',1,NULL,'Stk',NULL,'mustertafel_kuechenrueckwand',NULL,'true',1,NULL,'true',0,2,'2017-05-18 06:00:21',2,'2017-05-18 06:00:21'),(80,127,1,'einzelvariante',1,NULL,'Stk',NULL,'mustertafel_wandverkleidung',NULL,'true',1,NULL,'true',0,2,'2017-05-18 06:00:57',2,'2017-05-18 06:00:57'),(81,128,1,'einzelvariante',1,NULL,'Stk',NULL,'mustertafel_glastueren',NULL,'true',1,NULL,'true',0,2,'2017-05-18 06:01:47',2,'2017-05-18 06:01:47'),(82,129,1,'einzelvariante',1,NULL,'Stk',NULL,'a4_musterkoffer_austria_glas',NULL,'true',1,NULL,'true',0,2,'2017-05-18 06:02:15',2,'2017-05-18 06:02:15'),(83,130,1,'einzelvariante',1,NULL,'Stk',NULL,'a4_muster_inkl_wunschmotiv',NULL,'true',1,NULL,'true',0,2,'2017-05-18 06:02:42',2,'2017-05-18 06:02:42');

--
-- Table structure for table `ShopArticleAttribute`
--

CREATE TABLE `ShopArticleAttribute` (
  `ShopArticleAttribute_ID` int(10) unsigned NOT NULL AUTO_INCREMENT,
  `ShopArticle_ID` int(10) unsigned NOT NULL,
  `ShopArticleAttributeType_ID` int(10) unsigned NOT NULL,
  `ShopArticleAttributeItem_ID` int(11) DEFAULT NULL,
  `ShopArticleAttribute_Value` text,
  `Person_ID_Edit` int(10) unsigned DEFAULT NULL,
  `Table_Edit` timestamp NOT NULL DEFAULT CURRENT_TIMESTAMP ON UPDATE CURRENT_TIMESTAMP,
  `Person_ID_Create` int(10) unsigned DEFAULT NULL,
  `Table_Create` timestamp NOT NULL DEFAULT '0000-00-00 00:00:00',
  PRIMARY KEY (`ShopArticleAttribute_ID`),
  KEY `IDX_ShopArticleAttribute_1` (`ShopArticle_ID`),
  KEY `IDX_ShopArticleAttribute_2` (`ShopArticleAttributeType_ID`),
  KEY `IDX_ShopArticleAttribute_3` (`ShopArticleAttributeItem_ID`),
  KEY `IDX_Person_Person_ID_Edit` (`Person_ID_Edit`),
  KEY `IDX_Person_Person_ID_Create` (`Person_ID_Create`),
  CONSTRAINT `ShopArticleAttributeItem_ShopArticleAttribute_3` FOREIGN KEY (`ShopArticleAttributeItem_ID`) REFERENCES `ShopArticleAttributeItem` (`ShopArticleAttributeItem_ID`) ON DELETE CASCADE,
  CONSTRAINT `ShopArticleAttributeType_ShopArticleAttribute_2` FOREIGN KEY (`ShopArticleAttributeType_ID`) REFERENCES `ShopArticleAttributeType` (`ShopArticleAttributeType_ID`) ON DELETE CASCADE,
  CONSTRAINT `ShopArticleAttribute_ibfk_1` FOREIGN KEY (`Person_ID_Edit`) REFERENCES `Person` (`Person_ID`) ON DELETE NO ACTION ON UPDATE NO ACTION,
  CONSTRAINT `ShopArticleAttribute_ibfk_2` FOREIGN KEY (`Person_ID_Create`) REFERENCES `Person` (`Person_ID`) ON DELETE NO ACTION ON UPDATE NO ACTION,
  CONSTRAINT `ShopArticle_ShopArticleAttribute_1` FOREIGN KEY (`ShopArticle_ID`) REFERENCES `ShopArticle` (`ShopArticle_ID`) ON DELETE CASCADE
) ENGINE=InnoDB DEFAULT CHARSET=utf8;

--
-- Dumping data for table `ShopArticleAttribute`
--


--
-- Table structure for table `ShopArticleAttributeItem`
--

CREATE TABLE `ShopArticleAttributeItem` (
  `ShopArticleAttributeItem_ID` int(11) NOT NULL AUTO_INCREMENT,
  `ShopArticleAttributeType_ID` int(10) unsigned NOT NULL,
  `ArticleEntry_ID` int(10) unsigned DEFAULT NULL,
  `ShopTrackingCode_ID` int(10) unsigned DEFAULT NULL,
  `ShopArticleAttributeItem_Name` varchar(255) NOT NULL,
  `ShopArticleAttributeItem_CssClass` varchar(40) DEFAULT NULL,
  `ShopArticleAttributeItem_Order` int(11) NOT NULL,
  `ShopArticleAttributeItem_Show` enum('true','false') NOT NULL DEFAULT 'true',
  `Person_ID_Edit` int(10) unsigned DEFAULT NULL,
  `Table_Edit` timestamp NOT NULL DEFAULT CURRENT_TIMESTAMP ON UPDATE CURRENT_TIMESTAMP,
  `Person_ID_Create` int(10) unsigned DEFAULT NULL,
  `Table_Create` timestamp NOT NULL DEFAULT '0000-00-00 00:00:00',
  PRIMARY KEY (`ShopArticleAttributeItem_ID`),
  KEY `IDX_ShopArticleAttributeItem_1` (`ShopArticleAttributeType_ID`),
  KEY `IDX_ShopArticleAttributeItem_2` (`ArticleEntry_ID`),
  KEY `IDX_ShopArticleAttributeItem_3` (`ShopArticleAttributeType_ID`,`ShopArticleAttributeItem_Order`),
  KEY `IDX_ShopArticleAttributeItem_4` (`ShopArticleAttributeItem_Order`),
  KEY `IDX_ShopArticleAttributeItem_5` (`ShopTrackingCode_ID`),
  KEY `IDX_Person_Person_ID_Edit` (`Person_ID_Edit`),
  KEY `IDX_Person_Person_ID_Create` (`Person_ID_Create`),
  CONSTRAINT `ArticleEntry_ShopArticleAttributeItem_2` FOREIGN KEY (`ArticleEntry_ID`) REFERENCES `ArticleEntry` (`ArticleEntry_ID`) ON DELETE CASCADE,
  CONSTRAINT `ShopArticleAttributeItem_ibfk_1` FOREIGN KEY (`Person_ID_Edit`) REFERENCES `Person` (`Person_ID`) ON DELETE NO ACTION ON UPDATE NO ACTION,
  CONSTRAINT `ShopArticleAttributeItem_ibfk_2` FOREIGN KEY (`Person_ID_Create`) REFERENCES `Person` (`Person_ID`) ON DELETE NO ACTION ON UPDATE NO ACTION,
  CONSTRAINT `ShopArticleAttributeType_ShopArticleAttributeItem_1` FOREIGN KEY (`ShopArticleAttributeType_ID`) REFERENCES `ShopArticleAttributeType` (`ShopArticleAttributeType_ID`) ON DELETE CASCADE,
  CONSTRAINT `ShopTrackingCode_ShopArticleAttributeItem_3` FOREIGN KEY (`ShopTrackingCode_ID`) REFERENCES `ShopTrackingCode` (`ShopTrackingCode_ID`) ON DELETE SET NULL
) ENGINE=InnoDB DEFAULT CHARSET=utf8;

--
-- Dumping data for table `ShopArticleAttributeItem`
--


--
-- Table structure for table `ShopArticleAttributeType`
--

CREATE TABLE `ShopArticleAttributeType` (
  `ShopArticleAttributeType_ID` int(10) unsigned NOT NULL AUTO_INCREMENT,
  `ShopArticleAttributeType_Name` varchar(255) NOT NULL,
  `ShopArticleAttributeType_Order` int(11) NOT NULL,
  `ShopArticleAttributeType_Filter` enum('true','false') NOT NULL DEFAULT 'false',
  `ShopArticleAttributeType_FilterMultipleChoice` enum('true','false') NOT NULL DEFAULT 'false',
  `ShopArticleAttributeType_Show` enum('true','false') NOT NULL DEFAULT 'true',
  `ShopArticleAttributeType_ShowOnDetailPage` enum('true','false') NOT NULL DEFAULT 'true',
  `ShopArticleAttributeType_ShowOnCategoryPage` enum('true','false') NOT NULL DEFAULT 'true',
  `ShopArticleAttributeType_Compare` enum('true','false') NOT NULL DEFAULT 'false',
  `ShopArticleAttributeType_Tracking` enum('true','false') NOT NULL DEFAULT 'false',
  `ShopArticleAttributeType_HasCategoryPages` enum('true','false') NOT NULL DEFAULT 'false',
  `Person_ID_Edit` int(10) unsigned DEFAULT NULL,
  `Table_Edit` timestamp NOT NULL DEFAULT CURRENT_TIMESTAMP ON UPDATE CURRENT_TIMESTAMP,
  `Person_ID_Create` int(10) unsigned DEFAULT NULL,
  `Table_Create` timestamp NOT NULL DEFAULT '0000-00-00 00:00:00',
  PRIMARY KEY (`ShopArticleAttributeType_ID`),
  KEY `IDX_ShopArticleAttributeType_1` (`ShopArticleAttributeType_Order`),
  KEY `IDX_Person_Person_ID_Edit` (`Person_ID_Edit`),
  KEY `IDX_Person_Person_ID_Create` (`Person_ID_Create`),
  CONSTRAINT `ShopArticleAttributeType_ibfk_1` FOREIGN KEY (`Person_ID_Edit`) REFERENCES `Person` (`Person_ID`) ON DELETE NO ACTION ON UPDATE NO ACTION,
  CONSTRAINT `ShopArticleAttributeType_ibfk_2` FOREIGN KEY (`Person_ID_Create`) REFERENCES `Person` (`Person_ID`) ON DELETE NO ACTION ON UPDATE NO ACTION
) ENGINE=InnoDB AUTO_INCREMENT=2 DEFAULT CHARSET=utf8;

--
-- Dumping data for table `ShopArticleAttributeType`
--

INSERT INTO `ShopArticleAttributeType` VALUES (1,'Marke',1,'false','false','false','false','false','false','false','false',2,'2015-06-10 14:53:17',1,'2011-11-15 16:17:54');

--
-- Table structure for table `ShopArticleAttributeType_Language`
--

CREATE TABLE `ShopArticleAttributeType_Language` (
  `ShopArticleAttributeType_ID` int(10) unsigned NOT NULL,
  `Language_Code` varchar(3) NOT NULL,
  `ShopArticleAttributeType_Language_Title` varchar(255) NOT NULL,
  `ShopArticleAttributeType_Language_FilterTitle` varchar(255) DEFAULT NULL,
  `ShopArticleAttributeType_Language_OverviewTitle` varchar(255) DEFAULT NULL,
  `ShopArticleAttributeType_Language_OverviewText` text,
  `Person_ID_Edit` int(10) unsigned DEFAULT NULL,
  `Table_Edit` timestamp NOT NULL DEFAULT CURRENT_TIMESTAMP ON UPDATE CURRENT_TIMESTAMP,
  `Person_ID_Create` int(10) unsigned DEFAULT NULL,
  `Table_Create` timestamp NOT NULL DEFAULT '0000-00-00 00:00:00',
  PRIMARY KEY (`ShopArticleAttributeType_ID`,`Language_Code`),
  KEY `ShopArticleAttributeType_Language_Language_Code` (`Language_Code`),
  KEY `IDX_ShopArticleAttributeType_Language2` (`ShopArticleAttributeType_ID`),
  KEY `IDX_Person_Person_ID_Edit` (`Person_ID_Edit`),
  KEY `IDX_Person_Person_ID_Create` (`Person_ID_Create`),
  CONSTRAINT `ShopArticleAttributeType_Language_ibfk_1` FOREIGN KEY (`Language_Code`) REFERENCES `Language` (`Language_Code`),
  CONSTRAINT `ShopArticleAttributeType_Language_ibfk_2` FOREIGN KEY (`ShopArticleAttributeType_ID`) REFERENCES `ShopArticleAttributeType` (`ShopArticleAttributeType_ID`) ON DELETE CASCADE,
  CONSTRAINT `ShopArticleAttributeType_Language_ibfk_3` FOREIGN KEY (`Person_ID_Edit`) REFERENCES `Person` (`Person_ID`) ON DELETE NO ACTION ON UPDATE NO ACTION,
  CONSTRAINT `ShopArticleAttributeType_Language_ibfk_4` FOREIGN KEY (`Person_ID_Create`) REFERENCES `Person` (`Person_ID`) ON DELETE NO ACTION ON UPDATE NO ACTION
) ENGINE=InnoDB DEFAULT CHARSET=utf8;

--
-- Dumping data for table `ShopArticleAttributeType_Language`
--

INSERT INTO `ShopArticleAttributeType_Language` VALUES (1,'de','Marke','','','',2,'2015-06-10 14:53:17',1,'2011-11-15 16:17:54');

--
-- Table structure for table `ShopArticleDelivery`
--

CREATE TABLE `ShopArticleDelivery` (
  `ShopArticleDelivery_Code` varchar(40) NOT NULL,
  `ShopArticleDelivery_Name` varchar(255) NOT NULL,
  `ShopArticleDelivery_Order` int(11) NOT NULL,
  `Person_ID_Edit` int(10) unsigned DEFAULT NULL,
  `Table_Edit` timestamp NOT NULL DEFAULT CURRENT_TIMESTAMP ON UPDATE CURRENT_TIMESTAMP,
  `Person_ID_Create` int(10) unsigned DEFAULT NULL,
  `Table_Create` timestamp NOT NULL DEFAULT '0000-00-00 00:00:00',
  PRIMARY KEY (`ShopArticleDelivery_Code`),
  KEY `IDX_ShopArticleDelivery_Order` (`ShopArticleDelivery_Order`),
  KEY `IDX_Person_Person_ID_Edit` (`Person_ID_Edit`),
  KEY `IDX_Person_Person_ID_Create` (`Person_ID_Create`),
  CONSTRAINT `ShopArticleDelivery_ibfk_1` FOREIGN KEY (`Person_ID_Edit`) REFERENCES `Person` (`Person_ID`) ON DELETE NO ACTION ON UPDATE NO ACTION,
  CONSTRAINT `ShopArticleDelivery_ibfk_2` FOREIGN KEY (`Person_ID_Create`) REFERENCES `Person` (`Person_ID`) ON DELETE NO ACTION ON UPDATE NO ACTION
) ENGINE=InnoDB DEFAULT CHARSET=utf8;

--
-- Dumping data for table `ShopArticleDelivery`
--

INSERT INTO `ShopArticleDelivery` VALUES ('green','Sofort lieferbar',1,NULL,'2008-07-16 08:21:31',NULL,'0000-00-00 00:00:00'),('red','Nicht lieferbar',3,NULL,'2008-07-16 08:21:34',NULL,'0000-00-00 00:00:00'),('yellow','Nicht auf Lager',2,NULL,'2008-07-16 08:21:38',NULL,'0000-00-00 00:00:00');

--
-- Table structure for table `ShopArticleGroup`
--

CREATE TABLE `ShopArticleGroup` (
  `ShopArticleGroup_ID` int(11) NOT NULL AUTO_INCREMENT,
  `ShopArticleGroupType_Code` varchar(40) DEFAULT NULL,
  `ShopArticleGroup_Code` varchar(40) DEFAULT NULL,
  `ShopArticleGroup_Name` varchar(255) NOT NULL,
  `ShopArticleGroup_Description` text,
  `ShopArticleGroup_Order` int(11) DEFAULT NULL,
  `ShopArticleGroup_Show` enum('true','false') NOT NULL DEFAULT 'true',
  `Person_ID_Edit` int(10) unsigned DEFAULT NULL,
  `Table_Edit` timestamp NOT NULL DEFAULT CURRENT_TIMESTAMP ON UPDATE CURRENT_TIMESTAMP,
  `Person_ID_Create` int(10) unsigned DEFAULT NULL,
  `Table_Create` timestamp NOT NULL DEFAULT '0000-00-00 00:00:00',
  PRIMARY KEY (`ShopArticleGroup_ID`),
  UNIQUE KEY `IDX_ShopArticleGroup_2` (`ShopArticleGroup_Code`),
  KEY `IDX_ShopArticleGroup_1` (`ShopArticleGroupType_Code`),
  KEY `IDX_ShopArticleGroup_Order` (`ShopArticleGroup_Order`),
  KEY `IDX_Person_Person_ID_Edit` (`Person_ID_Edit`),
  KEY `IDX_Person_Person_ID_Create` (`Person_ID_Create`),
  CONSTRAINT `ShopArticleGroupType_ShopArticleGroup_1` FOREIGN KEY (`ShopArticleGroupType_Code`) REFERENCES `ShopArticleGroupType` (`ShopArticleGroupType_Code`),
  CONSTRAINT `ShopArticleGroup_ibfk_1` FOREIGN KEY (`Person_ID_Edit`) REFERENCES `Person` (`Person_ID`) ON DELETE NO ACTION ON UPDATE NO ACTION,
  CONSTRAINT `ShopArticleGroup_ibfk_2` FOREIGN KEY (`Person_ID_Create`) REFERENCES `Person` (`Person_ID`) ON DELETE NO ACTION ON UPDATE NO ACTION
) ENGINE=InnoDB AUTO_INCREMENT=2 DEFAULT CHARSET=utf8;

--
-- Dumping data for table `ShopArticleGroup`
--

INSERT INTO `ShopArticleGroup` VALUES (1,'system','no_discount','Kein Rabatt','Auf Verkaufsartikel, die dieser Artikelgruppe zugewiesen sind kann kein Rabatt gewährt werden.',1,'true',NULL,'2011-08-30 13:05:40',NULL,'2011-08-30 13:05:40');

--
-- Table structure for table `ShopArticleGroupType`
--

CREATE TABLE `ShopArticleGroupType` (
  `ShopArticleGroupType_Code` varchar(40) NOT NULL,
  `ShopArticleGroupType_Name` varchar(255) NOT NULL,
  `ShopArticleGroupType_Show` enum('true','false') NOT NULL DEFAULT 'true',
  `Person_ID_Edit` int(10) unsigned DEFAULT NULL,
  `Table_Edit` timestamp NOT NULL DEFAULT CURRENT_TIMESTAMP ON UPDATE CURRENT_TIMESTAMP,
  `Person_ID_Create` int(10) unsigned DEFAULT NULL,
  `Table_Create` timestamp NOT NULL DEFAULT '0000-00-00 00:00:00',
  PRIMARY KEY (`ShopArticleGroupType_Code`),
  KEY `IDX_Person_Person_ID_Edit` (`Person_ID_Edit`),
  KEY `IDX_Person_Person_ID_Create` (`Person_ID_Create`),
  CONSTRAINT `ShopArticleGroupType_ibfk_1` FOREIGN KEY (`Person_ID_Edit`) REFERENCES `Person` (`Person_ID`) ON DELETE NO ACTION ON UPDATE NO ACTION,
  CONSTRAINT `ShopArticleGroupType_ibfk_2` FOREIGN KEY (`Person_ID_Create`) REFERENCES `Person` (`Person_ID`) ON DELETE NO ACTION ON UPDATE NO ACTION
) ENGINE=InnoDB DEFAULT CHARSET=utf8;

--
-- Dumping data for table `ShopArticleGroupType`
--

INSERT INTO `ShopArticleGroupType` VALUES ('newsletter','Newsletter','true',NULL,'2011-08-30 11:40:46',NULL,'2011-08-30 11:40:46'),('partnerprovision','Partnerprovisionen','true',NULL,'2011-08-30 11:40:46',NULL,'2011-08-30 11:40:46'),('system','System','true',NULL,'2011-08-30 11:40:46',NULL,'2011-08-30 11:40:46');

--
-- Table structure for table `ShopArticleInterests`
--

CREATE TABLE `ShopArticleInterests` (
  `ShopArticleInterests_ID` int(11) NOT NULL AUTO_INCREMENT,
  `ShopArticleInterestsType_Code` varchar(40) DEFAULT NULL,
  `ShopArticle_ID` int(10) unsigned DEFAULT NULL,
  `ShopArticleItem_ID` int(10) unsigned DEFAULT NULL,
  `Person_ID` int(10) unsigned DEFAULT NULL,
  `Shop_Code` varchar(40) DEFAULT NULL,
  `ShopArticleInterests_Active` enum('true','false') NOT NULL DEFAULT 'true',
  `ShopArticleInterests_Date` date DEFAULT NULL,
  `Person_ID_Edit` int(10) unsigned DEFAULT NULL,
  `Table_Edit` timestamp NOT NULL DEFAULT CURRENT_TIMESTAMP ON UPDATE CURRENT_TIMESTAMP,
  `Person_ID_Create` int(10) unsigned DEFAULT NULL,
  `Table_Create` timestamp NOT NULL DEFAULT '0000-00-00 00:00:00',
  PRIMARY KEY (`ShopArticleInterests_ID`),
  KEY `IDX_ShopArticleInterests_1` (`ShopArticle_ID`),
  KEY `IDX_ShopArticleInterests_2` (`Person_ID`),
  KEY `IDX_ShopArticleInterests_3` (`ShopArticleInterestsType_Code`),
  KEY `IDX_ShopArticleInterests_4` (`ShopArticleItem_ID`),
  KEY `IDX_ShopArticleInterests_5` (`Shop_Code`),
  KEY `IDX_Person_Person_ID_Edit` (`Person_ID_Edit`),
  KEY `IDX_Person_Person_ID_Create` (`Person_ID_Create`),
  CONSTRAINT `Person_ShopArticleInterests_2` FOREIGN KEY (`Person_ID`) REFERENCES `Person` (`Person_ID`),
  CONSTRAINT `ShopArticleInterestsType_ShopArticleInterests_3` FOREIGN KEY (`ShopArticleInterestsType_Code`) REFERENCES `ShopArticleInterestsType` (`ShopArticleInterestsType_Code`),
  CONSTRAINT `ShopArticleInterests_ibfk_1` FOREIGN KEY (`Person_ID_Edit`) REFERENCES `Person` (`Person_ID`) ON DELETE NO ACTION ON UPDATE NO ACTION,
  CONSTRAINT `ShopArticleInterests_ibfk_2` FOREIGN KEY (`Person_ID_Create`) REFERENCES `Person` (`Person_ID`) ON DELETE NO ACTION ON UPDATE NO ACTION,
  CONSTRAINT `ShopArticleItem_ShopArticleInterests_4` FOREIGN KEY (`ShopArticleItem_ID`) REFERENCES `ShopArticleItem` (`ShopArticleItem_ID`),
  CONSTRAINT `ShopArticle_ShopArticleInterests_1` FOREIGN KEY (`ShopArticle_ID`) REFERENCES `ShopArticle` (`ShopArticle_ID`),
  CONSTRAINT `Shop_ShopArticleInterests_5` FOREIGN KEY (`Shop_Code`) REFERENCES `Shop` (`Shop_Code`)
) ENGINE=InnoDB DEFAULT CHARSET=utf8;

--
-- Dumping data for table `ShopArticleInterests`
--


--
-- Table structure for table `ShopArticleInterestsType`
--

CREATE TABLE `ShopArticleInterestsType` (
  `ShopArticleInterestsType_Code` varchar(40) NOT NULL,
  `ShopArticleInterestsType_Name` varchar(255) DEFAULT NULL,
  `Person_ID_Edit` int(10) unsigned DEFAULT NULL,
  `Table_Edit` timestamp NOT NULL DEFAULT CURRENT_TIMESTAMP ON UPDATE CURRENT_TIMESTAMP,
  `Person_ID_Create` int(10) unsigned DEFAULT NULL,
  `Table_Create` timestamp NOT NULL DEFAULT '0000-00-00 00:00:00',
  PRIMARY KEY (`ShopArticleInterestsType_Code`),
  KEY `IDX_Person_Person_ID_Edit` (`Person_ID_Edit`),
  KEY `IDX_Person_Person_ID_Create` (`Person_ID_Create`),
  CONSTRAINT `ShopArticleInterestsType_ibfk_1` FOREIGN KEY (`Person_ID_Edit`) REFERENCES `Person` (`Person_ID`) ON DELETE NO ACTION ON UPDATE NO ACTION,
  CONSTRAINT `ShopArticleInterestsType_ibfk_2` FOREIGN KEY (`Person_ID_Create`) REFERENCES `Person` (`Person_ID`) ON DELETE NO ACTION ON UPDATE NO ACTION
) ENGINE=InnoDB DEFAULT CHARSET=utf8;

--
-- Dumping data for table `ShopArticleInterestsType`
--


--
-- Table structure for table `ShopArticleItem`
--

CREATE TABLE `ShopArticleItem` (
  `ShopArticleItem_ID` int(10) unsigned NOT NULL AUTO_INCREMENT,
  `ShopArticle_ID` int(10) unsigned NOT NULL,
  `ShopVariantItem_ID` int(10) unsigned NOT NULL,
  `ShopArticleDelivery_Code` varchar(40) DEFAULT NULL,
  `ShopWAWIProduct_ID` int(11) NOT NULL,
  `ShopDiscountList_ID` int(10) unsigned DEFAULT NULL,
  `ShopArticleItem_ID_Parent` int(10) unsigned DEFAULT NULL,
  `ShopArticleItem_ID_Template` int(10) unsigned DEFAULT NULL,
  `ShopWAWIProductUnit_Code` varchar(40) DEFAULT NULL,
  `ShopArticleItemType_Code` varchar(40) DEFAULT NULL,
  `ShopArticleItemGroup_ID` int(11) DEFAULT NULL,
  `ShopArticleItem_Number` varchar(80) NOT NULL,
  `ShopArticleItem_Name_Internal` varchar(255) DEFAULT NULL,
  `ShopArticleItem_Order` int(10) unsigned DEFAULT NULL,
  `ShopArticleItem_Show` enum('true','false') NOT NULL DEFAULT 'false',
  `ShopArticleItem_IgnoreMinPrice` enum('true','false') NOT NULL DEFAULT 'false',
  `ShopArticleItem_StockRestriction` enum('true','false') NOT NULL DEFAULT 'false',
  `ShopArticleItem_CartCount` int(11) DEFAULT '1',
  `ShopArticleItem_ProductCount` int(10) unsigned DEFAULT '1',
  `ShopArticleItem_Color` varchar(255) DEFAULT NULL,
  `ShopArticleItem_LifeTime` int(11) DEFAULT NULL,
  `ShopArticleItem_FreeDelivery` enum('true','false') NOT NULL DEFAULT 'false',
  `ShopArticleItem_MaxPerOrder` int(11) DEFAULT NULL,
  `ShopArticleItem_Buyable` enum('true','false') NOT NULL DEFAULT 'true',
  `Person_ID_Edit` int(10) unsigned DEFAULT NULL,
  `Table_Edit` timestamp NOT NULL DEFAULT CURRENT_TIMESTAMP ON UPDATE CURRENT_TIMESTAMP,
  `Person_ID_Create` int(10) unsigned DEFAULT NULL,
  `Table_Create` timestamp NOT NULL DEFAULT '0000-00-00 00:00:00',
  PRIMARY KEY (`ShopArticleItem_ID`),
  KEY `IDX_ShopArticleItem1` (`ShopArticleItem_Order`,`ShopArticle_ID`),
  KEY `IDX_ShopArticleItem2` (`ShopArticle_ID`,`ShopVariantItem_ID`),
  KEY `IDX_ShopArticleItem3` (`ShopArticle_ID`,`ShopVariantItem_ID`,`ShopArticleItem_Order`),
  KEY `IDX_ShopArticleItem_4` (`ShopArticle_ID`),
  KEY `IDX_ShopArticleItem_5` (`ShopArticleDelivery_Code`),
  KEY `IDX_ShopArticleItem_6` (`ShopVariantItem_ID`),
  KEY `IDX_ShopArticleItem_7` (`ShopWAWIProduct_ID`),
  KEY `IDX_ShopArticleItem_8` (`ShopDiscountList_ID`),
  KEY `IDX_ShopArticleItem_9` (`ShopArticleItem_ID_Parent`),
  KEY `IDX_ShopArticleItem_10` (`ShopArticleItem_ID_Template`),
  KEY `IDX_ShopArticleItem_11` (`ShopWAWIProductUnit_Code`),
  KEY `IDX_ShopArticleItem_12` (`ShopArticleItemType_Code`),
  KEY `IDX_ShopArticleItem_13` (`ShopArticleItemGroup_ID`),
  KEY `IDX_ShopArticleItem_14` (`ShopArticleItem_Number`),
  KEY `IDX_Person_Person_ID_Edit` (`Person_ID_Edit`),
  KEY `IDX_Person_Person_ID_Create` (`Person_ID_Create`),
  CONSTRAINT `ShopArticleDelivery_ShopArticleItem_2` FOREIGN KEY (`ShopArticleDelivery_Code`) REFERENCES `ShopArticleDelivery` (`ShopArticleDelivery_Code`) ON UPDATE CASCADE,
  CONSTRAINT `ShopArticleItemGroup_ShopArticleItem_10` FOREIGN KEY (`ShopArticleItemGroup_ID`) REFERENCES `ShopArticleItemGroup` (`ShopArticleItemGroup_ID`),
  CONSTRAINT `ShopArticleItemType_ShopArticleItem_9` FOREIGN KEY (`ShopArticleItemType_Code`) REFERENCES `ShopArticleItemType` (`ShopArticleItemType_Code`),
  CONSTRAINT `ShopArticleItem_ibfk_1` FOREIGN KEY (`Person_ID_Edit`) REFERENCES `Person` (`Person_ID`) ON DELETE NO ACTION ON UPDATE NO ACTION,
  CONSTRAINT `ShopArticleItem_ibfk_2` FOREIGN KEY (`Person_ID_Create`) REFERENCES `Person` (`Person_ID`) ON DELETE NO ACTION ON UPDATE NO ACTION,
  CONSTRAINT `ShopArticleItem_ShopArticleItem_6` FOREIGN KEY (`ShopArticleItem_ID_Parent`) REFERENCES `ShopArticleItem` (`ShopArticleItem_ID`) ON DELETE CASCADE,
  CONSTRAINT `ShopArticleItem_ShopArticleItem_7` FOREIGN KEY (`ShopArticleItem_ID_Template`) REFERENCES `ShopArticleItem` (`ShopArticleItem_ID`) ON DELETE CASCADE,
  CONSTRAINT `ShopArticle_ShopArticleItem_1` FOREIGN KEY (`ShopArticle_ID`) REFERENCES `ShopArticle` (`ShopArticle_ID`) ON DELETE CASCADE,
  CONSTRAINT `ShopDiscountList_ShopArticleItem_5` FOREIGN KEY (`ShopDiscountList_ID`) REFERENCES `ShopDiscountList` (`ShopDiscountList_ID`),
  CONSTRAINT `ShopVariantItem_ShopArticleItem_3` FOREIGN KEY (`ShopVariantItem_ID`) REFERENCES `ShopVariantItem` (`ShopVariantItem_ID`),
  CONSTRAINT `ShopWAWIProductUnit_ShopArticleItem_8` FOREIGN KEY (`ShopWAWIProductUnit_Code`) REFERENCES `ShopWAWIProductUnit` (`ShopWAWIProductUnit_Code`),
  CONSTRAINT `ShopWAWIProduct_ShopArticleItem_4` FOREIGN KEY (`ShopWAWIProduct_ID`) REFERENCES `ShopWAWIProduct` (`ShopWAWIProduct_ID`)
) ENGINE=InnoDB AUTO_INCREMENT=244 DEFAULT CHARSET=utf8;

--
-- Dumping data for table `ShopArticleItem`
--

INSERT INTO `ShopArticleItem` VALUES (205,48,7,NULL,195,NULL,NULL,NULL,'Stk','standard',NULL,'glassdoor',NULL,1,'true','false','false',1,1,NULL,NULL,'false',NULL,'true',2,'2016-03-03 08:34:58',2,'2015-10-12 10:05:04'),(211,54,1,NULL,201,NULL,NULL,NULL,'Stk','standard',NULL,'01013',NULL,1,'true','false','false',1,1,NULL,NULL,'false',NULL,'true',9,'2018-10-08 17:22:56',2,'2016-02-10 15:07:48'),(212,55,7,NULL,195,NULL,NULL,NULL,'Stk','standard',NULL,'kitchenbackplane',NULL,1,'true','false','false',9999999,1,NULL,NULL,'false',NULL,'true',2,'2016-02-17 15:03:13',2,'2016-02-17 14:29:02'),(218,61,7,NULL,195,NULL,NULL,NULL,'Stk','standard',NULL,'wallcover',NULL,1,'true','false','false',9999999,1,NULL,NULL,'false',NULL,'true',2,'2016-03-03 08:30:11',2,'2016-02-25 15:25:46'),(219,62,1,NULL,241,NULL,NULL,NULL,'Stk','standard',NULL,'01000',NULL,1,'true','false','false',1,1,NULL,NULL,'false',NULL,'true',2,'2016-04-19 14:16:36',9,'2016-03-25 10:51:49'),(220,63,1,NULL,242,NULL,NULL,NULL,'Stk','standard',NULL,'01001',NULL,1,'true','false','false',1,1,NULL,NULL,'false',NULL,'true',9,'2016-03-25 10:58:13',9,'2016-03-25 10:58:13'),(221,64,1,NULL,243,NULL,NULL,NULL,'Stk','standard',NULL,'01002',NULL,1,'true','false','false',1,1,NULL,NULL,'false',NULL,'true',9,'2016-03-25 11:01:42',9,'2016-03-25 11:01:42'),(222,65,1,NULL,244,NULL,NULL,NULL,'Stk','standard',NULL,'01003',NULL,1,'true','false','false',1,1,NULL,NULL,'false',NULL,'true',9,'2016-03-25 12:18:12',9,'2016-03-25 12:18:12'),(223,66,1,NULL,245,NULL,NULL,NULL,'Stk','standard',NULL,'01004',NULL,1,'true','false','false',1,1,NULL,NULL,'false',NULL,'true',9,'2016-03-25 12:24:41',9,'2016-03-25 12:24:41'),(224,67,1,NULL,246,NULL,NULL,NULL,'Stk','standard',NULL,'01005',NULL,1,'true','false','false',1,1,NULL,NULL,'false',NULL,'true',9,'2016-03-25 12:31:15',9,'2016-03-25 12:31:15'),(225,68,1,NULL,247,NULL,NULL,NULL,'Stk','standard',NULL,'01006',NULL,1,'true','false','false',1,1,NULL,NULL,'false',NULL,'true',9,'2016-03-25 12:39:25',9,'2016-03-25 12:39:25'),(226,69,1,NULL,248,NULL,NULL,NULL,'Stk','standard',NULL,'01007',NULL,1,'true','false','false',1,1,NULL,NULL,'false',NULL,'true',9,'2016-03-25 12:52:19',9,'2016-03-25 12:52:19'),(227,70,1,NULL,249,NULL,NULL,NULL,'Stk','standard',NULL,'01008',NULL,1,'true','false','false',1,1,NULL,NULL,'false',NULL,'true',9,'2016-03-25 12:54:45',9,'2016-03-25 12:54:45'),(228,71,1,NULL,250,NULL,NULL,NULL,'Stk','standard',NULL,'01009',NULL,1,'true','false','false',1,1,NULL,NULL,'false',NULL,'true',9,'2016-03-25 12:58:17',9,'2016-03-25 12:58:17'),(229,72,1,NULL,251,NULL,NULL,NULL,'Stk','standard',NULL,'01010',NULL,1,'true','false','false',1,1,NULL,NULL,'false',NULL,'true',9,'2016-03-25 13:00:49',9,'2016-03-25 13:00:49'),(230,73,1,NULL,252,NULL,NULL,NULL,'Stk','standard',NULL,'01011',NULL,1,'true','false','false',1,1,NULL,NULL,'false',NULL,'true',9,'2016-03-25 13:14:03',9,'2016-03-25 13:14:03'),(232,74,7,NULL,195,NULL,NULL,NULL,'Stk','standard',NULL,'wallcover',NULL,1,'true','false','false',1,1,NULL,NULL,'false',NULL,'true',2,'2016-09-02 17:38:35',2,'2016-09-02 17:38:35'),(233,75,1,NULL,263,NULL,NULL,NULL,'Stk','standard',NULL,'01014',NULL,1,'true','false','false',1,1,NULL,NULL,'false',NULL,'true',2,'2016-09-20 13:07:51',2,'2016-09-20 13:07:51'),(234,76,7,NULL,265,NULL,NULL,NULL,'Stk','standard',NULL,'aludibondjaf',NULL,1,'true','false','false',1,1,NULL,NULL,'false',NULL,'true',2,'2016-10-17 12:15:39',2,'2016-10-17 12:15:28'),(237,77,1,NULL,304,NULL,NULL,NULL,'Stk','standard',NULL,'Expresslieferung',NULL,1,'true','false','false',1,1,NULL,NULL,'false',NULL,'true',2,'2017-05-18 05:57:17',2,'2017-05-18 05:48:54'),(238,82,1,NULL,308,NULL,NULL,NULL,'Stk','standard',NULL,'a4_musterkoffer_austria_glas',NULL,1,'true','false','false',1,1,NULL,NULL,'false',NULL,'true',2,'2017-05-18 06:14:55',2,'2017-05-18 06:14:55'),(239,83,1,NULL,309,NULL,NULL,NULL,'Stk','standard',NULL,'a4_muster_inkl_wunschmotiv',NULL,1,'true','false','false',1,1,NULL,NULL,'false',NULL,'true',2,'2017-05-18 06:15:38',2,'2017-05-18 06:15:38'),(241,81,1,NULL,305,NULL,NULL,NULL,'Stk','standard',NULL,'mustertafel_glastueren',NULL,1,'true','false','false',1,1,NULL,NULL,'false',NULL,'true',2,'2017-05-18 06:16:32',2,'2017-05-18 06:16:32'),(242,79,1,NULL,306,NULL,NULL,NULL,'Stk','standard',NULL,'mustertafel_kuechenrückwand',NULL,1,'true','false','false',1,1,NULL,NULL,'false',NULL,'true',2,'2017-05-18 06:17:06',2,'2017-05-18 06:17:06'),(243,80,1,NULL,307,NULL,NULL,NULL,'Stk','standard',NULL,'mustertafel_wandverkleidung',NULL,1,'true','false','false',1,1,NULL,NULL,'false',NULL,'true',2,'2017-05-18 06:17:37',2,'2017-05-18 06:17:37');

--
-- Table structure for table `ShopArticleItemGroup`
--

CREATE TABLE `ShopArticleItemGroup` (
  `ShopArticleItemGroup_ID` int(11) NOT NULL AUTO_INCREMENT,
  `ShopArticle_ID` int(10) unsigned DEFAULT NULL,
  `ShopArticleItemGroup_Order` int(11) NOT NULL,
  `ShopArticleItemGroup_Name` varchar(255) DEFAULT NULL,
  `Person_ID_Edit` int(10) unsigned DEFAULT NULL,
  `Table_Edit` timestamp NOT NULL DEFAULT CURRENT_TIMESTAMP ON UPDATE CURRENT_TIMESTAMP,
  `Person_ID_Create` int(10) unsigned DEFAULT NULL,
  `Table_Create` timestamp NOT NULL DEFAULT '0000-00-00 00:00:00',
  PRIMARY KEY (`ShopArticleItemGroup_ID`),
  KEY `IDX_ShopArticleItemGroup_1` (`ShopArticle_ID`),
  KEY `IDX_ShopArticleItemGroup_Order` (`ShopArticleItemGroup_Order`),
  KEY `IDX_Person_Person_ID_Edit` (`Person_ID_Edit`),
  KEY `IDX_Person_Person_ID_Create` (`Person_ID_Create`),
  CONSTRAINT `ShopArticleItemGroup_ibfk_1` FOREIGN KEY (`Person_ID_Edit`) REFERENCES `Person` (`Person_ID`) ON DELETE NO ACTION ON UPDATE NO ACTION,
  CONSTRAINT `ShopArticleItemGroup_ibfk_2` FOREIGN KEY (`Person_ID_Create`) REFERENCES `Person` (`Person_ID`) ON DELETE NO ACTION ON UPDATE NO ACTION,
  CONSTRAINT `ShopArticle_ShopArticleItemGroup_1` FOREIGN KEY (`ShopArticle_ID`) REFERENCES `ShopArticle` (`ShopArticle_ID`) ON DELETE CASCADE
) ENGINE=InnoDB DEFAULT CHARSET=utf8;

--
-- Dumping data for table `ShopArticleItemGroup`
--


--
-- Table structure for table `ShopArticleItemGroup_Language`
--

CREATE TABLE `ShopArticleItemGroup_Language` (
  `ShopArticleItemGroup_ID` int(11) NOT NULL,
  `Language_Code` varchar(3) NOT NULL,
  `ShopArticleItemGroup_Language_Title` varchar(255) DEFAULT NULL,
  `ShopArticleItemGroup_Language_Description` text,
  `Person_ID_Edit` int(10) unsigned DEFAULT NULL,
  `Table_Edit` timestamp NOT NULL DEFAULT CURRENT_TIMESTAMP ON UPDATE CURRENT_TIMESTAMP,
  `Person_ID_Create` int(10) unsigned DEFAULT NULL,
  `Table_Create` timestamp NOT NULL DEFAULT '0000-00-00 00:00:00',
  PRIMARY KEY (`ShopArticleItemGroup_ID`,`Language_Code`),
  KEY `ShopArticleItemGroup_Language_Language_Code` (`Language_Code`),
  KEY `IDX_ShopArticleItemGroup_Language2` (`ShopArticleItemGroup_ID`),
  KEY `IDX_Person_Person_ID_Edit` (`Person_ID_Edit`),
  KEY `IDX_Person_Person_ID_Create` (`Person_ID_Create`),
  CONSTRAINT `ShopArticleItemGroup_Language_ibfk_1` FOREIGN KEY (`Language_Code`) REFERENCES `Language` (`Language_Code`),
  CONSTRAINT `ShopArticleItemGroup_Language_ibfk_2` FOREIGN KEY (`ShopArticleItemGroup_ID`) REFERENCES `ShopArticleItemGroup` (`ShopArticleItemGroup_ID`) ON DELETE CASCADE,
  CONSTRAINT `ShopArticleItemGroup_Language_ibfk_3` FOREIGN KEY (`Person_ID_Edit`) REFERENCES `Person` (`Person_ID`) ON DELETE NO ACTION ON UPDATE NO ACTION,
  CONSTRAINT `ShopArticleItemGroup_Language_ibfk_4` FOREIGN KEY (`Person_ID_Create`) REFERENCES `Person` (`Person_ID`) ON DELETE NO ACTION ON UPDATE NO ACTION
) ENGINE=InnoDB DEFAULT CHARSET=utf8;

--
-- Dumping data for table `ShopArticleItemGroup_Language`
--


--
-- Table structure for table `ShopArticleItemType`
--

CREATE TABLE `ShopArticleItemType` (
  `ShopArticleItemType_Code` varchar(40) NOT NULL,
  `ShopArticleItemType_Order` int(11) NOT NULL,
  `ShopArticleItemType_Active` enum('true','false') NOT NULL DEFAULT 'false',
  `ShopArticleItemType_Bundle` enum('true','false') NOT NULL DEFAULT 'false',
  `ShopArticleItemType_Name` varchar(255) NOT NULL,
  `ShopArticleItemType_Group` enum('true','false') NOT NULL DEFAULT 'false',
  `Person_ID_Edit` int(10) unsigned DEFAULT NULL,
  `Table_Edit` timestamp NOT NULL DEFAULT CURRENT_TIMESTAMP ON UPDATE CURRENT_TIMESTAMP,
  `Person_ID_Create` int(10) unsigned DEFAULT NULL,
  `Table_Create` timestamp NOT NULL DEFAULT '0000-00-00 00:00:00',
  PRIMARY KEY (`ShopArticleItemType_Code`),
  KEY `IDX_ShopArticleItemType_Order` (`ShopArticleItemType_Order`),
  KEY `IDX_Person_Person_ID_Edit` (`Person_ID_Edit`),
  KEY `IDX_Person_Person_ID_Create` (`Person_ID_Create`),
  CONSTRAINT `ShopArticleItemType_ibfk_1` FOREIGN KEY (`Person_ID_Edit`) REFERENCES `Person` (`Person_ID`) ON DELETE NO ACTION ON UPDATE NO ACTION,
  CONSTRAINT `ShopArticleItemType_ibfk_2` FOREIGN KEY (`Person_ID_Create`) REFERENCES `Person` (`Person_ID`) ON DELETE NO ACTION ON UPDATE NO ACTION
) ENGINE=InnoDB DEFAULT CHARSET=utf8;

--
-- Dumping data for table `ShopArticleItemType`
--

INSERT INTO `ShopArticleItemType` VALUES ('bundle',2,'true','true','Bundle','false',NULL,'2010-04-21 11:30:04',NULL,'0000-00-00 00:00:00'),('bundle_changeable',3,'false','true','Bundle (Freie Wahl der Variantenanzahl)','false',NULL,'2010-04-21 11:30:04',NULL,'0000-00-00 00:00:00'),('standard',1,'true','false','Standard','false',NULL,'2010-04-21 11:30:04',NULL,'0000-00-00 00:00:00');

--
-- Table structure for table `ShopArticleItem_FieldData`
--

CREATE TABLE `ShopArticleItem_FieldData` (
  `ShopArticleItem_ID` int(10) unsigned NOT NULL,
  `FieldData_ID` int(11) NOT NULL,
  `Person_ID_Edit` int(10) unsigned DEFAULT NULL,
  `Table_Edit` timestamp NOT NULL DEFAULT CURRENT_TIMESTAMP ON UPDATE CURRENT_TIMESTAMP,
  `Person_ID_Create` int(10) unsigned DEFAULT NULL,
  `Table_Create` timestamp NOT NULL DEFAULT '0000-00-00 00:00:00',
  PRIMARY KEY (`ShopArticleItem_ID`,`FieldData_ID`),
  KEY `IDX_ShopArticleItem_FieldData_1` (`ShopArticleItem_ID`),
  KEY `IDX_ShopArticleItem_FieldData_2` (`FieldData_ID`),
  KEY `IDX_Person_Person_ID_Edit` (`Person_ID_Edit`),
  KEY `IDX_Person_Person_ID_Create` (`Person_ID_Create`),
  CONSTRAINT `FieldData_ShopArticleItem_FieldData_2` FOREIGN KEY (`FieldData_ID`) REFERENCES `FieldData` (`FieldData_ID`) ON DELETE CASCADE,
  CONSTRAINT `ShopArticleItem_FieldData_ibfk_1` FOREIGN KEY (`Person_ID_Edit`) REFERENCES `Person` (`Person_ID`) ON DELETE NO ACTION ON UPDATE NO ACTION,
  CONSTRAINT `ShopArticleItem_FieldData_ibfk_2` FOREIGN KEY (`Person_ID_Create`) REFERENCES `Person` (`Person_ID`) ON DELETE NO ACTION ON UPDATE NO ACTION,
  CONSTRAINT `ShopArticleItem_ShopArticleItem_FieldData_1` FOREIGN KEY (`ShopArticleItem_ID`) REFERENCES `ShopArticleItem` (`ShopArticleItem_ID`) ON DELETE CASCADE
) ENGINE=InnoDB DEFAULT CHARSET=utf8;

--
-- Dumping data for table `ShopArticleItem_FieldData`
--


--
-- Table structure for table `ShopArticleItem_Language`
--

CREATE TABLE `ShopArticleItem_Language` (
  `ShopArticleItem_ID` int(10) unsigned NOT NULL,
  `Language_Code` varchar(3) NOT NULL,
  `ShopArticleItem_Language_Title` varchar(255) DEFAULT NULL,
  `ShopArticleItem_Language_Search` varchar(255) DEFAULT NULL,
  `Person_ID_Edit` int(10) unsigned DEFAULT NULL,
  `Table_Edit` timestamp NOT NULL DEFAULT CURRENT_TIMESTAMP ON UPDATE CURRENT_TIMESTAMP,
  `Person_ID_Create` int(10) unsigned DEFAULT NULL,
  `Table_Create` timestamp NOT NULL DEFAULT '0000-00-00 00:00:00',
  PRIMARY KEY (`ShopArticleItem_ID`,`Language_Code`),
  KEY `ShopArticleItem_Language_Language_Code` (`Language_Code`),
  KEY `IDX_ShopArticleItem_Language2` (`ShopArticleItem_ID`),
  KEY `IDX_Person_Person_ID_Edit` (`Person_ID_Edit`),
  KEY `IDX_Person_Person_ID_Create` (`Person_ID_Create`),
  CONSTRAINT `ShopArticleItem_Language_ibfk_1` FOREIGN KEY (`Language_Code`) REFERENCES `Language` (`Language_Code`),
  CONSTRAINT `ShopArticleItem_Language_ibfk_2` FOREIGN KEY (`ShopArticleItem_ID`) REFERENCES `ShopArticleItem` (`ShopArticleItem_ID`) ON DELETE CASCADE,
  CONSTRAINT `ShopArticleItem_Language_ibfk_3` FOREIGN KEY (`Person_ID_Edit`) REFERENCES `Person` (`Person_ID`) ON DELETE NO ACTION ON UPDATE NO ACTION,
  CONSTRAINT `ShopArticleItem_Language_ibfk_4` FOREIGN KEY (`Person_ID_Create`) REFERENCES `Person` (`Person_ID`) ON DELETE NO ACTION ON UPDATE NO ACTION
) ENGINE=InnoDB DEFAULT CHARSET=utf8;

--
-- Dumping data for table `ShopArticleItem_Language`
--

INSERT INTO `ShopArticleItem_Language` VALUES (205,'de',NULL,NULL,2,'2016-03-03 08:34:58',2,'2015-10-12 10:05:04'),(211,'de','Silikon-Kleber 310 ml',NULL,9,'2018-10-08 17:22:56',2,'2016-02-10 15:07:48'),(212,'de','Küchenrückwand',NULL,2,'2016-02-17 15:03:13',2,'2016-02-17 14:29:02'),(220,'de','Zargen Beschlagsset mit Drücker',NULL,9,'2016-03-25 10:58:13',9,'2016-03-25 10:58:13'),(223,'de','Zargenband mit Anschraubplatte',NULL,9,'2016-03-25 12:24:41',9,'2016-03-25 12:24:41'),(224,'de','Überschub-Riegel für Fix- oder Seitenteil',NULL,9,'2016-03-25 12:31:15',9,'2016-03-25 12:31:15'),(225,'de','Gegenkasten für Doppeltüren oder Seitenteil',NULL,9,'2016-03-25 12:39:25',9,'2016-03-25 12:39:25'),(226,'de','Muschelgriff',NULL,9,'2016-03-25 12:52:19',9,'2016-03-25 12:52:19'),(227,'de','Griffstange',NULL,9,'2016-03-25 12:54:45',9,'2016-03-25 12:54:45'),(228,'de','Schiebesystem (Länge 2000 mm)',NULL,9,'2016-03-25 12:58:17',9,'2016-03-25 12:58:17'),(229,'de','Schiebesystem (Länge 3000 mm)',NULL,9,'2016-03-25 13:00:49',9,'2016-03-25 13:00:49'),(230,'de','Senk-Punktbefestigung Set',NULL,9,'2016-03-25 13:14:03',9,'2016-03-25 13:14:03'),(232,'de','Alu Dibond',NULL,2,'2016-09-02 17:38:35',2,'2016-09-02 17:38:35'),(233,'de','Klett-Punktbefestigung Set',NULL,2,'2016-09-20 13:07:51',2,'2016-09-20 13:07:51'),(234,'de','Alu Dibond JAF',NULL,2,'2016-10-17 12:15:39',2,'2016-10-17 12:15:28');

--
-- Table structure for table `ShopArticleItem_Picture`
--

CREATE TABLE `ShopArticleItem_Picture` (
  `ShopArticleItem_ID` int(10) unsigned NOT NULL,
  `Picture_ID` int(10) unsigned NOT NULL,
  `Person_ID_Edit` int(10) unsigned DEFAULT NULL,
  `Table_Edit` timestamp NOT NULL DEFAULT CURRENT_TIMESTAMP ON UPDATE CURRENT_TIMESTAMP,
  `Person_ID_Create` int(10) unsigned DEFAULT NULL,
  `Table_Create` timestamp NOT NULL DEFAULT '0000-00-00 00:00:00',
  PRIMARY KEY (`ShopArticleItem_ID`,`Picture_ID`),
  KEY `IDX_ShopArticleItem_Picture_1` (`ShopArticleItem_ID`),
  KEY `IDX_ShopArticleItem_Picture_2` (`Picture_ID`),
  KEY `IDX_Person_Person_ID_Edit` (`Person_ID_Edit`),
  KEY `IDX_Person_Person_ID_Create` (`Person_ID_Create`),
  CONSTRAINT `Picture_ShopArticleItem_Picture_2` FOREIGN KEY (`Picture_ID`) REFERENCES `Picture` (`Picture_ID`) ON DELETE CASCADE,
  CONSTRAINT `ShopArticleItem_Picture_ibfk_1` FOREIGN KEY (`Person_ID_Edit`) REFERENCES `Person` (`Person_ID`) ON DELETE NO ACTION ON UPDATE NO ACTION,
  CONSTRAINT `ShopArticleItem_Picture_ibfk_2` FOREIGN KEY (`Person_ID_Create`) REFERENCES `Person` (`Person_ID`) ON DELETE NO ACTION ON UPDATE NO ACTION,
  CONSTRAINT `ShopArticleItem_ShopArticleItem_Picture_1` FOREIGN KEY (`ShopArticleItem_ID`) REFERENCES `ShopArticleItem` (`ShopArticleItem_ID`) ON DELETE CASCADE
) ENGINE=InnoDB DEFAULT CHARSET=utf8;

--
-- Dumping data for table `ShopArticleItem_Picture`
--


--
-- Table structure for table `ShopArticleItem_ShopVariantAttribute`
--

CREATE TABLE `ShopArticleItem_ShopVariantAttribute` (
  `ShopArticleItem_ID` int(10) unsigned NOT NULL,
  `ShopVariantAttribute_ID` int(11) NOT NULL,
  `ShopArticleItem_ShopVariantAttribute_Text` varchar(255) DEFAULT NULL,
  `Person_ID_Edit` int(10) unsigned DEFAULT NULL,
  `Table_Edit` timestamp NOT NULL DEFAULT CURRENT_TIMESTAMP ON UPDATE CURRENT_TIMESTAMP,
  `Person_ID_Create` int(10) unsigned DEFAULT NULL,
  `Table_Create` timestamp NOT NULL DEFAULT '0000-00-00 00:00:00',
  PRIMARY KEY (`ShopArticleItem_ID`,`ShopVariantAttribute_ID`),
  KEY `IDX_ShopArticleItem_ShopVariantAttribute_1` (`ShopArticleItem_ID`),
  KEY `IDX_ShopArticleItem_ShopVariantAttribute_2` (`ShopVariantAttribute_ID`),
  KEY `IDX_Person_Person_ID_Edit` (`Person_ID_Edit`),
  KEY `IDX_Person_Person_ID_Create` (`Person_ID_Create`),
  CONSTRAINT `ShopArticleItem_ShopArticleItem_ShopVariantAttribute_1` FOREIGN KEY (`ShopArticleItem_ID`) REFERENCES `ShopArticleItem` (`ShopArticleItem_ID`) ON DELETE CASCADE,
  CONSTRAINT `ShopArticleItem_ShopVariantAttribute_ibfk_1` FOREIGN KEY (`Person_ID_Edit`) REFERENCES `Person` (`Person_ID`) ON DELETE NO ACTION ON UPDATE NO ACTION,
  CONSTRAINT `ShopArticleItem_ShopVariantAttribute_ibfk_2` FOREIGN KEY (`Person_ID_Create`) REFERENCES `Person` (`Person_ID`) ON DELETE NO ACTION ON UPDATE NO ACTION,
  CONSTRAINT `ShopVariantAttribute_ShopArticleItem_ShopVariantAttribute_2` FOREIGN KEY (`ShopVariantAttribute_ID`) REFERENCES `ShopVariantAttribute` (`ShopVariantAttribute_ID`) ON DELETE CASCADE
) ENGINE=InnoDB DEFAULT CHARSET=utf8;

--
-- Dumping data for table `ShopArticleItem_ShopVariantAttribute`
--


--
-- Table structure for table `ShopArticleType`
--

CREATE TABLE `ShopArticleType` (
  `ShopArticleType_ID` int(10) unsigned NOT NULL AUTO_INCREMENT,
  `ShopArticleType_Code` varchar(40) DEFAULT NULL,
  `ShopArticleType_Name` varchar(255) NOT NULL,
  `ShopArticleType_CssClass` varchar(255) DEFAULT NULL,
  `ShopArticleType_System` enum('true','false') NOT NULL DEFAULT 'false' COMMENT 'Flag to distinguish between system types and other ones.',
  `Person_ID_Edit` int(10) unsigned DEFAULT NULL,
  `Table_Edit` timestamp NOT NULL DEFAULT CURRENT_TIMESTAMP ON UPDATE CURRENT_TIMESTAMP,
  `Person_ID_Create` int(10) unsigned DEFAULT NULL,
  `Table_Create` timestamp NOT NULL DEFAULT '0000-00-00 00:00:00',
  PRIMARY KEY (`ShopArticleType_ID`),
  UNIQUE KEY `IDX_ShopArticleType_Code` (`ShopArticleType_Code`),
  KEY `IDX_Person_Person_ID_Edit` (`Person_ID_Edit`),
  KEY `IDX_Person_Person_ID_Create` (`Person_ID_Create`),
  CONSTRAINT `ShopArticleType_ibfk_1` FOREIGN KEY (`Person_ID_Edit`) REFERENCES `Person` (`Person_ID`) ON DELETE NO ACTION ON UPDATE NO ACTION,
  CONSTRAINT `ShopArticleType_ibfk_2` FOREIGN KEY (`Person_ID_Create`) REFERENCES `Person` (`Person_ID`) ON DELETE NO ACTION ON UPDATE NO ACTION
) ENGINE=InnoDB AUTO_INCREMENT=4 DEFAULT CHARSET=utf8;

--
-- Dumping data for table `ShopArticleType`
--

INSERT INTO `ShopArticleType` VALUES (1,'default','Standardartikel',NULL,'true',1,'2012-03-02 12:34:21',1,'2012-03-02 12:34:21'),(2,'sale','Aktionsartikel','sale','true',1,'2012-03-02 12:34:21',1,'2012-03-02 12:34:21'),(3,'new','Neu','new','true',1,'2012-03-02 12:34:21',1,'2012-03-02 12:34:21');

--
-- Table structure for table `ShopArticleType_Language`
--

CREATE TABLE `ShopArticleType_Language` (
  `ShopArticleType_ID` int(10) unsigned NOT NULL,
  `Language_Code` varchar(3) NOT NULL,
  `ShopArticleType_Language_Title` varchar(255) DEFAULT NULL,
  `Person_ID_Edit` int(10) unsigned DEFAULT NULL,
  `Table_Edit` timestamp NOT NULL DEFAULT CURRENT_TIMESTAMP ON UPDATE CURRENT_TIMESTAMP,
  `Person_ID_Create` int(10) unsigned DEFAULT NULL,
  `Table_Create` timestamp NOT NULL DEFAULT '0000-00-00 00:00:00',
  PRIMARY KEY (`ShopArticleType_ID`,`Language_Code`),
  KEY `ShopArticleType_Language_Language_Code` (`Language_Code`),
  KEY `IDX_ShopArticleType_Language2` (`ShopArticleType_ID`),
  KEY `IDX_Person_Person_ID_Edit` (`Person_ID_Edit`),
  KEY `IDX_Person_Person_ID_Create` (`Person_ID_Create`),
  CONSTRAINT `ShopArticleType_Language_ibfk_1` FOREIGN KEY (`Language_Code`) REFERENCES `Language` (`Language_Code`),
  CONSTRAINT `ShopArticleType_Language_ibfk_2` FOREIGN KEY (`ShopArticleType_ID`) REFERENCES `ShopArticleType` (`ShopArticleType_ID`) ON DELETE CASCADE,
  CONSTRAINT `ShopArticleType_Language_ibfk_3` FOREIGN KEY (`Person_ID_Edit`) REFERENCES `Person` (`Person_ID`) ON DELETE NO ACTION ON UPDATE NO ACTION,
  CONSTRAINT `ShopArticleType_Language_ibfk_4` FOREIGN KEY (`Person_ID_Create`) REFERENCES `Person` (`Person_ID`) ON DELETE NO ACTION ON UPDATE NO ACTION
) ENGINE=InnoDB DEFAULT CHARSET=utf8;

--
-- Dumping data for table `ShopArticleType_Language`
--

INSERT INTO `ShopArticleType_Language` VALUES (1,'de','',1,'2012-03-02 12:34:21',1,'2012-03-02 12:34:21'),(2,'de','Aktion',1,'2012-03-02 12:34:21',1,'2012-03-02 12:34:21'),(3,'de','',1,'2012-03-02 12:34:21',1,'2012-03-02 12:34:21');

--
-- Table structure for table `ShopArticle_ShopArticleGroup`
--

CREATE TABLE `ShopArticle_ShopArticleGroup` (
  `ShopArticleGroup_ID` int(11) NOT NULL,
  `ShopArticle_ID` int(10) unsigned NOT NULL,
  `ShopArticle_ShopArticleGroup_Order` int(11) NOT NULL,
  `Person_ID_Edit` int(10) unsigned DEFAULT NULL,
  `Table_Edit` timestamp NOT NULL DEFAULT CURRENT_TIMESTAMP ON UPDATE CURRENT_TIMESTAMP,
  `Person_ID_Create` int(10) unsigned DEFAULT NULL,
  `Table_Create` timestamp NOT NULL DEFAULT '0000-00-00 00:00:00',
  PRIMARY KEY (`ShopArticleGroup_ID`,`ShopArticle_ID`),
  KEY `IDX_ShopArticle_ShopArticleGroup_1` (`ShopArticleGroup_ID`),
  KEY `IDX_ShopArticle_ShopArticleGroup_2` (`ShopArticle_ID`),
  KEY `IDX_ShopArticle_ShopArticleGroup_Order` (`ShopArticleGroup_ID`,`ShopArticle_ShopArticleGroup_Order`),
  KEY `IDX_Person_Person_ID_Edit` (`Person_ID_Edit`),
  KEY `IDX_Person_Person_ID_Create` (`Person_ID_Create`),
  CONSTRAINT `ShopArticleGroup_ShopArticle_ShopArticleGroup_1` FOREIGN KEY (`ShopArticleGroup_ID`) REFERENCES `ShopArticleGroup` (`ShopArticleGroup_ID`) ON DELETE CASCADE,
  CONSTRAINT `ShopArticle_ShopArticleGroup_ibfk_1` FOREIGN KEY (`Person_ID_Edit`) REFERENCES `Person` (`Person_ID`) ON DELETE NO ACTION ON UPDATE NO ACTION,
  CONSTRAINT `ShopArticle_ShopArticleGroup_ibfk_2` FOREIGN KEY (`Person_ID_Create`) REFERENCES `Person` (`Person_ID`) ON DELETE NO ACTION ON UPDATE NO ACTION,
  CONSTRAINT `ShopArticle_ShopArticle_ShopArticleGroup_2` FOREIGN KEY (`ShopArticle_ID`) REFERENCES `ShopArticle` (`ShopArticle_ID`) ON DELETE CASCADE
) ENGINE=InnoDB DEFAULT CHARSET=utf8;

--
-- Dumping data for table `ShopArticle_ShopArticleGroup`
--


--
-- Table structure for table `ShopArticle_ShopCategory`
--

CREATE TABLE `ShopArticle_ShopCategory` (
  `ShopArticle_ShopCategory_ID` int(10) unsigned NOT NULL AUTO_INCREMENT,
  `ShopCategory_ID` int(11) NOT NULL,
  `ShopArticle_ID` int(10) unsigned NOT NULL,
  `ShopArticle_ShopCategoryType_Code` varchar(40) DEFAULT NULL,
  `ShopArticle_ShopCategory_Order` int(10) DEFAULT NULL,
  `Person_ID_Edit` int(10) unsigned DEFAULT NULL,
  `Table_Edit` timestamp NOT NULL DEFAULT CURRENT_TIMESTAMP ON UPDATE CURRENT_TIMESTAMP,
  `Person_ID_Create` int(10) unsigned DEFAULT NULL,
  `Table_Create` timestamp NOT NULL DEFAULT '0000-00-00 00:00:00',
  PRIMARY KEY (`ShopArticle_ShopCategory_ID`),
  KEY `ShopArticle_ShopCategory_FKIndex1` (`ShopCategory_ID`,`ShopArticle_ID`),
  KEY `IDX_ShopArticle_ShopCategory_Order` (`ShopCategory_ID`,`ShopArticle_ShopCategory_Order`),
  KEY `IDX_ShopArticle_ShopCategory_3` (`ShopCategory_ID`),
  KEY `IDX_ShopArticle_ShopCategory_4` (`ShopArticle_ID`),
  KEY `IDX_ShopArticle_ShopCategory_5` (`ShopArticle_ShopCategoryType_Code`),
  KEY `IDX_ShopArticle_ShopCategory_6` (`ShopArticle_ShopCategory_Order`),
  KEY `IDX_Person_Person_ID_Edit` (`Person_ID_Edit`),
  KEY `IDX_Person_Person_ID_Create` (`Person_ID_Create`),
  CONSTRAINT `ShopArticle_ShopArticle_ShopCategory_2` FOREIGN KEY (`ShopArticle_ID`) REFERENCES `ShopArticle` (`ShopArticle_ID`) ON DELETE CASCADE,
  CONSTRAINT `ShopArticle_ShopCategoryType_ShopArticle_ShopCategory_3` FOREIGN KEY (`ShopArticle_ShopCategoryType_Code`) REFERENCES `ShopArticle_ShopCategoryType` (`ShopArticle_ShopCategoryType_Code`) ON DELETE CASCADE,
  CONSTRAINT `ShopArticle_ShopCategory_ibfk_1` FOREIGN KEY (`Person_ID_Edit`) REFERENCES `Person` (`Person_ID`) ON DELETE NO ACTION ON UPDATE NO ACTION,
  CONSTRAINT `ShopArticle_ShopCategory_ibfk_2` FOREIGN KEY (`Person_ID_Create`) REFERENCES `Person` (`Person_ID`) ON DELETE NO ACTION ON UPDATE NO ACTION,
  CONSTRAINT `ShopCategory_ShopArticle_ShopCategory_1` FOREIGN KEY (`ShopCategory_ID`) REFERENCES `ShopCategory` (`ShopCategory_ID`) ON DELETE CASCADE
) ENGINE=InnoDB AUTO_INCREMENT=87 DEFAULT CHARSET=utf8;

--
-- Dumping data for table `ShopArticle_ShopCategory`
--

INSERT INTO `ShopArticle_ShopCategory` VALUES (49,13,48,'default',1,2,'2015-10-12 10:06:01',2,'2015-10-12 10:06:01'),(56,1,54,'default',6,2,'2016-02-10 15:07:17',2,'2016-02-10 15:07:17'),(57,13,55,'default',2,2,'2016-02-17 14:36:12',2,'2016-02-17 14:36:12'),(63,13,61,'default',3,2,'2016-02-25 15:25:30',2,'2016-02-25 15:25:30'),(64,1,62,'default',7,9,'2016-03-25 10:44:12',9,'2016-03-25 10:44:12'),(65,1,63,'default',8,9,'2016-03-25 10:58:21',9,'2016-03-25 10:58:21'),(66,1,64,'default',9,9,'2016-03-25 11:01:49',9,'2016-03-25 11:01:49'),(67,1,65,'default',10,9,'2016-03-25 12:16:11',9,'2016-03-25 12:16:11'),(68,1,66,'default',11,9,'2016-03-25 12:24:47',9,'2016-03-25 12:24:47'),(69,1,67,'default',12,9,'2016-03-25 12:30:55',9,'2016-03-25 12:30:55'),(70,1,68,'default',13,9,'2016-03-25 12:39:32',9,'2016-03-25 12:39:32'),(71,1,69,'default',14,9,'2016-03-25 12:52:06',9,'2016-03-25 12:52:06'),(72,1,70,'default',15,9,'2016-03-25 12:54:33',9,'2016-03-25 12:54:33'),(73,1,71,'default',16,9,'2016-03-25 12:58:02',9,'2016-03-25 12:58:02'),(74,1,72,'default',17,9,'2016-03-25 13:00:34',9,'2016-03-25 13:00:34'),(75,1,73,'default',18,9,'2016-03-25 13:14:06',9,'2016-03-25 13:14:06'),(76,13,74,'default',4,2,'2016-09-02 17:20:14',2,'2016-09-02 17:20:14'),(77,1,75,'default',19,2,'2016-09-20 13:07:58',2,'2016-09-20 13:07:58'),(78,1,76,'default',20,2,'2016-10-17 12:15:01',2,'2016-10-17 12:15:01'),(79,1,77,'default',21,2,'2017-05-18 05:12:58',2,'2017-05-18 05:12:58'),(81,1,82,'default',22,2,'2017-05-18 06:15:02',2,'2017-05-18 06:15:02'),(82,1,83,'default',23,2,'2017-05-18 06:15:18',2,'2017-05-18 06:15:18'),(84,1,81,'default',25,2,'2017-05-18 06:16:36',2,'2017-05-18 06:16:36'),(85,1,79,'default',26,2,'2017-05-18 06:16:53',2,'2017-05-18 06:16:53'),(86,1,80,'default',27,2,'2017-05-18 06:17:41',2,'2017-05-18 06:17:41');

--
-- Table structure for table `ShopArticle_ShopCategoryType`
--

CREATE TABLE `ShopArticle_ShopCategoryType` (
  `ShopArticle_ShopCategoryType_Code` varchar(40) NOT NULL,
  `ShopArticle_ShopCategoryType_Name` varchar(255) NOT NULL,
  `Person_ID_Edit` int(10) unsigned DEFAULT NULL,
  `Table_Edit` timestamp NOT NULL DEFAULT CURRENT_TIMESTAMP ON UPDATE CURRENT_TIMESTAMP,
  `Person_ID_Create` int(10) unsigned DEFAULT NULL,
  `Table_Create` timestamp NOT NULL DEFAULT '0000-00-00 00:00:00',
  PRIMARY KEY (`ShopArticle_ShopCategoryType_Code`),
  KEY `IDX_Person_Person_ID_Edit` (`Person_ID_Edit`),
  KEY `IDX_Person_Person_ID_Create` (`Person_ID_Create`),
  CONSTRAINT `ShopArticle_ShopCategoryType_ibfk_1` FOREIGN KEY (`Person_ID_Edit`) REFERENCES `Person` (`Person_ID`) ON DELETE NO ACTION ON UPDATE NO ACTION,
  CONSTRAINT `ShopArticle_ShopCategoryType_ibfk_2` FOREIGN KEY (`Person_ID_Create`) REFERENCES `Person` (`Person_ID`) ON DELETE NO ACTION ON UPDATE NO ACTION
) ENGINE=InnoDB DEFAULT CHARSET=utf8;

--
-- Dumping data for table `ShopArticle_ShopCategoryType`
--

INSERT INTO `ShopArticle_ShopCategoryType` VALUES ('default','Standard',1,'2011-07-01 13:52:34',1,'2011-07-01 13:52:34'),('startpage','Startseiten Artikel',NULL,'2010-04-21 11:30:04',NULL,'0000-00-00 00:00:00');

--
-- Table structure for table `ShopCategory`
--

CREATE TABLE `ShopCategory` (
  `ShopCategory_ID` int(11) NOT NULL AUTO_INCREMENT,
  `ArticleEntry_ID` int(10) unsigned NOT NULL,
  `ShopCategoryType_Code` varchar(40) DEFAULT NULL,
  `ShopArticleAttributeType_ID` int(10) unsigned DEFAULT NULL,
  `ShopCategory_ID_CopyFrom` int(11) DEFAULT NULL,
  `ShopArticleAttributeItem_ID` int(11) DEFAULT NULL,
  `ShopTrackingCode_ID` int(10) unsigned DEFAULT NULL,
  `ShopArticleType_ID` int(10) unsigned DEFAULT NULL COMMENT 'article ENGINE filter for dynamic categories',
  `ShopCategory_ID_Linked` int(11) DEFAULT NULL COMMENT 'Querverweis zu anderer Kategorie',
  `ShopCategory_Code` varchar(255) DEFAULT NULL,
  `ShopCategory_ID_Root` int(11) NOT NULL,
  `ShopCategory_Left` int(11) NOT NULL,
  `ShopCategory_Right` int(11) NOT NULL,
  `ShopCategory_Order` int(11) NOT NULL,
  `ShopCategory_Level` int(11) NOT NULL,
  `ShopCategory_Show` enum('true','false') NOT NULL DEFAULT 'true',
  `ShopCategory_Glassy` enum('true','false') NOT NULL DEFAULT 'false',
  `ShopCategory_Priority` int(11) DEFAULT NULL,
  `ShopCategory_IsDynamic` enum('true','false') NOT NULL DEFAULT 'false',
  `ShopCategory_IsCopied` enum('true','false') NOT NULL DEFAULT 'false',
  `ShopCategory_AddFilter` enum('true','false') NOT NULL DEFAULT 'false',
  `ShopCategory_CssClass` varchar(40) DEFAULT NULL,
  `ShopCategory_QualitycheckContent` enum('true','false') NOT NULL DEFAULT 'false',
  `ShopCategory_PerPageCount` int(10) unsigned DEFAULT NULL,
  `Person_ID_Edit` int(10) unsigned DEFAULT NULL,
  `Table_Edit` timestamp NOT NULL DEFAULT CURRENT_TIMESTAMP ON UPDATE CURRENT_TIMESTAMP,
  `Person_ID_Create` int(10) unsigned DEFAULT NULL,
  `Table_Create` timestamp NOT NULL DEFAULT '0000-00-00 00:00:00',
  PRIMARY KEY (`ShopCategory_ID`),
  UNIQUE KEY `IDX_ShopCategory_9` (`ShopCategory_Code`),
  KEY `ROOTID` (`ShopCategory_ID`),
  KEY `STREH` (`ShopCategory_Order`),
  KEY `l` (`ShopCategory_Left`),
  KEY `r` (`ShopCategory_Right`),
  KEY `SRLR` (`ShopCategory_ID`,`ShopCategory_ID_Root`,`ShopCategory_Left`,`ShopCategory_Right`),
  KEY `TREELEVEL` (`ShopCategory_Level`),
  KEY `IDX_ShopCategory_7` (`ArticleEntry_ID`),
  KEY `IDX_ShopCategory_8` (`ShopCategoryType_Code`),
  KEY `IDX_ShopCategory_10` (`ShopCategory_Priority`),
  KEY `IDX_ShopCategory_11` (`ShopCategory_ID_Root`,`ShopCategory_Level`,`ShopCategory_Left`,`ShopCategory_Right`,`ShopCategory_Show`),
  KEY `IDX_ShopCategory_12` (`ShopArticleAttributeType_ID`),
  KEY `IDX_ShopCategory_13` (`ShopCategory_ID_CopyFrom`),
  KEY `IDX_ShopCategory_14` (`ShopArticleAttributeItem_ID`),
  KEY `IDX_ShopCategory_15` (`ShopTrackingCode_ID`),
  KEY `IDX_ShopCategory_16` (`ShopArticleType_ID`),
  KEY `IDX_ShopCategory_Order` (`ShopCategory_Order`),
  KEY `IDX_ShopCategory_18` (`ShopCategory_ID_Linked`),
  KEY `IDX_Person_Person_ID_Edit` (`Person_ID_Edit`),
  KEY `IDX_Person_Person_ID_Create` (`Person_ID_Create`),
  CONSTRAINT `ArticleEntry_ShopCategory_1` FOREIGN KEY (`ArticleEntry_ID`) REFERENCES `ArticleEntry` (`ArticleEntry_ID`) ON DELETE CASCADE,
  CONSTRAINT `ShopArticleAttributeItem_ShopCategory_5` FOREIGN KEY (`ShopArticleAttributeItem_ID`) REFERENCES `ShopArticleAttributeItem` (`ShopArticleAttributeItem_ID`),
  CONSTRAINT `ShopArticleAttributeType_ShopCategory_3` FOREIGN KEY (`ShopArticleAttributeType_ID`) REFERENCES `ShopArticleAttributeType` (`ShopArticleAttributeType_ID`),
  CONSTRAINT `ShopArticleType_ShopCategory_7` FOREIGN KEY (`ShopArticleType_ID`) REFERENCES `ShopArticleType` (`ShopArticleType_ID`),
  CONSTRAINT `ShopCategoryType_ShopCategory_2` FOREIGN KEY (`ShopCategoryType_Code`) REFERENCES `ShopCategoryType` (`ShopCategoryType_Code`),
  CONSTRAINT `ShopCategory_ibfk_1` FOREIGN KEY (`Person_ID_Edit`) REFERENCES `Person` (`Person_ID`) ON DELETE NO ACTION ON UPDATE NO ACTION,
  CONSTRAINT `ShopCategory_ibfk_2` FOREIGN KEY (`Person_ID_Create`) REFERENCES `Person` (`Person_ID`) ON DELETE NO ACTION ON UPDATE NO ACTION,
  CONSTRAINT `ShopCategory_ShopCategory_4` FOREIGN KEY (`ShopCategory_ID_CopyFrom`) REFERENCES `ShopCategory` (`ShopCategory_ID`),
  CONSTRAINT `ShopCategory_ShopCategory_8` FOREIGN KEY (`ShopCategory_ID_Linked`) REFERENCES `ShopCategory` (`ShopCategory_ID`),
  CONSTRAINT `ShopTrackingCode_ShopCategory_6` FOREIGN KEY (`ShopTrackingCode_ID`) REFERENCES `ShopTrackingCode` (`ShopTrackingCode_ID`) ON DELETE SET NULL
) ENGINE=InnoDB AUTO_INCREMENT=14 DEFAULT CHARSET=utf8;

--
-- Dumping data for table `ShopCategory`
--

INSERT INTO `ShopCategory` VALUES (1,11,'standard',NULL,NULL,NULL,NULL,NULL,NULL,NULL,1,1,4,1,0,'true','true',0,'false','false','false',NULL,'false',NULL,2,'2016-01-27 11:54:51',1,'2010-04-21 11:02:24'),(2,12,'special',NULL,NULL,NULL,NULL,NULL,NULL,NULL,2,1,10,1,0,'true','false',0,'false','false','false',NULL,'false',0,2,'2015-09-30 12:20:36',1,'2010-04-21 11:02:24'),(3,13,'special',NULL,NULL,NULL,NULL,NULL,NULL,NULL,2,4,5,2,1,'true','false',0,'false','false','false',NULL,'false',NULL,1,'2015-09-17 06:03:44',1,'2011-02-14 10:03:02'),(4,14,'special',NULL,NULL,NULL,NULL,NULL,NULL,NULL,2,2,3,1,1,'true','false',0,'false','false','false',NULL,'false',NULL,9,'2015-09-17 06:03:44',1,'2011-02-14 10:03:17'),(5,15,'special',NULL,NULL,NULL,NULL,NULL,NULL,NULL,2,6,7,3,1,'true','false',0,'false','false','false',NULL,'false',NULL,1,'2015-09-17 06:03:44',1,'2011-02-14 10:03:30'),(6,16,'special',NULL,NULL,NULL,NULL,NULL,NULL,NULL,2,8,9,4,1,'true','false',0,'false','false','false',NULL,'false',NULL,1,'2015-09-17 06:03:44',1,'2011-02-14 10:04:04'),(11,92,'special',NULL,NULL,NULL,NULL,NULL,NULL,NULL,11,1,2,1,0,'true','false',0,'false','false','false',NULL,'false',0,2,'2015-09-29 13:52:38',1,'2010-04-21 11:02:24'),(12,93,'standard',NULL,NULL,NULL,NULL,NULL,NULL,NULL,12,1,2,1,0,'true','true',0,'false','false','false',NULL,'false',0,2,'2015-09-29 13:54:50',1,'2010-04-21 11:02:24'),(13,95,'standard',NULL,NULL,NULL,NULL,NULL,NULL,NULL,1,2,3,1,1,'true','true',0,'false','false','false',NULL,'false',NULL,2,'2015-10-12 10:05:42',2,'2015-10-12 10:05:42');

--
-- Table structure for table `ShopCategoryFunction`
--

CREATE TABLE `ShopCategoryFunction` (
  `ShopCategoryFunction_Code` varchar(40) NOT NULL,
  `ShopCategoryFunction_Name` varchar(255) DEFAULT NULL,
  `ShopCategoryFunction_Active` enum('true','false') NOT NULL DEFAULT 'false',
  `ShopCategoryFunction_Order` int(11) DEFAULT NULL,
  `Person_ID_Edit` int(10) unsigned DEFAULT NULL,
  `Table_Edit` timestamp NOT NULL DEFAULT CURRENT_TIMESTAMP ON UPDATE CURRENT_TIMESTAMP,
  `Person_ID_Create` int(10) unsigned DEFAULT NULL,
  `Table_Create` timestamp NOT NULL DEFAULT '0000-00-00 00:00:00',
  PRIMARY KEY (`ShopCategoryFunction_Code`),
  KEY `IDX_ShopCategoryFunction_Order` (`ShopCategoryFunction_Order`),
  KEY `IDX_Person_Person_ID_Edit` (`Person_ID_Edit`),
  KEY `IDX_Person_Person_ID_Create` (`Person_ID_Create`),
  CONSTRAINT `ShopCategoryFunction_ibfk_1` FOREIGN KEY (`Person_ID_Edit`) REFERENCES `Person` (`Person_ID`) ON DELETE NO ACTION ON UPDATE NO ACTION,
  CONSTRAINT `ShopCategoryFunction_ibfk_2` FOREIGN KEY (`Person_ID_Create`) REFERENCES `Person` (`Person_ID`) ON DELETE NO ACTION ON UPDATE NO ACTION
) ENGINE=InnoDB DEFAULT CHARSET=utf8;

--
-- Dumping data for table `ShopCategoryFunction`
--

INSERT INTO `ShopCategoryFunction` VALUES ('autofill_lastadded','Autobefüllung - Zuletzt hinzugefügt','true',2,NULL,'2010-04-21 11:30:04',NULL,'0000-00-00 00:00:00'),('autofill_new','Autobefüllung - Neue Artikel','true',4,NULL,'2011-08-25 14:17:00',NULL,'2011-08-25 14:17:00'),('autofill_special','Autobefüllung - Aktionsartikel','true',3,NULL,'2010-04-21 11:30:04',NULL,'0000-00-00 00:00:00'),('autofill_topseller','Autobefüllung - Topseller','true',1,NULL,'2010-04-21 11:30:04',NULL,'0000-00-00 00:00:00'),('setarticleitem_stockrestriction','Autom. alle Produkte auf Lagerstand einschränken','true',7,NULL,'2010-04-21 11:30:04',NULL,'0000-00-00 00:00:00'),('setarticletype_new','Autom. Produkttyp der Verkaufsartikel auf \"Neu\" setzen','true',5,NULL,'2010-04-21 11:30:04',NULL,'0000-00-00 00:00:00'),('setarticletype_special','Autom. Produkttyp der Verkaufsartikel auf \"Aktionsartikel\" setzen','true',6,NULL,'2010-04-21 11:30:04',NULL,'0000-00-00 00:00:00');

--
-- Table structure for table `ShopCategoryType`
--

CREATE TABLE `ShopCategoryType` (
  `ShopCategoryType_Code` varchar(40) NOT NULL,
  `ShopCategoryType_Name` varchar(255) NOT NULL,
  `Person_ID_Edit` int(10) unsigned DEFAULT NULL,
  `Table_Edit` timestamp NOT NULL DEFAULT CURRENT_TIMESTAMP ON UPDATE CURRENT_TIMESTAMP,
  `Person_ID_Create` int(10) unsigned DEFAULT NULL,
  `Table_Create` timestamp NOT NULL DEFAULT '0000-00-00 00:00:00',
  PRIMARY KEY (`ShopCategoryType_Code`),
  KEY `IDX_Person_Person_ID_Edit` (`Person_ID_Edit`),
  KEY `IDX_Person_Person_ID_Create` (`Person_ID_Create`),
  CONSTRAINT `ShopCategoryType_ibfk_1` FOREIGN KEY (`Person_ID_Edit`) REFERENCES `Person` (`Person_ID`) ON DELETE NO ACTION ON UPDATE NO ACTION,
  CONSTRAINT `ShopCategoryType_ibfk_2` FOREIGN KEY (`Person_ID_Create`) REFERENCES `Person` (`Person_ID`) ON DELETE NO ACTION ON UPDATE NO ACTION
) ENGINE=InnoDB DEFAULT CHARSET=utf8;

--
-- Dumping data for table `ShopCategoryType`
--

INSERT INTO `ShopCategoryType` VALUES ('special','System Kategorie',1,'2008-01-02 08:40:46',1,'0000-00-00 00:00:00'),('standard','Standard Kategorie',1,'2008-01-02 08:40:39',1,'0000-00-00 00:00:00'),('startpage','Startseite',1,'2008-01-02 08:40:46',1,'0000-00-00 00:00:00');

--
-- Table structure for table `ShopCategory_ShopArticleAttributeItem`
--

CREATE TABLE `ShopCategory_ShopArticleAttributeItem` (
  `ShopCategory_ShopArticleAttributeItem_ID` int(10) unsigned NOT NULL AUTO_INCREMENT,
  `ShopCategory_ID` int(11) NOT NULL,
  `ShopArticleAttributeItem_ID` int(11) NOT NULL,
  `ArticleEntry_ID` int(10) unsigned NOT NULL,
  `Person_ID_Edit` int(10) unsigned DEFAULT NULL,
  `Table_Edit` timestamp NOT NULL DEFAULT CURRENT_TIMESTAMP ON UPDATE CURRENT_TIMESTAMP,
  `Person_ID_Create` int(10) unsigned DEFAULT NULL,
  `Table_Create` timestamp NOT NULL DEFAULT '0000-00-00 00:00:00',
  PRIMARY KEY (`ShopCategory_ShopArticleAttributeItem_ID`),
  KEY `ShopCategory_ShopCategory_ShopArticleAttributeItem_1` (`ShopCategory_ID`),
  KEY `ShopArticleAttributeItem_ShopCategory_ShopArticleAttributeItem_2` (`ShopArticleAttributeItem_ID`),
  KEY `ArticleEntry_ShopCategory_ShopArticleAttributeItem_3` (`ArticleEntry_ID`),
  KEY `IDX_Person_Person_ID_Edit` (`Person_ID_Edit`),
  KEY `IDX_Person_Person_ID_Create` (`Person_ID_Create`),
  CONSTRAINT `ArticleEntry_ShopCategory_ShopArticleAttributeItem_3` FOREIGN KEY (`ArticleEntry_ID`) REFERENCES `ArticleEntry` (`ArticleEntry_ID`),
  CONSTRAINT `ShopArticleAttributeItem_ShopCategory_ShopArticleAttributeItem_2` FOREIGN KEY (`ShopArticleAttributeItem_ID`) REFERENCES `ShopArticleAttributeItem` (`ShopArticleAttributeItem_ID`),
  CONSTRAINT `ShopCategory_ShopArticleAttributeItem_ibfk_1` FOREIGN KEY (`Person_ID_Edit`) REFERENCES `Person` (`Person_ID`) ON DELETE NO ACTION ON UPDATE NO ACTION,
  CONSTRAINT `ShopCategory_ShopArticleAttributeItem_ibfk_2` FOREIGN KEY (`Person_ID_Create`) REFERENCES `Person` (`Person_ID`) ON DELETE NO ACTION ON UPDATE NO ACTION,
  CONSTRAINT `ShopCategory_ShopCategory_ShopArticleAttributeItem_1` FOREIGN KEY (`ShopCategory_ID`) REFERENCES `ShopCategory` (`ShopCategory_ID`)
) ENGINE=InnoDB DEFAULT CHARSET=utf8;

--
-- Dumping data for table `ShopCategory_ShopArticleAttributeItem`
--


--
-- Table structure for table `ShopCategory_ShopCategoryFunction`
--

CREATE TABLE `ShopCategory_ShopCategoryFunction` (
  `ShopCategory_ID` int(11) NOT NULL,
  `ShopCategoryFunction_Code` varchar(40) NOT NULL,
  `Person_ID_Edit` int(10) unsigned DEFAULT NULL,
  `Table_Edit` timestamp NOT NULL DEFAULT CURRENT_TIMESTAMP ON UPDATE CURRENT_TIMESTAMP,
  `Person_ID_Create` int(10) unsigned DEFAULT NULL,
  `Table_Create` timestamp NOT NULL DEFAULT '0000-00-00 00:00:00',
  PRIMARY KEY (`ShopCategory_ID`,`ShopCategoryFunction_Code`),
  KEY `IDX_ShopCategory_ShopCategoryFunction_1` (`ShopCategory_ID`),
  KEY `IDX_ShopCategory_ShopCategoryFunction_2` (`ShopCategoryFunction_Code`),
  KEY `IDX_Person_Person_ID_Edit` (`Person_ID_Edit`),
  KEY `IDX_Person_Person_ID_Create` (`Person_ID_Create`),
  CONSTRAINT `ShopCategoryFunction_ShopCategory_ShopCategoryFunction_2` FOREIGN KEY (`ShopCategoryFunction_Code`) REFERENCES `ShopCategoryFunction` (`ShopCategoryFunction_Code`) ON DELETE CASCADE,
  CONSTRAINT `ShopCategory_ShopCategoryFunction_ibfk_1` FOREIGN KEY (`Person_ID_Edit`) REFERENCES `Person` (`Person_ID`) ON DELETE NO ACTION ON UPDATE NO ACTION,
  CONSTRAINT `ShopCategory_ShopCategoryFunction_ibfk_2` FOREIGN KEY (`Person_ID_Create`) REFERENCES `Person` (`Person_ID`) ON DELETE NO ACTION ON UPDATE NO ACTION,
  CONSTRAINT `ShopCategory_ShopCategory_ShopCategoryFunction_1` FOREIGN KEY (`ShopCategory_ID`) REFERENCES `ShopCategory` (`ShopCategory_ID`) ON DELETE CASCADE
) ENGINE=InnoDB DEFAULT CHARSET=utf8;

--
-- Dumping data for table `ShopCategory_ShopCategoryFunction`
--


--
-- Table structure for table `ShopConfig`
--

CREATE TABLE `ShopConfig` (
  `ShopConfig_Code` varchar(40) NOT NULL,
  `ShopConfig_Name` varchar(255) NOT NULL,
  `ShopConfig_Order` int(11) NOT NULL,
  `ShopConfig_Critical` enum('true','false') NOT NULL DEFAULT 'false',
  `ShopConfig_Required` enum('true','false') NOT NULL DEFAULT 'false',
  `ShopConfig_Multiline` enum('true','false') NOT NULL DEFAULT 'false',
  `Person_ID_Edit` int(10) unsigned DEFAULT NULL,
  `Table_Edit` timestamp NOT NULL DEFAULT CURRENT_TIMESTAMP ON UPDATE CURRENT_TIMESTAMP,
  `Person_ID_Create` int(10) unsigned DEFAULT NULL,
  `Table_Create` timestamp NOT NULL DEFAULT '0000-00-00 00:00:00',
  PRIMARY KEY (`ShopConfig_Code`),
  KEY `IDX_ShopConfig_Order` (`ShopConfig_Order`),
  KEY `IDX_Person_Person_ID_Edit` (`Person_ID_Edit`),
  KEY `IDX_Person_Person_ID_Create` (`Person_ID_Create`),
  CONSTRAINT `ShopConfig_ibfk_1` FOREIGN KEY (`Person_ID_Edit`) REFERENCES `Person` (`Person_ID`) ON DELETE NO ACTION ON UPDATE NO ACTION,
  CONSTRAINT `ShopConfig_ibfk_2` FOREIGN KEY (`Person_ID_Create`) REFERENCES `Person` (`Person_ID`) ON DELETE NO ACTION ON UPDATE NO ACTION
) ENGINE=InnoDB DEFAULT CHARSET=utf8;

--
-- Dumping data for table `ShopConfig`
--

INSERT INTO `ShopConfig` VALUES ('bon_bottom_text','Bon Fußzeile',72,'false','false','true',NULL,'2010-04-21 11:31:13',NULL,'2010-04-21 11:31:13'),('bon_header_text','Bon Kopfzeile',64,'false','false','true',NULL,'2010-04-21 11:31:13',NULL,'2010-04-21 11:31:13'),('categoryroot_main','Kategorie (Wurzel) Allgemein',25,'true','true','false',1,'2008-02-25 07:42:56',1,'0000-00-00 00:00:00'),('categoryroot_products','Kategorie (Wurzel) Produkte',24,'true','true','false',1,'2008-02-25 07:42:50',1,'0000-00-00 00:00:00'),('category_brandnew','Kategorie \"Neu im Shop\"',31,'true','true','false',1,'2008-02-25 07:43:13',1,'0000-00-00 00:00:00'),('category_sale','Kategorie \"Aktionen\"',30,'true','true','false',1,'2008-02-25 07:43:13',1,'0000-00-00 00:00:00'),('category_startpage','Kategorie Startseite',27,'true','true','false',1,'2008-02-25 07:43:03',1,'0000-00-00 00:00:00'),('category_startpage_empfehlungen','Kategorie Startseite Empfehlungen',28,'true','true','false',1,'2008-02-25 07:43:06',1,'0000-00-00 00:00:00'),('category_startpage_topseller','Kategorie Startseite Topseller',29,'true','true','false',1,'2008-02-25 07:43:09',1,'0000-00-00 00:00:00'),('category_topseller','Kategorie Topseller',26,'true','true','false',1,'2008-02-25 07:42:59',1,'0000-00-00 00:00:00'),('citation','Grußformel',4,'true','true','false',1,'2008-02-09 15:36:30',1,'0000-00-00 00:00:00'),('cms_menu_root_id','CMS Root Menu ID',3,'true','true','false',1,'2013-07-25 13:35:49',1,'2013-07-25 13:35:49'),('company_address','Firmenanschrift',1,'false','true','false',NULL,'2008-02-11 14:26:36',NULL,'0000-00-00 00:00:00'),('company_city','Firmensitz (Ort)',45,'false','true','false',NULL,'2010-04-21 11:30:04',NULL,'0000-00-00 00:00:00'),('company_commercial_register_number','Firmenbuch Nummer',50,'false','false','false',NULL,'2010-04-21 11:31:13',NULL,'0000-00-00 00:00:00'),('company_fax','Firmen Fax',1,'false','false','false',NULL,'2008-02-11 14:27:05',NULL,'0000-00-00 00:00:00'),('company_hotline','Firmen Hotline',1,'false','false','false',NULL,'2008-02-11 14:26:47',NULL,'0000-00-00 00:00:00'),('company_name','Firmenname',1,'false','true','false',NULL,'2008-02-11 14:26:19',NULL,'0000-00-00 00:00:00'),('company_phone','Firmen Telefon',1,'false','false','false',NULL,'2008-02-11 14:26:47',NULL,'0000-00-00 00:00:00'),('company_vat_id','UID Nummer',50,'false','false','false',NULL,'2010-04-21 11:31:13',NULL,'0000-00-00 00:00:00'),('default_deliverytime','Default Lieferzeit (WAWI)',5,'true','true','false',1,'2008-02-09 15:40:13',1,'0000-00-00 00:00:00'),('default_vat','Default Steuersatz',6,'false','true','false',1,'2008-02-09 15:40:04',1,'0000-00-00 00:00:00'),('delivery_reply_address','Lieferung - Rücksendeadresse',23,'false','false','true',1,'2008-02-09 18:50:33',1,'0000-00-00 00:00:00'),('delivery_reply_address_dhl','Lieferung - Rücksendeadresse DHL',24,'false','false','true',NULL,'2010-04-21 11:31:13',NULL,'0000-00-00 00:00:00'),('email_address_internal','Email Adresse Intern',9,'false','false','false',1,'2008-02-09 15:39:16',1,'0000-00-00 00:00:00'),('email_address_internal_order','E-Mail Adresse Intern (Bestellungen)',9,'false','false','false',1,'2012-04-24 09:29:01',1,'2012-04-24 09:29:07'),('email_footer_impressum','E-Mail Impressum',13,'false','false','true',NULL,'2010-04-21 11:31:13',NULL,'0000-00-00 00:00:00'),('email_order_cancellation_policy','Rückgabebelehrung (E-Mail)',11,'true','false','false',NULL,'2010-04-21 11:31:13',NULL,'0000-00-00 00:00:00'),('google_analytics_id','Google Analytics ID',9,'false','false','false',1,'2008-02-09 15:39:16',1,'0000-00-00 00:00:00'),('home_title','Startseiten Titel',0,'false','true','false',1,'2013-10-28 13:53:42',1,'2013-10-28 13:53:42'),('invoice_company_delivery_address','Anschrift der Firma (html)',43,'false','false','true',NULL,'2008-02-28 10:03:46',NULL,'0000-00-00 00:00:00'),('invoice_company_info_text','Firmen Infotext',41,'false','false','true',NULL,'2008-02-28 09:00:58',NULL,'0000-00-00 00:00:00'),('invoice_customer_logo','Rechnung Kundenlogo',51,'true','false','false',NULL,'2010-04-21 11:31:13',NULL,'0000-00-00 00:00:00'),('invoice_default_payment_discount_period','Std. Zahlungsziel (mit Skonto)',37,'false','false','false',NULL,'2011-05-03 12:07:58',NULL,'2011-05-03 12:08:11'),('invoice_default_payment_discount_value','Std. Skonto',38,'false','false','false',NULL,'2011-05-03 12:07:58',NULL,'2011-05-03 12:08:11'),('invoice_default_payment_period','Std. Zahlungsziel (ohne Abzug)',36,'false','false','false',NULL,'2011-05-03 12:07:58',NULL,'2011-05-03 12:08:11'),('invoice_table_footer_text','Text in der Tabellenfußzeile',40,'false','false','false',NULL,'2008-02-28 08:55:00',NULL,'0000-00-00 00:00:00'),('logo_backend','Backend Logo (Icon)',9,'false','false','false',1,'2008-02-09 15:39:16',1,'0000-00-00 00:00:00'),('logo_path_and_filename','Logo Pfad und Dateiname',42,'false','false','false',NULL,'2008-02-28 09:10:02',NULL,'0000-00-00 00:00:00'),('name_short','Shop Kurzbezeichnung',0,'false','true','false',1,'2008-02-09 15:38:15',1,'0000-00-00 00:00:00'),('payment_cod_bank_accountname','Nachnahme Kontoinhaber',18,'false','true','false',1,'2008-02-09 18:34:35',1,'0000-00-00 00:00:00'),('payment_cod_bank_accountnumber','Nachnahme Kontonummer',17,'false','false','false',1,'2015-06-09 10:36:20',1,'0000-00-00 00:00:00'),('payment_cod_bank_bic','Nachnahme Bank BIC',22,'false','true','false',1,'2008-02-09 18:39:43',1,'0000-00-00 00:00:00'),('payment_cod_bank_iban','Nachnahme Bank IBAN',21,'false','true','false',1,'2008-02-09 18:39:32',1,'0000-00-00 00:00:00'),('payment_cod_bank_name','Nachnahme Bank Name',19,'false','true','false',1,'2008-02-09 18:35:01',1,'0000-00-00 00:00:00'),('payment_cod_bank_number','Nachnahme Bank BLZ',20,'false','false','false',1,'2015-06-09 10:38:42',1,'0000-00-00 00:00:00'),('payment_invoice_accountname','Rechnung Kontoinhaber',30,'false','false','false',1,'2008-03-04 16:44:31',1,'0000-00-00 00:00:00'),('payment_invoice_accountnumber','Rechnung Kontonummer',31,'false','false','false',1,'2008-03-04 16:48:45',1,'0000-00-00 00:00:00'),('payment_invoice_bank_bic','Rechnung Bank BIC',32,'false','false','false',1,'2008-03-04 16:49:38',1,'0000-00-00 00:00:00'),('payment_invoice_bank_iban','Rechnung Bank IBAN',33,'false','false','false',1,'2008-03-04 16:50:00',1,'0000-00-00 00:00:00'),('payment_invoice_bank_name','Rechnung Bank Name',34,'false','false','false',1,'2008-03-04 16:50:23',1,'0000-00-00 00:00:00'),('payment_invoice_bank_number','Rechnung Bank BLZ',35,'false','false','false',1,'2008-03-04 16:50:53',1,'0000-00-00 00:00:00'),('payment_prepayed_accountname','Vorauskasse Konteninhaber',11,'false','true','false',1,'2008-02-09 15:53:50',1,'0000-00-00 00:00:00'),('payment_prepayed_accountnumber','Vorauskasse Kontonummer',12,'false','false','false',1,'2015-06-09 10:37:34',1,'0000-00-00 00:00:00'),('payment_prepayed_bank_bic','Vorauskasse Bank BIC',13,'false','true','false',1,'2008-02-09 15:53:40',1,'0000-00-00 00:00:00'),('payment_prepayed_bank_iban','Vorauskasse Bank IBAN',14,'false','true','false',1,'2008-02-09 15:53:31',1,'0000-00-00 00:00:00'),('payment_prepayed_bank_name','Vorauskasse Bank Name',15,'false','true','false',1,'2008-02-09 15:53:26',1,'0000-00-00 00:00:00'),('payment_prepayed_bank_number','Vorauskasse Bank BLZ',16,'false','false','false',1,'2015-06-09 10:38:56',1,'0000-00-00 00:00:00'),('postaviso_customer_name','Postaviso Kundenname',56,'false','false','false',NULL,'2010-04-21 11:31:13',NULL,'0000-00-00 00:00:00'),('postaviso_debitor_number','Postaviso Debitor Auftraggeber',57,'false','false','false',NULL,'2010-04-21 11:31:13',NULL,'0000-00-00 00:00:00'),('postaviso_post_email','Postaviso Post Empfänger-Email',58,'false','false','false',NULL,'2010-04-21 11:31:13',NULL,'0000-00-00 00:00:00'),('postaviso_shipper_city','Postaviso Absender Ort',61,'false','false','false',NULL,'2010-04-21 11:31:13',NULL,'0000-00-00 00:00:00'),('postaviso_shipper_country','Postaviso Absenderland',59,'false','false','false',NULL,'2010-04-21 11:30:04',NULL,'0000-00-00 00:00:00'),('postaviso_shipper_housenumber','Postaviso Absender Hausnummer',63,'false','false','false',NULL,'2010-04-21 11:31:13',NULL,'0000-00-00 00:00:00'),('postaviso_shipper_street','Postaviso Absender Straße',62,'false','false','false',NULL,'2010-04-21 11:31:13',NULL,'0000-00-00 00:00:00'),('postaviso_shipper_zipcode','Postaviso Absender PLZ',60,'false','false','false',NULL,'2010-04-21 11:31:13',NULL,'0000-00-00 00:00:00'),('postlabel_customer_logo','Post-Label Kundenlogo',50,'true','false','false',NULL,'2010-04-21 11:31:13',NULL,'0000-00-00 00:00:00'),('postlist_contactperson','Postlisten Kontaktperson',53,'false','false','false',NULL,'2010-04-21 11:31:13',NULL,'0000-00-00 00:00:00'),('postlist_email','Postlisten Email',55,'false','false','false',NULL,'2010-04-21 11:31:13',NULL,'0000-00-00 00:00:00'),('postlist_phone','Postlisten Telefon',54,'false','false','false',NULL,'2010-04-21 11:31:13',NULL,'0000-00-00 00:00:00'),('postlist_sap_number','SAP-Kundennummer',52,'false','false','false',NULL,'2010-04-21 11:31:13',NULL,'0000-00-00 00:00:00'),('site_email','Emailadresse Absender',7,'false','true','false',1,'2008-02-09 15:54:22',1,'0000-00-00 00:00:00'),('site_email_from','Email Absender Name',8,'false','true','false',1,'2008-02-09 15:54:16',1,'0000-00-00 00:00:00'),('site_email_sender_address','Absender Email  Adresse',24,'false','true','false',NULL,'2008-02-11 14:07:12',NULL,'0000-00-00 00:00:00'),('site_email_sender_name','Absender Email Name',25,'false','true','false',NULL,'2010-04-21 11:31:13',NULL,'0000-00-00 00:00:00'),('title_logo','Logo Titel und Text',0,'false','true','false',NULL,'2012-03-14 11:07:19',NULL,'0000-00-00 00:00:00'),('trusted_shops_id','Trusted Shops ID',10,'true','false','false',NULL,'2012-03-14 11:07:19',NULL,'0000-00-00 00:00:00'),('user_number_prefix','Kundennummer Prefix',9,'false','false','false',1,'2008-02-09 15:39:16',1,'0000-00-00 00:00:00'),('view_theme','Theme',89,'true','false','false',1,'2015-04-25 13:35:49',1,'2015-04-25 13:35:49'),('website_domain','Webshop Domain',10,'true','true','false',1,'2008-02-09 15:54:12',1,'0000-00-00 00:00:00'),('website_domain_cdn','URL des CDN',11,'true','false','false',NULL,'2010-04-21 11:31:13',NULL,'0000-00-00 00:00:00');

--
-- Table structure for table `ShopCrossSelling`
--

CREATE TABLE `ShopCrossSelling` (
  `ShopCrossSelling_ID` int(10) unsigned NOT NULL AUTO_INCREMENT,
  `ShopCrossSellingType_Code` varchar(40) NOT NULL,
  `ShopArticle_ID` int(10) unsigned NOT NULL,
  `ShopArticle_ID_Parent` int(10) unsigned NOT NULL,
  `ShopCrossSelling_Order` int(11) NOT NULL,
  `Person_ID_Edit` int(10) unsigned DEFAULT NULL,
  `Table_Edit` timestamp NOT NULL DEFAULT CURRENT_TIMESTAMP ON UPDATE CURRENT_TIMESTAMP,
  `Person_ID_Create` int(10) unsigned DEFAULT NULL,
  `Table_Create` timestamp NOT NULL DEFAULT '0000-00-00 00:00:00',
  PRIMARY KEY (`ShopCrossSelling_ID`),
  UNIQUE KEY `IDX_ShopCrossSelling_Unique` (`ShopArticle_ID`,`ShopArticle_ID_Parent`,`ShopCrossSellingType_Code`),
  KEY `IDX_ShopCrossSelling_1` (`ShopArticle_ID_Parent`),
  KEY `IDX_ShopCrossSelling_2` (`ShopArticle_ID`),
  KEY `IDX_ShopCrossSelling_3` (`ShopCrossSellingType_Code`),
  KEY `IDX_ShopCrossSelling_Order` (`ShopArticle_ID_Parent`,`ShopCrossSellingType_Code`,`ShopCrossSelling_Order`),
  KEY `IDX_Person_Person_ID_Edit` (`Person_ID_Edit`),
  KEY `IDX_Person_Person_ID_Create` (`Person_ID_Create`),
  CONSTRAINT `ShopArticle_ShopCrossSelling_1` FOREIGN KEY (`ShopArticle_ID_Parent`) REFERENCES `ShopArticle` (`ShopArticle_ID`) ON DELETE CASCADE,
  CONSTRAINT `ShopArticle_ShopCrossSelling_3` FOREIGN KEY (`ShopArticle_ID`) REFERENCES `ShopArticle` (`ShopArticle_ID`) ON DELETE CASCADE,
  CONSTRAINT `ShopCrossSellingType_ShopCrossSelling_2` FOREIGN KEY (`ShopCrossSellingType_Code`) REFERENCES `ShopCrossSellingType` (`ShopCrossSellingType_Code`) ON UPDATE CASCADE,
  CONSTRAINT `ShopCrossSelling_ibfk_1` FOREIGN KEY (`Person_ID_Edit`) REFERENCES `Person` (`Person_ID`) ON DELETE NO ACTION ON UPDATE NO ACTION,
  CONSTRAINT `ShopCrossSelling_ibfk_2` FOREIGN KEY (`Person_ID_Create`) REFERENCES `Person` (`Person_ID`) ON DELETE NO ACTION ON UPDATE NO ACTION
) ENGINE=InnoDB AUTO_INCREMENT=146 DEFAULT CHARSET=utf8;

--
-- Dumping data for table `ShopCrossSelling`
--

INSERT INTO `ShopCrossSelling` VALUES (15,'similar',54,55,1,2,'2016-02-17 14:36:04',2,'2016-02-17 14:36:04'),(17,'similar',54,61,1,2,'2016-02-25 15:35:51',2,'2016-02-25 15:35:51'),(29,'similar',73,61,2,9,'2016-03-25 13:19:23',9,'2016-03-25 13:19:23'),(31,'similar',62,48,2,2,'2016-04-11 10:21:03',2,'2016-04-11 10:21:03'),(32,'similar',63,48,3,2,'2016-04-11 10:21:03',2,'2016-04-11 10:21:03'),(33,'similar',64,48,4,2,'2016-04-11 10:21:03',2,'2016-04-11 10:21:03'),(34,'similar',65,48,5,2,'2016-04-11 10:21:03',2,'2016-04-11 10:21:03'),(35,'similar',66,48,6,2,'2016-04-11 10:21:03',2,'2016-04-11 10:21:03'),(36,'similar',67,48,7,2,'2016-04-11 10:21:03',2,'2016-04-11 10:21:03'),(37,'similar',68,48,8,2,'2016-04-11 10:21:03',2,'2016-04-11 10:21:03'),(38,'similar',69,48,9,2,'2016-04-11 10:21:03',2,'2016-04-11 10:21:03'),(39,'similar',70,48,10,2,'2016-04-11 10:21:03',2,'2016-04-11 10:21:03'),(40,'similar',71,48,11,2,'2016-04-11 10:21:03',2,'2016-04-11 10:21:03'),(41,'similar',72,48,12,2,'2016-04-11 10:21:03',2,'2016-04-11 10:21:03'),(42,'similar',73,48,13,2,'2016-04-11 10:21:03',2,'2016-04-11 10:21:03'),(44,'similar',54,74,1,2,'2016-09-13 12:54:39',2,'2016-09-13 12:54:39'),(45,'similar',75,74,2,2,'2016-09-20 13:08:33',2,'2016-09-20 13:08:33'),(46,'similar',54,76,1,2,'2016-10-19 07:29:28',2,'2016-10-19 07:29:28'),(47,'similar',75,76,2,2,'2016-10-19 07:29:28',2,'2016-10-19 07:29:28'),(48,'accessory',54,74,1,2,'2017-05-18 06:29:24',2,'2017-05-18 06:29:24'),(60,'accessory',73,74,13,2,'2017-05-18 06:29:24',2,'2017-05-18 06:29:24'),(61,'accessory',77,74,19,2,'2017-05-18 06:29:43',2,'2017-05-18 06:29:24'),(65,'accessory',82,74,14,2,'2017-05-18 06:29:41',2,'2017-05-18 06:29:24'),(66,'accessory',83,74,18,2,'2017-05-18 06:29:43',2,'2017-05-18 06:29:24'),(67,'accessory',54,76,1,2,'2017-05-18 06:30:03',2,'2017-05-18 06:30:03'),(68,'accessory',62,76,2,2,'2017-05-18 06:30:03',2,'2017-05-18 06:30:03'),(69,'accessory',63,76,3,2,'2017-05-18 06:30:03',2,'2017-05-18 06:30:03'),(70,'accessory',64,76,4,2,'2017-05-18 06:30:03',2,'2017-05-18 06:30:03'),(71,'accessory',65,76,5,2,'2017-05-18 06:30:03',2,'2017-05-18 06:30:03'),(72,'accessory',66,76,6,2,'2017-05-18 06:30:03',2,'2017-05-18 06:30:03'),(73,'accessory',67,76,7,2,'2017-05-18 06:30:03',2,'2017-05-18 06:30:03'),(74,'accessory',68,76,8,2,'2017-05-18 06:30:03',2,'2017-05-18 06:30:03'),(75,'accessory',69,76,9,2,'2017-05-18 06:30:03',2,'2017-05-18 06:30:03'),(76,'accessory',70,76,10,2,'2017-05-18 06:30:03',2,'2017-05-18 06:30:03'),(77,'accessory',71,76,11,2,'2017-05-18 06:30:03',2,'2017-05-18 06:30:03'),(78,'accessory',72,76,12,2,'2017-05-18 06:30:03',2,'2017-05-18 06:30:03'),(79,'accessory',73,76,13,2,'2017-05-18 06:30:03',2,'2017-05-18 06:30:03'),(80,'accessory',77,76,19,2,'2017-05-18 06:30:21',2,'2017-05-18 06:30:03'),(84,'accessory',82,76,14,2,'2017-05-18 06:30:20',2,'2017-05-18 06:30:03'),(85,'accessory',83,76,18,2,'2017-05-18 06:30:21',2,'2017-05-18 06:30:03'),(87,'accessory',62,48,2,2,'2017-05-18 06:30:36',2,'2017-05-18 06:30:36'),(88,'accessory',63,48,3,2,'2017-05-18 06:30:36',2,'2017-05-18 06:30:36'),(89,'accessory',64,48,4,2,'2017-05-18 06:30:36',2,'2017-05-18 06:30:36'),(90,'accessory',65,48,5,2,'2017-05-18 06:30:36',2,'2017-05-18 06:30:36'),(91,'accessory',66,48,6,2,'2017-05-18 06:30:36',2,'2017-05-18 06:30:36'),(92,'accessory',67,48,7,2,'2017-05-18 06:30:36',2,'2017-05-18 06:30:36'),(93,'accessory',68,48,8,2,'2017-05-18 06:30:36',2,'2017-05-18 06:30:36'),(94,'accessory',69,48,9,2,'2017-05-18 06:30:36',2,'2017-05-18 06:30:36'),(95,'accessory',70,48,10,2,'2017-05-18 06:30:36',2,'2017-05-18 06:30:36'),(96,'accessory',71,48,11,2,'2017-05-18 06:30:36',2,'2017-05-18 06:30:36'),(97,'accessory',72,48,12,2,'2017-05-18 06:30:36',2,'2017-05-18 06:30:36'),(99,'accessory',77,48,20,2,'2017-05-18 06:51:35',2,'2017-05-18 06:30:36'),(103,'accessory',82,48,18,2,'2017-05-18 06:51:56',2,'2017-05-18 06:30:36'),(104,'accessory',83,48,19,2,'2017-05-18 06:51:51',2,'2017-05-18 06:30:36'),(107,'accessory',81,48,14,2,'2017-05-18 06:51:56',2,'2017-05-18 06:51:24'),(108,'accessory',54,55,1,2,'2017-05-18 06:52:08',2,'2017-05-18 06:52:08'),(121,'accessory',77,55,19,2,'2017-05-18 06:52:30',2,'2017-05-18 06:52:08'),(122,'accessory',79,55,14,2,'2017-05-18 06:52:25',2,'2017-05-18 06:52:08'),(125,'accessory',82,55,15,2,'2017-05-18 06:52:29',2,'2017-05-18 06:52:08'),(126,'accessory',83,55,18,2,'2017-05-18 06:52:30',2,'2017-05-18 06:52:08'),(127,'accessory',54,61,1,2,'2017-05-18 06:52:46',2,'2017-05-18 06:52:46'),(139,'accessory',73,61,13,2,'2017-05-18 06:52:46',2,'2017-05-18 06:52:46'),(140,'accessory',77,61,19,2,'2017-05-18 06:53:03',2,'2017-05-18 06:52:46'),(142,'accessory',80,61,14,2,'2017-05-18 06:53:00',2,'2017-05-18 06:52:46'),(144,'accessory',82,61,16,2,'2017-05-18 06:53:02',2,'2017-05-18 06:52:46'),(145,'accessory',83,61,18,2,'2017-05-18 06:53:03',2,'2017-05-18 06:52:46');

--
-- Table structure for table `ShopCrossSellingType`
--

CREATE TABLE `ShopCrossSellingType` (
  `ShopCrossSellingType_Code` varchar(40) NOT NULL,
  `ShopCrossSellingType_Name` varchar(255) NOT NULL,
  `ShopCrossSellingType_Show` enum('true','false') NOT NULL DEFAULT 'false',
  `ShopCrossSellingType_Order` int(11) NOT NULL,
  `Person_ID_Edit` int(10) unsigned DEFAULT NULL,
  `Table_Edit` timestamp NOT NULL DEFAULT CURRENT_TIMESTAMP ON UPDATE CURRENT_TIMESTAMP,
  `Person_ID_Create` int(10) unsigned DEFAULT NULL,
  `Table_Create` timestamp NOT NULL DEFAULT '0000-00-00 00:00:00',
  PRIMARY KEY (`ShopCrossSellingType_Code`),
  KEY `IDX_ShopCrossSellingType_Order` (`ShopCrossSellingType_Order`),
  KEY `IDX_Person_Person_ID_Edit` (`Person_ID_Edit`),
  KEY `IDX_Person_Person_ID_Create` (`Person_ID_Create`),
  CONSTRAINT `ShopCrossSellingType_ibfk_1` FOREIGN KEY (`Person_ID_Edit`) REFERENCES `Person` (`Person_ID`) ON DELETE NO ACTION ON UPDATE NO ACTION,
  CONSTRAINT `ShopCrossSellingType_ibfk_2` FOREIGN KEY (`Person_ID_Create`) REFERENCES `Person` (`Person_ID`) ON DELETE NO ACTION ON UPDATE NO ACTION
) ENGINE=InnoDB DEFAULT CHARSET=utf8;

--
-- Dumping data for table `ShopCrossSellingType`
--

INSERT INTO `ShopCrossSellingType` VALUES ('accessory','Zubehör','true',2,1,'2015-09-07 09:11:11',1,'2007-09-21 08:35:31'),('necessary','Erforderlich','false',3,1,'2012-03-12 08:28:52',1,'2012-03-12 08:28:52'),('similar','Ähnliche Produkte','true',1,1,'2007-09-21 08:35:52',1,'2007-09-21 08:35:51');

--
-- Table structure for table `ShopCustomer`
--

CREATE TABLE `ShopCustomer` (
  `ShopCustomer_ID` int(10) unsigned NOT NULL AUTO_INCREMENT,
  `ShopOrder_ID` int(10) unsigned NOT NULL,
  `Person_ID` int(10) unsigned NOT NULL,
  `Country_Code` char(2) NOT NULL,
  `Language_Code` char(3) NOT NULL,
  `Country_Code_Invoice` char(2) DEFAULT NULL,
  `ShopCustomer_Person_Sex` enum('male','female','unknown') NOT NULL DEFAULT 'unknown',
  `ShopCustomer_Person_Title` varchar(255) DEFAULT NULL,
  `ShopCustomer_Person_Firstname` varchar(255) DEFAULT NULL,
  `ShopCustomer_Person_Lastname` varchar(255) DEFAULT NULL,
  `ShopCustomer_AdditionalName` varchar(255) DEFAULT NULL,
  `ShopCustomer_Person_Email` varchar(255) NOT NULL,
  `ShopCustomer_CreditCardNumber` varchar(40) DEFAULT NULL,
  `ShopCustomer_CreditCardInstitute` varchar(255) DEFAULT NULL,
  `ShopCustomer_CreditCardOwner` varchar(128) DEFAULT NULL,
  `ShopCustomer_CreditCard3DSecure` enum('true','false') NOT NULL DEFAULT 'false',
  `ShopCustomer_DebitTransferAccount` varchar(64) DEFAULT NULL,
  `ShopCustomer_DebitTransferBIC` varchar(64) DEFAULT NULL,
  `ShopCustomer_DebitTransferOwner` varchar(255) DEFAULT NULL,
  `ShopCustomer_DebitTransferInstitute` varchar(255) DEFAULT NULL,
  `ShopCustomer_MPAYTransactionID` varchar(255) DEFAULT NULL,
  `ShopCustomer_PAYPALTransactionID` varchar(255) DEFAULT NULL,
  `ShopCustomer_Billpay_AccountHolder` varchar(255) DEFAULT NULL,
  `ShopCustomer_Billpay_AccountNumber` varchar(40) DEFAULT NULL,
  `ShopCustomer_Billpay_BankCode` varchar(16) DEFAULT NULL,
  `ShopCustomer_Billpay_BankName` varchar(255) DEFAULT NULL,
  `ShopCustomer_Billpay_InvoiceReference` varchar(255) DEFAULT NULL,
  `ShopCustomer_Billpay_InvoiceDueDate` date DEFAULT NULL,
  `ShopCustomer_Innerdienst` int(10) unsigned DEFAULT NULL,
  `ShopCustomer_Company` varchar(255) DEFAULT NULL,
  `ShopCustomer_IsCompany` enum('true','false') NOT NULL DEFAULT 'false',
  `ShopCustomer_Street` varchar(255) NOT NULL,
  `ShopCustomer_StreetNumber` varchar(40) NOT NULL,
  `ShopCustomer_ZIPCode` varchar(12) NOT NULL,
  `ShopCustomer_City` varchar(255) NOT NULL,
  `ShopCustomer_District` varchar(40) DEFAULT NULL,
  `ShopCustomer_DeliveryCompany` varchar(255) DEFAULT NULL,
  `ShopCustomer_DeliverySex` enum('male','female','unknown') NOT NULL DEFAULT 'unknown',
  `ShopCustomer_DeliveryTitle` varchar(100) DEFAULT NULL,
  `ShopCustomer_DeliveryFirstname` varchar(255) DEFAULT NULL,
  `ShopCustomer_DeliveryLastname` varchar(255) DEFAULT NULL,
  `ShopCustomer_DeliveryStreet` varchar(255) DEFAULT NULL,
  `ShopCustomer_DeliveryStreetNumber` varchar(40) DEFAULT NULL,
  `ShopCustomer_DeliveryZIPCode` varchar(12) DEFAULT NULL,
  `ShopCustomer_DeliveryCity` varchar(255) DEFAULT NULL,
  `ShopCustomer_DeliveryDistrict` varchar(255) DEFAULT NULL,
  `ShopCustomer_DeliveryWithInvoice` enum('true','false') NOT NULL DEFAULT 'true',
  `ShopCustomer_Phone` varchar(40) DEFAULT NULL,
  `ShopCustomer_UID` varchar(40) DEFAULT NULL,
  `ShopCustomer_AccountNumber` varchar(255) DEFAULT NULL,
  `ShopCustomer_AccountName` varchar(255) DEFAULT NULL,
  `ShopCustomer_AddressNumber` varchar(255) DEFAULT NULL,
  `ShopCustomer_Hash` varchar(255) DEFAULT NULL,
  `ShopCustomer_PaymentPeriod` int(10) unsigned DEFAULT NULL COMMENT 'Zahlungsziel (in Tagen)',
  `ShopCustomer_PaymentDiscountPeriod` int(10) unsigned DEFAULT NULL COMMENT 'Zeitraum für Skonto (in Tagen)',
  `ShopCustomer_PaymentDiscountValue` double DEFAULT NULL COMMENT 'Skonto (in %)',
  `Person_ID_Edit` int(10) unsigned DEFAULT NULL,
  `Table_Edit` timestamp NOT NULL DEFAULT CURRENT_TIMESTAMP ON UPDATE CURRENT_TIMESTAMP,
  `Person_ID_Create` int(10) unsigned DEFAULT NULL,
  `Table_Create` timestamp NOT NULL DEFAULT '0000-00-00 00:00:00',
  PRIMARY KEY (`ShopCustomer_ID`),
  KEY `IDX_ShopCustomer1` (`ShopOrder_ID`),
  KEY `IDX_ShopCustomer_2` (`Person_ID`),
  KEY `IDX_ShopCustomer_3` (`Country_Code`),
  KEY `IDX_ShopCustomer_4` (`Language_Code`),
  KEY `IDX_ShopCustomer_5` (`Country_Code_Invoice`),
  KEY `IDX_Person_Person_ID_Edit` (`Person_ID_Edit`),
  KEY `IDX_Person_Person_ID_Create` (`Person_ID_Create`),
  KEY `ShopCustomer_Innerdienst_1` (`ShopCustomer_Innerdienst`),
  CONSTRAINT `Country_ShopCustomer_3` FOREIGN KEY (`Country_Code`) REFERENCES `Country` (`Country_Code`) ON UPDATE CASCADE,
  CONSTRAINT `Country_ShopCustomer_5` FOREIGN KEY (`Country_Code_Invoice`) REFERENCES `Country` (`Country_Code`),
  CONSTRAINT `Language_ShopCustomer_4` FOREIGN KEY (`Language_Code`) REFERENCES `Language` (`Language_Code`),
  CONSTRAINT `Person_ShopCustomer_2` FOREIGN KEY (`Person_ID`) REFERENCES `Person` (`Person_ID`),
  CONSTRAINT `ShopCustomer_ibfk_1` FOREIGN KEY (`Person_ID_Edit`) REFERENCES `Person` (`Person_ID`) ON DELETE NO ACTION ON UPDATE NO ACTION,
  CONSTRAINT `ShopCustomer_ibfk_2` FOREIGN KEY (`Person_ID_Create`) REFERENCES `Person` (`Person_ID`) ON DELETE NO ACTION ON UPDATE NO ACTION,
  CONSTRAINT `ShopCustomer_Innerdienst_1` FOREIGN KEY (`ShopCustomer_Innerdienst`) REFERENCES `Person` (`Person_ID`),
  CONSTRAINT `ShopOrder_ShopCustomer_1` FOREIGN KEY (`ShopOrder_ID`) REFERENCES `ShopOrder` (`ShopOrder_ID`) ON DELETE CASCADE
) ENGINE=InnoDB AUTO_INCREMENT=2651 DEFAULT CHARSET=utf8;

--
-- Dumping data for table `ShopCustomer`
--

INSERT INTO `ShopCustomer` VALUES (260,1,160,'AT','de',NULL,'male',NULL,'Richard','Bachinger',NULL,'office@bachinger.org',NULL,NULL,NULL,'false',NULL,NULL,NULL,NULL,NULL,NULL,NULL,NULL,NULL,NULL,NULL,NULL,NULL,NULL,'false','HAUPTSTRASSE 56','','2201','GERASDORF',NULL,NULL,'unknown',NULL,NULL,NULL,NULL,NULL,NULL,NULL,NULL,'true',NULL,NULL,NULL,NULL,NULL,NULL,NULL,NULL,NULL,1,'2016-04-20 10:01:58',1,'2016-04-20 10:01:58'),(261,2,63,'AT','de','AT','male',NULL,'Tischler','Austriaglas',NULL,'tischler@austriaglas.at',NULL,NULL,NULL,'false',NULL,NULL,NULL,NULL,NULL,NULL,NULL,NULL,NULL,NULL,NULL,NULL,NULL,NULL,'false','Teststraße 1','','8311','Ottendorf',NULL,NULL,'unknown',NULL,NULL,NULL,NULL,NULL,NULL,NULL,NULL,'true',NULL,NULL,NULL,NULL,NULL,NULL,NULL,NULL,NULL,1,'2016-04-20 13:50:43',1,'2016-04-20 13:50:43'),(262,3,173,'AT','de',NULL,'male',NULL,'Günther','Renner',NULL,'tischlerei-renner@aon.at',NULL,NULL,NULL,'false',NULL,NULL,NULL,NULL,NULL,NULL,NULL,NULL,NULL,NULL,NULL,NULL,143,NULL,'false','UNTERE HAUPTSTR.95','','7122','GOLS',NULL,NULL,'unknown',NULL,'Thomas','Lager','Gerbergasse 2',NULL,'2000','Stockerau',NULL,'true',NULL,NULL,NULL,NULL,NULL,NULL,NULL,NULL,NULL,1,'0000-00-00 00:00:00',1,'0000-00-00 00:00:00'),(263,4,160,'AT','de',NULL,'male',NULL,'Richard','Bachinger',NULL,'office@bachinger.org',NULL,NULL,NULL,'false',NULL,NULL,NULL,NULL,NULL,NULL,NULL,NULL,NULL,NULL,NULL,NULL,NULL,NULL,'false','HAUPTSTRASSE 56','','2201','GERASDORF',NULL,NULL,'unknown',NULL,NULL,NULL,NULL,NULL,NULL,NULL,NULL,'true',NULL,NULL,NULL,NULL,NULL,NULL,NULL,NULL,NULL,1,'2016-04-22 05:06:26',1,'2016-04-22 05:06:26'),(264,5,360,'AT','de',NULL,'male',NULL,'WELLNESSBEREICHE SETZ GMBH',NULL,NULL,'office@wellnessbereiche.at',NULL,NULL,NULL,'false',NULL,NULL,NULL,NULL,NULL,NULL,NULL,NULL,NULL,NULL,NULL,NULL,NULL,NULL,'false','INDUSTRIEZONE 57','','6460','IMST',NULL,NULL,'unknown',NULL,NULL,NULL,NULL,NULL,NULL,NULL,NULL,'true',NULL,NULL,NULL,NULL,NULL,NULL,NULL,NULL,NULL,1,'2016-04-22 05:50:59',1,'2016-04-22 05:50:59'),(265,6,647,'AT','de','AT','male',NULL,'Paul','Wimmer',NULL,'wimmer.dach@sbg.at',NULL,NULL,NULL,'false',NULL,NULL,NULL,NULL,NULL,NULL,NULL,NULL,NULL,NULL,NULL,NULL,NULL,'Spenglerei & Glaserei Paul Wimmer GmbH','true','Rettenbachstraße 4','','5730','Mittersill',NULL,NULL,'unknown',NULL,NULL,NULL,NULL,NULL,NULL,NULL,NULL,'true','0656287870',NULL,NULL,NULL,NULL,'caf912c73daf59a00244cae6311b851c',NULL,NULL,NULL,1,'2016-04-25 13:11:52',1,'2016-04-25 13:11:52'),(266,7,321,'AT','de',NULL,'male',NULL,'TISCHLEREI MOSER',NULL,NULL,'info@tischlerei-moser.com',NULL,NULL,NULL,'false',NULL,NULL,NULL,NULL,NULL,NULL,NULL,NULL,NULL,NULL,NULL,NULL,NULL,NULL,'false','BARBIANER STR. 5','','39040','BARBIAN',NULL,NULL,'unknown',NULL,NULL,NULL,NULL,NULL,NULL,NULL,NULL,'true',NULL,NULL,NULL,NULL,NULL,NULL,NULL,NULL,NULL,1,'2016-04-26 05:36:54',1,'2016-04-26 05:36:54'),(267,8,107,'AT','de','AT','unknown',NULL,'Privat Verkauf','Jaf Stockerau',NULL,'schauraum_austriaglas.stockerau@frischeis.com',NULL,NULL,NULL,'false',NULL,NULL,NULL,NULL,NULL,NULL,NULL,NULL,NULL,NULL,NULL,NULL,NULL,NULL,'false','Gerbergasse 2','','2000','Stockerau',NULL,NULL,'unknown',NULL,NULL,NULL,NULL,NULL,NULL,NULL,NULL,'true',NULL,NULL,NULL,NULL,NULL,'c349e2e9a1d9e12bc2edbcb58222aa4c',NULL,NULL,NULL,1,'2016-04-26 12:02:27',1,'2016-04-26 12:02:27'),(268,9,187,'AT','de',NULL,'male',NULL,'KUEN ALOIS GMBH. & CO KG',NULL,NULL,'alice.lechner@tischlerei-kuen.at',NULL,NULL,NULL,'false',NULL,NULL,NULL,NULL,NULL,NULL,NULL,NULL,NULL,NULL,NULL,NULL,NULL,NULL,'false','MATH.SCHMIDSTR.1','','6020','INNSBRUCK',NULL,NULL,'unknown',NULL,NULL,NULL,NULL,NULL,NULL,NULL,NULL,'true',NULL,NULL,NULL,NULL,NULL,NULL,NULL,NULL,NULL,1,'2016-04-26 12:59:30',1,'2016-04-26 12:59:30'),(269,10,486,'AT','de',NULL,'male',NULL,'ERHARTER SEPP',NULL,NULL,'maria-sepp.erharter@aon.at',NULL,NULL,NULL,'false',NULL,NULL,NULL,NULL,NULL,NULL,NULL,NULL,NULL,NULL,NULL,NULL,NULL,NULL,'false','PENNINGBERGSTRASSE 49 A','','6361','HOPFGARTEN',NULL,NULL,'unknown',NULL,NULL,NULL,NULL,NULL,NULL,NULL,NULL,'true',NULL,NULL,NULL,NULL,NULL,NULL,NULL,NULL,NULL,1,'2016-04-27 07:47:59',1,'2016-04-27 07:47:59'),(270,11,648,'AT','de','AT','male',NULL,'R-Um','Tischlerei Und Event Gmbh',NULL,'office@r-um.at',NULL,NULL,NULL,'false',NULL,NULL,NULL,NULL,NULL,NULL,NULL,NULL,NULL,NULL,NULL,NULL,114,'Tischlerei Und Event Gmbh','true','Hainfelder Strasse 49','','2564','Fahrafeld',NULL,NULL,'unknown',NULL,'Administrator','Jaf Stockerau','Gerbergasse 2',NULL,'2000','Stockerau',NULL,'true',NULL,NULL,NULL,NULL,NULL,'2d4f7e4c3111127aa235bd026edf966d',NULL,NULL,NULL,1,'0000-00-00 00:00:00',1,'0000-00-00 00:00:00'),(271,12,650,'AT','de','AT','male',NULL,'Johannes','Schnalzer',NULL,'schnalzer@tischlermeisterbetrieb.at',NULL,NULL,NULL,'false',NULL,NULL,NULL,NULL,NULL,NULL,NULL,NULL,NULL,NULL,NULL,NULL,34,'Tischlermeisterbetrieb ','true','Kapellenstraße 42','','7474','Deutsch-Schützen',NULL,NULL,'unknown',NULL,'Daniel','Wack','Herrgottwiesgasse 170',NULL,'8055','Graz',NULL,'true','033652628',NULL,NULL,NULL,NULL,NULL,NULL,NULL,NULL,1,'0000-00-00 00:00:00',1,'0000-00-00 00:00:00'),(272,13,63,'AT','de','AT','male',NULL,'Tischler','Austriaglas',NULL,'tischler@austriaglas.at',NULL,NULL,NULL,'false',NULL,NULL,NULL,NULL,NULL,NULL,NULL,NULL,NULL,NULL,NULL,NULL,NULL,NULL,'false','Teststraße 1','','8311','Ottendorf',NULL,NULL,'unknown',NULL,NULL,NULL,NULL,NULL,NULL,NULL,NULL,'true',NULL,NULL,NULL,NULL,NULL,NULL,NULL,NULL,NULL,1,'2016-04-28 14:02:34',1,'2016-04-28 14:02:34'),(273,14,107,'AT','de','AT','unknown',NULL,'Privat Verkauf','Jaf Stockerau',NULL,'schauraum_austriaglas.stockerau@frischeis.com',NULL,NULL,NULL,'false',NULL,NULL,NULL,NULL,NULL,NULL,NULL,NULL,NULL,NULL,NULL,NULL,NULL,NULL,'false','Gerbergasse 2','','2000','Stockerau',NULL,NULL,'unknown',NULL,NULL,NULL,NULL,NULL,NULL,NULL,NULL,'true',NULL,NULL,NULL,NULL,NULL,'c349e2e9a1d9e12bc2edbcb58222aa4c',NULL,NULL,NULL,1,'2016-04-29 10:44:48',1,'2016-04-29 10:44:48'),(274,15,57,'AT','de','AT','male',NULL,'Karl','Knechtl',NULL,'karl.knechtl@aon.at',NULL,NULL,NULL,'false',NULL,NULL,NULL,NULL,NULL,NULL,NULL,NULL,NULL,NULL,NULL,NULL,NULL,NULL,'false','Dornegg 11','','8302','Nestelbach b. Graz',NULL,NULL,'unknown',NULL,NULL,NULL,NULL,NULL,NULL,NULL,NULL,'true',NULL,NULL,NULL,NULL,NULL,'e4460123e4578bf9dc4fccf6042ca7d8',NULL,NULL,NULL,1,'2016-05-01 17:57:48',1,'2016-05-01 17:57:48'),(275,16,107,'AT','de','AT','unknown',NULL,'Privat Verkauf','Jaf Stockerau',NULL,'schauraum_austriaglas.stockerau@frischeis.com',NULL,NULL,NULL,'false',NULL,NULL,NULL,NULL,NULL,NULL,NULL,NULL,NULL,NULL,NULL,NULL,NULL,NULL,'false','Gerbergasse 2','','2000','Stockerau',NULL,NULL,'unknown',NULL,NULL,NULL,NULL,NULL,NULL,NULL,NULL,'true',NULL,NULL,NULL,NULL,NULL,'c349e2e9a1d9e12bc2edbcb58222aa4c',NULL,NULL,NULL,1,'2016-05-02 07:05:48',1,'2016-05-02 07:05:48'),(276,17,27,'AT','de','AT','male',NULL,'Tischler','Datenkraft',NULL,'check.glascard.testtischler@datenkraft.com',NULL,NULL,NULL,'false',NULL,NULL,NULL,NULL,NULL,NULL,NULL,NULL,NULL,NULL,NULL,NULL,NULL,NULL,'false','Tischlerstraße 1','','8042','GrazT',NULL,NULL,'unknown',NULL,NULL,NULL,NULL,NULL,NULL,'office@datenkraft.com',NULL,'true',NULL,NULL,NULL,NULL,NULL,'f0ec0f68e6bfcfa600209c8c6ea187de',NULL,NULL,NULL,1,'2016-05-02 09:37:52',1,'2016-05-02 09:37:52'),(277,18,360,'AT','de',NULL,'male',NULL,'WELLNESSBEREICHE SETZ GMBH',NULL,NULL,'office@wellnessbereiche.at',NULL,NULL,NULL,'false',NULL,NULL,NULL,NULL,NULL,NULL,NULL,NULL,NULL,NULL,NULL,NULL,179,NULL,'false','INDUSTRIEZONE 57','','6460','IMST',NULL,NULL,'unknown',NULL,'Benjamin','Stabentheiner','Amerling 119',NULL,'6233','Kramsach',NULL,'true',NULL,NULL,NULL,NULL,NULL,NULL,NULL,NULL,NULL,1,'0000-00-00 00:00:00',1,'0000-00-00 00:00:00'),(278,19,722,'AT','de','AT','male',NULL,'Rudi','Glauninger',NULL,'intarsia@lebenshilfe-radkersburg.at',NULL,NULL,NULL,'false',NULL,NULL,NULL,NULL,NULL,NULL,NULL,NULL,NULL,NULL,NULL,NULL,33,'Lebenshilfe Radkersburg - Tischlerei Intarsia','true','Hans-Klöpferstraße 4','','8480','Mureck',NULL,NULL,'unknown',NULL,'Claudia','Schreiber','Herrgottwiesgasse 170',NULL,'8055','Graz',NULL,'true','034722116414',NULL,NULL,NULL,NULL,NULL,NULL,NULL,NULL,1,'0000-00-00 00:00:00',1,'0000-00-00 00:00:00'),(279,20,649,'AT','de','AT','male',NULL,'Clemens','Furtner',NULL,'tischlerei.furtner@aon.at',NULL,NULL,NULL,'false',NULL,NULL,NULL,NULL,NULL,NULL,NULL,NULL,NULL,NULL,NULL,NULL,NULL,'Tischlerei Clemens Furtner','true','Schwadorf 18','','3100','St. Pölten',NULL,NULL,'unknown',NULL,NULL,NULL,NULL,NULL,NULL,NULL,NULL,'true','0274288646',NULL,NULL,NULL,NULL,NULL,NULL,NULL,NULL,1,'2016-05-03 09:02:13',1,'2016-05-03 09:02:13'),(280,21,723,'AT','de','AT','male',NULL,'Hannes','Schiller',NULL,'info@tischlereischiller.com',NULL,NULL,NULL,'false',NULL,NULL,NULL,NULL,NULL,NULL,NULL,NULL,NULL,NULL,NULL,NULL,721,'Tischlerei Schiller','true','Eidenham 26','','5163','Palting',NULL,NULL,'unknown',NULL,'Patrick','Scheicher','Handelszentrum 12',NULL,'5101','Salzburg',NULL,'true','06764231226',NULL,NULL,NULL,NULL,NULL,NULL,NULL,NULL,1,'0000-00-00 00:00:00',1,'0000-00-00 00:00:00'),(281,22,649,'AT','de','AT','male',NULL,'Clemens','Furtner',NULL,'tischlerei.furtner@aon.at',NULL,NULL,NULL,'false',NULL,NULL,NULL,NULL,NULL,NULL,NULL,NULL,NULL,NULL,NULL,NULL,NULL,'Tischlerei Clemens Furtner','true','Schwadorf 18','','3100','St. Pölten',NULL,NULL,'unknown',NULL,NULL,NULL,NULL,NULL,NULL,NULL,NULL,'true','0274288646',NULL,NULL,NULL,NULL,NULL,NULL,NULL,NULL,1,'2016-05-03 09:11:40',1,'2016-05-03 09:11:40'),(282,23,49,'AT','de','AT','male',NULL,'Mario','Winter',NULL,'m.winter@edelseer-tischlerei.at',NULL,NULL,NULL,'false',NULL,NULL,NULL,NULL,NULL,NULL,NULL,NULL,NULL,NULL,NULL,NULL,NULL,NULL,'false','Gschaid 157','','8190','Birkfeld',NULL,NULL,'unknown',NULL,NULL,NULL,NULL,NULL,NULL,NULL,NULL,'true',NULL,NULL,NULL,NULL,NULL,'f36827e01d78129866b59e82dd3084c1',NULL,NULL,NULL,1,'2016-05-04 09:32:44',1,'2016-05-04 09:32:44'),(283,24,63,'AT','de','AT','male',NULL,'Tischler','Austriaglas',NULL,'tischler@austriaglas.at',NULL,NULL,NULL,'false',NULL,NULL,NULL,NULL,NULL,NULL,NULL,NULL,NULL,NULL,NULL,NULL,NULL,NULL,'false','Teststraße 1','','8311','Ottendorf',NULL,NULL,'unknown',NULL,NULL,NULL,NULL,NULL,NULL,NULL,NULL,'true',NULL,NULL,NULL,NULL,NULL,NULL,NULL,NULL,NULL,1,'2016-05-04 11:54:56',1,'2016-05-04 11:54:56'),(284,25,719,'AT','de','AT','male',NULL,'Rudolf','Rückert',NULL,'pfeiffer.rueckert@aon.at',NULL,NULL,NULL,'false',NULL,NULL,NULL,NULL,NULL,NULL,NULL,NULL,NULL,NULL,NULL,NULL,NULL,'Pfeiffer u. Rückert Tischlerei KG','true','Oberwinden 8','','3130','Herzogenburg',NULL,NULL,'unknown',NULL,NULL,NULL,NULL,NULL,NULL,NULL,NULL,'true','06641107248',NULL,NULL,NULL,NULL,NULL,NULL,NULL,NULL,1,'2016-05-04 12:03:18',1,'2016-05-04 12:03:18'),(285,26,719,'AT','de','AT','male',NULL,'Rudolf','Rückert',NULL,'pfeiffer.rueckert@aon.at',NULL,NULL,NULL,'false',NULL,NULL,NULL,NULL,NULL,NULL,NULL,NULL,NULL,NULL,NULL,NULL,NULL,'Pfeiffer u. Rückert Tischlerei KG','true','Oberwinden 8','','3130','Herzogenburg',NULL,NULL,'unknown',NULL,NULL,NULL,NULL,NULL,NULL,NULL,NULL,'true','06641107248',NULL,NULL,NULL,NULL,NULL,NULL,NULL,NULL,1,'2016-05-04 12:17:46',1,'2016-05-04 12:17:46'),(286,27,724,'AT','de','AT','male',NULL,'Michael','Weihs',NULL,'werkstatt@tischlerei-breyer.at',NULL,NULL,NULL,'false',NULL,NULL,NULL,NULL,NULL,NULL,NULL,NULL,NULL,NULL,NULL,NULL,NULL,'Breyer GmbH','true','Atzersdorfer Straße 10','','2100','Leobensdorf',NULL,NULL,'unknown',NULL,NULL,NULL,NULL,NULL,NULL,NULL,NULL,'true',NULL,NULL,NULL,NULL,NULL,NULL,NULL,NULL,NULL,1,'2016-05-06 06:16:13',1,'2016-05-06 06:16:13'),(287,28,730,'AT','de','AT','male',NULL,'Karl','Pansi',NULL,'tischlerei.pansi@aon.at',NULL,NULL,NULL,'false',NULL,NULL,NULL,NULL,NULL,NULL,NULL,NULL,NULL,NULL,NULL,NULL,33,'Karl Pansi KG','true','Sulb 60','','8543','St. Martin i.S.',NULL,NULL,'unknown',NULL,'Claudia','Schreiber','Herrgottwiesgasse 170',NULL,'8055','Graz',NULL,'true','06641813610',NULL,NULL,NULL,NULL,NULL,NULL,NULL,NULL,1,'0000-00-00 00:00:00',1,'0000-00-00 00:00:00'),(288,29,729,'AT','de','AT','male',NULL,'Martin','Zelger',NULL,'martin.zelger@aon.at',NULL,NULL,NULL,'false',NULL,NULL,NULL,NULL,NULL,NULL,NULL,NULL,NULL,NULL,NULL,NULL,NULL,'Zelger Martin - Bildhauer u. Künstler','true','Reiterdörfl 1B','','6384','Waidring',NULL,NULL,'unknown',NULL,NULL,NULL,NULL,NULL,NULL,NULL,NULL,'true','06643819039',NULL,NULL,NULL,NULL,NULL,NULL,NULL,NULL,1,'2016-05-09 09:34:42',1,'2016-05-09 09:34:42'),(289,30,108,'AT','de','AT','unknown',NULL,'Privat Verkauf','Jaf Salzburg',NULL,'schauraum_austriaglas.salzburg@frischeis.com',NULL,NULL,NULL,'false',NULL,NULL,NULL,NULL,NULL,NULL,NULL,NULL,NULL,NULL,NULL,NULL,NULL,NULL,'false','Handelszentrum 12','','5101','Salzburg',NULL,NULL,'unknown',NULL,NULL,NULL,NULL,NULL,NULL,NULL,NULL,'true',NULL,NULL,NULL,NULL,NULL,NULL,NULL,NULL,NULL,1,'2016-05-10 07:40:24',1,'2016-05-10 07:40:24'),(290,31,104,'AT','de','AT','female',NULL,'Verena','Kröpfl',NULL,'kroepfl@faustmann-moebel.at',NULL,NULL,NULL,'false',NULL,NULL,NULL,NULL,NULL,NULL,NULL,NULL,NULL,NULL,NULL,NULL,NULL,'Faustmann Möbelmanufaktur GmbH','true','Rotleitenstraße 2','','8295','St. Johann i. d. Haide',NULL,NULL,'male',NULL,NULL,NULL,NULL,NULL,NULL,NULL,NULL,'true','033384515807',NULL,NULL,NULL,NULL,'07b750366764026dd5118f7cf3eb9dc1',NULL,NULL,NULL,1,'2016-05-10 13:02:39',1,'2016-05-10 13:02:39'),(291,32,731,'AT','de','AT','male',NULL,'Franz','Hofer',NULL,'office@hofer-tueren.at',NULL,NULL,NULL,'false',NULL,NULL,NULL,NULL,NULL,NULL,NULL,NULL,NULL,NULL,NULL,NULL,NULL,'Tischlerei Hofer Franz','true','Holzbauweg 5','','8522','Groß St. Florian',NULL,NULL,'unknown',NULL,NULL,NULL,NULL,NULL,NULL,NULL,NULL,'true','034644080',NULL,NULL,NULL,NULL,NULL,NULL,NULL,NULL,1,'2016-05-11 07:48:47',1,'2016-05-11 07:48:47'),(292,33,731,'AT','de','AT','male',NULL,'Franz','Hofer',NULL,'office@hofer-tueren.at',NULL,NULL,NULL,'false',NULL,NULL,NULL,NULL,NULL,NULL,NULL,NULL,NULL,NULL,NULL,NULL,33,'Tischlerei Hofer Franz','true','Holzbauweg 5','','8522','Groß St. Florian',NULL,NULL,'unknown',NULL,'Claudia','Schreiber','Herrgottwiesgasse 170',NULL,'8055','Graz',NULL,'true','034644080',NULL,NULL,NULL,NULL,NULL,NULL,NULL,NULL,1,'0000-00-00 00:00:00',1,'0000-00-00 00:00:00'),(293,34,108,'AT','de','AT','unknown',NULL,'Privat Verkauf','Jaf Salzburg',NULL,'schauraum_austriaglas.salzburg@frischeis.com',NULL,NULL,NULL,'false',NULL,NULL,NULL,NULL,NULL,NULL,NULL,NULL,NULL,NULL,NULL,NULL,NULL,NULL,'false','Handelszentrum 12','','5101','Salzburg',NULL,NULL,'unknown',NULL,NULL,NULL,NULL,NULL,NULL,NULL,NULL,'true',NULL,NULL,NULL,NULL,NULL,NULL,NULL,NULL,NULL,1,'2016-05-11 12:35:04',1,'2016-05-11 12:35:04'),(294,35,727,'AT','de','AT','male',NULL,'Johann','Putz',NULL,'office@moebel-putz.at',NULL,NULL,NULL,'false',NULL,NULL,NULL,NULL,NULL,NULL,NULL,NULL,NULL,NULL,NULL,NULL,NULL,'Tischlerei Putz Johann','true','Vorau 359','','8250','Vorau',NULL,NULL,'unknown',NULL,NULL,NULL,NULL,NULL,NULL,NULL,NULL,'true','033372717',NULL,NULL,NULL,NULL,'899eb07f8ffd95ff359c0a786d0190ce',NULL,NULL,NULL,1,'2016-05-12 06:19:22',1,'2016-05-12 06:19:22'),(295,36,724,'AT','de','AT','male',NULL,'Michael','Weihs',NULL,'werkstatt@tischlerei-breyer.at',NULL,NULL,NULL,'false',NULL,NULL,NULL,NULL,NULL,NULL,NULL,NULL,NULL,NULL,NULL,NULL,143,'Breyer GmbH','true','Atzersdorfer Straße 10','','2100','Leobensdorf',NULL,NULL,'unknown',NULL,'Thomas','Lager','Gerbergasse 2',NULL,'2000','Stockerau',NULL,'true',NULL,NULL,NULL,NULL,NULL,NULL,NULL,NULL,NULL,1,'0000-00-00 00:00:00',1,'0000-00-00 00:00:00'),(296,37,734,'AT','de','AT','male',NULL,'Alexander','Zöhrer',NULL,'alexanderzoehrer@gmx.net',NULL,NULL,NULL,'false',NULL,NULL,NULL,NULL,NULL,NULL,NULL,NULL,NULL,NULL,NULL,NULL,NULL,'Zöhrer Türen, Böden, Möbel, Stiegen','true','Hauptstraße 174','','8141','Unterpremstätten',NULL,NULL,'unknown',NULL,NULL,NULL,NULL,NULL,NULL,NULL,NULL,'true','06642604183',NULL,NULL,NULL,NULL,NULL,NULL,NULL,NULL,1,'2016-05-13 06:36:25',1,'2016-05-13 06:36:25'),(297,38,360,'AT','de',NULL,'male',NULL,'WELLNESSBEREICHE SETZ GMBH',NULL,NULL,'office@wellnessbereiche.at',NULL,NULL,NULL,'false',NULL,NULL,NULL,NULL,NULL,NULL,NULL,NULL,NULL,NULL,NULL,NULL,179,NULL,'false','INDUSTRIEZONE 57','','6460','IMST',NULL,NULL,'unknown',NULL,'Benjamin','Stabentheiner','Amerling 119',NULL,'6233','Kramsach',NULL,'true',NULL,NULL,NULL,NULL,NULL,NULL,NULL,NULL,NULL,1,'0000-00-00 00:00:00',1,'0000-00-00 00:00:00'),(298,39,649,'AT','de','AT','male',NULL,'Clemens','Furtner',NULL,'tischlerei.furtner@aon.at',NULL,NULL,NULL,'false',NULL,NULL,NULL,NULL,NULL,NULL,NULL,NULL,NULL,NULL,NULL,NULL,NULL,'Tischlerei Clemens Furtner','true','Schwadorf 18','','3100','St. Pölten',NULL,NULL,'unknown',NULL,NULL,NULL,NULL,NULL,NULL,NULL,NULL,'true','0274288646',NULL,NULL,NULL,NULL,NULL,NULL,NULL,NULL,1,'2016-05-13 08:21:27',1,'2016-05-13 08:21:27'),(299,40,733,'AT','de','AT','male',NULL,'Markus','Haas',NULL,'',NULL,NULL,NULL,'false',NULL,NULL,NULL,NULL,NULL,NULL,NULL,NULL,NULL,NULL,NULL,NULL,NULL,'Haas & Haselgruber OG','true','Steinbruchgasse 15','','2540','Bad Vöslau',NULL,NULL,'unknown',NULL,NULL,NULL,NULL,NULL,NULL,NULL,NULL,'true','02252263900',NULL,NULL,NULL,NULL,'28bd84fb8b959caddda3556791199fd1',NULL,NULL,NULL,1,'2016-05-13 08:28:34',1,'2016-05-13 08:28:34'),(300,41,735,'AT','de','AT','male',NULL,'Anton','Gruber',NULL,'office@tischlerei-gruber.net',NULL,NULL,NULL,'false',NULL,NULL,NULL,NULL,NULL,NULL,NULL,NULL,NULL,NULL,NULL,NULL,143,'Tischlerei Gruber Anton','true','Platz 71','','2803','Schwarzenbach',NULL,NULL,'unknown',NULL,'Thomas','Lager','Gerbergasse 2',NULL,'2000','Stockerau',NULL,'true','06767286772',NULL,NULL,NULL,NULL,NULL,NULL,NULL,NULL,1,'0000-00-00 00:00:00',1,'0000-00-00 00:00:00'),(301,42,381,'AT','de',NULL,'male',NULL,'LUTTINGER GMBH',NULL,NULL,'tischlerei@luttinger.eu',NULL,NULL,NULL,'false',NULL,NULL,NULL,NULL,NULL,NULL,NULL,NULL,NULL,NULL,NULL,NULL,NULL,NULL,'false','SCHMITTE 11','','6633','BIBERWIER',NULL,NULL,'unknown',NULL,NULL,NULL,NULL,NULL,NULL,NULL,NULL,'true',NULL,NULL,NULL,NULL,NULL,NULL,NULL,NULL,NULL,1,'2016-05-17 06:17:07',1,'2016-05-17 06:17:07'),(302,43,733,'AT','de','AT','male',NULL,'Markus','Haas',NULL,'',NULL,NULL,NULL,'false',NULL,NULL,NULL,NULL,NULL,NULL,NULL,NULL,NULL,NULL,NULL,NULL,NULL,'Haas & Haselgruber OG','true','Steinbruchgasse 15','','2540','Bad Vöslau',NULL,NULL,'unknown',NULL,NULL,NULL,NULL,NULL,NULL,NULL,NULL,'true','02252263900',NULL,NULL,NULL,NULL,'28bd84fb8b959caddda3556791199fd1',NULL,NULL,NULL,1,'2016-05-17 06:19:50',1,'2016-05-17 06:19:50'),(303,44,354,'AT','de',NULL,'male',NULL,'NORDHOLZ GMBH SRL',NULL,NULL,'info@nordholz.it',NULL,NULL,NULL,'false',NULL,NULL,NULL,NULL,NULL,NULL,NULL,NULL,NULL,NULL,NULL,NULL,NULL,NULL,'false','HAUPTSTRASSE 5','','39035','WELSBERG',NULL,NULL,'unknown',NULL,NULL,NULL,NULL,NULL,NULL,NULL,NULL,'true',NULL,NULL,NULL,NULL,NULL,NULL,NULL,NULL,NULL,1,'2016-05-17 08:48:32',1,'2016-05-17 08:48:32'),(304,45,737,'AT','de','AT','male',NULL,'Christian','Streller',NULL,'c.streller@wohnstudio-weinviertel.at',NULL,NULL,NULL,'false',NULL,NULL,NULL,NULL,NULL,NULL,NULL,NULL,NULL,NULL,NULL,NULL,NULL,'Streller Christian GmbH','true','Gartenstraße 12','','3702','Niederrußbach',NULL,NULL,'unknown',NULL,NULL,NULL,NULL,NULL,NULL,NULL,NULL,'true',NULL,NULL,NULL,NULL,NULL,NULL,NULL,NULL,NULL,1,'2016-05-17 12:27:31',1,'2016-05-17 12:27:31'),(305,46,738,'AT','de','AT','male',NULL,'Markus','Mariacher',NULL,'office@tischler-mariacher.at',NULL,NULL,NULL,'false',NULL,NULL,NULL,NULL,NULL,NULL,NULL,NULL,NULL,NULL,NULL,NULL,177,'Tischlerei Mariacher','true','Schanz 4','','6632','Ehrwald',NULL,NULL,'unknown',NULL,'Josef','Hauser','Amerling 119',NULL,'6233','Kramsach',NULL,'true','06767279718',NULL,NULL,NULL,NULL,NULL,NULL,NULL,NULL,1,'0000-00-00 00:00:00',1,'0000-00-00 00:00:00'),(306,47,478,'AT','de',NULL,'male',NULL,'ACHRAINER NIKOLAUS',NULL,NULL,'tischlerei.achrainer@gmail.com',NULL,NULL,NULL,'false',NULL,NULL,NULL,NULL,NULL,NULL,NULL,NULL,NULL,NULL,NULL,NULL,NULL,NULL,'false','FEICHTEN 1','','6363','WESTENDORF',NULL,NULL,'unknown',NULL,NULL,NULL,NULL,NULL,NULL,NULL,NULL,'true',NULL,NULL,NULL,NULL,NULL,NULL,NULL,NULL,NULL,1,'2016-05-18 05:50:36',1,'2016-05-18 05:50:36'),(307,48,63,'AT','de','AT','male',NULL,'Tischler','Austriaglas',NULL,'austriaglas.villach@frischeis.com',NULL,NULL,NULL,'false',NULL,NULL,NULL,NULL,NULL,NULL,NULL,NULL,NULL,NULL,NULL,NULL,NULL,NULL,'false','Industriegasse 4','','8311','Markt Hartmannsdorf',NULL,NULL,'unknown',NULL,NULL,NULL,NULL,NULL,NULL,NULL,NULL,'true',NULL,NULL,NULL,NULL,NULL,'0b931a49b3cb9a7259d8b0e44170210a',NULL,NULL,NULL,1,'2016-05-18 09:36:03',1,'2016-05-18 09:36:03'),(308,49,104,'AT','de','AT','female',NULL,'Verena','Kröpfl',NULL,'kroepfl@faustmann-moebel.at',NULL,NULL,NULL,'false',NULL,NULL,NULL,NULL,NULL,NULL,NULL,NULL,NULL,NULL,NULL,NULL,NULL,'Faustmann Möbelmanufaktur GmbH','true','Rotleitenstraße 2','','8295','St. Johann i. d. Haide',NULL,NULL,'male',NULL,NULL,NULL,NULL,NULL,NULL,NULL,NULL,'true','033384515807',NULL,NULL,NULL,NULL,'07b750366764026dd5118f7cf3eb9dc1',NULL,NULL,NULL,1,'2016-05-18 09:50:11',1,'2016-05-18 09:50:11'),(309,50,106,'AT','de','AT','unknown',NULL,'Privat Verkauf','Jaf Graz',NULL,'schauraum_austriaglas.graz@zengerer.at',NULL,NULL,NULL,'false',NULL,NULL,NULL,NULL,NULL,NULL,NULL,NULL,NULL,NULL,NULL,NULL,NULL,NULL,'false','Herrgottwiesgasse 170','','8055','Graz',NULL,NULL,'unknown',NULL,NULL,NULL,NULL,NULL,NULL,NULL,NULL,'true',NULL,NULL,NULL,NULL,NULL,NULL,NULL,NULL,NULL,1,'2016-05-18 11:41:08',1,'2016-05-18 11:41:08'),(310,51,106,'AT','de','AT','unknown',NULL,'Privat Verkauf','Jaf Graz',NULL,'schauraum_austriaglas.graz@zengerer.at',NULL,NULL,NULL,'false',NULL,NULL,NULL,NULL,NULL,NULL,NULL,NULL,NULL,NULL,NULL,NULL,37,NULL,'false','Herrgottwiesgasse 170','','8055','Graz',NULL,NULL,'unknown',NULL,'Martin','Labler','Herrgottwiesgasse 170',NULL,'8055','Graz',NULL,'true',NULL,NULL,NULL,NULL,NULL,NULL,NULL,NULL,NULL,1,'0000-00-00 00:00:00',1,'0000-00-00 00:00:00'),(311,52,733,'AT','de','AT','male',NULL,'Markus','Haas',NULL,'',NULL,NULL,NULL,'false',NULL,NULL,NULL,NULL,NULL,NULL,NULL,NULL,NULL,NULL,NULL,NULL,NULL,'Haas & Haselgruber OG','true','Steinbruchgasse 15','','2540','Bad Vöslau',NULL,NULL,'unknown',NULL,NULL,NULL,NULL,NULL,NULL,NULL,NULL,'true','02252263900',NULL,NULL,NULL,NULL,'28bd84fb8b959caddda3556791199fd1',NULL,NULL,NULL,1,'2016-05-18 16:34:33',1,'2016-05-18 16:34:33'),(312,53,106,'AT','de','AT','unknown',NULL,'Privat Verkauf','Jaf Graz',NULL,'schauraum_austriaglas.graz@zengerer.at',NULL,NULL,NULL,'false',NULL,NULL,NULL,NULL,NULL,NULL,NULL,NULL,NULL,NULL,NULL,NULL,NULL,NULL,'false','Herrgottwiesgasse 170','','8055','Graz',NULL,NULL,'unknown',NULL,NULL,NULL,NULL,NULL,NULL,NULL,NULL,'true',NULL,NULL,NULL,NULL,NULL,NULL,NULL,NULL,NULL,1,'2016-05-19 06:29:28',1,'2016-05-19 06:29:28'),(313,54,755,'AT','de','AT','male',NULL,'Thomas','Bilgeri',NULL,'thomas@ap-bilgeri.com',NULL,NULL,NULL,'false',NULL,NULL,NULL,NULL,NULL,NULL,NULL,NULL,NULL,NULL,NULL,NULL,178,'Bau- und Möbeltischlerei Thomas Bilgeri','true','Kienzen 5','','6675','Tannheim',NULL,NULL,'unknown',NULL,'Heinz','Ilmer','Amerling 119',NULL,'6233','Kramsach',NULL,'true','056756283',NULL,NULL,NULL,NULL,NULL,NULL,NULL,NULL,1,'0000-00-00 00:00:00',1,'0000-00-00 00:00:00'),(314,55,756,'AT','de','AT','male',NULL,'Franz','Wagesreither',NULL,'office@tischlerei-wagesreither.at',NULL,NULL,NULL,'false',NULL,NULL,NULL,NULL,NULL,NULL,NULL,NULL,NULL,NULL,NULL,NULL,143,'Bau- und Möbeltischlerei Wagesreither Franz','true','Rohrenreith 50','','3910','Rohrenreith ',NULL,NULL,'unknown',NULL,'Thomas','Lager','Gerbergasse 2',NULL,'2000','Stockerau',NULL,'true',NULL,NULL,NULL,NULL,NULL,NULL,NULL,NULL,NULL,1,'0000-00-00 00:00:00',1,'0000-00-00 00:00:00'),(315,56,757,'NU','de','AT','male',NULL,'Messner','Alfred',NULL,'info@schreinereimessner.de',NULL,NULL,NULL,'false',NULL,NULL,NULL,NULL,NULL,NULL,NULL,NULL,NULL,NULL,NULL,NULL,655,'Schreinerei Messner Alfred','true','Toerringstraße 5','','D-83413','Fridolfing',NULL,NULL,'unknown',NULL,'Walter','Bauernhansl','Handelszentrum 12',NULL,'5101','Bergheim',NULL,'true',NULL,NULL,NULL,NULL,NULL,'2c5735a2b405d531fedf44fb6d01ad36',NULL,NULL,NULL,1,'0000-00-00 00:00:00',1,'0000-00-00 00:00:00'),(316,57,104,'AT','de','AT','female',NULL,'Verena','Kröpfl',NULL,'kroepfl@faustmann-moebel.at',NULL,NULL,NULL,'false',NULL,NULL,NULL,NULL,NULL,NULL,NULL,NULL,NULL,NULL,NULL,NULL,NULL,'Faustmann Möbelmanufaktur GmbH','true','Rotleitenstraße 2','','8295','St. Johann i. d. Haide',NULL,NULL,'male',NULL,NULL,NULL,NULL,NULL,NULL,NULL,NULL,'true','033384515807',NULL,NULL,NULL,NULL,'07b750366764026dd5118f7cf3eb9dc1',NULL,NULL,NULL,1,'2016-05-20 09:58:53',1,'2016-05-20 09:58:53'),(317,58,757,'NU','de','AT','male',NULL,'Messner','Alfred',NULL,'info@schreinereimessner.de',NULL,NULL,NULL,'false',NULL,NULL,NULL,NULL,NULL,NULL,NULL,NULL,NULL,NULL,NULL,NULL,NULL,'Schreinerei Messner Alfred','true','Toerringstraße 5','','D-83413','Fridolfing',NULL,NULL,'unknown',NULL,NULL,NULL,NULL,NULL,NULL,NULL,NULL,'true',NULL,NULL,NULL,NULL,NULL,'2c5735a2b405d531fedf44fb6d01ad36',NULL,NULL,NULL,1,'2016-05-20 10:23:02',1,'2016-05-20 10:23:02'),(318,59,63,'AT','de','AT','male',NULL,'Tischler','Austriaglas',NULL,'austriaglas.villach@frischeis.com',NULL,NULL,NULL,'false',NULL,NULL,NULL,NULL,NULL,NULL,NULL,NULL,NULL,NULL,NULL,NULL,NULL,NULL,'false','Industriegasse 4','','8311','Markt Hartmannsdorf',NULL,NULL,'unknown',NULL,NULL,NULL,NULL,NULL,NULL,NULL,NULL,'true',NULL,NULL,NULL,NULL,NULL,'0b931a49b3cb9a7259d8b0e44170210a',NULL,NULL,NULL,1,'2016-05-22 10:14:17',1,'2016-05-22 10:14:17'),(319,60,63,'AT','de','AT','male',NULL,'Tischler','Austriaglas',NULL,'austriaglas.villach@frischeis.com',NULL,NULL,NULL,'false',NULL,NULL,NULL,NULL,NULL,NULL,NULL,NULL,NULL,NULL,NULL,NULL,NULL,NULL,'false','Industriegasse 4','','8311','Markt Hartmannsdorf',NULL,NULL,'unknown',NULL,NULL,NULL,NULL,NULL,NULL,NULL,NULL,'true',NULL,NULL,NULL,NULL,NULL,'0b931a49b3cb9a7259d8b0e44170210a',NULL,NULL,NULL,1,'2016-05-23 07:53:37',1,'2016-05-23 07:53:37'),(320,61,764,'AT','de','AT','male',NULL,'Robert','Krammer',NULL,'planung@hobel.at',NULL,NULL,NULL,'false',NULL,NULL,NULL,NULL,NULL,NULL,NULL,NULL,NULL,NULL,NULL,NULL,NULL,'Tischlerei Robert Krammer GmbH','true','Aspernstraße 122','','1220','Wien',NULL,NULL,'unknown',NULL,NULL,NULL,NULL,NULL,NULL,NULL,NULL,'true','01280778230',NULL,NULL,NULL,NULL,NULL,NULL,NULL,NULL,1,'2016-05-23 08:03:32',1,'2016-05-23 08:03:32'),(321,62,63,'AT','de','AT','male',NULL,'Tischler','Austriaglas',NULL,'austriaglas.villach@frischeis.com',NULL,NULL,NULL,'false',NULL,NULL,NULL,NULL,NULL,NULL,NULL,NULL,NULL,NULL,NULL,NULL,NULL,NULL,'false','Industriegasse 4','','8311','Markt Hartmannsdorf',NULL,NULL,'unknown',NULL,NULL,NULL,NULL,NULL,NULL,NULL,NULL,'true',NULL,NULL,NULL,NULL,NULL,'0b931a49b3cb9a7259d8b0e44170210a',NULL,NULL,NULL,1,'2016-05-23 10:32:44',1,'2016-05-23 10:32:44'),(322,63,63,'AT','de','AT','male',NULL,'Tischler','Austriaglas',NULL,'austriaglas.villach@frischeis.com',NULL,NULL,NULL,'false',NULL,NULL,NULL,NULL,NULL,NULL,NULL,NULL,NULL,NULL,NULL,NULL,NULL,NULL,'false','Industriegasse 4','','8311','Markt Hartmannsdorf',NULL,NULL,'unknown',NULL,NULL,NULL,NULL,NULL,NULL,NULL,NULL,'true',NULL,NULL,NULL,NULL,NULL,'0b931a49b3cb9a7259d8b0e44170210a',NULL,NULL,NULL,1,'2016-05-23 10:32:44',1,'2016-05-23 10:32:44'),(323,64,733,'AT','de','AT','male',NULL,'Markus','Haas',NULL,'',NULL,NULL,NULL,'false',NULL,NULL,NULL,NULL,NULL,NULL,NULL,NULL,NULL,NULL,NULL,NULL,NULL,'Haas & Haselgruber OG','true','Steinbruchgasse 15','','2540','Bad Vöslau',NULL,NULL,'unknown',NULL,NULL,NULL,NULL,NULL,NULL,NULL,NULL,'true','02252263900',NULL,NULL,NULL,NULL,'28bd84fb8b959caddda3556791199fd1',NULL,NULL,NULL,1,'2016-05-23 15:57:12',1,'2016-05-23 15:57:12'),(324,65,63,'AT','de','AT','male',NULL,'Tischler','Austriaglas',NULL,'austriaglas.villach@frischeis.com',NULL,NULL,NULL,'false',NULL,NULL,NULL,NULL,NULL,NULL,NULL,NULL,NULL,NULL,NULL,NULL,NULL,NULL,'false','Industriegasse 4','','8311','Markt Hartmannsdorf',NULL,NULL,'unknown',NULL,NULL,NULL,NULL,NULL,NULL,NULL,NULL,'true',NULL,NULL,NULL,NULL,NULL,'0b931a49b3cb9a7259d8b0e44170210a',NULL,NULL,NULL,1,'2016-05-24 05:52:41',1,'2016-05-24 05:52:41'),(325,66,63,'AT','de','AT','male',NULL,'Tischler','Austriaglas',NULL,'austriaglas.villach@frischeis.com',NULL,NULL,NULL,'false',NULL,NULL,NULL,NULL,NULL,NULL,NULL,NULL,NULL,NULL,NULL,NULL,NULL,NULL,'false','Industriegasse 4','','8311','Markt Hartmannsdorf',NULL,NULL,'unknown',NULL,NULL,NULL,NULL,NULL,NULL,NULL,NULL,'true',NULL,NULL,NULL,NULL,NULL,'0b931a49b3cb9a7259d8b0e44170210a',NULL,NULL,NULL,1,'2016-05-24 06:06:24',1,'2016-05-24 06:06:24'),(326,67,766,'AT','de','AT','male',NULL,'Erich','Glaser',NULL,'erich.blisa@glaser-co.at',NULL,NULL,NULL,'false',NULL,NULL,NULL,NULL,NULL,NULL,NULL,NULL,NULL,NULL,NULL,NULL,NULL,'Glaser & Co Tischlergesellschaft m.b.H.','true','Neugasse 36','','2244','Spannberg',NULL,NULL,'unknown',NULL,NULL,NULL,NULL,NULL,NULL,NULL,NULL,'true','0253886280',NULL,NULL,NULL,NULL,NULL,NULL,NULL,NULL,1,'2016-05-24 09:31:06',1,'2016-05-24 09:31:06'),(327,68,733,'AT','de','AT','male',NULL,'Markus','Haas',NULL,'',NULL,NULL,NULL,'false',NULL,NULL,NULL,NULL,NULL,NULL,NULL,NULL,NULL,NULL,NULL,NULL,NULL,'Haas & Haselgruber OG','true','Steinbruchgasse 15','','2540','Bad Vöslau',NULL,NULL,'unknown',NULL,NULL,NULL,NULL,NULL,NULL,NULL,NULL,'true','02252263900',NULL,NULL,NULL,NULL,'28bd84fb8b959caddda3556791199fd1',NULL,NULL,NULL,1,'2016-05-24 10:51:16',1,'2016-05-24 10:51:16'),(328,69,768,'AT','de','AT','male','Ing.','Josef','Halter',NULL,'rudolf.maurer@halter.at',NULL,NULL,NULL,'false',NULL,NULL,NULL,NULL,NULL,NULL,NULL,NULL,NULL,NULL,NULL,NULL,143,'Ing. Josef Halter Ges.m.b.H.','true','Altstadt 22','','2460','Bruck/Leitha',NULL,NULL,'unknown',NULL,'Thomas','Lager','Gerbergasse 2',NULL,'2000','Stockerau',NULL,'true','0216262408',NULL,NULL,NULL,NULL,NULL,NULL,NULL,NULL,1,'0000-00-00 00:00:00',1,'0000-00-00 00:00:00'),(329,70,63,'AT','de','AT','male',NULL,'Tischler','Austriaglas',NULL,'austriaglas.villach@frischeis.com',NULL,NULL,NULL,'false',NULL,NULL,NULL,NULL,NULL,NULL,NULL,NULL,NULL,NULL,NULL,NULL,NULL,NULL,'false','Industriegasse 4','','8311','Markt Hartmannsdorf',NULL,NULL,'unknown',NULL,NULL,NULL,NULL,NULL,NULL,NULL,NULL,'true',NULL,NULL,NULL,NULL,NULL,'0b931a49b3cb9a7259d8b0e44170210a',NULL,NULL,NULL,1,'2016-05-27 06:11:19',1,'2016-05-27 06:11:19'),(330,71,639,'AT','de',NULL,'unknown',NULL,NULL,NULL,NULL,'wohn.hofer@utanet.at',NULL,NULL,NULL,'false',NULL,NULL,NULL,NULL,NULL,NULL,NULL,NULL,NULL,NULL,NULL,NULL,NULL,NULL,'false','Mühldorf 436','','8330','Feldbach',NULL,NULL,'unknown',NULL,NULL,NULL,NULL,NULL,NULL,NULL,NULL,'true',NULL,NULL,NULL,NULL,NULL,NULL,NULL,NULL,NULL,1,'2016-05-30 08:17:05',1,'2016-05-30 08:17:05'),(331,72,104,'AT','de','AT','female',NULL,'Verena','Kröpfl',NULL,'kroepfl@faustmann-moebel.at',NULL,NULL,NULL,'false',NULL,NULL,NULL,NULL,NULL,NULL,NULL,NULL,NULL,NULL,NULL,NULL,NULL,'Faustmann Möbelmanufaktur GmbH','true','Rotleitenstraße 2','','8295','St. Johann i. d. Haide',NULL,NULL,'male',NULL,NULL,NULL,NULL,NULL,NULL,NULL,NULL,'true','033384515807',NULL,NULL,NULL,NULL,'07b750366764026dd5118f7cf3eb9dc1',NULL,NULL,NULL,1,'2016-05-30 09:51:50',1,'2016-05-30 09:51:50'),(332,73,733,'AT','de','AT','male',NULL,'Markus','Haas',NULL,'',NULL,NULL,NULL,'false',NULL,NULL,NULL,NULL,NULL,NULL,NULL,NULL,NULL,NULL,NULL,NULL,732,'Haas & Haselgruber OG','true','Steinbruchgasse 15','','2540','Bad Vöslau',NULL,'Haas & Haselgruber OG','unknown',NULL,'Markus','Haas','Steinbruchgasse 15',NULL,'2540','Bad Vöslau',NULL,'true','02252263900',NULL,NULL,NULL,NULL,'28bd84fb8b959caddda3556791199fd1',NULL,NULL,NULL,1,'0000-00-00 00:00:00',1,'0000-00-00 00:00:00'),(333,74,348,'AT','de',NULL,'male',NULL,'HOFER FLIESEN & BÖDEN GMBH',NULL,NULL,'buchhaltung@hofer.it',NULL,NULL,NULL,'false',NULL,NULL,NULL,NULL,NULL,NULL,NULL,NULL,NULL,NULL,NULL,NULL,NULL,NULL,'false','HANDWERKERZONE 4','','39040','BARBIAN',NULL,NULL,'unknown',NULL,NULL,NULL,NULL,NULL,NULL,NULL,NULL,'true',NULL,NULL,NULL,NULL,NULL,NULL,NULL,NULL,NULL,1,'2016-05-31 05:33:57',1,'2016-05-31 05:33:57'),(334,75,262,'AT','de',NULL,'male',NULL,'AMORT OSWALD',NULL,NULL,'info@krippe.it',NULL,NULL,NULL,'false',NULL,NULL,NULL,NULL,NULL,NULL,NULL,NULL,NULL,NULL,NULL,NULL,NULL,NULL,'false','HANDWERKERZONE 33/2','','39030','RODENECK',NULL,NULL,'unknown',NULL,NULL,NULL,NULL,NULL,NULL,NULL,NULL,'true',NULL,NULL,NULL,NULL,NULL,NULL,NULL,NULL,NULL,1,'2016-05-31 05:40:15',1,'2016-05-31 05:40:15'),(335,76,678,'AT','de',NULL,'unknown',NULL,'Nobert','Pfanhauser',NULL,'tischlerei@speed.at',NULL,NULL,NULL,'false',NULL,NULL,NULL,NULL,NULL,NULL,NULL,NULL,NULL,NULL,NULL,NULL,655,NULL,'false','GEWERBEGEBIET 200','','5092','ST. MARTIN BEI LOFER',NULL,NULL,'unknown',NULL,'Walter','Bauernhansl','Handelszentrum 12',NULL,'5101','Bergheim',NULL,'true',NULL,NULL,NULL,NULL,NULL,NULL,NULL,NULL,NULL,1,'0000-00-00 00:00:00',1,'0000-00-00 00:00:00'),(336,77,398,'AT','de',NULL,'male',NULL,'PRAXMARER GMBH',NULL,NULL,'roland@praxmarer.com',NULL,NULL,NULL,'false',NULL,NULL,NULL,NULL,NULL,NULL,NULL,NULL,NULL,NULL,NULL,NULL,177,NULL,'false','HUBEN 95','','6444','LÄNGENFELD',NULL,NULL,'unknown',NULL,'Josef','Hauser','Amerling 119',NULL,'6233','Kramsach',NULL,'true',NULL,NULL,NULL,NULL,NULL,NULL,NULL,NULL,NULL,1,'0000-00-00 00:00:00',1,'0000-00-00 00:00:00'),(337,78,105,'AT','de','AT','male',NULL,'Stefan','Matzhold',NULL,'matzhold.stefan@gmx.at',NULL,NULL,NULL,'false',NULL,NULL,NULL,NULL,NULL,NULL,NULL,NULL,NULL,NULL,NULL,NULL,32,'Matzhold Stefan','true','Belvederestraße 24a','','8350','Fehring',NULL,NULL,'unknown',NULL,'Andrea','Lang','Herrgottwiesgasse 170',NULL,'8055','Graz',NULL,'true','031553337',NULL,NULL,NULL,NULL,'95765e2a13fc0f924378eb2211babed5',NULL,NULL,NULL,1,'0000-00-00 00:00:00',1,'0000-00-00 00:00:00'),(338,79,770,'AT','de','AT','male',NULL,'Gerhard','Eberlein',NULL,'office@tischlerei-rapp.at',NULL,NULL,NULL,'false',NULL,NULL,NULL,NULL,NULL,NULL,NULL,NULL,NULL,NULL,NULL,NULL,NULL,'Tischlerei Rapp GmbH','true','Blumengasse 29','','1170','Wien',NULL,NULL,'unknown',NULL,NULL,NULL,NULL,NULL,NULL,NULL,NULL,'true','06766188601',NULL,NULL,NULL,NULL,NULL,NULL,NULL,NULL,1,'2016-06-01 09:07:16',1,'2016-06-01 09:07:16'),(339,80,63,'AT','de','AT','male',NULL,'Tischler','Austriaglas',NULL,'austriaglas.villach@frischeis.com',NULL,NULL,NULL,'false',NULL,NULL,NULL,NULL,NULL,NULL,NULL,NULL,NULL,NULL,NULL,NULL,NULL,NULL,'false','Industriegasse 4','','8311','Markt Hartmannsdorf',NULL,NULL,'unknown',NULL,NULL,NULL,NULL,NULL,NULL,NULL,NULL,'true',NULL,NULL,NULL,NULL,NULL,'0b931a49b3cb9a7259d8b0e44170210a',NULL,NULL,NULL,1,'2016-06-01 09:37:46',1,'2016-06-01 09:37:46'),(340,81,63,'AT','de','AT','male',NULL,'Tischler','Austriaglas',NULL,'austriaglas.villach@frischeis.com',NULL,NULL,NULL,'false',NULL,NULL,NULL,NULL,NULL,NULL,NULL,NULL,NULL,NULL,NULL,NULL,NULL,NULL,'false','Industriegasse 4','','8311','Markt Hartmannsdorf',NULL,NULL,'unknown',NULL,NULL,NULL,NULL,NULL,NULL,NULL,NULL,'true',NULL,NULL,NULL,NULL,NULL,'0b931a49b3cb9a7259d8b0e44170210a',NULL,NULL,NULL,1,'2016-06-01 09:40:03',1,'2016-06-01 09:40:03'),(341,82,63,'AT','de','AT','male',NULL,'Tischler','Austriaglas',NULL,'austriaglas.villach@frischeis.com',NULL,NULL,NULL,'false',NULL,NULL,NULL,NULL,NULL,NULL,NULL,NULL,NULL,NULL,NULL,NULL,NULL,NULL,'false','Industriegasse 4','','8311','Markt Hartmannsdorf',NULL,NULL,'unknown',NULL,NULL,NULL,NULL,NULL,NULL,NULL,NULL,'true',NULL,NULL,NULL,NULL,NULL,'0b931a49b3cb9a7259d8b0e44170210a',NULL,NULL,NULL,1,'2016-06-01 12:44:49',1,'2016-06-01 12:44:49'),(342,83,111,'AT','de','AT','unknown',NULL,'Privat Verkauf','Jaf Kramsach',NULL,'schauraum_austriaglas.kramsach@frischeis.com',NULL,NULL,NULL,'false',NULL,NULL,NULL,NULL,NULL,NULL,NULL,NULL,NULL,NULL,NULL,NULL,NULL,NULL,'false','Amerling 119','','6233','Kramsach',NULL,NULL,'unknown',NULL,NULL,NULL,NULL,NULL,NULL,NULL,NULL,'true',NULL,NULL,NULL,NULL,NULL,NULL,NULL,NULL,NULL,1,'2016-06-02 07:28:36',1,'2016-06-02 07:28:36'),(343,84,356,'AT','de',NULL,'male',NULL,'JUEN STEFAN',NULL,NULL,'stefan@bildhauer-juen.com',NULL,NULL,NULL,'false',NULL,NULL,NULL,NULL,NULL,NULL,NULL,NULL,NULL,NULL,NULL,NULL,NULL,NULL,'false','KIRCHSTRASSE 86','','6553','SEE IN PAZNAUN',NULL,NULL,'unknown',NULL,NULL,NULL,NULL,NULL,NULL,NULL,NULL,'true',NULL,NULL,NULL,NULL,NULL,NULL,NULL,NULL,NULL,1,'2016-06-02 08:54:12',1,'2016-06-02 08:54:12'),(344,85,772,'AT','de','AT','male',NULL,'Franz','Pauli',NULL,'tischlerei.pauli@aon.at',NULL,NULL,NULL,'false',NULL,NULL,NULL,NULL,NULL,NULL,NULL,NULL,NULL,NULL,NULL,NULL,NULL,'Tischlerei Franz Pauli','true','Olbendorf 205','','7534','Olbendorf',NULL,NULL,'unknown',NULL,NULL,NULL,NULL,NULL,NULL,NULL,NULL,'true','069914003660',NULL,NULL,NULL,NULL,NULL,NULL,NULL,NULL,1,'2016-06-02 09:42:02',1,'2016-06-02 09:42:02'),(345,86,773,'AT','de','AT','male',NULL,'Günther','Wendl',NULL,'office@tischlerei-wendl.at',NULL,NULL,NULL,'false',NULL,NULL,NULL,NULL,NULL,NULL,NULL,NULL,NULL,NULL,NULL,NULL,653,'Planerei Tischlerei Wendl','true','Kapellenweg 30','','4865','Nußdorf am Attersee',NULL,NULL,'unknown',NULL,'Alfred','Fink','Handelszentrum 12',NULL,'5101','Bergheim',NULL,'true','076668673',NULL,NULL,NULL,NULL,NULL,NULL,NULL,NULL,1,'0000-00-00 00:00:00',1,'0000-00-00 00:00:00'),(346,87,261,'AT','de',NULL,'male',NULL,'MÖBEL ERLACHER G.M.B.H.',NULL,NULL,'office@moebelerlacher.com',NULL,NULL,NULL,'false',NULL,NULL,NULL,NULL,NULL,NULL,NULL,NULL,NULL,NULL,NULL,NULL,NULL,NULL,'false','STR. GRAN EGA 12','','39030','ST.MARTIN IN THURN',NULL,NULL,'unknown',NULL,NULL,NULL,NULL,NULL,NULL,NULL,NULL,'true',NULL,NULL,NULL,NULL,NULL,NULL,NULL,NULL,NULL,1,'2016-06-02 13:48:22',1,'2016-06-02 13:48:22'),(347,88,63,'AT','de','AT','male',NULL,'Tischler','Austriaglas',NULL,'austriaglas.villach@frischeis.com',NULL,NULL,NULL,'false',NULL,NULL,NULL,NULL,NULL,NULL,NULL,NULL,NULL,NULL,NULL,NULL,NULL,NULL,'false','Industriegasse 4','','8311','Markt Hartmannsdorf',NULL,NULL,'unknown',NULL,NULL,NULL,NULL,NULL,NULL,NULL,NULL,'true',NULL,NULL,NULL,NULL,NULL,'0b931a49b3cb9a7259d8b0e44170210a',NULL,NULL,NULL,1,'2016-06-03 09:43:12',1,'2016-06-03 09:43:12'),(348,89,63,'AT','de','AT','male',NULL,'Tischler','Austriaglas',NULL,'austriaglas.villach@frischeis.com',NULL,NULL,NULL,'false',NULL,NULL,NULL,NULL,NULL,NULL,NULL,NULL,NULL,NULL,NULL,NULL,NULL,NULL,'false','Industriegasse 4','','8311','Markt Hartmannsdorf',NULL,NULL,'unknown',NULL,NULL,NULL,NULL,NULL,NULL,NULL,NULL,'true',NULL,NULL,NULL,NULL,NULL,'0b931a49b3cb9a7259d8b0e44170210a',NULL,NULL,NULL,1,'2016-06-06 05:58:57',1,'2016-06-06 05:58:57'),(349,90,108,'AT','de','AT','unknown',NULL,'Privat Verkauf','Jaf Salzburg',NULL,'schauraum_austriaglas.salzburg@frischeis.com',NULL,NULL,NULL,'false',NULL,NULL,NULL,NULL,NULL,NULL,NULL,NULL,NULL,NULL,NULL,NULL,NULL,NULL,'false','Handelszentrum 12','','5101','Salzburg',NULL,NULL,'unknown',NULL,NULL,NULL,NULL,NULL,NULL,NULL,NULL,'true',NULL,NULL,NULL,NULL,NULL,NULL,NULL,NULL,NULL,1,'2016-06-06 14:21:34',1,'2016-06-06 14:21:34'),(350,91,108,'AT','de','AT','unknown',NULL,'Privat Verkauf','Jaf Salzburg',NULL,'schauraum_austriaglas.salzburg@frischeis.com',NULL,NULL,NULL,'false',NULL,NULL,NULL,NULL,NULL,NULL,NULL,NULL,NULL,NULL,NULL,NULL,NULL,NULL,'false','Handelszentrum 12','','5101','Salzburg',NULL,NULL,'unknown',NULL,NULL,NULL,NULL,NULL,NULL,NULL,NULL,'true',NULL,NULL,NULL,NULL,NULL,NULL,NULL,NULL,NULL,1,'2016-06-06 15:11:19',1,'2016-06-06 15:11:19'),(351,92,776,'AT','de','AT','female',NULL,'Sandra','Köppl',NULL,'koeppl.sandra@gmail.com',NULL,NULL,NULL,'false',NULL,NULL,NULL,NULL,NULL,NULL,NULL,NULL,NULL,NULL,NULL,NULL,767,'Redstone OG','true','Röthelstein 67','','8131','Frohnleiten',NULL,NULL,'unknown',NULL,'Petra','Salzmann','Herrgottwiesgasse 170',NULL,'8055','Graz',NULL,'true','0664 587 63 20',NULL,NULL,NULL,NULL,NULL,NULL,NULL,NULL,1,'0000-00-00 00:00:00',1,'0000-00-00 00:00:00'),(352,93,63,'AT','de','AT','male',NULL,'Tischler','Austriaglas',NULL,'austriaglas.villach@frischeis.com',NULL,NULL,NULL,'false',NULL,NULL,NULL,NULL,NULL,NULL,NULL,NULL,NULL,NULL,NULL,NULL,NULL,NULL,'false','Industriegasse 4','','8311','Markt Hartmannsdorf',NULL,NULL,'unknown',NULL,NULL,NULL,NULL,NULL,NULL,NULL,NULL,'true',NULL,NULL,NULL,NULL,NULL,'0b931a49b3cb9a7259d8b0e44170210a',NULL,NULL,NULL,1,'2016-06-07 11:14:51',1,'2016-06-07 11:14:51'),(353,94,292,'AT','de',NULL,'male',NULL,'KREATEAM KG',NULL,NULL,'info@Kreateam.it',NULL,NULL,NULL,'false',NULL,NULL,NULL,NULL,NULL,NULL,NULL,NULL,NULL,NULL,NULL,NULL,NULL,NULL,'false','MAREIT - KIRCHDORF 5','','39040','RATSCHINGS',NULL,NULL,'unknown',NULL,NULL,NULL,NULL,NULL,NULL,NULL,NULL,'true',NULL,NULL,NULL,NULL,NULL,NULL,NULL,NULL,NULL,1,'2016-06-07 11:31:43',1,'2016-06-07 11:31:43'),(354,95,292,'AT','de',NULL,'male',NULL,'KREATEAM KG',NULL,NULL,'info@Kreateam.it',NULL,NULL,NULL,'false',NULL,NULL,NULL,NULL,NULL,NULL,NULL,NULL,NULL,NULL,NULL,NULL,NULL,NULL,'false','MAREIT - KIRCHDORF 5','','39040','RATSCHINGS',NULL,NULL,'unknown',NULL,NULL,NULL,NULL,NULL,NULL,NULL,NULL,'true',NULL,NULL,NULL,NULL,NULL,NULL,NULL,NULL,NULL,1,'2016-06-07 11:49:47',1,'2016-06-07 11:49:47'),(355,96,109,'AT','de','AT','unknown',NULL,'Privat Verkauf','Jaf Villach',NULL,'schauraum_austriaglas.villach@frischeis.com',NULL,NULL,NULL,'false',NULL,NULL,NULL,NULL,NULL,NULL,NULL,NULL,NULL,NULL,NULL,NULL,116,NULL,'false','Muldenweg 12','','9500','Villach',NULL,NULL,'unknown',NULL,'Administrator','Jaf Villach','Muldenweg 12',NULL,'9500','Villach',NULL,'true',NULL,NULL,NULL,NULL,NULL,NULL,NULL,NULL,NULL,1,'0000-00-00 00:00:00',1,'0000-00-00 00:00:00'),(356,97,777,'AT','de','AT','male',NULL,'Hans','Boria',NULL,'office@boria.at',NULL,NULL,NULL,'false',NULL,NULL,NULL,NULL,NULL,NULL,NULL,NULL,NULL,NULL,NULL,NULL,143,'Boria - Mehr als Möbel','true','Römerfeldgasse 22','','3202','Hofstetten',NULL,NULL,'unknown',NULL,'Thomas','Lager','Gerbergasse 2',NULL,'2000','Stockerau',NULL,'true','0664 1439008',NULL,NULL,NULL,NULL,NULL,NULL,NULL,NULL,1,'0000-00-00 00:00:00',1,'0000-00-00 00:00:00'),(357,98,689,'AT','de',NULL,'unknown',NULL,'Bernd','Schnitzhofer',NULL,'b.schnitzhofer@laserer.at',NULL,NULL,NULL,'false',NULL,NULL,NULL,NULL,NULL,NULL,NULL,NULL,NULL,NULL,NULL,NULL,NULL,NULL,'false','GOSAU 499','','4824','GOSAU',NULL,NULL,'unknown',NULL,NULL,NULL,NULL,NULL,NULL,NULL,NULL,'true',NULL,NULL,NULL,NULL,NULL,NULL,NULL,NULL,NULL,1,'2016-06-08 07:36:00',1,'2016-06-08 07:36:00'),(358,99,776,'AT','de','AT','female',NULL,'Sandra','Köppl',NULL,'koeppl.sandra@gmail.com',NULL,NULL,NULL,'false',NULL,NULL,NULL,NULL,NULL,NULL,NULL,NULL,NULL,NULL,NULL,NULL,767,'Redstone OG','true','Röthelstein 67','','8131','Frohnleiten',NULL,NULL,'unknown',NULL,'Petra','Salzmann','Herrgottwiesgasse 170',NULL,'8055','Graz',NULL,'true','0664 587 63 20',NULL,NULL,NULL,NULL,NULL,NULL,NULL,NULL,1,'0000-00-00 00:00:00',1,'0000-00-00 00:00:00'),(359,100,260,'AT','de',NULL,'male',NULL,'MÖBEL LADINIA OHG',NULL,NULL,'moebel.ladinia@rolmail.net',NULL,NULL,NULL,'false',NULL,NULL,NULL,NULL,NULL,NULL,NULL,NULL,NULL,NULL,NULL,NULL,NULL,NULL,'false','ZONA ARTEJANALA 5','','39030','WENGEN',NULL,NULL,'unknown',NULL,NULL,NULL,NULL,NULL,NULL,NULL,NULL,'true',NULL,NULL,NULL,NULL,NULL,NULL,NULL,NULL,NULL,1,'2016-06-08 10:35:53',1,'2016-06-08 10:35:53'),(360,101,63,'AT','de','AT','male',NULL,'Tischler','Austriaglas',NULL,'austriaglas.villach@frischeis.com',NULL,NULL,NULL,'false',NULL,NULL,NULL,NULL,NULL,NULL,NULL,NULL,NULL,NULL,NULL,NULL,NULL,NULL,'false','Industriegasse 4','','8311','Markt Hartmannsdorf',NULL,NULL,'unknown',NULL,NULL,NULL,NULL,NULL,NULL,NULL,NULL,'true',NULL,NULL,NULL,NULL,NULL,'0b931a49b3cb9a7259d8b0e44170210a',NULL,NULL,NULL,1,'2016-06-08 13:05:58',1,'2016-06-08 13:05:58'),(361,102,54,'AT','de','AT','male',NULL,'Günther','Anabathi',NULL,'tischlerei@anabith.at',NULL,NULL,NULL,'false',NULL,NULL,NULL,NULL,NULL,NULL,NULL,NULL,NULL,NULL,NULL,NULL,NULL,NULL,'false','Kainach 53','','8573','Kainach b. Voitsberg',NULL,NULL,'unknown',NULL,NULL,NULL,NULL,NULL,NULL,NULL,NULL,'true',NULL,NULL,NULL,NULL,NULL,'f604f1863d591ebddce30fa0dd322afd',NULL,NULL,NULL,1,'2016-06-08 18:41:15',1,'2016-06-08 18:41:15'),(362,103,790,'NU','de',NULL,'male',NULL,'Fa.','Frischeis Gmbh',NULL,'info@tischlerei-spitzauer.de',NULL,NULL,NULL,'false',NULL,NULL,NULL,NULL,NULL,NULL,NULL,NULL,NULL,NULL,NULL,NULL,655,'Tischlerei - Schreinerei Spitzauer','true','Handelszentrum 12','','5101','Bergheim',NULL,NULL,'unknown',NULL,'Walter','Bauernhansl','Handelszentrum 12',NULL,'5101','Bergheim',NULL,'true','+49 (0)160 9476 8777',NULL,NULL,NULL,NULL,NULL,NULL,NULL,NULL,1,'0000-00-00 00:00:00',1,'0000-00-00 00:00:00'),(363,104,513,'AT','de',NULL,'male',NULL,'LIVING BY FRANZ HOLLAUS GMBH',NULL,NULL,'info@living-wohntraum.at',NULL,NULL,NULL,'false',NULL,NULL,NULL,NULL,NULL,NULL,NULL,NULL,NULL,NULL,NULL,NULL,NULL,NULL,'false','HOLLENZEN 115','','6290','MAYRHOFEN',NULL,NULL,'unknown',NULL,NULL,NULL,NULL,NULL,NULL,NULL,NULL,'true',NULL,NULL,NULL,NULL,NULL,NULL,NULL,NULL,NULL,1,'2016-06-09 16:18:29',1,'2016-06-09 16:18:29'),(364,105,107,'AT','de','AT','unknown',NULL,'Privat Verkauf','Jaf Stockerau',NULL,'schauraum_austriaglas.stockerau@frischeis.com',NULL,NULL,NULL,'false',NULL,NULL,NULL,NULL,NULL,NULL,NULL,NULL,NULL,NULL,NULL,NULL,NULL,NULL,'false','Gerbergasse 2','','2000','Stockerau',NULL,NULL,'unknown',NULL,NULL,NULL,NULL,NULL,NULL,NULL,NULL,'true',NULL,NULL,NULL,NULL,NULL,'c349e2e9a1d9e12bc2edbcb58222aa4c',NULL,NULL,NULL,1,'2016-06-10 06:44:31',1,'2016-06-10 06:44:31'),(365,106,107,'AT','de','AT','unknown',NULL,'Privat Verkauf','Jaf Stockerau',NULL,'schauraum_austriaglas.stockerau@frischeis.com',NULL,NULL,NULL,'false',NULL,NULL,NULL,NULL,NULL,NULL,NULL,NULL,NULL,NULL,NULL,NULL,NULL,NULL,'false','Gerbergasse 2','','2000','Stockerau',NULL,NULL,'unknown',NULL,NULL,NULL,NULL,NULL,NULL,NULL,NULL,'true',NULL,NULL,NULL,NULL,NULL,'c349e2e9a1d9e12bc2edbcb58222aa4c',NULL,NULL,NULL,1,'2016-06-10 06:48:45',1,'2016-06-10 06:48:45'),(366,107,111,'AT','de','AT','unknown',NULL,'Privat Verkauf','Jaf Kramsach',NULL,'schauraum_austriaglas.kramsach@frischeis.com',NULL,NULL,NULL,'false',NULL,NULL,NULL,NULL,NULL,NULL,NULL,NULL,NULL,NULL,NULL,NULL,NULL,NULL,'false','Amerling 119','','6233','Kramsach',NULL,NULL,'unknown',NULL,NULL,NULL,NULL,NULL,NULL,NULL,NULL,'true',NULL,NULL,NULL,NULL,NULL,NULL,NULL,NULL,NULL,1,'2016-06-10 09:13:04',1,'2016-06-10 09:13:04'),(367,108,791,'NU','de',NULL,'male',NULL,'Richard','Pernstich',NULL,'richard@x-glas.it',NULL,NULL,NULL,'false',NULL,NULL,NULL,NULL,NULL,NULL,NULL,NULL,NULL,NULL,NULL,NULL,NULL,'D. Pernstich Richard','true','Naunweg 8','','I-39057','Eppan-Girlan',NULL,NULL,'unknown',NULL,NULL,NULL,NULL,NULL,NULL,NULL,NULL,'true','0039 3351226640',NULL,NULL,NULL,NULL,NULL,NULL,NULL,NULL,1,'2016-06-13 07:10:11',1,'2016-06-13 07:10:11'),(368,109,792,'AT','de','AT','male',NULL,'Friedrich','Schwab',NULL,'office@tischlerei-schwab.at',NULL,NULL,NULL,'false',NULL,NULL,NULL,NULL,NULL,NULL,NULL,NULL,NULL,NULL,NULL,NULL,NULL,'Tischlerei Schwab Friedrich','true','Munten 50','','5205','Schleedorf',NULL,NULL,'unknown',NULL,NULL,NULL,NULL,NULL,NULL,NULL,NULL,'true','0650 6564001',NULL,NULL,NULL,NULL,NULL,NULL,NULL,NULL,1,'2016-06-13 08:11:41',1,'2016-06-13 08:11:41'),(369,110,106,'AT','de','AT','unknown',NULL,'Privat Verkauf','Jaf Graz',NULL,'schauraum_austriaglas.graz@zengerer.at',NULL,NULL,NULL,'false',NULL,NULL,NULL,NULL,NULL,NULL,NULL,NULL,NULL,NULL,NULL,NULL,NULL,NULL,'false','Herrgottwiesgasse 170','','8055','Graz',NULL,NULL,'unknown',NULL,NULL,NULL,NULL,NULL,NULL,NULL,NULL,'true',NULL,NULL,NULL,NULL,NULL,NULL,NULL,NULL,NULL,1,'2016-06-13 08:47:20',1,'2016-06-13 08:47:20'),(370,111,106,'AT','de','AT','unknown',NULL,'Privat Verkauf','Jaf Graz',NULL,'schauraum_austriaglas.graz@zengerer.at',NULL,NULL,NULL,'false',NULL,NULL,NULL,NULL,NULL,NULL,NULL,NULL,NULL,NULL,NULL,NULL,NULL,NULL,'false','Herrgottwiesgasse 170','','8055','Graz',NULL,NULL,'unknown',NULL,NULL,NULL,NULL,NULL,NULL,NULL,NULL,'true',NULL,NULL,NULL,NULL,NULL,NULL,NULL,NULL,NULL,1,'2016-06-13 10:01:38',1,'2016-06-13 10:01:38'),(371,112,776,'AT','de','AT','female',NULL,'REDSTONE OG   ','TISCHLEREI',NULL,'koeppl.sandra@gmail.com',NULL,NULL,NULL,'false',NULL,NULL,NULL,NULL,NULL,NULL,NULL,NULL,NULL,NULL,NULL,NULL,767,'Redstone OG','true','Röthelstein 67','','8131','Frohnleiten',NULL,NULL,'unknown',NULL,'Petra','Salzmann','Herrgottwiesgasse 170',NULL,'8055','Graz',NULL,'true','0664 587 63 20',NULL,NULL,NULL,NULL,NULL,NULL,NULL,NULL,1,'0000-00-00 00:00:00',1,'0000-00-00 00:00:00'),(372,113,791,'NU','de',NULL,'male',NULL,'Richard','Pernstich',NULL,'richard@x-glas.it',NULL,NULL,NULL,'false',NULL,NULL,NULL,NULL,NULL,NULL,NULL,NULL,NULL,NULL,NULL,NULL,NULL,'D. Pernstich Richard','true','Naunweg 8','','I-39057','Eppan-Girlan',NULL,NULL,'unknown',NULL,NULL,NULL,NULL,NULL,NULL,NULL,NULL,'true','0039 3351226640',NULL,NULL,NULL,NULL,NULL,NULL,NULL,NULL,1,'2016-06-13 13:35:01',1,'2016-06-13 13:35:01'),(373,114,792,'AT','de','AT','male',NULL,'Friedrich','Schwab',NULL,'office@tischlerei-schwab.at',NULL,NULL,NULL,'false',NULL,NULL,NULL,NULL,NULL,NULL,NULL,NULL,NULL,NULL,NULL,NULL,653,'Tischlerei Schwab Friedrich','true','Munten 50','','5205','Schleedorf',NULL,NULL,'unknown',NULL,'Alfred','Fink','Handelszentrum 12',NULL,'5101','Bergheim',NULL,'true','0650 6564001',NULL,NULL,NULL,NULL,NULL,NULL,NULL,NULL,1,'0000-00-00 00:00:00',1,'0000-00-00 00:00:00'),(374,115,107,'AT','de','AT','unknown',NULL,'Josef','Marchhart',NULL,'schauraum_austriaglas.stockerau@frischeis.com',NULL,NULL,NULL,'false',NULL,NULL,NULL,NULL,NULL,NULL,NULL,NULL,NULL,NULL,NULL,NULL,114,NULL,'false','Schlag 7','','2813','Lichtenegg',NULL,NULL,'unknown',NULL,'Administrator','Jaf Stockerau','Gerbergasse 2',NULL,'2000','Stockerau',NULL,'true',NULL,NULL,NULL,NULL,NULL,'c349e2e9a1d9e12bc2edbcb58222aa4c',NULL,NULL,NULL,1,'0000-00-00 00:00:00',1,'0000-00-00 00:00:00'),(375,116,159,'AT','de',NULL,'male',NULL,'Ronald','Fuxberger',NULL,'r.fuxberger@fs-holzbau.at',NULL,NULL,NULL,'false',NULL,NULL,NULL,NULL,NULL,NULL,NULL,NULL,NULL,NULL,NULL,NULL,NULL,NULL,'false','HOFSTÄTTENWEG 2','','2201','GERASDORF',NULL,NULL,'unknown',NULL,NULL,NULL,NULL,NULL,NULL,NULL,NULL,'true',NULL,NULL,NULL,NULL,NULL,NULL,NULL,NULL,NULL,1,'2016-06-14 12:37:21',1,'2016-06-14 12:37:21'),(376,117,810,'AT','de','AT','male',NULL,'Werkstätten Ges.m.b.h.','Team Styria',NULL,'b.grasser@teamstyria.at',NULL,NULL,NULL,'false',NULL,NULL,NULL,NULL,NULL,NULL,NULL,NULL,NULL,NULL,NULL,NULL,113,'Team Styria Werkstätten Ges.m.b.H.','true','Gustav-Kramer-Straße 5a','','8605','Kapfenberg-Diemlach',NULL,NULL,'unknown',NULL,'Administrator','Jaf Graz','Herrgottwiesgasse 170',NULL,'8055','Graz',NULL,'true','03862 220730',NULL,NULL,NULL,NULL,NULL,NULL,NULL,NULL,1,'0000-00-00 00:00:00',1,'0000-00-00 00:00:00'),(377,118,63,'AT','de','AT','male',NULL,'Tischler','Austriaglas',NULL,'austriaglas.villach@frischeis.com',NULL,NULL,NULL,'false',NULL,NULL,NULL,NULL,NULL,NULL,NULL,NULL,NULL,NULL,NULL,NULL,NULL,NULL,'false','Industriegasse 4','','8311','Markt Hartmannsdorf',NULL,NULL,'unknown',NULL,NULL,NULL,NULL,NULL,NULL,NULL,NULL,'true',NULL,NULL,NULL,NULL,NULL,'0b931a49b3cb9a7259d8b0e44170210a',NULL,NULL,NULL,1,'2016-06-15 08:46:08',1,'2016-06-15 08:46:08'),(378,119,108,'AT','de','AT','unknown',NULL,'Privat Verkauf','Jaf Salzburg',NULL,'schauraum_austriaglas.salzburg@frischeis.com',NULL,NULL,NULL,'false',NULL,NULL,NULL,NULL,NULL,NULL,NULL,NULL,NULL,NULL,NULL,NULL,NULL,NULL,'false','Handelszentrum 12','','5101','Salzburg',NULL,NULL,'unknown',NULL,NULL,NULL,NULL,NULL,NULL,NULL,NULL,'true',NULL,NULL,NULL,NULL,NULL,NULL,NULL,NULL,NULL,1,'2016-06-15 08:59:13',1,'2016-06-15 08:59:13'),(379,120,780,'AT','de','AT','male',NULL,'Gmbh & Co Kg','Winter',NULL,'j.winter@tischlereiwinter.at',NULL,NULL,NULL,'false',NULL,NULL,NULL,NULL,NULL,NULL,NULL,NULL,NULL,NULL,NULL,NULL,NULL,'Winter GmbH & Co KG','true','Teichalm 50','','8163','Fladnitz',NULL,NULL,'unknown',NULL,NULL,NULL,NULL,NULL,NULL,NULL,NULL,'true',NULL,NULL,NULL,NULL,NULL,NULL,NULL,NULL,NULL,1,'2016-06-15 09:09:26',1,'2016-06-15 09:09:26'),(380,121,792,'AT','de','AT','male',NULL,'Friedrich','Schwab',NULL,'office@tischlerei-schwab.at',NULL,NULL,NULL,'false',NULL,NULL,NULL,NULL,NULL,NULL,NULL,NULL,NULL,NULL,NULL,NULL,NULL,'Tischlerei Schwab Friedrich','true','Munten 50','','5205','Schleedorf',NULL,NULL,'unknown',NULL,NULL,NULL,NULL,NULL,NULL,NULL,NULL,'true','0650 6564001',NULL,NULL,NULL,NULL,NULL,NULL,NULL,NULL,1,'2016-06-15 09:18:15',1,'2016-06-15 09:18:15'),(381,122,107,'AT','de','AT','unknown',NULL,'Privat Verkauf','Jaf Stockerau',NULL,'schauraum_austriaglas.stockerau@frischeis.com',NULL,NULL,NULL,'false',NULL,NULL,NULL,NULL,NULL,NULL,NULL,NULL,NULL,NULL,NULL,NULL,NULL,NULL,'false','Gerbergasse 2','','2000','Stockerau',NULL,NULL,'unknown',NULL,NULL,NULL,NULL,NULL,NULL,NULL,NULL,'true',NULL,NULL,NULL,NULL,NULL,'c349e2e9a1d9e12bc2edbcb58222aa4c',NULL,NULL,NULL,1,'2016-06-15 14:15:24',1,'2016-06-15 14:15:24'),(382,123,63,'AT','de','AT','male',NULL,'Tischler','Austriaglas',NULL,'austriaglas.villach@frischeis.com',NULL,NULL,NULL,'false',NULL,NULL,NULL,NULL,NULL,NULL,NULL,NULL,NULL,NULL,NULL,NULL,NULL,NULL,'false','Industriegasse 4','','8311','Markt Hartmannsdorf',NULL,NULL,'unknown',NULL,NULL,NULL,NULL,NULL,NULL,NULL,NULL,'true',NULL,NULL,NULL,NULL,NULL,'0b931a49b3cb9a7259d8b0e44170210a',NULL,NULL,NULL,1,'2016-06-16 06:01:53',1,'2016-06-16 06:01:53'),(383,124,810,'AT','de','AT','male',NULL,'Werkstätten Ges.m.b.h.','Team Styria',NULL,'b.grasser@teamstyria.at',NULL,NULL,NULL,'false',NULL,NULL,NULL,NULL,NULL,NULL,NULL,NULL,NULL,NULL,NULL,NULL,113,'Team Styria Werkstätten Ges.m.b.H.','true','Gustav-Kramer-Straße 5a','','8605','Kapfenberg-Diemlach',NULL,'JAF Zengerer GmbH','unknown',NULL,'Administrator','Jaf Graz','Herrgottwiesgasse 170',NULL,'8055','Graz',NULL,'true','03862 220730',NULL,NULL,NULL,NULL,NULL,NULL,NULL,NULL,1,'0000-00-00 00:00:00',1,'0000-00-00 00:00:00'),(384,125,63,'AT','de','AT','male',NULL,'Tischler','Austriaglas',NULL,'austriaglas.villach@frischeis.com',NULL,NULL,NULL,'false',NULL,NULL,NULL,NULL,NULL,NULL,NULL,NULL,NULL,NULL,NULL,NULL,NULL,NULL,'false','Industriegasse 4','','8311','Markt Hartmannsdorf',NULL,NULL,'unknown',NULL,NULL,NULL,NULL,NULL,NULL,NULL,NULL,'true',NULL,NULL,NULL,NULL,NULL,'0b931a49b3cb9a7259d8b0e44170210a',NULL,NULL,NULL,1,'2016-06-16 08:05:39',1,'2016-06-16 08:05:39'),(385,126,689,'AT','de',NULL,'unknown',NULL,'Bernd','Schnitzhofer',NULL,'b.schnitzhofer@laserer.at',NULL,NULL,NULL,'false',NULL,NULL,NULL,NULL,NULL,NULL,NULL,NULL,NULL,NULL,NULL,NULL,NULL,NULL,'false','GOSAU 499','','4824','GOSAU',NULL,NULL,'unknown',NULL,NULL,NULL,NULL,NULL,NULL,NULL,NULL,'true',NULL,NULL,NULL,NULL,NULL,NULL,NULL,NULL,NULL,1,'2016-06-16 12:24:47',1,'2016-06-16 12:24:47'),(386,127,689,'AT','de',NULL,'unknown',NULL,'Bernd','Schnitzhofer',NULL,'b.schnitzhofer@laserer.at',NULL,NULL,NULL,'false',NULL,NULL,NULL,NULL,NULL,NULL,NULL,NULL,NULL,NULL,NULL,NULL,115,NULL,'false','GOSAU 499','','4824','GOSAU',NULL,NULL,'unknown',NULL,'Administrator','Jaf Salzburg','Handelszentrum 12',NULL,'5101','Salzburg',NULL,'true',NULL,NULL,NULL,NULL,NULL,NULL,NULL,NULL,NULL,1,'0000-00-00 00:00:00',1,'0000-00-00 00:00:00'),(387,128,63,'AT','de','AT','male',NULL,'Tischler','Austriaglas',NULL,'austriaglas.villach@frischeis.com',NULL,NULL,NULL,'false',NULL,NULL,NULL,NULL,NULL,NULL,NULL,NULL,NULL,NULL,NULL,NULL,NULL,NULL,'false','Industriegasse 4','','8311','Markt Hartmannsdorf',NULL,NULL,'unknown',NULL,NULL,NULL,NULL,NULL,NULL,NULL,NULL,'true',NULL,NULL,NULL,NULL,NULL,'0b931a49b3cb9a7259d8b0e44170210a',NULL,NULL,NULL,1,'2016-06-16 13:38:36',1,'2016-06-16 13:38:36'),(388,129,812,'AT','de','AT','male',NULL,'Michael','Eder',NULL,'michael@werkstatt-eder.at',NULL,NULL,NULL,'false',NULL,NULL,NULL,NULL,NULL,NULL,NULL,NULL,NULL,NULL,NULL,NULL,NULL,'Werkstatt Eder Michael','true','Aflenz Kurort 207','','8623','Aflenz',NULL,NULL,'unknown',NULL,NULL,NULL,NULL,NULL,NULL,NULL,NULL,'true','0676 6334211',NULL,NULL,NULL,NULL,NULL,NULL,NULL,NULL,1,'2016-06-16 15:41:48',1,'2016-06-16 15:41:48'),(389,130,106,'AT','de','AT','unknown',NULL,'Privat Verkauf','Jaf Graz',NULL,'schauraum_austriaglas.graz@zengerer.at',NULL,NULL,NULL,'false',NULL,NULL,NULL,NULL,NULL,NULL,NULL,NULL,NULL,NULL,NULL,NULL,37,NULL,'false','Herrgottwiesgasse 170','','8055','Graz',NULL,NULL,'unknown',NULL,'Martin','Labler','Herrgottwiesgasse 170',NULL,'8055','Graz',NULL,'true',NULL,NULL,NULL,NULL,NULL,NULL,NULL,NULL,NULL,1,'0000-00-00 00:00:00',1,'0000-00-00 00:00:00'),(390,131,106,'AT','de','AT','unknown',NULL,'Privat Verkauf','Jaf Graz',NULL,'schauraum_austriaglas.graz@zengerer.at',NULL,NULL,NULL,'false',NULL,NULL,NULL,NULL,NULL,NULL,NULL,NULL,NULL,NULL,NULL,NULL,NULL,NULL,'false','Herrgottwiesgasse 170','','8055','Graz',NULL,NULL,'unknown',NULL,NULL,NULL,NULL,NULL,NULL,NULL,NULL,'true',NULL,NULL,NULL,NULL,NULL,NULL,NULL,NULL,NULL,1,'2016-06-17 07:05:20',1,'2016-06-17 07:05:20'),(391,132,689,'AT','de',NULL,'unknown',NULL,'Bernd','Schnitzhofer',NULL,'b.schnitzhofer@laserer.at',NULL,NULL,NULL,'false',NULL,NULL,NULL,NULL,NULL,NULL,NULL,NULL,NULL,NULL,NULL,NULL,NULL,NULL,'false','GOSAU 499','','4824','GOSAU',NULL,NULL,'unknown',NULL,NULL,NULL,NULL,NULL,NULL,NULL,NULL,'true',NULL,NULL,NULL,NULL,NULL,NULL,NULL,NULL,NULL,1,'2016-06-17 09:05:33',1,'2016-06-17 09:05:33'),(392,133,106,'AT','de','AT','unknown',NULL,'Privat Verkauf','Jaf Graz',NULL,'schauraum_austriaglas.graz@zengerer.at',NULL,NULL,NULL,'false',NULL,NULL,NULL,NULL,NULL,NULL,NULL,NULL,NULL,NULL,NULL,NULL,NULL,NULL,'false','Herrgottwiesgasse 170','','8055','Graz',NULL,NULL,'unknown',NULL,NULL,NULL,NULL,NULL,NULL,NULL,NULL,'true',NULL,NULL,NULL,NULL,NULL,NULL,NULL,NULL,NULL,1,'2016-06-20 05:46:50',1,'2016-06-20 05:46:50'),(393,134,108,'AT','de','AT','unknown',NULL,'Privat Verkauf','Jaf Salzburg',NULL,'schauraum_austriaglas.salzburg@frischeis.com',NULL,NULL,NULL,'false',NULL,NULL,NULL,NULL,NULL,NULL,NULL,NULL,NULL,NULL,NULL,NULL,NULL,NULL,'false','Handelszentrum 12','','5101','Salzburg',NULL,NULL,'unknown',NULL,NULL,NULL,NULL,NULL,NULL,NULL,NULL,'true',NULL,NULL,NULL,NULL,NULL,NULL,NULL,NULL,NULL,1,'2016-06-20 06:05:31',1,'2016-06-20 06:05:31'),(394,135,813,'AT','de','AT','male',NULL,'Schober Og','Tischlerei',NULL,'info@tischlerei-schober.at',NULL,NULL,NULL,'false',NULL,NULL,NULL,NULL,NULL,NULL,NULL,NULL,NULL,NULL,NULL,NULL,NULL,'Tischlerei Schober OG','true','Lofer 209','','5090','Lofer',NULL,NULL,'unknown',NULL,NULL,NULL,NULL,NULL,NULL,NULL,NULL,'true','06588 8692',NULL,NULL,NULL,NULL,NULL,NULL,NULL,NULL,1,'2016-06-20 06:51:12',1,'2016-06-20 06:51:12'),(395,136,704,'AT','de',NULL,'unknown',NULL,'Robert','Altweger',NULL,'tischlerei.altweger@aon.at',NULL,NULL,NULL,'false',NULL,NULL,NULL,NULL,NULL,NULL,NULL,NULL,NULL,NULL,NULL,NULL,654,NULL,'false','MÖRKWEG  4-6','','5020','Salzburg',NULL,NULL,'unknown',NULL,'Robert','Trickl','Handelszentrum 12',NULL,'5101','Bergheim',NULL,'true',NULL,NULL,NULL,NULL,NULL,NULL,NULL,NULL,NULL,1,'0000-00-00 00:00:00',1,'0000-00-00 00:00:00'),(396,137,688,'AT','de',NULL,'unknown',NULL,'Roman','Winkler',NULL,'office@meistertischlerei.at',NULL,NULL,NULL,'false',NULL,NULL,NULL,NULL,NULL,NULL,NULL,NULL,NULL,NULL,NULL,NULL,NULL,NULL,'false','STEINDORFERSTRASSE 3','','5202','NEUMARKT AM WALLERSEE',NULL,NULL,'unknown',NULL,NULL,NULL,NULL,NULL,NULL,NULL,NULL,'true',NULL,NULL,NULL,NULL,NULL,NULL,NULL,NULL,NULL,1,'2016-06-20 08:07:39',1,'2016-06-20 08:07:39'),(397,138,674,'AT','de',NULL,'unknown',NULL,'Stefan','Feldbacher',NULL,'info@maislinger-wohnideen.at',NULL,NULL,NULL,'false',NULL,NULL,NULL,NULL,NULL,NULL,NULL,NULL,NULL,NULL,NULL,NULL,NULL,NULL,'false','PFONGAU WEST 5','','5202','NEUMARKT AM WALLERSEE',NULL,NULL,'unknown',NULL,NULL,NULL,NULL,NULL,NULL,NULL,NULL,'true',NULL,NULL,NULL,NULL,NULL,NULL,NULL,NULL,NULL,1,'2016-06-20 08:40:16',1,'2016-06-20 08:40:16'),(398,139,58,'AT','de','AT','male',NULL,'Patrick','Herbst',NULL,'pahe.service@gmail.com',NULL,NULL,NULL,'false',NULL,NULL,NULL,NULL,NULL,NULL,NULL,NULL,NULL,NULL,NULL,NULL,NULL,NULL,'false','Volksheimstrasse 16','','8661','St. Barbara - Wartberg',NULL,NULL,'unknown',NULL,NULL,NULL,NULL,NULL,NULL,NULL,NULL,'true',NULL,NULL,NULL,NULL,NULL,'835cdcbae3fdda83309b9b8afeaa8d0f',NULL,NULL,NULL,1,'2016-06-20 08:53:31',1,'2016-06-20 08:53:31'),(399,140,677,'AT','de',NULL,'unknown',NULL,'Martin','Öhlböck',NULL,'office-oehlboeck@sbg.at',NULL,NULL,NULL,'false',NULL,NULL,NULL,NULL,NULL,NULL,NULL,NULL,NULL,NULL,NULL,NULL,NULL,NULL,'false','MONDSEER STRASSE 5','','5204','STRASSWALCHEN',NULL,NULL,'unknown',NULL,NULL,NULL,NULL,NULL,NULL,NULL,NULL,'true',NULL,NULL,NULL,NULL,NULL,NULL,NULL,NULL,NULL,1,'2016-06-20 09:16:36',1,'2016-06-20 09:16:36'),(400,141,660,'AT','de',NULL,'unknown',NULL,'Franz','Birgmann',NULL,'tischlerei-birgmann@aon.at',NULL,NULL,NULL,'false',NULL,NULL,NULL,NULL,NULL,NULL,NULL,NULL,NULL,NULL,NULL,NULL,NULL,NULL,'false','GUNDERTSHAUSEN 63','','5142','Eggelsberg',NULL,NULL,'unknown',NULL,NULL,NULL,NULL,NULL,NULL,NULL,NULL,'true',NULL,NULL,NULL,NULL,NULL,NULL,NULL,NULL,NULL,1,'2016-06-20 11:43:35',1,'2016-06-20 11:43:35'),(401,142,48,'AT','de','AT','male',NULL,'Marko','Kahr',NULL,'office@grebien.at',NULL,NULL,NULL,'false',NULL,NULL,NULL,NULL,NULL,NULL,NULL,NULL,NULL,NULL,NULL,NULL,NULL,NULL,'false','Leobnerstraße 40','','8600','Bruck',NULL,NULL,'unknown',NULL,NULL,NULL,NULL,NULL,NULL,NULL,NULL,'true',NULL,NULL,NULL,NULL,NULL,'2bb1e9e82806b1d76b0afc5e403c1e6d',NULL,NULL,NULL,1,'2016-06-20 11:53:43',1,'2016-06-20 11:53:43'),(402,143,398,'AT','de',NULL,'male',NULL,'PRAXMARER GMBH',NULL,NULL,'roland@praxmarer.com',NULL,NULL,NULL,'false',NULL,NULL,NULL,NULL,NULL,NULL,NULL,NULL,NULL,NULL,NULL,NULL,NULL,NULL,'false','HUBEN 95','','6444','LÄNGENFELD',NULL,NULL,'unknown',NULL,NULL,NULL,NULL,NULL,NULL,NULL,NULL,'true',NULL,NULL,NULL,NULL,NULL,NULL,NULL,NULL,NULL,1,'2016-06-20 12:23:53',1,'2016-06-20 12:23:53'),(403,144,817,'AT','de','AT','female',NULL,'Nadine','Riegl',NULL,'nadine@riegl.at',NULL,NULL,NULL,'false',NULL,NULL,NULL,NULL,NULL,NULL,NULL,NULL,NULL,NULL,NULL,NULL,NULL,'Tischlerei Riegl','true','Maltesergasse 8','','8570','Voitsberg',NULL,NULL,'unknown',NULL,NULL,NULL,NULL,NULL,NULL,NULL,NULL,'true','03142 22683',NULL,NULL,NULL,NULL,NULL,NULL,NULL,NULL,1,'2016-06-20 12:31:24',1,'2016-06-20 12:31:24'),(404,145,106,'AT','de','AT','unknown',NULL,'Alexander','Weiss',NULL,'schauraum_austriaglas.graz@zengerer.at',NULL,NULL,NULL,'false',NULL,NULL,NULL,NULL,NULL,NULL,NULL,NULL,NULL,NULL,NULL,NULL,37,NULL,'false','Neubauerweg 42c','','8052','Graz',NULL,NULL,'unknown',NULL,'Martin','Labler','Herrgottwiesgasse 170',NULL,'8055','Graz',NULL,'true',NULL,NULL,NULL,NULL,NULL,NULL,NULL,NULL,NULL,1,'0000-00-00 00:00:00',1,'0000-00-00 00:00:00'),(405,146,106,'AT','de','AT','unknown',NULL,'Privat Verkauf','Jaf Graz',NULL,'schauraum_austriaglas.graz@zengerer.at',NULL,NULL,NULL,'false',NULL,NULL,NULL,NULL,NULL,NULL,NULL,NULL,NULL,NULL,NULL,NULL,NULL,NULL,'false','Herrgottwiesgasse 170','','8055','Graz',NULL,NULL,'unknown',NULL,NULL,NULL,NULL,NULL,NULL,NULL,NULL,'true',NULL,NULL,NULL,NULL,NULL,NULL,NULL,NULL,NULL,1,'2016-06-20 12:58:23',1,'2016-06-20 12:58:23'),(406,147,676,'AT','de',NULL,'unknown',NULL,'Gerald','Schwaiger',NULL,'office@modl-wohnstudio.at',NULL,NULL,NULL,'false',NULL,NULL,NULL,NULL,NULL,NULL,NULL,NULL,NULL,NULL,NULL,NULL,NULL,NULL,'false','SALZBURGERSTR. 28','','5204','STRASSWALCHEN',NULL,NULL,'unknown',NULL,NULL,NULL,NULL,NULL,NULL,NULL,NULL,'true',NULL,NULL,NULL,NULL,NULL,NULL,NULL,NULL,NULL,1,'2016-06-20 13:21:21',1,'2016-06-20 13:21:21'),(407,148,673,'AT','de',NULL,'unknown',NULL,'Gerhard','Maderecker',NULL,'tischler.maderecker@aon.at',NULL,NULL,NULL,'false',NULL,NULL,NULL,NULL,NULL,NULL,NULL,NULL,NULL,NULL,NULL,NULL,NULL,NULL,'false','HÄUSERN 7','','4893','ZELL AM MOOS',NULL,NULL,'unknown',NULL,NULL,NULL,NULL,NULL,NULL,NULL,NULL,'true',NULL,NULL,NULL,NULL,NULL,NULL,NULL,NULL,NULL,1,'2016-06-20 14:32:15',1,'2016-06-20 14:32:15'),(408,149,660,'AT','de',NULL,'unknown',NULL,'Franz','Birgmann',NULL,'tischlerei-birgmann@aon.at',NULL,NULL,NULL,'false',NULL,NULL,NULL,NULL,NULL,NULL,NULL,NULL,NULL,NULL,NULL,NULL,NULL,NULL,'false','GUNDERTSHAUSEN 63','','5142','Eggelsberg',NULL,NULL,'unknown',NULL,NULL,NULL,NULL,NULL,NULL,NULL,NULL,'true',NULL,NULL,NULL,NULL,NULL,NULL,NULL,NULL,NULL,1,'2016-06-21 06:48:50',1,'2016-06-21 06:48:50'),(409,150,726,'AT','de','AT','male',NULL,'Markus','Schlagbauer',NULL,'av@hutter.co.at',NULL,NULL,NULL,'false',NULL,NULL,NULL,NULL,NULL,NULL,NULL,NULL,NULL,NULL,NULL,NULL,NULL,'Hutter Acustix GmbH','true','Weizerstraße 9','','8190','Birkfeld',NULL,NULL,'unknown',NULL,NULL,NULL,NULL,NULL,NULL,NULL,NULL,'true','031744472',NULL,NULL,NULL,NULL,NULL,NULL,NULL,NULL,1,'2016-06-21 06:51:19',1,'2016-06-21 06:51:19'),(410,151,678,'AT','de',NULL,'unknown',NULL,'Nobert','Pfanhauser',NULL,'tischlerei@speed.at',NULL,NULL,NULL,'false',NULL,NULL,NULL,NULL,NULL,NULL,NULL,NULL,NULL,NULL,NULL,NULL,NULL,NULL,'false','GEWERBEGEBIET 200','','5092','ST. MARTIN BEI LOFER',NULL,NULL,'unknown',NULL,NULL,NULL,NULL,NULL,NULL,NULL,NULL,'true',NULL,NULL,NULL,NULL,NULL,NULL,NULL,NULL,NULL,1,'2016-06-21 11:07:48',1,'2016-06-21 11:07:48'),(411,152,666,'AT','de',NULL,'unknown',NULL,'Stefan','Buchner',NULL,'s.bucher@tischlermeister.cc',NULL,NULL,NULL,'false',NULL,NULL,NULL,NULL,NULL,NULL,NULL,NULL,NULL,NULL,NULL,NULL,NULL,NULL,'false','ROSENEGG 59','','6391','FIEBERBRUNN',NULL,NULL,'unknown',NULL,NULL,NULL,NULL,NULL,NULL,NULL,NULL,'true',NULL,NULL,NULL,NULL,NULL,NULL,NULL,NULL,NULL,1,'2016-06-21 11:53:05',1,'2016-06-21 11:53:05'),(412,153,27,'AT','de','AT','male',NULL,'Tischler','Datenkraft',NULL,'check.glascard.testtischler@datenkraft.com',NULL,NULL,NULL,'false',NULL,NULL,NULL,NULL,NULL,NULL,NULL,NULL,NULL,NULL,NULL,NULL,NULL,NULL,'false','Tischlerstraße 1','','8042','GrazT',NULL,NULL,'unknown',NULL,NULL,NULL,NULL,NULL,NULL,'office@datenkraft.com',NULL,'true',NULL,NULL,NULL,NULL,NULL,'f0ec0f68e6bfcfa600209c8c6ea187de',NULL,NULL,NULL,1,'2016-06-21 13:05:29',1,'2016-06-21 13:05:29'),(413,154,111,'AT','de','AT','unknown',NULL,'Privat Verkauf','Jaf Kramsach',NULL,'schauraum_austriaglas.kramsach@frischeis.com',NULL,NULL,NULL,'false',NULL,NULL,NULL,NULL,NULL,NULL,NULL,NULL,NULL,NULL,NULL,NULL,NULL,NULL,'false','Amerling 119','','6233','Kramsach',NULL,NULL,'unknown',NULL,NULL,NULL,NULL,NULL,NULL,NULL,NULL,'true',NULL,NULL,NULL,NULL,NULL,NULL,NULL,NULL,NULL,1,'2016-06-21 13:36:48',1,'2016-06-21 13:36:48'),(414,155,513,'AT','de',NULL,'male',NULL,'LIVING BY FRANZ HOLLAUS GMBH',NULL,NULL,'info@living-wohntraum.at',NULL,NULL,NULL,'false',NULL,NULL,NULL,NULL,NULL,NULL,NULL,NULL,NULL,NULL,NULL,NULL,NULL,NULL,'false','HOLLENZEN 115','','6290','MAYRHOFEN',NULL,NULL,'unknown',NULL,NULL,NULL,NULL,NULL,NULL,NULL,NULL,'true',NULL,NULL,NULL,NULL,NULL,NULL,NULL,NULL,NULL,1,'2016-06-21 14:08:59',1,'2016-06-21 14:08:59'),(415,156,513,'AT','de',NULL,'male',NULL,'LIVING BY FRANZ HOLLAUS GMBH',NULL,NULL,'info@living-wohntraum.at',NULL,NULL,NULL,'false',NULL,NULL,NULL,NULL,NULL,NULL,NULL,NULL,NULL,NULL,NULL,NULL,NULL,NULL,'false','HOLLENZEN 115','','6290','MAYRHOFEN',NULL,NULL,'unknown',NULL,NULL,NULL,NULL,NULL,NULL,NULL,NULL,'true',NULL,NULL,NULL,NULL,NULL,NULL,NULL,NULL,NULL,1,'2016-06-21 14:17:41',1,'2016-06-21 14:17:41'),(416,157,398,'AT','de',NULL,'male',NULL,'PRAXMARER GMBH',NULL,NULL,'roland@praxmarer.com',NULL,NULL,NULL,'false',NULL,NULL,NULL,NULL,NULL,NULL,NULL,NULL,NULL,NULL,NULL,NULL,NULL,NULL,'false','HUBEN 95','','6444','LÄNGENFELD',NULL,NULL,'unknown',NULL,NULL,NULL,NULL,NULL,NULL,NULL,NULL,'true',NULL,NULL,NULL,NULL,NULL,NULL,NULL,NULL,NULL,1,'2016-06-22 06:30:16',1,'2016-06-22 06:30:16'),(417,158,683,'AT','de',NULL,'unknown',NULL,'Christian','Schrems',NULL,'tischrems@aon.at',NULL,NULL,NULL,'false',NULL,NULL,NULL,NULL,NULL,NULL,NULL,NULL,NULL,NULL,NULL,NULL,NULL,NULL,'false','SANDTAL 2','','5145','NEUKIRCHEN',NULL,NULL,'unknown',NULL,NULL,NULL,NULL,NULL,NULL,NULL,NULL,'true',NULL,NULL,NULL,NULL,NULL,NULL,NULL,NULL,NULL,1,'2016-06-22 07:29:55',1,'2016-06-22 07:29:55'),(418,159,663,'AT','de',NULL,'unknown',NULL,'Alexander','Pointner',NULL,'andreas.pointner@eckereder.at',NULL,NULL,NULL,'false',NULL,NULL,NULL,NULL,NULL,NULL,NULL,NULL,NULL,NULL,NULL,NULL,NULL,NULL,'false','BRAUNAUER STRASSE 27','','5154','NEUKIRCHEN',NULL,NULL,'unknown',NULL,NULL,NULL,NULL,NULL,NULL,NULL,NULL,'true',NULL,NULL,NULL,NULL,NULL,NULL,NULL,NULL,NULL,1,'2016-06-22 07:56:02',1,'2016-06-22 07:56:02'),(419,160,747,'AT','de',NULL,'male',NULL,'PHILIP','SCHLÖGL',NULL,'phillip.schloegl@braunlockenhaus.at',NULL,NULL,NULL,'false',NULL,NULL,NULL,NULL,NULL,NULL,NULL,NULL,NULL,NULL,NULL,NULL,NULL,NULL,'false','FABRIKGASSE 9-11','','7442','HAMMERTEICH',NULL,NULL,'unknown',NULL,NULL,NULL,NULL,NULL,NULL,NULL,NULL,'true',NULL,NULL,NULL,NULL,NULL,NULL,NULL,NULL,NULL,1,'2016-06-22 07:56:54',1,'2016-06-22 07:56:54'),(420,161,817,'AT','de','AT','female',NULL,'Nadine','Riegl',NULL,'nadine@riegl.at',NULL,NULL,NULL,'false',NULL,NULL,NULL,NULL,NULL,NULL,NULL,NULL,NULL,NULL,NULL,NULL,NULL,'Tischlerei Riegl','true','Maltesergasse 8','','8570','Voitsberg',NULL,NULL,'unknown',NULL,NULL,NULL,NULL,NULL,NULL,NULL,NULL,'true','03142 22683',NULL,NULL,NULL,NULL,NULL,NULL,NULL,NULL,1,'2016-06-22 08:51:33',1,'2016-06-22 08:51:33'),(421,162,701,'AT','de',NULL,'unknown',NULL,'Andreas','Rieger',NULL,'tischlerei-rieger@aon.at',NULL,NULL,NULL,'false',NULL,NULL,NULL,NULL,NULL,NULL,NULL,NULL,NULL,NULL,NULL,NULL,NULL,NULL,'false','KRISPL 24','','5425','KRISPL',NULL,NULL,'unknown',NULL,NULL,NULL,NULL,NULL,NULL,NULL,NULL,'true',NULL,NULL,NULL,NULL,NULL,NULL,NULL,NULL,NULL,1,'2016-06-22 09:05:09',1,'2016-06-22 09:05:09'),(422,163,704,'AT','de',NULL,'unknown',NULL,'Robert','Altweger',NULL,'tischlerei.altweger@aon.at',NULL,NULL,NULL,'false',NULL,NULL,NULL,NULL,NULL,NULL,NULL,NULL,NULL,NULL,NULL,NULL,NULL,NULL,'false','MÖRKWEG  4-6','','5020','Salzburg',NULL,NULL,'unknown',NULL,NULL,NULL,NULL,NULL,NULL,NULL,NULL,'true',NULL,NULL,NULL,NULL,NULL,NULL,NULL,NULL,NULL,1,'2016-06-22 09:26:16',1,'2016-06-22 09:26:16'),(423,164,701,'AT','de',NULL,'unknown',NULL,'Andreas','Rieger',NULL,'tischlerei-rieger@aon.at',NULL,NULL,NULL,'false',NULL,NULL,NULL,NULL,NULL,NULL,NULL,NULL,NULL,NULL,NULL,NULL,NULL,NULL,'false','KRISPL 24','','5425','KRISPL',NULL,NULL,'unknown',NULL,NULL,NULL,NULL,NULL,NULL,NULL,NULL,'true',NULL,NULL,NULL,NULL,NULL,NULL,NULL,NULL,NULL,1,'2016-06-22 09:51:00',1,'2016-06-22 09:51:00'),(424,165,817,'AT','de','AT','female',NULL,'Nadine','Riegl',NULL,'nadine@riegl.at',NULL,NULL,NULL,'false',NULL,NULL,NULL,NULL,NULL,NULL,NULL,NULL,NULL,NULL,NULL,NULL,NULL,'Tischlerei Riegl','true','Maltesergasse 8','','8570','Voitsberg',NULL,NULL,'unknown',NULL,NULL,NULL,NULL,NULL,NULL,NULL,NULL,'true','03142 22683',NULL,NULL,NULL,NULL,NULL,NULL,NULL,NULL,1,'2016-06-22 10:53:27',1,'2016-06-22 10:53:27'),(425,166,106,'AT','de','AT','unknown',NULL,'Privat Verkauf','Jaf Graz',NULL,'schauraum_austriaglas.graz@zengerer.at',NULL,NULL,NULL,'false',NULL,NULL,NULL,NULL,NULL,NULL,NULL,NULL,NULL,NULL,NULL,NULL,NULL,NULL,'false','Herrgottwiesgasse 170','','8055','Graz',NULL,NULL,'unknown',NULL,NULL,NULL,NULL,NULL,NULL,NULL,NULL,'true',NULL,NULL,NULL,NULL,NULL,NULL,NULL,NULL,NULL,1,'2016-06-22 11:50:14',1,'2016-06-22 11:50:14'),(426,167,106,'AT','de','AT','unknown',NULL,'Privat Verkauf','Jaf Graz',NULL,'schauraum_austriaglas.graz@zengerer.at',NULL,NULL,NULL,'false',NULL,NULL,NULL,NULL,NULL,NULL,NULL,NULL,NULL,NULL,NULL,NULL,NULL,NULL,'false','Herrgottwiesgasse 170','','8055','Graz',NULL,NULL,'unknown',NULL,NULL,NULL,NULL,NULL,NULL,NULL,NULL,'true',NULL,NULL,NULL,NULL,NULL,NULL,NULL,NULL,NULL,1,'2016-06-22 11:55:34',1,'2016-06-22 11:55:34'),(427,168,742,'AT','de',NULL,'male',NULL,'MICHAEL','SCHÜTZ',NULL,'mi.schuetz@tischlerei-schuetz.at',NULL,NULL,NULL,'false',NULL,NULL,NULL,NULL,NULL,NULL,NULL,NULL,NULL,NULL,NULL,NULL,NULL,NULL,'false','INDUSTRIESTRASSE 4','','7221','MARZ',NULL,NULL,'unknown',NULL,NULL,NULL,NULL,NULL,NULL,NULL,NULL,'true',NULL,NULL,NULL,NULL,NULL,NULL,NULL,NULL,NULL,1,'2016-06-22 12:26:23',1,'2016-06-22 12:26:23'),(428,169,742,'AT','de',NULL,'male',NULL,'MICHAEL','SCHÜTZ',NULL,'mi.schuetz@tischlerei-schuetz.at',NULL,NULL,NULL,'false',NULL,NULL,NULL,NULL,NULL,NULL,NULL,NULL,NULL,NULL,NULL,NULL,NULL,NULL,'false','INDUSTRIESTRASSE 4','','7221','MARZ',NULL,NULL,'unknown',NULL,NULL,NULL,NULL,NULL,NULL,NULL,NULL,'true',NULL,NULL,NULL,NULL,NULL,NULL,NULL,NULL,NULL,1,'2016-06-22 12:37:10',1,'2016-06-22 12:37:10'),(429,170,701,'AT','de',NULL,'unknown',NULL,'Andreas','Rieger',NULL,'tischlerei-rieger@aon.at',NULL,NULL,NULL,'false',NULL,NULL,NULL,NULL,NULL,NULL,NULL,NULL,NULL,NULL,NULL,NULL,NULL,NULL,'false','KRISPL 24','','5425','KRISPL',NULL,NULL,'unknown',NULL,NULL,NULL,NULL,NULL,NULL,NULL,NULL,'true',NULL,NULL,NULL,NULL,NULL,NULL,NULL,NULL,NULL,1,'2016-06-22 13:13:47',1,'2016-06-22 13:13:47'),(430,171,693,'AT','de',NULL,'unknown',NULL,'Michael','Ebner',NULL,'michael@holzinform.at',NULL,NULL,NULL,'false',NULL,NULL,NULL,NULL,NULL,NULL,NULL,NULL,NULL,NULL,NULL,NULL,NULL,NULL,'false','SEESTRASSE 60','','5330','FUSCHL',NULL,NULL,'unknown',NULL,NULL,NULL,NULL,NULL,NULL,NULL,NULL,'true',NULL,NULL,NULL,NULL,NULL,NULL,NULL,NULL,NULL,1,'2016-06-22 13:16:22',1,'2016-06-22 13:16:22'),(431,172,701,'AT','de',NULL,'unknown',NULL,'Andreas','Rieger',NULL,'tischlerei-rieger@aon.at',NULL,NULL,NULL,'false',NULL,NULL,NULL,NULL,NULL,NULL,NULL,NULL,NULL,NULL,NULL,NULL,NULL,NULL,'false','KRISPL 24','','5425','KRISPL',NULL,NULL,'unknown',NULL,NULL,NULL,NULL,NULL,NULL,NULL,NULL,'true',NULL,NULL,NULL,NULL,NULL,NULL,NULL,NULL,NULL,1,'2016-06-22 13:18:04',1,'2016-06-22 13:18:04'),(432,173,674,'AT','de','AT','male',NULL,'Josef','Feldbacher',NULL,'info@maislinger-wohnideen.at',NULL,NULL,NULL,'false',NULL,NULL,NULL,NULL,NULL,NULL,NULL,NULL,NULL,NULL,NULL,NULL,NULL,NULL,'false','PFONGAU WEST 5','','5202','NEUMARKT AM WALLERSEE',NULL,NULL,'unknown',NULL,NULL,NULL,NULL,NULL,NULL,NULL,NULL,'true',NULL,NULL,NULL,NULL,NULL,'2d17f95e60e65958309b4122d749f27d',NULL,NULL,NULL,1,'2016-06-22 13:24:57',1,'2016-06-22 13:24:57'),(433,174,63,'AT','de','AT','male',NULL,'Tischler','Austriaglas',NULL,'tischler@austriaglas.at',NULL,NULL,NULL,'false',NULL,NULL,NULL,NULL,NULL,NULL,NULL,NULL,NULL,NULL,NULL,NULL,NULL,NULL,'true','Industriegasse 4','','8311','Markt Hartmannsdorf',NULL,NULL,'unknown',NULL,NULL,NULL,NULL,NULL,NULL,NULL,NULL,'true',NULL,NULL,NULL,NULL,NULL,'0b931a49b3cb9a7259d8b0e44170210a',NULL,NULL,NULL,1,'2016-06-22 14:43:03',1,'2016-06-22 14:43:03'),(434,175,63,'AT','de','AT','male',NULL,'Tischler','Austriaglas',NULL,'tischler@austriaglas.at',NULL,NULL,NULL,'false',NULL,NULL,NULL,NULL,NULL,NULL,NULL,NULL,NULL,NULL,NULL,NULL,NULL,NULL,'true','Industriegasse 4','','8311','Markt Hartmannsdorf',NULL,NULL,'unknown',NULL,NULL,NULL,NULL,NULL,NULL,NULL,NULL,'true',NULL,NULL,NULL,NULL,NULL,'0b931a49b3cb9a7259d8b0e44170210a',NULL,NULL,NULL,1,'2016-06-23 05:07:05',1,'2016-06-23 05:07:05'),(435,176,108,'AT','de','AT','unknown',NULL,'Privat Verkauf','Jaf Salzburg',NULL,'schauraum_austriaglas.salzburg@frischeis.com',NULL,NULL,NULL,'false',NULL,NULL,NULL,NULL,NULL,NULL,NULL,NULL,NULL,NULL,NULL,NULL,NULL,NULL,'false','Handelszentrum 12','','5101','Salzburg',NULL,NULL,'unknown',NULL,NULL,NULL,NULL,NULL,NULL,NULL,NULL,'true',NULL,NULL,NULL,NULL,NULL,NULL,NULL,NULL,NULL,1,'2016-06-23 11:37:23',1,'2016-06-23 11:37:23'),(436,177,701,'AT','de',NULL,'unknown',NULL,'Andreas','Rieger',NULL,'tischlerei-rieger@aon.at',NULL,NULL,NULL,'false',NULL,NULL,NULL,NULL,NULL,NULL,NULL,NULL,NULL,NULL,NULL,NULL,NULL,NULL,'false','KRISPL 24','','5425','KRISPL',NULL,NULL,'unknown',NULL,NULL,NULL,NULL,NULL,NULL,NULL,NULL,'true',NULL,NULL,NULL,NULL,NULL,NULL,NULL,NULL,NULL,1,'2016-06-23 11:56:45',1,'2016-06-23 11:56:45'),(437,178,824,'AT','de','AT','male',NULL,'Thomas','Zapfel',NULL,'office@tischlerei-zapfel.at',NULL,NULL,NULL,'false',NULL,NULL,NULL,NULL,NULL,NULL,NULL,NULL,NULL,NULL,NULL,NULL,NULL,'Tischlerei Zapfel Thomas','true','Obere Hauptstraße 85','','7422','Riedlingsdorf',NULL,NULL,'unknown',NULL,NULL,NULL,NULL,NULL,NULL,NULL,NULL,'true','0660 4330301',NULL,NULL,NULL,NULL,NULL,NULL,NULL,NULL,1,'2016-06-23 12:06:10',1,'2016-06-23 12:06:10'),(438,179,360,'AT','de',NULL,'male',NULL,'WELLNESSBEREICHE SETZ GMBH',NULL,NULL,'office@wellnessbereiche.at',NULL,NULL,NULL,'false',NULL,NULL,NULL,NULL,NULL,NULL,NULL,NULL,NULL,NULL,NULL,NULL,179,NULL,'false','INDUSTRIEZONE 57','','6460','IMST',NULL,NULL,'unknown',NULL,'Benjamin','Stabentheiner','Amerling 119',NULL,'6233','Kramsach',NULL,'true',NULL,NULL,NULL,NULL,NULL,NULL,NULL,NULL,NULL,1,'0000-00-00 00:00:00',1,'0000-00-00 00:00:00'),(439,180,817,'AT','de','AT','female',NULL,'Nadine','Riegl',NULL,'nadine@riegl.at',NULL,NULL,NULL,'false',NULL,NULL,NULL,NULL,NULL,NULL,NULL,NULL,NULL,NULL,NULL,NULL,NULL,'Tischlerei Riegl','true','Maltesergasse 8','','8570','Voitsberg',NULL,NULL,'unknown',NULL,NULL,NULL,NULL,NULL,NULL,NULL,NULL,'true','03142 22683',NULL,NULL,NULL,NULL,NULL,NULL,NULL,NULL,1,'2016-06-23 12:21:01',1,'2016-06-23 12:21:01'),(440,181,106,'AT','de','AT','unknown',NULL,'Privat Verkauf','Jaf Graz',NULL,'schauraum_austriaglas.graz@zengerer.at',NULL,NULL,NULL,'false',NULL,NULL,NULL,NULL,NULL,NULL,NULL,NULL,NULL,NULL,NULL,NULL,NULL,NULL,'false','Herrgottwiesgasse 170','','8055','Graz',NULL,NULL,'unknown',NULL,NULL,NULL,NULL,NULL,NULL,NULL,NULL,'true',NULL,NULL,NULL,NULL,NULL,NULL,NULL,NULL,NULL,1,'2016-06-24 05:24:47',1,'2016-06-24 05:24:47'),(441,182,822,'AT','de','AT','male',NULL,'Josef','Hauser',NULL,'hauser.josef@aon.at',NULL,NULL,NULL,'false',NULL,NULL,NULL,NULL,NULL,NULL,NULL,NULL,NULL,NULL,NULL,NULL,NULL,'Hauser Josef Einzelhandel','true','Walchau 6a','','6391','Fieberbrunn',NULL,NULL,'unknown',NULL,NULL,NULL,NULL,NULL,NULL,NULL,NULL,'true','0664 3201210',NULL,NULL,NULL,NULL,NULL,NULL,NULL,NULL,1,'2016-06-24 05:26:43',1,'2016-06-24 05:26:43'),(442,183,108,'AT','de','AT','unknown',NULL,'Privat Verkauf','Jaf Salzburg',NULL,'schauraum_austriaglas.salzburg@frischeis.com',NULL,NULL,NULL,'false',NULL,NULL,NULL,NULL,NULL,NULL,NULL,NULL,NULL,NULL,NULL,NULL,115,NULL,'false','Handelszentrum 12','','5101','Salzburg',NULL,NULL,'unknown',NULL,'Administrator','Jaf Salzburg','Handelszentrum 12',NULL,'5101','Salzburg',NULL,'true',NULL,NULL,NULL,NULL,NULL,NULL,NULL,NULL,NULL,1,'0000-00-00 00:00:00',1,'0000-00-00 00:00:00'),(443,184,682,'AT','de',NULL,'unknown',NULL,'Konrad','Schmölzer',NULL,'schmoelzer.moebel@tvweb.at',NULL,NULL,NULL,'false',NULL,NULL,NULL,NULL,NULL,NULL,NULL,NULL,NULL,NULL,NULL,NULL,NULL,NULL,'false','MOOS 16','','4890','FRANKENMARKT',NULL,NULL,'unknown',NULL,NULL,NULL,NULL,NULL,NULL,NULL,NULL,'true',NULL,NULL,NULL,NULL,NULL,NULL,NULL,NULL,NULL,1,'2016-06-27 06:33:31',1,'2016-06-27 06:33:31'),(444,185,513,'AT','de',NULL,'male',NULL,'LIVING BY FRANZ HOLLAUS GMBH',NULL,NULL,'info@living-wohntraum.at',NULL,NULL,NULL,'false',NULL,NULL,NULL,NULL,NULL,NULL,NULL,NULL,NULL,NULL,NULL,NULL,NULL,NULL,'false','HOLLENZEN 115','','6290','MAYRHOFEN',NULL,NULL,'unknown',NULL,NULL,NULL,NULL,NULL,NULL,NULL,NULL,'true',NULL,NULL,NULL,NULL,NULL,NULL,NULL,NULL,NULL,1,'2016-06-27 07:47:47',1,'2016-06-27 07:47:47'),(445,186,707,'AT','de',NULL,'unknown',NULL,'Markus','Ronacher',NULL,'office@grill-ronacher.at',NULL,NULL,NULL,'false',NULL,NULL,NULL,NULL,NULL,NULL,NULL,NULL,NULL,NULL,NULL,NULL,NULL,NULL,'false','PÖTSCHENSTR. 135','','8990','BAD AUSSEE',NULL,NULL,'unknown',NULL,NULL,NULL,NULL,NULL,NULL,NULL,NULL,'true',NULL,NULL,NULL,NULL,NULL,NULL,NULL,NULL,NULL,1,'2016-06-27 07:48:58',1,'2016-06-27 07:48:58'),(446,187,869,'AT','de','AT','male',NULL,'Florian','Spitzer',NULL,'spitzer@team-moebel.at',NULL,NULL,NULL,'false',NULL,NULL,NULL,NULL,NULL,NULL,NULL,NULL,NULL,NULL,NULL,NULL,NULL,'Team Möbel Rohrbach/L. GmbH','true','Obere Hauptstraße 12/1','','8234','Rohrbach an der Lafnitz',NULL,NULL,'unknown',NULL,NULL,NULL,NULL,NULL,NULL,NULL,NULL,'true','0699 13203305',NULL,NULL,NULL,NULL,NULL,NULL,NULL,NULL,1,'2016-06-27 09:28:16',1,'2016-06-27 09:28:16'),(447,188,109,'AT','de','AT','unknown',NULL,'Privat Verkauf','Jaf Villach',NULL,'schauraum_austriaglas.villach@frischeis.com',NULL,NULL,NULL,'false',NULL,NULL,NULL,NULL,NULL,NULL,NULL,NULL,NULL,NULL,NULL,NULL,NULL,NULL,'false','Muldenweg 12','','9500','Villach',NULL,NULL,'unknown',NULL,NULL,NULL,NULL,NULL,NULL,NULL,NULL,'true',NULL,NULL,NULL,NULL,NULL,NULL,NULL,NULL,NULL,1,'2016-06-27 11:43:28',1,'2016-06-27 11:43:28'),(448,189,679,'AT','de',NULL,'unknown',NULL,NULL,'Pillichshammer',NULL,'office@moebel-pillichshammer.at',NULL,NULL,NULL,'false',NULL,NULL,NULL,NULL,NULL,NULL,NULL,NULL,NULL,NULL,NULL,NULL,NULL,NULL,'false','GRIES 8','','4870','VÖCKLAMARKT',NULL,NULL,'unknown',NULL,NULL,NULL,NULL,NULL,NULL,NULL,NULL,'true',NULL,NULL,NULL,NULL,NULL,NULL,NULL,NULL,NULL,1,'2016-06-27 12:24:49',1,'2016-06-27 12:24:49'),(449,190,773,'AT','de','AT','male',NULL,'Günther','Wendl',NULL,'office@tischlerei-wendl.at',NULL,NULL,NULL,'false',NULL,NULL,NULL,NULL,NULL,NULL,NULL,NULL,NULL,NULL,NULL,NULL,NULL,'Planerei Tischlerei Wendl','true','Kapellenweg 30','','4865','Nußdorf am Attersee',NULL,NULL,'unknown',NULL,NULL,NULL,NULL,NULL,NULL,NULL,NULL,'true','076668673',NULL,NULL,NULL,NULL,NULL,NULL,NULL,NULL,1,'2016-06-27 14:56:57',1,'2016-06-27 14:56:57'),(450,191,773,'AT','de','AT','male',NULL,'Günther','Wendl',NULL,'office@tischlerei-wendl.at',NULL,NULL,NULL,'false',NULL,NULL,NULL,NULL,NULL,NULL,NULL,NULL,NULL,NULL,NULL,NULL,NULL,'Planerei Tischlerei Wendl','true','Kapellenweg 30','','4865','Nußdorf am Attersee',NULL,NULL,'unknown',NULL,NULL,NULL,NULL,NULL,NULL,NULL,NULL,'true','076668673',NULL,NULL,NULL,NULL,NULL,NULL,NULL,NULL,1,'2016-06-27 15:05:32',1,'2016-06-27 15:05:32'),(451,192,813,'AT','de','AT','male',NULL,'Schober Og','Tischlerei',NULL,'info@tischlerei-schober.at',NULL,NULL,NULL,'false',NULL,NULL,NULL,NULL,NULL,NULL,NULL,NULL,NULL,NULL,NULL,NULL,NULL,'Tischlerei Schober OG','true','Lofer 209','','5090','Lofer',NULL,NULL,'unknown',NULL,NULL,NULL,NULL,NULL,NULL,NULL,NULL,'true','06588 8692',NULL,NULL,NULL,NULL,NULL,NULL,NULL,NULL,1,'2016-06-28 06:34:30',1,'2016-06-28 06:34:30'),(452,193,773,'AT','de','AT','male',NULL,'Günther','Wendl',NULL,'office@tischlerei-wendl.at',NULL,NULL,NULL,'false',NULL,NULL,NULL,NULL,NULL,NULL,NULL,NULL,NULL,NULL,NULL,NULL,NULL,'Planerei Tischlerei Wendl','true','Kapellenweg 30','','4865','Nußdorf am Attersee',NULL,NULL,'unknown',NULL,NULL,NULL,NULL,NULL,NULL,NULL,NULL,'true','076668673',NULL,NULL,NULL,NULL,NULL,NULL,NULL,NULL,1,'2016-06-28 06:46:59',1,'2016-06-28 06:46:59'),(453,194,107,'AT','de','AT','unknown',NULL,'Josef','Marchhart',NULL,'schauraum_austriaglas.stockerau@frischeis.com',NULL,NULL,NULL,'false',NULL,NULL,NULL,NULL,NULL,NULL,NULL,NULL,NULL,NULL,NULL,NULL,NULL,NULL,'false','Schlag 7','','2813','Lichtenegg',NULL,NULL,'unknown',NULL,'Administrator','Jaf Stockerau','Gerbergasse 2',NULL,'2000','Stockerau',NULL,'true',NULL,NULL,NULL,NULL,NULL,'c349e2e9a1d9e12bc2edbcb58222aa4c',NULL,NULL,NULL,1,'2016-06-28 09:24:19',1,'2016-06-28 09:24:19'),(454,195,109,'AT','de','AT','unknown',NULL,'Privat Verkauf','Jaf Villach',NULL,'schauraum_austriaglas.villach@frischeis.com',NULL,NULL,NULL,'false',NULL,NULL,NULL,NULL,NULL,NULL,NULL,NULL,NULL,NULL,NULL,NULL,NULL,NULL,'false','Muldenweg 12','','9500','Villach',NULL,NULL,'unknown',NULL,NULL,NULL,NULL,NULL,NULL,NULL,NULL,'true',NULL,NULL,NULL,NULL,NULL,NULL,NULL,NULL,NULL,1,'2016-06-28 10:05:52',1,'2016-06-28 10:05:52'),(455,196,849,'AT','de','AT','male',NULL,'Bernhard','Dettelbacher',NULL,'b.dettelbacher@gmx.at',NULL,NULL,NULL,'false',NULL,NULL,NULL,NULL,NULL,NULL,NULL,NULL,NULL,NULL,NULL,NULL,841,'Tischlerei Dettelbacher Bernhard','true','Schildberg 14','','9470','St: Paul',NULL,NULL,'unknown',NULL,'Jürgen','Fuchsbichler','Muldenweg 12',NULL,'9500','Villach',NULL,'true','0664 4639830',NULL,NULL,NULL,NULL,NULL,NULL,NULL,NULL,1,'0000-00-00 00:00:00',1,'0000-00-00 00:00:00'),(456,197,108,'AT','de','AT','unknown',NULL,'Privat Verkauf','Jaf Salzburg',NULL,'schauraum_austriaglas.salzburg@frischeis.com',NULL,NULL,NULL,'false',NULL,NULL,NULL,NULL,NULL,NULL,NULL,NULL,NULL,NULL,NULL,NULL,NULL,NULL,'false','Handelszentrum 12','','5101','Salzburg',NULL,NULL,'unknown',NULL,NULL,NULL,NULL,NULL,NULL,NULL,NULL,'true',NULL,NULL,NULL,NULL,NULL,NULL,NULL,NULL,NULL,1,'2016-06-28 14:25:44',1,'2016-06-28 14:25:44'),(457,198,689,'AT','de',NULL,'unknown',NULL,'Bernd','Schnitzhofer',NULL,'b.schnitzhofer@laserer.at',NULL,NULL,NULL,'false',NULL,NULL,NULL,NULL,NULL,NULL,NULL,NULL,NULL,NULL,NULL,NULL,NULL,NULL,'false','GOSAU 499','','4824','GOSAU',NULL,NULL,'unknown',NULL,NULL,NULL,NULL,NULL,NULL,NULL,NULL,'true',NULL,NULL,NULL,NULL,NULL,NULL,NULL,NULL,NULL,1,'2016-06-29 08:37:19',1,'2016-06-29 08:37:19'),(458,199,861,'AT','de','AT','male',NULL,'Johann','Mösslacher',NULL,'office@kuechen-moesslacher.at',NULL,NULL,NULL,'false',NULL,NULL,NULL,NULL,NULL,NULL,NULL,NULL,NULL,NULL,NULL,NULL,NULL,'Mössler Küchen','true','St.-Josef-Straße 44','','9500','Villach',NULL,NULL,'unknown',NULL,NULL,NULL,NULL,NULL,NULL,NULL,NULL,'true','04242 34498',NULL,NULL,NULL,NULL,NULL,NULL,NULL,NULL,1,'2016-06-29 08:47:26',1,'2016-06-29 08:47:26'),(459,200,780,'AT','de','AT','male',NULL,'Gmbh & Co Kg','Winter',NULL,'j.winter@tischlereiwinter.at',NULL,NULL,NULL,'false',NULL,NULL,NULL,NULL,NULL,NULL,NULL,NULL,NULL,NULL,NULL,NULL,NULL,'Winter GmbH & Co KG','true','Teichalm 50','','8163','Fladnitz',NULL,NULL,'unknown',NULL,NULL,NULL,NULL,NULL,NULL,NULL,NULL,'true',NULL,NULL,NULL,NULL,NULL,NULL,NULL,NULL,NULL,1,'2016-06-29 09:20:30',1,'2016-06-29 09:20:30'),(460,201,872,'AT','de','AT','male',NULL,'Martin','Schrammel',NULL,'m.schrammel@ds-online.at',NULL,NULL,NULL,'false',NULL,NULL,NULL,NULL,NULL,NULL,NULL,NULL,NULL,NULL,NULL,NULL,NULL,'Tischlerei Dömötör-Strobl GmbH','true','Kreuzwiese 4','','7521','Eberau',NULL,NULL,'unknown',NULL,NULL,NULL,NULL,NULL,NULL,NULL,NULL,'true','03323 2229',NULL,NULL,NULL,NULL,NULL,NULL,NULL,NULL,1,'2016-06-29 12:52:56',1,'2016-06-29 12:52:56'),(461,202,671,'AT','de',NULL,'unknown',NULL,'Justin','Rakovic',NULL,'office@kuechenraum.at',NULL,NULL,NULL,'false',NULL,NULL,NULL,NULL,NULL,NULL,NULL,NULL,NULL,NULL,NULL,NULL,NULL,NULL,'false','HAUPTSTRASSE 4','','5162','OBERTRUM',NULL,NULL,'unknown',NULL,NULL,NULL,NULL,NULL,NULL,NULL,NULL,'true',NULL,NULL,NULL,NULL,NULL,NULL,NULL,NULL,NULL,1,'2016-06-30 08:16:35',1,'2016-06-30 08:16:35'),(462,203,814,'AT','de','AT','male',NULL,'Arnold','Putz',NULL,'arnold@moebelputz.com',NULL,NULL,NULL,'false',NULL,NULL,NULL,NULL,NULL,NULL,NULL,NULL,NULL,NULL,NULL,NULL,NULL,'Putz Möbel Ges.m.b.H.','true','Obere Hauptstraße 58','','7453','Steinberg-Dörfl',NULL,NULL,'unknown',NULL,NULL,NULL,NULL,NULL,NULL,NULL,NULL,'true','02612 84647',NULL,NULL,NULL,NULL,'f131481224049cfd5933a9b19a7fa9b9',NULL,NULL,NULL,1,'2016-06-30 09:03:37',1,'2016-06-30 09:03:37'),(463,204,724,'AT','de','AT','male',NULL,'Michael','Weihs',NULL,'werkstatt@tischlerei-breyer.at',NULL,NULL,NULL,'false',NULL,NULL,NULL,NULL,NULL,NULL,NULL,NULL,NULL,NULL,NULL,NULL,143,'Breyer GmbH','true','Atzersdorfer Straße 10','','2100','Leobensdorf',NULL,NULL,'unknown',NULL,'Thomas','Lager','Gerbergasse 2',NULL,'2000','Stockerau',NULL,'true',NULL,NULL,NULL,NULL,NULL,NULL,NULL,NULL,NULL,1,'0000-00-00 00:00:00',1,'0000-00-00 00:00:00'),(464,205,27,'AT','de','AT','male',NULL,'Tischler','Datenkraft',NULL,'check.glascard.testtischler@datenkraft.com',NULL,NULL,NULL,'false',NULL,NULL,NULL,NULL,NULL,NULL,NULL,NULL,NULL,NULL,NULL,NULL,26,NULL,'false','Tischlerstraße 1','','8042','GrazT',NULL,'Datenkraft','unknown',NULL,'Innendienst','Datenkraft','Innerdienststraße 1',NULL,'8042','GrazID',NULL,'true',NULL,NULL,NULL,NULL,NULL,'f0ec0f68e6bfcfa600209c8c6ea187de',NULL,NULL,NULL,1,'0000-00-00 00:00:00',1,'0000-00-00 00:00:00'),(465,206,695,'AT','de',NULL,'unknown',NULL,'Nermin','Karadzan',NULL,'n.karadza@modl.at',NULL,NULL,NULL,'false',NULL,NULL,NULL,NULL,NULL,NULL,NULL,NULL,NULL,NULL,NULL,NULL,NULL,NULL,'false','PFONGAUERSTRASSE 13','','5202','NEUMARKT',NULL,NULL,'unknown',NULL,NULL,NULL,NULL,NULL,NULL,NULL,NULL,'true',NULL,NULL,NULL,NULL,NULL,NULL,NULL,NULL,NULL,1,'2016-06-30 14:16:05',1,'2016-06-30 14:16:05'),(466,207,861,'AT','de','AT','male',NULL,'Johann','Mösslacher',NULL,'office@kuechen-moesslacher.at',NULL,NULL,NULL,'false',NULL,NULL,NULL,NULL,NULL,NULL,NULL,NULL,NULL,NULL,NULL,NULL,NULL,'Mössler Küchen','true','St.-Josef-Straße 44','','9500','Villach',NULL,NULL,'unknown',NULL,NULL,NULL,NULL,NULL,NULL,NULL,NULL,'true','04242 34498',NULL,NULL,NULL,NULL,NULL,NULL,NULL,NULL,1,'2016-06-30 14:52:02',1,'2016-06-30 14:52:02'),(467,208,688,'AT','de',NULL,'unknown',NULL,'Roman','Winkler',NULL,'office@meistertischlerei.at',NULL,NULL,NULL,'false',NULL,NULL,NULL,NULL,NULL,NULL,NULL,NULL,NULL,NULL,NULL,NULL,NULL,NULL,'false','STEINDORFERSTRASSE 3','','5202','NEUMARKT AM WALLERSEE',NULL,NULL,'unknown',NULL,NULL,NULL,NULL,NULL,NULL,NULL,NULL,'true',NULL,NULL,NULL,NULL,NULL,NULL,NULL,NULL,NULL,1,'2016-07-01 07:39:34',1,'2016-07-01 07:39:34'),(468,209,109,'AT','de','AT','unknown',NULL,'Privat Verkauf','Jaf Villach',NULL,'schauraum_austriaglas.villach@frischeis.com',NULL,NULL,NULL,'false',NULL,NULL,NULL,NULL,NULL,NULL,NULL,NULL,NULL,NULL,NULL,NULL,NULL,NULL,'false','Muldenweg 12','','9500','Villach',NULL,NULL,'unknown',NULL,NULL,NULL,NULL,NULL,NULL,NULL,NULL,'true',NULL,NULL,NULL,NULL,NULL,NULL,NULL,NULL,NULL,1,'2016-07-01 08:34:55',1,'2016-07-01 08:34:55'),(469,210,871,'AT','de','AT','male',NULL,'Johannes','Wartbichler',NULL,'bruck@lgh.rvs.at',NULL,NULL,NULL,'false',NULL,NULL,NULL,NULL,NULL,NULL,NULL,NULL,NULL,NULL,NULL,NULL,NULL,'Raiffeisenverband Salzburg - Lagerhaus Bruck/Glstr.','true','Gewerbestraße 12','','5671','Bruck/Glocknerstraße',NULL,NULL,'unknown',NULL,NULL,NULL,NULL,NULL,NULL,NULL,NULL,'true','06545 6090',NULL,NULL,NULL,NULL,NULL,NULL,NULL,NULL,1,'2016-07-01 09:13:05',1,'2016-07-01 09:13:05'),(470,211,671,'AT','de',NULL,'unknown',NULL,'Justin','Rakovic',NULL,'office@kuechenraum.at',NULL,NULL,NULL,'false',NULL,NULL,NULL,NULL,NULL,NULL,NULL,NULL,NULL,NULL,NULL,NULL,NULL,NULL,'false','HAUPTSTRASSE 4','','5162','OBERTRUM',NULL,NULL,'unknown',NULL,NULL,NULL,NULL,NULL,NULL,NULL,NULL,'true',NULL,NULL,NULL,NULL,NULL,NULL,NULL,NULL,NULL,1,'2016-07-01 09:45:46',1,'2016-07-01 09:45:46'),(471,212,63,'AT','de','AT','male',NULL,'Tischler','Austriaglas',NULL,'tischler@austriaglas.at',NULL,NULL,NULL,'false',NULL,NULL,NULL,NULL,NULL,NULL,NULL,NULL,NULL,NULL,NULL,NULL,NULL,NULL,'true','Industriegasse 4','','8311','Markt Hartmannsdorf',NULL,NULL,'unknown',NULL,NULL,NULL,NULL,NULL,NULL,NULL,NULL,'true',NULL,NULL,NULL,NULL,NULL,'0b931a49b3cb9a7259d8b0e44170210a',NULL,NULL,NULL,1,'2016-07-01 13:11:04',1,'2016-07-01 13:11:04'),(472,213,823,'AT','de','AT','male',NULL,'Massiv Wohnbau Gmbh','Exklusiv',NULL,'office@emwbau.at',NULL,NULL,NULL,'false',NULL,NULL,NULL,NULL,NULL,NULL,NULL,NULL,NULL,NULL,NULL,NULL,NULL,'Exklusiv Massiv Wohnbau GmbH','true','Pichl 166','','5441','Abtenau',NULL,NULL,'unknown',NULL,NULL,NULL,NULL,NULL,NULL,NULL,NULL,'true','06243 41257',NULL,NULL,NULL,NULL,NULL,NULL,NULL,NULL,1,'2016-07-04 07:18:10',1,'2016-07-04 07:18:10'),(473,214,733,'AT','de','AT','male',NULL,'SELBSTABHOLUNG!','Austria Glas',NULL,'',NULL,NULL,NULL,'false',NULL,NULL,NULL,NULL,NULL,NULL,NULL,NULL,NULL,NULL,NULL,NULL,732,'Haas & Haselgruber OG','true','Industriegasse 4','','8311','Markt Hartmannsdorf',NULL,'Haas & Haselgruber OG','unknown',NULL,'Markus','Haas','Steinbruchgasse 15',NULL,'2540','Bad Vöslau',NULL,'true','02252263900',NULL,NULL,NULL,NULL,'28bd84fb8b959caddda3556791199fd1',NULL,NULL,NULL,1,'0000-00-00 00:00:00',1,'0000-00-00 00:00:00'),(474,215,110,'AT','de','AT','unknown',NULL,'Bad Hofgastein','J. u. A. Frischeis Ges.m.b.H.',NULL,'schauraum_austriaglas.badhofgastein@frischeis.com',NULL,NULL,NULL,'false',NULL,NULL,NULL,NULL,NULL,NULL,NULL,NULL,NULL,NULL,NULL,NULL,117,NULL,'false','Weitgasse 5','','5630','Bad Hofgastein',NULL,'J. u. A. Frischeis Ges.m.b.H.','unknown',NULL,'Administrator','Jaf Bad Hofgastein','Weitgasse 5',NULL,'5630','Bad Hofgastein',NULL,'true',NULL,NULL,NULL,NULL,NULL,NULL,NULL,NULL,NULL,1,'0000-00-00 00:00:00',1,'0000-00-00 00:00:00'),(475,216,879,'AT','de','AT','male',NULL,'Daniel','Moitzi',NULL,'daniel@zirbenliebe.at',NULL,NULL,NULL,'false',NULL,NULL,NULL,NULL,NULL,NULL,NULL,NULL,NULL,NULL,NULL,NULL,NULL,'Tischlerei Zitz','true','Sensenwerkgasse 1','','8750','Judenburg',NULL,NULL,'unknown',NULL,NULL,NULL,NULL,NULL,NULL,NULL,NULL,'true','0664 5352854',NULL,NULL,NULL,NULL,NULL,NULL,NULL,NULL,1,'2016-07-04 09:56:42',1,'2016-07-04 09:56:42'),(476,217,684,'AT','de',NULL,'unknown',NULL,'Norbert','Spatzenegger',NULL,'n.spatzenegger@gmx.at',NULL,NULL,NULL,'false',NULL,NULL,NULL,NULL,NULL,NULL,NULL,NULL,NULL,NULL,NULL,NULL,115,NULL,'false','KÜHLBICHL 7','','5211','FRIEDBURG',NULL,NULL,'unknown',NULL,'Administrator','Jaf Salzburg','Handelszentrum 12',NULL,'5101','Salzburg',NULL,'true',NULL,NULL,NULL,NULL,NULL,NULL,NULL,NULL,NULL,1,'0000-00-00 00:00:00',1,'0000-00-00 00:00:00'),(477,218,264,'AT','de',NULL,'male',NULL,'RAUCHENBICHLER TISCHLEREI OHG',NULL,NULL,'info@rauchenbichler.it',NULL,NULL,NULL,'false',NULL,NULL,NULL,NULL,NULL,NULL,NULL,NULL,NULL,NULL,NULL,NULL,NULL,NULL,'false','ST. PETER NR. 29','','39030','AHRNTAL - SÜDTIROL',NULL,NULL,'unknown',NULL,NULL,NULL,NULL,NULL,NULL,NULL,NULL,'true',NULL,NULL,NULL,NULL,NULL,NULL,NULL,NULL,NULL,1,'2016-07-05 11:34:45',1,'2016-07-05 11:34:45'),(478,219,106,'AT','de','AT','unknown',NULL,'Privat Verkauf','Jaf Graz',NULL,'schauraum_austriaglas.graz@zengerer.at',NULL,NULL,NULL,'false',NULL,NULL,NULL,NULL,NULL,NULL,NULL,NULL,NULL,NULL,NULL,NULL,NULL,NULL,'false','Herrgottwiesgasse 170','','8055','Graz',NULL,NULL,'unknown',NULL,NULL,NULL,NULL,NULL,NULL,NULL,NULL,'true',NULL,NULL,NULL,NULL,NULL,NULL,NULL,NULL,NULL,1,'2016-07-05 12:39:09',1,'2016-07-05 12:39:09'),(479,220,637,'AT','de',NULL,'unknown',NULL,'Karl-Manfred','Größ',NULL,'office@tischlereigroess.at',NULL,NULL,NULL,'false',NULL,NULL,NULL,NULL,NULL,NULL,NULL,NULL,NULL,NULL,NULL,NULL,NULL,NULL,'false','St.Nikolai 30','','8422','St.Veit i.d.Südsteiermark',NULL,NULL,'unknown',NULL,NULL,NULL,NULL,NULL,NULL,NULL,NULL,'true',NULL,NULL,NULL,NULL,NULL,NULL,NULL,NULL,NULL,1,'2016-07-06 11:13:27',1,'2016-07-06 11:13:27'),(480,221,106,'AT','de','AT','unknown',NULL,'Privat Verkauf','Jaf Graz',NULL,'schauraum_austriaglas.graz@zengerer.at',NULL,NULL,NULL,'false',NULL,NULL,NULL,NULL,NULL,NULL,NULL,NULL,NULL,NULL,NULL,NULL,NULL,NULL,'false','Herrgottwiesgasse 170','','8055','Graz',NULL,NULL,'unknown',NULL,NULL,NULL,NULL,NULL,NULL,NULL,NULL,'true',NULL,NULL,NULL,NULL,NULL,NULL,NULL,NULL,NULL,1,'2016-07-06 14:27:30',1,'2016-07-06 14:27:30'),(481,222,106,'AT','de','AT','unknown',NULL,'Privat Verkauf','Jaf Graz',NULL,'schauraum_austriaglas.graz@zengerer.at',NULL,NULL,NULL,'false',NULL,NULL,NULL,NULL,NULL,NULL,NULL,NULL,NULL,NULL,NULL,NULL,37,NULL,'false','Herrgottwiesgasse 170','','8055','Graz',NULL,NULL,'unknown',NULL,'Martin','Labler','Herrgottwiesgasse 170',NULL,'8055','Graz',NULL,'true',NULL,NULL,NULL,NULL,NULL,NULL,NULL,NULL,NULL,1,'0000-00-00 00:00:00',1,'0000-00-00 00:00:00'),(482,223,110,'AT','de','AT','unknown',NULL,'Privat Verkauf','Jaf Bad Hofgastein',NULL,'schauraum_austriaglas.badhofgastein@frischeis.com',NULL,NULL,NULL,'false',NULL,NULL,NULL,NULL,NULL,NULL,NULL,NULL,NULL,NULL,NULL,NULL,NULL,NULL,'false','Weitgasse 5','','5630','Bad Hofgastein',NULL,NULL,'unknown',NULL,NULL,NULL,NULL,NULL,NULL,NULL,NULL,'true',NULL,NULL,NULL,NULL,NULL,NULL,NULL,NULL,NULL,1,'2016-07-07 07:49:50',1,'2016-07-07 07:49:50'),(483,224,63,'AT','de','AT','male',NULL,'Tischler','Austriaglas',NULL,'tischler@austriaglas.at',NULL,NULL,NULL,'false',NULL,NULL,NULL,NULL,NULL,NULL,NULL,NULL,NULL,NULL,NULL,NULL,NULL,NULL,'true','Industriegasse 4','','8311','Markt Hartmannsdorf',NULL,NULL,'unknown',NULL,NULL,NULL,NULL,NULL,NULL,NULL,NULL,'true',NULL,NULL,NULL,NULL,NULL,'0b931a49b3cb9a7259d8b0e44170210a',NULL,NULL,NULL,1,'2016-07-07 12:56:56',1,'2016-07-07 12:56:56'),(484,225,109,'AT','de','AT','unknown',NULL,'Privat Verkauf','Jaf Villach',NULL,'schauraum_austriaglas.villach@frischeis.com',NULL,NULL,NULL,'false',NULL,NULL,NULL,NULL,NULL,NULL,NULL,NULL,NULL,NULL,NULL,NULL,NULL,NULL,'false','Muldenweg 12','','9500','Villach',NULL,NULL,'unknown',NULL,NULL,NULL,NULL,NULL,NULL,NULL,NULL,'true',NULL,NULL,NULL,NULL,NULL,NULL,NULL,NULL,NULL,1,'2016-07-07 12:57:49',1,'2016-07-07 12:57:49'),(485,226,109,'AT','de','AT','unknown',NULL,'Privat Verkauf','Jaf Villach',NULL,'schauraum_austriaglas.villach@frischeis.com',NULL,NULL,NULL,'false',NULL,NULL,NULL,NULL,NULL,NULL,NULL,NULL,NULL,NULL,NULL,NULL,116,NULL,'false','Muldenweg 12','','9500','Villach',NULL,NULL,'unknown',NULL,'Administrator','Jaf Villach','Muldenweg 12',NULL,'9500','Villach',NULL,'true',NULL,NULL,NULL,NULL,NULL,NULL,NULL,NULL,NULL,1,'0000-00-00 00:00:00',1,'0000-00-00 00:00:00'),(486,227,733,'AT','de','AT','male',NULL,'Markus','Haas',NULL,'office@h-diezwei.at',NULL,NULL,NULL,'false',NULL,NULL,NULL,NULL,NULL,NULL,NULL,NULL,NULL,NULL,NULL,NULL,NULL,'Haas & Haselgruber OG','true','Steinbruchgasse 15','','2540','Bad Vöslau',NULL,NULL,'unknown',NULL,NULL,NULL,NULL,NULL,NULL,NULL,NULL,'true','02252263900',NULL,NULL,NULL,NULL,'28bd84fb8b959caddda3556791199fd1',NULL,NULL,NULL,1,'2016-07-08 05:52:54',1,'2016-07-08 05:52:54'),(487,228,54,'AT','de','AT','male',NULL,'Günther','Anabathi',NULL,'tischlerei@anabith.at',NULL,NULL,NULL,'false',NULL,NULL,NULL,NULL,NULL,NULL,NULL,NULL,NULL,NULL,NULL,NULL,NULL,NULL,'false','Kainach 53','','8573','Kainach b. Voitsberg',NULL,NULL,'unknown',NULL,NULL,NULL,NULL,NULL,NULL,NULL,NULL,'true',NULL,NULL,NULL,NULL,NULL,'f604f1863d591ebddce30fa0dd322afd',NULL,NULL,NULL,1,'2016-07-08 11:41:49',1,'2016-07-08 11:41:49'),(488,229,850,'AT','de','AT','male',NULL,'Günther','Zenkl',NULL,'office@zenkl.co.at',NULL,NULL,NULL,'false',NULL,NULL,NULL,NULL,NULL,NULL,NULL,NULL,NULL,NULL,NULL,NULL,841,'Tischlerei Zenkl Günther','true','Glantschach 23','','9132','Galizien',NULL,NULL,'unknown',NULL,'Jürgen','Fuchsbichler','Muldenweg 12',NULL,'9500','Villach',NULL,'true','04221 2794',NULL,NULL,NULL,NULL,NULL,NULL,NULL,NULL,1,'0000-00-00 00:00:00',1,'0000-00-00 00:00:00'),(489,230,662,'AT','de',NULL,'unknown',NULL,'Stefan','Breiner',NULL,'stefan.breiner@breinertischler.at',NULL,NULL,NULL,'false',NULL,NULL,NULL,NULL,NULL,NULL,NULL,NULL,NULL,NULL,NULL,NULL,NULL,NULL,'false','LANDGRABEN 1','','4891','PÖNDORF',NULL,NULL,'unknown',NULL,NULL,NULL,NULL,NULL,NULL,NULL,NULL,'true',NULL,NULL,NULL,NULL,NULL,NULL,NULL,NULL,NULL,1,'2016-07-11 05:53:19',1,'2016-07-11 05:53:19'),(490,231,109,'AT','de','AT','unknown',NULL,'Privat Verkauf','Jaf Villach',NULL,'schauraum_austriaglas.villach@frischeis.com',NULL,NULL,NULL,'false',NULL,NULL,NULL,NULL,NULL,NULL,NULL,NULL,NULL,NULL,NULL,NULL,116,NULL,'false','Muldenweg 12','','9500','Villach',NULL,NULL,'unknown',NULL,'Administrator','Jaf Villach','Muldenweg 12',NULL,'9500','Villach',NULL,'true',NULL,NULL,NULL,NULL,NULL,NULL,NULL,NULL,NULL,1,'0000-00-00 00:00:00',1,'0000-00-00 00:00:00'),(491,232,865,'AT','de','AT','male',NULL,'Friedrich','Schmidhammer',NULL,'office@tischlerei-schmidhammer.at',NULL,NULL,NULL,'false',NULL,NULL,NULL,NULL,NULL,NULL,NULL,NULL,NULL,NULL,NULL,NULL,NULL,'Tischlerei Schmidhammer Friedrich','true','Reith 7','','5132','Geretsberg',NULL,NULL,'unknown',NULL,NULL,NULL,NULL,NULL,NULL,NULL,NULL,'true','0664 5133782',NULL,NULL,NULL,NULL,NULL,NULL,NULL,NULL,1,'2016-07-11 09:11:01',1,'2016-07-11 09:11:01'),(492,233,360,'AT','de',NULL,'male',NULL,'WELLNESSBEREICHE SETZ GMBH',NULL,NULL,'office@wellnessbereiche.at',NULL,NULL,NULL,'false',NULL,NULL,NULL,NULL,NULL,NULL,NULL,NULL,NULL,NULL,NULL,NULL,179,NULL,'false','INDUSTRIEZONE 57','','6460','IMST',NULL,NULL,'unknown',NULL,'Benjamin','Stabentheiner','Amerling 119',NULL,'6233','Kramsach',NULL,'true',NULL,NULL,NULL,NULL,NULL,NULL,NULL,NULL,NULL,1,'0000-00-00 00:00:00',1,'0000-00-00 00:00:00'),(493,234,865,'AT','de','AT','male',NULL,'Friedrich','Schmidhammer',NULL,'office@tischlerei-schmidhammer.at',NULL,NULL,NULL,'false',NULL,NULL,NULL,NULL,NULL,NULL,NULL,NULL,NULL,NULL,NULL,NULL,NULL,'Tischlerei Schmidhammer Friedrich','true','Reith 7','','5132','Geretsberg',NULL,NULL,'unknown',NULL,NULL,NULL,NULL,NULL,NULL,NULL,NULL,'true','0664 5133782',NULL,NULL,NULL,NULL,NULL,NULL,NULL,NULL,1,'2016-07-11 14:22:59',1,'2016-07-11 14:22:59'),(494,235,768,'AT','de','AT','male','Ing.','Josef','Halter',NULL,'rudolf.maurer@halter.at',NULL,NULL,NULL,'false',NULL,NULL,NULL,NULL,NULL,NULL,NULL,NULL,NULL,NULL,NULL,NULL,143,'Ing. Josef Halter Ges.m.b.H.','true','Altstadt 22','','2460','Bruck/Leitha',NULL,NULL,'unknown',NULL,'Thomas','Lager','Gerbergasse 2',NULL,'2000','Stockerau',NULL,'true','0216262408',NULL,NULL,NULL,NULL,NULL,NULL,NULL,NULL,1,'0000-00-00 00:00:00',1,'0000-00-00 00:00:00'),(495,236,768,'AT','de','AT','male','Ing.','Josef','Halter',NULL,'rudolf.maurer@halter.at',NULL,NULL,NULL,'false',NULL,NULL,NULL,NULL,NULL,NULL,NULL,NULL,NULL,NULL,NULL,NULL,143,'Ing. Josef Halter Ges.m.b.H.','true','Altstadt 22','','2460','Bruck/Leitha',NULL,NULL,'unknown',NULL,'Thomas','Lager','Gerbergasse 2',NULL,'2000','Stockerau',NULL,'true','0216262408',NULL,NULL,NULL,NULL,NULL,NULL,NULL,NULL,1,'0000-00-00 00:00:00',1,'0000-00-00 00:00:00'),(496,237,758,'AT','de','AT','male',NULL,'Erich','Schulter',NULL,'tischlerei.schulter@a1.net',NULL,NULL,NULL,'false',NULL,NULL,NULL,NULL,NULL,NULL,NULL,NULL,NULL,NULL,NULL,NULL,NULL,'Schulter Erich','true','Dobersdorf 51','','7564','Dobersdorf',NULL,NULL,'unknown',NULL,NULL,NULL,NULL,NULL,NULL,NULL,NULL,'true',NULL,NULL,NULL,NULL,NULL,'4eecae5cb8b11e695512b35c63553235',NULL,NULL,NULL,1,'2016-07-13 06:15:50',1,'2016-07-13 06:15:50'),(497,238,689,'AT','de',NULL,'unknown',NULL,'Bernd','Schnitzhofer',NULL,'b.schnitzhofer@laserer.at',NULL,NULL,NULL,'false',NULL,NULL,NULL,NULL,NULL,NULL,NULL,NULL,NULL,NULL,NULL,NULL,115,NULL,'false','GOSAU 499','','4824','GOSAU',NULL,NULL,'unknown',NULL,'Administrator','Jaf Salzburg','Handelszentrum 12',NULL,'5101','Salzburg',NULL,'true',NULL,NULL,NULL,NULL,NULL,NULL,NULL,NULL,NULL,1,'0000-00-00 00:00:00',1,'0000-00-00 00:00:00'),(498,239,108,'AT','de','AT','unknown',NULL,'Privat Verkauf','Jaf Salzburg',NULL,'schauraum_austriaglas.salzburg@frischeis.com',NULL,NULL,NULL,'false',NULL,NULL,NULL,NULL,NULL,NULL,NULL,NULL,NULL,NULL,NULL,NULL,NULL,NULL,'false','Handelszentrum 12','','5101','Salzburg',NULL,NULL,'unknown',NULL,NULL,NULL,NULL,NULL,NULL,NULL,NULL,'true',NULL,NULL,NULL,NULL,NULL,NULL,NULL,NULL,NULL,1,'2016-07-13 08:22:25',1,'2016-07-13 08:22:25'),(499,240,669,'AT','de',NULL,'unknown',NULL,'Norbert','Kletzl',NULL,'office@kletzl-einrichtung.at',NULL,NULL,NULL,'false',NULL,NULL,NULL,NULL,NULL,NULL,NULL,NULL,NULL,NULL,NULL,NULL,NULL,NULL,'false','MUNDERFING 50','','5222','MUNDERFING',NULL,NULL,'unknown',NULL,NULL,NULL,NULL,NULL,NULL,NULL,NULL,'true',NULL,NULL,NULL,NULL,NULL,NULL,NULL,NULL,NULL,1,'2016-07-13 08:54:35',1,'2016-07-13 08:54:35'),(500,241,111,'AT','de','AT','unknown',NULL,'Tischlerei Gruber Peter','Gruber Peter',NULL,'schauraum_austriaglas.kramsach@frischeis.com',NULL,NULL,NULL,'false',NULL,NULL,NULL,NULL,NULL,NULL,NULL,NULL,NULL,NULL,NULL,NULL,118,NULL,'false','LENZWEG 419','','6311','OBERAU',NULL,NULL,'unknown',NULL,'Administrator','Jaf Kramsach','Amerling 119',NULL,'6233','Kramsach',NULL,'true',NULL,NULL,NULL,NULL,NULL,NULL,NULL,NULL,NULL,1,'0000-00-00 00:00:00',1,'0000-00-00 00:00:00'),(501,242,112,'AT','de','AT','unknown',NULL,'Privat Verkauf','Jaf Linz',NULL,'schauraum_austriaglas.linz@frischeis.com',NULL,NULL,NULL,'false',NULL,NULL,NULL,NULL,NULL,NULL,NULL,NULL,NULL,NULL,NULL,NULL,NULL,NULL,'false','Prinz-Eugen-Straße 13','','4020','Linz',NULL,NULL,'unknown',NULL,NULL,NULL,NULL,NULL,NULL,NULL,NULL,'true',NULL,NULL,NULL,NULL,NULL,NULL,NULL,NULL,NULL,1,'2016-07-14 10:54:35',1,'2016-07-14 10:54:35'),(502,243,292,'AT','de',NULL,'male',NULL,'KREATEAM KG',NULL,NULL,'info@Kreateam.it',NULL,NULL,NULL,'false',NULL,NULL,NULL,NULL,NULL,NULL,NULL,NULL,NULL,NULL,NULL,NULL,NULL,NULL,'false','MAREIT - KIRCHDORF 5','','39040','RATSCHINGS',NULL,NULL,'unknown',NULL,NULL,NULL,NULL,NULL,NULL,NULL,NULL,'true',NULL,NULL,NULL,NULL,NULL,NULL,NULL,NULL,NULL,1,'2016-07-14 14:21:13',1,'2016-07-14 14:21:13'),(503,244,107,'AT','de','AT','unknown',NULL,'Privat Verkauf','Jaf Stockerau',NULL,'schauraum_austriaglas.stockerau@frischeis.com',NULL,NULL,NULL,'false',NULL,NULL,NULL,NULL,NULL,NULL,NULL,NULL,NULL,NULL,NULL,NULL,NULL,NULL,'false','Gerbergasse 2','','2000','Stockerau',NULL,NULL,'unknown',NULL,NULL,NULL,NULL,NULL,NULL,NULL,NULL,'true',NULL,NULL,NULL,NULL,NULL,'c349e2e9a1d9e12bc2edbcb58222aa4c',NULL,NULL,NULL,1,'2016-07-14 14:30:50',1,'2016-07-14 14:30:50'),(504,245,666,'AT','de',NULL,'unknown',NULL,'Stefan','Buchner',NULL,'s.bucher@tischlermeister.cc',NULL,NULL,NULL,'false',NULL,NULL,NULL,NULL,NULL,NULL,NULL,NULL,NULL,NULL,NULL,NULL,NULL,NULL,'false','ROSENEGG 59','','6391','FIEBERBRUNN',NULL,NULL,'unknown',NULL,NULL,NULL,NULL,NULL,NULL,NULL,NULL,'true',NULL,NULL,NULL,NULL,NULL,NULL,NULL,NULL,NULL,1,'2016-07-15 07:41:31',1,'2016-07-15 07:41:31'),(505,246,934,'AT','de','AT','male',NULL,'Daniel','Merth',NULL,'office@merth.at',NULL,NULL,NULL,'false',NULL,NULL,NULL,NULL,NULL,NULL,NULL,NULL,NULL,NULL,NULL,NULL,NULL,'A & G MERTH GNBR Kunstglaserei','true','Urchen 16','','5761','Maria Alm',NULL,NULL,'unknown',NULL,NULL,NULL,NULL,NULL,NULL,NULL,NULL,'true','06584 22 20',NULL,NULL,NULL,NULL,NULL,NULL,NULL,NULL,1,'2016-07-15 09:15:49',1,'2016-07-15 09:15:49'),(506,247,879,'AT','de','AT','male',NULL,'Daniel','Moitzi',NULL,'daniel@zirbenliebe.at',NULL,NULL,NULL,'false',NULL,NULL,NULL,NULL,NULL,NULL,NULL,NULL,NULL,NULL,NULL,NULL,NULL,'Tischlerei Zitz','true','Sensenwerkgasse 1','','8750','Judenburg',NULL,NULL,'unknown',NULL,NULL,NULL,NULL,NULL,NULL,NULL,NULL,'true','0664 5352854',NULL,NULL,NULL,NULL,NULL,NULL,NULL,NULL,1,'2016-07-15 09:55:56',1,'2016-07-15 09:55:56'),(507,248,109,'AT','de','AT','unknown',NULL,'Privat Verkauf','Jaf Villach',NULL,'schauraum_austriaglas.villach@frischeis.com',NULL,NULL,NULL,'false',NULL,NULL,NULL,NULL,NULL,NULL,NULL,NULL,NULL,NULL,NULL,NULL,NULL,NULL,'false','Muldenweg 12','','9500','Villach',NULL,NULL,'unknown',NULL,NULL,NULL,NULL,NULL,NULL,NULL,NULL,'true',NULL,NULL,NULL,NULL,NULL,NULL,NULL,NULL,NULL,1,'2016-07-17 08:45:04',1,'2016-07-17 08:45:04'),(508,249,108,'AT','de','AT','unknown',NULL,'Privat Verkauf','Jaf Salzburg',NULL,'schauraum_austriaglas.salzburg@frischeis.com',NULL,NULL,NULL,'false',NULL,NULL,NULL,NULL,NULL,NULL,NULL,NULL,NULL,NULL,NULL,NULL,NULL,NULL,'false','Handelszentrum 12','','5101','Salzburg',NULL,NULL,'unknown',NULL,NULL,NULL,NULL,NULL,NULL,NULL,NULL,'true',NULL,NULL,NULL,NULL,NULL,NULL,NULL,NULL,NULL,1,'2016-07-18 13:39:25',1,'2016-07-18 13:39:25'),(509,250,166,'AT','de',NULL,'male',NULL,'Christian','Lindner',NULL,'office@tischlerei-lindner.com',NULL,NULL,NULL,'false',NULL,NULL,NULL,NULL,NULL,NULL,NULL,NULL,NULL,NULL,NULL,NULL,143,NULL,'false','STEINGRUB 18','','3242','TEXING',NULL,NULL,'unknown',NULL,'Thomas','Lager','Gerbergasse 2',NULL,'2000','Stockerau',NULL,'true',NULL,NULL,NULL,NULL,NULL,NULL,NULL,NULL,NULL,1,'0000-00-00 00:00:00',1,'0000-00-00 00:00:00'),(510,251,704,'AT','de',NULL,'unknown',NULL,'Robert','Altweger',NULL,'tischlerei.altweger@aon.at',NULL,NULL,NULL,'false',NULL,NULL,NULL,NULL,NULL,NULL,NULL,NULL,NULL,NULL,NULL,NULL,NULL,NULL,'false','MÖRKWEG  4-6','','5020','Salzburg',NULL,NULL,'unknown',NULL,NULL,NULL,NULL,NULL,NULL,NULL,NULL,'true',NULL,NULL,NULL,NULL,NULL,NULL,NULL,NULL,NULL,1,'2016-07-19 07:12:33',1,'2016-07-19 07:12:33'),(511,252,63,'AT','de','AT','male',NULL,'Tischler','Austriaglas',NULL,'tischler@austriaglas.at',NULL,NULL,NULL,'false',NULL,NULL,NULL,NULL,NULL,NULL,NULL,NULL,NULL,NULL,NULL,NULL,NULL,NULL,'true','Industriegasse 4','','8311','Markt Hartmannsdorf',NULL,NULL,'unknown',NULL,NULL,NULL,NULL,NULL,NULL,NULL,NULL,'true',NULL,NULL,NULL,NULL,NULL,'0b931a49b3cb9a7259d8b0e44170210a',NULL,NULL,NULL,1,'2016-07-19 08:19:10',1,'2016-07-19 08:19:10'),(512,253,943,'AT','de','AT','male',NULL,'Sebastian','Berger',NULL,'tischlerei-berger@aon.at',NULL,NULL,NULL,'false',NULL,NULL,NULL,NULL,NULL,NULL,NULL,NULL,NULL,NULL,NULL,NULL,NULL,'B+M Tischlerei','true','Schartental 36','','6393','St. Ulrich/Pillersee',NULL,NULL,'unknown',NULL,NULL,NULL,NULL,NULL,NULL,NULL,NULL,'true','0664 34 78 569',NULL,NULL,NULL,NULL,NULL,NULL,NULL,NULL,1,'2016-07-19 11:23:17',1,'2016-07-19 11:23:17'),(513,254,643,'AT','de',NULL,'unknown',NULL,'Birgit','Kumpusch, Ing.',NULL,'birgit@kumpusch.at',NULL,NULL,NULL,'false',NULL,NULL,NULL,NULL,NULL,NULL,NULL,NULL,NULL,NULL,NULL,NULL,NULL,NULL,'false','Gleinstätten 162','','8443','Gleinstätten',NULL,NULL,'unknown',NULL,NULL,NULL,NULL,NULL,NULL,NULL,NULL,'true',NULL,NULL,NULL,NULL,NULL,NULL,NULL,NULL,NULL,1,'2016-07-19 11:43:44',1,'2016-07-19 11:43:44'),(514,255,942,'NU','de','AT','male',NULL,'Thomas','Weschler',NULL,'info@weschler.eu',NULL,NULL,NULL,'false',NULL,NULL,NULL,NULL,NULL,NULL,NULL,NULL,NULL,NULL,NULL,NULL,NULL,'Weschler Thomas Montagen','true','Am Sonnenwiesgraben 29','','83404','Ainring',NULL,NULL,'unknown',NULL,NULL,NULL,NULL,NULL,NULL,NULL,NULL,'true','0049 8654 77 38 33',NULL,NULL,NULL,NULL,'63c39385acbd5d89bf3db1a7f460f24f',NULL,NULL,NULL,1,'2016-07-19 11:57:12',1,'2016-07-19 11:57:12'),(515,256,872,'AT','de','AT','male',NULL,'Martin','Schrammel',NULL,'m.schrammel@ds-online.at',NULL,NULL,NULL,'false',NULL,NULL,NULL,NULL,NULL,NULL,NULL,NULL,NULL,NULL,NULL,NULL,NULL,'Tischlerei Dömötör-Strobl GmbH','true','Kreuzwiese 4','','7521','Eberau',NULL,NULL,'unknown',NULL,NULL,NULL,NULL,NULL,NULL,NULL,NULL,'true','03323 2229',NULL,NULL,NULL,NULL,NULL,NULL,NULL,NULL,1,'2016-07-19 12:04:03',1,'2016-07-19 12:04:03'),(516,257,107,'AT','de','AT','unknown',NULL,'Privat Verkauf','Jaf Stockerau',NULL,'schauraum_austriaglas.stockerau@frischeis.com',NULL,NULL,NULL,'false',NULL,NULL,NULL,NULL,NULL,NULL,NULL,NULL,NULL,NULL,NULL,NULL,NULL,NULL,'false','Gerbergasse 2','','2000','Stockerau',NULL,NULL,'unknown',NULL,NULL,NULL,NULL,NULL,NULL,NULL,NULL,'true',NULL,NULL,NULL,NULL,NULL,'c349e2e9a1d9e12bc2edbcb58222aa4c',NULL,NULL,NULL,1,'2016-07-19 12:57:25',1,'2016-07-19 12:57:25'),(517,258,109,'AT','de','AT','unknown',NULL,'Privat Verkauf','Jaf Villach',NULL,'schauraum_austriaglas.villach@frischeis.com',NULL,NULL,NULL,'false',NULL,NULL,NULL,NULL,NULL,NULL,NULL,NULL,NULL,NULL,NULL,NULL,116,NULL,'false','Muldenweg 12','','9500','Villach',NULL,NULL,'unknown',NULL,'Administrator','Jaf Villach','Muldenweg 12',NULL,'9500','Villach',NULL,'true',NULL,NULL,NULL,NULL,NULL,'4a94800a544e8fb6962f190bd8906458',NULL,NULL,NULL,1,'0000-00-00 00:00:00',1,'0000-00-00 00:00:00'),(518,259,63,'AT','de','AT','male',NULL,'Tischler','Austriaglas',NULL,'tischler@austriaglas.at',NULL,NULL,NULL,'false',NULL,NULL,NULL,NULL,NULL,NULL,NULL,NULL,NULL,NULL,NULL,NULL,NULL,NULL,'true','Industriegasse 4','','8311','Markt Hartmannsdorf',NULL,NULL,'unknown',NULL,NULL,NULL,NULL,NULL,NULL,NULL,NULL,'true',NULL,NULL,NULL,NULL,NULL,'0b931a49b3cb9a7259d8b0e44170210a',NULL,NULL,NULL,1,'2016-07-21 12:07:08',1,'2016-07-21 12:07:08'),(519,260,711,'AT','de',NULL,'unknown',NULL,'Martin','Scheicher',NULL,'office@holzwerk.cc',NULL,NULL,NULL,'false',NULL,NULL,NULL,NULL,NULL,NULL,NULL,NULL,NULL,NULL,NULL,NULL,NULL,NULL,'false','UNTERE WALSERBERGSTRASSE 3','','5071','WALS',NULL,NULL,'unknown',NULL,NULL,NULL,NULL,NULL,NULL,NULL,NULL,'true',NULL,NULL,NULL,NULL,NULL,NULL,NULL,NULL,NULL,1,'2016-07-21 12:53:22',1,'2016-07-21 12:53:22'),(520,261,109,'AT','de','AT','unknown',NULL,'Tischlerei Siegfrid','Holz',NULL,'schauraum_austriaglas.villach@frischeis.com',NULL,NULL,NULL,'false',NULL,NULL,NULL,NULL,NULL,NULL,NULL,NULL,NULL,NULL,NULL,NULL,116,NULL,'false','Weißenbach 3','','8813','St. Lambrecht',NULL,NULL,'unknown',NULL,'Administrator','Jaf Villach','Muldenweg 12',NULL,'9500','Villach',NULL,'true',NULL,NULL,NULL,NULL,NULL,'4a94800a544e8fb6962f190bd8906458',NULL,NULL,NULL,1,'0000-00-00 00:00:00',1,'0000-00-00 00:00:00'),(521,262,112,'AT','de','AT','unknown',NULL,'Privat Verkauf','Jaf Linz',NULL,'schauraum_austriaglas.linz@frischeis.com',NULL,NULL,NULL,'false',NULL,NULL,NULL,NULL,NULL,NULL,NULL,NULL,NULL,NULL,NULL,NULL,NULL,NULL,'false','Prinz-Eugen-Straße 13','','4020','Linz',NULL,NULL,'unknown',NULL,NULL,NULL,NULL,NULL,NULL,NULL,NULL,'true',NULL,NULL,NULL,NULL,NULL,NULL,NULL,NULL,NULL,1,'2016-07-22 07:20:49',1,'2016-07-22 07:20:49'),(522,263,850,'AT','de','AT','male',NULL,'Günther','Zenkl',NULL,'office@zenkl.co.at',NULL,NULL,NULL,'false',NULL,NULL,NULL,NULL,NULL,NULL,NULL,NULL,NULL,NULL,NULL,NULL,841,'Tischlerei Zenkl Günther','true','Glantschach 23','','9132','Galizien',NULL,NULL,'unknown',NULL,'Jürgen','Fuchsbichler','Muldenweg 12',NULL,'9500','Villach',NULL,'true','04221 2794',NULL,NULL,NULL,NULL,NULL,NULL,NULL,NULL,1,'0000-00-00 00:00:00',1,'0000-00-00 00:00:00'),(523,264,109,'AT','de','AT','unknown',NULL,'Privat Verkauf','Jaf Villach',NULL,'schauraum_austriaglas.villach@frischeis.com',NULL,NULL,NULL,'false',NULL,NULL,NULL,NULL,NULL,NULL,NULL,NULL,NULL,NULL,NULL,NULL,NULL,NULL,'false','Muldenweg 12','','9500','Villach',NULL,NULL,'unknown',NULL,NULL,NULL,NULL,NULL,NULL,NULL,NULL,'true',NULL,NULL,NULL,NULL,NULL,'4a94800a544e8fb6962f190bd8906458',NULL,NULL,NULL,1,'2016-07-23 18:15:04',1,'2016-07-23 18:15:04'),(524,265,360,'AT','de',NULL,'male',NULL,'WELLNESSBEREICHE SETZ GMBH',NULL,NULL,'office@wellnessbereiche.at',NULL,NULL,NULL,'false',NULL,NULL,NULL,NULL,NULL,NULL,NULL,NULL,NULL,NULL,NULL,NULL,179,NULL,'false','INDUSTRIEZONE 57','','6460','IMST',NULL,NULL,'unknown',NULL,'Benjamin','Stabentheiner','Amerling 119',NULL,'6233','Kramsach',NULL,'true',NULL,NULL,NULL,NULL,NULL,NULL,NULL,NULL,NULL,1,'0000-00-00 00:00:00',1,'0000-00-00 00:00:00'),(525,266,701,'AT','de',NULL,'unknown',NULL,'Andreas','Rieger',NULL,'tischlerei-rieger@aon.at',NULL,NULL,NULL,'false',NULL,NULL,NULL,NULL,NULL,NULL,NULL,NULL,NULL,NULL,NULL,NULL,654,NULL,'false','KRISPL 24','','5425','KRISPL',NULL,NULL,'unknown',NULL,'Robert','Trickl','Handelszentrum 12',NULL,'5101','Bergheim',NULL,'true',NULL,NULL,NULL,NULL,NULL,NULL,NULL,NULL,NULL,1,'0000-00-00 00:00:00',1,'0000-00-00 00:00:00'),(526,267,108,'AT','de','AT','unknown',NULL,'Privat Verkauf','Jaf Salzburg',NULL,'schauraum_austriaglas.salzburg@frischeis.com',NULL,NULL,NULL,'false',NULL,NULL,NULL,NULL,NULL,NULL,NULL,NULL,NULL,NULL,NULL,NULL,115,NULL,'false','Handelszentrum 12','','5101','Salzburg',NULL,NULL,'unknown',NULL,'Administrator','Jaf Salzburg','Handelszentrum 12',NULL,'5101','Salzburg',NULL,'true',NULL,NULL,NULL,NULL,NULL,NULL,NULL,NULL,NULL,1,'0000-00-00 00:00:00',1,'0000-00-00 00:00:00'),(527,268,360,'AT','de',NULL,'male',NULL,'WELLNESSBEREICHE SETZ GMBH',NULL,NULL,'office@wellnessbereiche.at',NULL,NULL,NULL,'false',NULL,NULL,NULL,NULL,NULL,NULL,NULL,NULL,NULL,NULL,NULL,NULL,179,NULL,'false','INDUSTRIEZONE 57','','6460','IMST',NULL,NULL,'unknown',NULL,'Benjamin','Stabentheiner','Amerling 119',NULL,'6233','Kramsach',NULL,'true',NULL,NULL,NULL,NULL,NULL,NULL,NULL,NULL,NULL,1,'0000-00-00 00:00:00',1,'0000-00-00 00:00:00'),(528,269,360,'AT','de',NULL,'male',NULL,'WELLNESSBEREICHE SETZ GMBH',NULL,NULL,'office@wellnessbereiche.at',NULL,NULL,NULL,'false',NULL,NULL,NULL,NULL,NULL,NULL,NULL,NULL,NULL,NULL,NULL,NULL,179,NULL,'false','INDUSTRIEZONE 57','','6460','IMST',NULL,NULL,'unknown',NULL,'Benjamin','Stabentheiner','Amerling 119',NULL,'6233','Kramsach',NULL,'true',NULL,NULL,NULL,NULL,NULL,NULL,NULL,NULL,NULL,1,'0000-00-00 00:00:00',1,'0000-00-00 00:00:00'),(529,270,111,'AT','de','AT','unknown',NULL,'Privat Verkauf','Jaf Kramsach',NULL,'schauraum_austriaglas.kramsach@frischeis.com',NULL,NULL,NULL,'false',NULL,NULL,NULL,NULL,NULL,NULL,NULL,NULL,NULL,NULL,NULL,NULL,NULL,NULL,'false','Amerling 119','','6233','Kramsach',NULL,NULL,'unknown',NULL,NULL,NULL,NULL,NULL,NULL,NULL,NULL,'true',NULL,NULL,NULL,NULL,NULL,NULL,NULL,NULL,NULL,1,'2016-07-26 05:32:55',1,'2016-07-26 05:32:55'),(530,271,873,'AT','de','AT','male',NULL,'Thomas','Moser',NULL,'thomas.moser@maier.at',NULL,NULL,NULL,'false',NULL,NULL,NULL,NULL,NULL,NULL,NULL,NULL,NULL,NULL,NULL,NULL,NULL,'Holzbau Maier GmbH & Co KG','true','Gewerbestraße 171','','5733','Bramberg',NULL,NULL,'unknown',NULL,NULL,NULL,NULL,NULL,NULL,NULL,NULL,'true','06566 7264',NULL,NULL,NULL,NULL,NULL,NULL,NULL,NULL,1,'2016-07-26 12:38:42',1,'2016-07-26 12:38:42'),(531,272,948,'AT','de','AT','male',NULL,'Willibald','Teuschl',NULL,'tischlerei_teuschl@aon.at',NULL,NULL,NULL,'false',NULL,NULL,NULL,NULL,NULL,NULL,NULL,NULL,NULL,NULL,NULL,NULL,NULL,'Tischlerei Teuschl Willibald','true','Spielberg 17','','3632','Traunstein',NULL,NULL,'unknown',NULL,NULL,NULL,NULL,NULL,NULL,NULL,NULL,'true','02878 6245',NULL,NULL,NULL,NULL,NULL,NULL,NULL,NULL,1,'2016-07-26 14:01:44',1,'2016-07-26 14:01:44'),(532,273,950,'AT','de','AT','male',NULL,'Stefan','Kohlbacher',NULL,'mrd@kohlbacher-design.at',NULL,NULL,NULL,'false',NULL,NULL,NULL,NULL,NULL,NULL,NULL,NULL,NULL,NULL,NULL,NULL,32,'Tischlermeister Stefan Kohlbacher','true','Alte Hauptstraße 20','','8580','Köflach',NULL,NULL,'unknown',NULL,'Andrea','Lang','Herrgottwiesgasse 170',NULL,'8055','Graz',NULL,'true',NULL,NULL,NULL,NULL,NULL,NULL,NULL,NULL,NULL,1,'0000-00-00 00:00:00',1,'0000-00-00 00:00:00'),(533,274,931,'AT','de','AT','female',NULL,'Katharina','Laserer',NULL,'k.laserer@laserer.at',NULL,NULL,NULL,'false',NULL,NULL,NULL,NULL,NULL,NULL,NULL,NULL,NULL,NULL,NULL,NULL,652,'LASERER TISCHLEREI GMBH','true','Vordertalstraße 8','','4824','GOSAU',NULL,'LASERER TISCHLEREI GMBH','female',NULL,'Alois','Steiner','Handelszentrum 12',NULL,'5101','Bergheim',NULL,'true',NULL,NULL,NULL,NULL,NULL,'eb171c2c444c02157d81029a4cd24465',NULL,NULL,NULL,1,'0000-00-00 00:00:00',1,'0000-00-00 00:00:00'),(534,275,948,'AT','de','AT','male',NULL,'Willibald','Teuschl',NULL,'tischlerei_teuschl@aon.at',NULL,NULL,NULL,'false',NULL,NULL,NULL,NULL,NULL,NULL,NULL,NULL,NULL,NULL,NULL,NULL,883,'Tischlerei Teuschl Willibald','true','Spielberg 17','','3632','Traunstein',NULL,NULL,'unknown',NULL,'Josef','Walchshofer','Prinz-Eugen-Straße 13',NULL,'4020','Linz',NULL,'true','02878 6245',NULL,NULL,NULL,NULL,NULL,NULL,NULL,NULL,1,'0000-00-00 00:00:00',1,'0000-00-00 00:00:00'),(535,276,813,'AT','de','AT','male',NULL,'Karin','Schober',NULL,'planung@tischlerei-schober.at',NULL,NULL,NULL,'false',NULL,NULL,NULL,NULL,NULL,NULL,NULL,NULL,NULL,NULL,NULL,NULL,NULL,'Tischlerei Schober OG','true','Lofer 209','','5090','Lofer',NULL,NULL,'unknown',NULL,NULL,NULL,NULL,NULL,NULL,NULL,NULL,'true','06588 8692',NULL,NULL,NULL,NULL,'d1fd519600ade349cf902f8b5bc306fb',NULL,NULL,NULL,1,'2016-07-27 12:28:35',1,'2016-07-27 12:28:35'),(536,277,708,'AT','de',NULL,'unknown',NULL,'Jürgen','Brader',NULL,'info@wohnstudio-brader.at',NULL,NULL,NULL,'false',NULL,NULL,NULL,NULL,NULL,NULL,NULL,NULL,NULL,NULL,NULL,NULL,NULL,NULL,'false','HAUPTSTRASSE 166','','4831','OBERTRAUN',NULL,NULL,'unknown',NULL,NULL,NULL,NULL,NULL,NULL,NULL,NULL,'true',NULL,NULL,NULL,NULL,NULL,NULL,NULL,NULL,NULL,1,'2016-07-29 05:38:34',1,'2016-07-29 05:38:34'),(537,278,106,'AT','de','AT','unknown',NULL,'Privat Verkauf','Jaf Graz',NULL,'schauraum_austriaglas.graz@zengerer.at',NULL,NULL,NULL,'false',NULL,NULL,NULL,NULL,NULL,NULL,NULL,NULL,NULL,NULL,NULL,NULL,NULL,NULL,'false','Herrgottwiesgasse 170','','8055','Graz',NULL,NULL,'unknown',NULL,NULL,NULL,NULL,NULL,NULL,NULL,NULL,'true',NULL,NULL,NULL,NULL,NULL,NULL,NULL,NULL,NULL,1,'2016-07-29 05:59:20',1,'2016-07-29 05:59:20'),(538,279,951,'AT','de','AT','male',NULL,'Michael','Huber',NULL,'huber@tischlerei-huberm.at',NULL,NULL,NULL,'false',NULL,NULL,NULL,NULL,NULL,NULL,NULL,NULL,NULL,NULL,NULL,NULL,NULL,'Tischlerei Huber Michael','true','Kaltenbrunnerstraße 15','','5231','Schalchen',NULL,NULL,'unknown',NULL,NULL,NULL,NULL,NULL,NULL,NULL,NULL,'true','0664 2380418',NULL,NULL,NULL,NULL,NULL,NULL,NULL,NULL,1,'2016-07-29 06:02:51',1,'2016-07-29 06:02:51'),(539,280,952,'AT','de','AT','male',NULL,'Karl','Polsinger',NULL,'info@wohnen-polsinger.at',NULL,NULL,NULL,'false',NULL,NULL,NULL,NULL,NULL,NULL,NULL,NULL,NULL,NULL,NULL,NULL,NULL,'Wohnen-Polsinger','true','Sonnhalberweg 3','','9400','Wolfsberg',NULL,NULL,'unknown',NULL,NULL,NULL,NULL,NULL,NULL,NULL,NULL,'true','04352 72002',NULL,NULL,NULL,NULL,NULL,NULL,NULL,NULL,1,'2016-07-29 07:24:40',1,'2016-07-29 07:24:40'),(540,281,952,'AT','de','AT','male',NULL,'-polsinger','wohnen',NULL,'info@wohnen-polsinger.at',NULL,NULL,NULL,'false',NULL,NULL,NULL,NULL,NULL,NULL,NULL,NULL,NULL,NULL,NULL,NULL,839,'Wohnen-Polsinger','true','Sonnhalberweg 3','','9400','Wolfsberg',NULL,NULL,'unknown',NULL,'Jennifer','Opriessnig','Muldenweg 12',NULL,'9500','Villach',NULL,'true','04352 72002',NULL,NULL,NULL,NULL,NULL,NULL,NULL,NULL,1,'0000-00-00 00:00:00',1,'0000-00-00 00:00:00'),(541,282,106,'AT','de','AT','unknown',NULL,'Privat Verkauf','Jaf Graz',NULL,'schauraum_austriaglas.graz@zengerer.at',NULL,NULL,NULL,'false',NULL,NULL,NULL,NULL,NULL,NULL,NULL,NULL,NULL,NULL,NULL,NULL,37,NULL,'false','Herrgottwiesgasse 170','','8055','Graz',NULL,NULL,'unknown',NULL,'Martin','Labler','Herrgottwiesgasse 170',NULL,'8055','Graz',NULL,'true',NULL,NULL,NULL,NULL,NULL,NULL,NULL,NULL,NULL,1,'0000-00-00 00:00:00',1,'0000-00-00 00:00:00'),(542,283,707,'AT','de','AT','unknown',NULL,'Oeg','Grill & Ronacher',NULL,'office@grill-ronacher.at',NULL,NULL,NULL,'false',NULL,NULL,NULL,NULL,NULL,NULL,NULL,NULL,NULL,NULL,NULL,NULL,NULL,NULL,'false','Pötschenstraße 135','','8990','Bad Aussee',NULL,NULL,'unknown',NULL,NULL,NULL,NULL,NULL,NULL,NULL,NULL,'true',NULL,NULL,NULL,NULL,NULL,'5b8cca3e0c8b79941cea04ab334b4dc0',NULL,NULL,NULL,1,'2016-08-01 05:40:01',1,'2016-08-01 05:40:01'),(543,284,690,'AT','de',NULL,'unknown',NULL,'Stefan','Loidhammer',NULL,'s.loidhammer@loidhammer.at',NULL,NULL,NULL,'false',NULL,NULL,NULL,NULL,NULL,NULL,NULL,NULL,NULL,NULL,NULL,NULL,NULL,NULL,'false','KÖHLERWEG 25','','4820','BAD ISCHL',NULL,NULL,'unknown',NULL,NULL,NULL,NULL,NULL,NULL,NULL,NULL,'true',NULL,NULL,NULL,NULL,NULL,NULL,NULL,NULL,NULL,1,'2016-08-01 08:25:31',1,'2016-08-01 08:25:31'),(544,285,682,'AT','de',NULL,'unknown',NULL,'Konrad','Schmölzer',NULL,'schmoelzer.moebel@tvweb.at',NULL,NULL,NULL,'false',NULL,NULL,NULL,NULL,NULL,NULL,NULL,NULL,NULL,NULL,NULL,NULL,NULL,NULL,'false','MOOS 16','','4890','FRANKENMARKT',NULL,NULL,'unknown',NULL,NULL,NULL,NULL,NULL,NULL,NULL,NULL,'true',NULL,NULL,NULL,NULL,NULL,NULL,NULL,NULL,NULL,1,'2016-08-01 11:19:23',1,'2016-08-01 11:19:23'),(545,286,109,'AT','de','AT','unknown',NULL,'Privat Verkauf','Jaf Villach',NULL,'schauraum_austriaglas.villach@frischeis.com',NULL,NULL,NULL,'false',NULL,NULL,NULL,NULL,NULL,NULL,NULL,NULL,NULL,NULL,NULL,NULL,NULL,NULL,'false','Muldenweg 12','','9500','Villach',NULL,NULL,'unknown',NULL,NULL,NULL,NULL,NULL,NULL,NULL,NULL,'true',NULL,NULL,NULL,NULL,NULL,'4a94800a544e8fb6962f190bd8906458',NULL,NULL,NULL,1,'2016-08-01 12:03:58',1,'2016-08-01 12:03:58'),(546,287,953,'AT','de','AT','male',NULL,'Johann','Dachs',NULL,'office@dachs-tischlerei.at',NULL,NULL,NULL,'false',NULL,NULL,NULL,NULL,NULL,NULL,NULL,NULL,NULL,NULL,NULL,NULL,653,'Tischlerei Dachs Johann','true','Doblergasse 31','','4880','St. Georgen i.A.',NULL,NULL,'unknown',NULL,'Alfred','Fink','Handelszentrum 12',NULL,'5101','Bergheim',NULL,'true','07667 6297',NULL,NULL,NULL,NULL,NULL,NULL,NULL,NULL,1,'0000-00-00 00:00:00',1,'0000-00-00 00:00:00'),(547,288,106,'AT','de','AT','unknown',NULL,'GmbH','JAF Zengerer',NULL,'schauraum_austriaglas.graz@zengerer.at',NULL,NULL,NULL,'false',NULL,NULL,NULL,NULL,NULL,NULL,NULL,NULL,NULL,NULL,NULL,NULL,37,NULL,'false','Herrgottwiesgasse 170','','8055','Graz',NULL,NULL,'unknown',NULL,'Martin','Labler','Herrgottwiesgasse 170',NULL,'8055','Graz',NULL,'true',NULL,NULL,NULL,NULL,NULL,NULL,NULL,NULL,NULL,1,'0000-00-00 00:00:00',1,'0000-00-00 00:00:00'),(548,289,53,'AT','de','AT','female',NULL,'Michaela','Gether',NULL,'office@gether.at',NULL,NULL,NULL,'false',NULL,NULL,NULL,NULL,NULL,NULL,NULL,NULL,NULL,NULL,NULL,NULL,32,NULL,'false','Dirnbach 49','','8345','Dirnbach',NULL,NULL,'unknown',NULL,'Andrea','Lang','Herrgottwiesgasse 170',NULL,'8055','Graz',NULL,'true',NULL,NULL,NULL,NULL,NULL,'1ea84c524a4a4813bddd3c4782b680f1',NULL,NULL,NULL,1,'0000-00-00 00:00:00',1,'0000-00-00 00:00:00'),(549,290,707,'AT','de','AT','unknown',NULL,'Oeg','Grill & Ronacher',NULL,'office@grill-ronacher.at',NULL,NULL,NULL,'false',NULL,NULL,NULL,NULL,NULL,NULL,NULL,NULL,NULL,NULL,NULL,NULL,654,NULL,'false','Pötschenstraße 135','','8990','Bad Aussee',NULL,NULL,'unknown',NULL,'Robert','Trickl','Handelszentrum 12',NULL,'5101','Bergheim',NULL,'true',NULL,NULL,NULL,NULL,NULL,'5b8cca3e0c8b79941cea04ab334b4dc0',NULL,NULL,NULL,1,'0000-00-00 00:00:00',1,'0000-00-00 00:00:00'),(550,291,106,'AT','de','AT','unknown',NULL,'GmbH','JAF Zengerer',NULL,'schauraum_austriaglas.graz@zengerer.at',NULL,NULL,NULL,'false',NULL,NULL,NULL,NULL,NULL,NULL,NULL,NULL,NULL,NULL,NULL,NULL,37,NULL,'false','Herrgottwiesgasse 170','','8055','Graz',NULL,NULL,'unknown',NULL,'Martin','Labler','Herrgottwiesgasse 170',NULL,'8055','Graz',NULL,'true',NULL,NULL,NULL,NULL,NULL,NULL,NULL,NULL,NULL,1,'0000-00-00 00:00:00',1,'0000-00-00 00:00:00'),(551,292,107,'AT','de','AT','unknown',NULL,'Privat Verkauf','Jaf Stockerau',NULL,'schauraum_austriaglas.stockerau@frischeis.com',NULL,NULL,NULL,'false',NULL,NULL,NULL,NULL,NULL,NULL,NULL,NULL,NULL,NULL,NULL,NULL,114,NULL,'false','Gerbergasse 2','','2000','Stockerau',NULL,NULL,'unknown',NULL,'Administrator','Jaf Stockerau','Gerbergasse 2',NULL,'2000','Stockerau',NULL,'true',NULL,NULL,NULL,NULL,NULL,'c349e2e9a1d9e12bc2edbcb58222aa4c',NULL,NULL,NULL,1,'0000-00-00 00:00:00',1,'0000-00-00 00:00:00'),(552,293,109,'AT','de','AT','unknown',NULL,'Privat Verkauf','Jaf Villach',NULL,'schauraum_austriaglas.villach@frischeis.com',NULL,NULL,NULL,'false',NULL,NULL,NULL,NULL,NULL,NULL,NULL,NULL,NULL,NULL,NULL,NULL,NULL,NULL,'false','Muldenweg 12','','9500','Villach',NULL,NULL,'unknown',NULL,NULL,NULL,NULL,NULL,NULL,NULL,NULL,'true',NULL,NULL,NULL,NULL,NULL,'4a94800a544e8fb6962f190bd8906458',NULL,NULL,NULL,1,'2016-08-04 06:43:28',1,'2016-08-04 06:43:28'),(553,294,948,'AT','de','AT','male',NULL,'Willibald','Teuschl',NULL,'tischlerei_teuschl@aon.at',NULL,NULL,NULL,'false',NULL,NULL,NULL,NULL,NULL,NULL,NULL,NULL,NULL,NULL,NULL,NULL,NULL,'Tischlerei Teuschl Willibald','true','Spielberg 17','','3632','Traunstein',NULL,NULL,'unknown',NULL,NULL,NULL,NULL,NULL,NULL,NULL,NULL,'true','02878 6245',NULL,NULL,NULL,NULL,NULL,NULL,NULL,NULL,1,'2016-08-04 11:35:56',1,'2016-08-04 11:35:56'),(554,295,109,'AT','de','AT','unknown',NULL,'Privat Verkauf','Jaf Villach',NULL,'schauraum_austriaglas.villach@frischeis.com',NULL,NULL,NULL,'false',NULL,NULL,NULL,NULL,NULL,NULL,NULL,NULL,NULL,NULL,NULL,NULL,NULL,NULL,'false','Muldenweg 12','','9500','Villach',NULL,NULL,'unknown',NULL,NULL,NULL,NULL,NULL,NULL,NULL,NULL,'true',NULL,NULL,NULL,NULL,NULL,'4a94800a544e8fb6962f190bd8906458',NULL,NULL,NULL,1,'2016-08-04 11:47:54',1,'2016-08-04 11:47:54'),(555,296,398,'AT','de',NULL,'male',NULL,'PRAXMARER GMBH',NULL,NULL,'roland@praxmarer.com',NULL,NULL,NULL,'false',NULL,NULL,NULL,NULL,NULL,NULL,NULL,NULL,NULL,NULL,NULL,NULL,NULL,NULL,'false','HUBEN 95','','6444','LÄNGENFELD',NULL,NULL,'unknown',NULL,NULL,NULL,NULL,NULL,NULL,NULL,NULL,'true',NULL,NULL,NULL,NULL,NULL,NULL,NULL,NULL,NULL,1,'2016-08-04 12:19:46',1,'2016-08-04 12:19:46'),(556,297,398,'AT','de',NULL,'male',NULL,'PRAXMARER GMBH',NULL,NULL,'roland@praxmarer.com',NULL,NULL,NULL,'false',NULL,NULL,NULL,NULL,NULL,NULL,NULL,NULL,NULL,NULL,NULL,NULL,NULL,NULL,'false','HUBEN 95','','6444','LÄNGENFELD',NULL,NULL,'unknown',NULL,NULL,NULL,NULL,NULL,NULL,NULL,NULL,'true',NULL,NULL,NULL,NULL,NULL,NULL,NULL,NULL,NULL,1,'2016-08-05 06:45:52',1,'2016-08-05 06:45:52'),(557,298,360,'AT','de',NULL,'male',NULL,'WELLNESSBEREICHE SETZ GMBH',NULL,NULL,'office@wellnessbereiche.at',NULL,NULL,NULL,'false',NULL,NULL,NULL,NULL,NULL,NULL,NULL,NULL,NULL,NULL,NULL,NULL,179,NULL,'false','INDUSTRIEZONE 57','','6460','IMST',NULL,NULL,'unknown',NULL,'Benjamin','Stabentheiner','Amerling 119',NULL,'6233','Kramsach',NULL,'true',NULL,NULL,NULL,NULL,NULL,NULL,NULL,NULL,NULL,1,'0000-00-00 00:00:00',1,'0000-00-00 00:00:00'),(558,299,733,'AT','de','AT','male',NULL,'Markus','Haas',NULL,'office@h-diezwei.at',NULL,NULL,NULL,'false',NULL,NULL,NULL,NULL,NULL,NULL,NULL,NULL,NULL,NULL,NULL,NULL,NULL,'Haas & Haselgruber OG','true','Steinbruchgasse 15','','2540','Bad Vöslau',NULL,NULL,'unknown',NULL,NULL,NULL,NULL,NULL,NULL,NULL,NULL,'true','02252263900',NULL,NULL,NULL,NULL,'28bd84fb8b959caddda3556791199fd1',NULL,NULL,NULL,1,'2016-08-05 10:21:40',1,'2016-08-05 10:21:40'),(559,300,107,'AT','de','AT','unknown',NULL,'Andrea','Pischedda',NULL,'schauraum_austriaglas.stockerau@frischeis.com',NULL,NULL,NULL,'false',NULL,NULL,NULL,NULL,NULL,NULL,NULL,NULL,NULL,NULL,NULL,NULL,114,NULL,'false','Hauptstrasse 39','','2381','Laab im Walde',NULL,NULL,'unknown',NULL,'Administrator','Jaf Stockerau','Gerbergasse 2',NULL,'2000','Stockerau',NULL,'true',NULL,NULL,NULL,NULL,NULL,'c349e2e9a1d9e12bc2edbcb58222aa4c',NULL,NULL,NULL,1,'0000-00-00 00:00:00',1,'0000-00-00 00:00:00'),(560,301,772,'AT','de','AT','male',NULL,'Franz','Pauli',NULL,'tischlerei.pauli@aon.at',NULL,NULL,NULL,'false',NULL,NULL,NULL,NULL,NULL,NULL,NULL,NULL,NULL,NULL,NULL,NULL,NULL,'Tischlerei Franz Pauli','true','Olbendorf 205','','7534','Olbendorf',NULL,NULL,'unknown',NULL,NULL,NULL,NULL,NULL,NULL,NULL,NULL,'true','069914003660',NULL,NULL,NULL,NULL,NULL,NULL,NULL,NULL,1,'2016-08-08 09:41:19',1,'2016-08-08 09:41:19'),(561,302,107,'AT','de','AT','unknown',NULL,'Privat Verkauf','Jaf Stockerau',NULL,'schauraum_austriaglas.stockerau@frischeis.com',NULL,NULL,NULL,'false',NULL,NULL,NULL,NULL,NULL,NULL,NULL,NULL,NULL,NULL,NULL,NULL,114,NULL,'false','Gerbergasse 2','','2000','Stockerau',NULL,NULL,'unknown',NULL,'Administrator','Jaf Stockerau','Gerbergasse 2',NULL,'2000','Stockerau',NULL,'true',NULL,NULL,NULL,NULL,NULL,'c349e2e9a1d9e12bc2edbcb58222aa4c',NULL,NULL,NULL,1,'0000-00-00 00:00:00',1,'0000-00-00 00:00:00'),(562,303,948,'AT','de','AT','male',NULL,'Willibald','Teuschl',NULL,'tischlerei_teuschl@aon.at',NULL,NULL,NULL,'false',NULL,NULL,NULL,NULL,NULL,NULL,NULL,NULL,NULL,NULL,NULL,NULL,NULL,'Tischlerei Teuschl Willibald','true','Spielberg 17','','3632','Traunstein',NULL,NULL,'unknown',NULL,NULL,NULL,NULL,NULL,NULL,NULL,NULL,'true','02878 6245',NULL,NULL,NULL,NULL,NULL,NULL,NULL,NULL,1,'2016-08-08 17:36:23',1,'2016-08-08 17:36:23'),(563,304,958,'NU','de',NULL,'male',NULL,'Martin','Meier',NULL,'info@schreinereimeier.com',NULL,NULL,NULL,'false',NULL,NULL,NULL,NULL,NULL,NULL,NULL,NULL,NULL,NULL,NULL,NULL,655,'Tischlerei Meier Martin','true','Marwanger Straße 2','','83278','Traunstein',NULL,NULL,'unknown',NULL,'Walter','Bauernhansl','Handelszentrum 12',NULL,'5101','Bergheim',NULL,'true','0049 8619099700',NULL,NULL,NULL,NULL,NULL,NULL,NULL,NULL,1,'0000-00-00 00:00:00',1,'0000-00-00 00:00:00'),(564,305,959,'AT','de','AT','male',NULL,'Josef','Rehrl',NULL,'rehrl.salzburg@mielecenter.at',NULL,NULL,NULL,'false',NULL,NULL,NULL,NULL,NULL,NULL,NULL,NULL,NULL,NULL,NULL,NULL,NULL,'Miele Center Rehrl','true','Münchner Bundesstraße 91','','5020','Salzburg',NULL,NULL,'unknown',NULL,NULL,NULL,NULL,NULL,NULL,NULL,NULL,'true','0662 887799',NULL,NULL,NULL,NULL,NULL,NULL,NULL,NULL,1,'2016-08-09 11:28:28',1,'2016-08-09 11:28:28'),(565,306,111,'AT','de','AT','unknown',NULL,'Privat Verkauf','Jaf Kramsach',NULL,'schauraum_austriaglas.kramsach@frischeis.com',NULL,NULL,NULL,'false',NULL,NULL,NULL,NULL,NULL,NULL,NULL,NULL,NULL,NULL,NULL,NULL,118,NULL,'false','Amerling 119','','6233','Kramsach',NULL,NULL,'unknown',NULL,'Administrator','Jaf Kramsach','Amerling 119',NULL,'6233','Kramsach',NULL,'true',NULL,NULL,NULL,NULL,NULL,NULL,NULL,NULL,NULL,1,'0000-00-00 00:00:00',1,'0000-00-00 00:00:00'),(566,307,398,'AT','de',NULL,'male',NULL,'PRAXMARER GMBH',NULL,NULL,'roland@praxmarer.com',NULL,NULL,NULL,'false',NULL,NULL,NULL,NULL,NULL,NULL,NULL,NULL,NULL,NULL,NULL,NULL,NULL,NULL,'false','HUBEN 95','','6444','LÄNGENFELD',NULL,NULL,'unknown',NULL,NULL,NULL,NULL,NULL,NULL,NULL,NULL,'true',NULL,NULL,NULL,NULL,NULL,NULL,NULL,NULL,NULL,1,'2016-08-09 12:41:15',1,'2016-08-09 12:41:15'),(567,308,398,'AT','de',NULL,'male',NULL,'PRAXMARER GMBH',NULL,NULL,'roland@praxmarer.com',NULL,NULL,NULL,'false',NULL,NULL,NULL,NULL,NULL,NULL,NULL,NULL,NULL,NULL,NULL,NULL,177,NULL,'false','HUBEN 95','','6444','LÄNGENFELD',NULL,NULL,'unknown',NULL,'Josef','Hauser','Amerling 119',NULL,'6233','Kramsach',NULL,'true',NULL,NULL,NULL,NULL,NULL,NULL,NULL,NULL,NULL,1,'0000-00-00 00:00:00',1,'0000-00-00 00:00:00'),(568,309,58,'AT','de','AT','male',NULL,'Patrick','Herbst',NULL,'pahe.service@gmail.com',NULL,NULL,NULL,'false',NULL,NULL,NULL,NULL,NULL,NULL,NULL,NULL,NULL,NULL,NULL,NULL,NULL,NULL,'false','Volksheimstrasse 16','','8661','St. Barbara - Wartberg',NULL,NULL,'unknown',NULL,NULL,NULL,NULL,NULL,NULL,NULL,NULL,'true',NULL,NULL,NULL,NULL,NULL,'835cdcbae3fdda83309b9b8afeaa8d0f',NULL,NULL,NULL,1,'2016-08-09 20:19:57',1,'2016-08-09 20:19:57'),(569,310,777,'AT','de','AT','male',NULL,'Hans','Boria',NULL,'office@boria.at',NULL,NULL,NULL,'false',NULL,NULL,NULL,NULL,NULL,NULL,NULL,NULL,NULL,NULL,NULL,NULL,143,'Boria - Mehr als Möbel','true','Römerfeldgasse 22','','3202','Hofstetten',NULL,NULL,'unknown',NULL,'Thomas','Lager','Gerbergasse 2',NULL,'2000','Stockerau',NULL,'true','0664 1439008',NULL,NULL,NULL,NULL,NULL,NULL,NULL,NULL,1,'0000-00-00 00:00:00',1,'0000-00-00 00:00:00'),(570,311,109,'AT','de','AT','unknown',NULL,'Privat Verkauf','Jaf Villach',NULL,'schauraum_austriaglas.villach@frischeis.com',NULL,NULL,NULL,'false',NULL,NULL,NULL,NULL,NULL,NULL,NULL,NULL,NULL,NULL,NULL,NULL,116,NULL,'false','Muldenweg 12','','9500','Villach',NULL,NULL,'unknown',NULL,'Administrator','Jaf Villach','Muldenweg 12',NULL,'9500','Villach',NULL,'true',NULL,NULL,NULL,NULL,NULL,'4a94800a544e8fb6962f190bd8906458',NULL,NULL,NULL,1,'0000-00-00 00:00:00',1,'0000-00-00 00:00:00'),(571,312,711,'AT','de',NULL,'unknown',NULL,'Martin','Scheicher',NULL,'office@holzwerk.cc',NULL,NULL,NULL,'false',NULL,NULL,NULL,NULL,NULL,NULL,NULL,NULL,NULL,NULL,NULL,NULL,654,NULL,'false','UNTERE WALSERBERGSTRASSE 3','','5071','WALS',NULL,NULL,'unknown',NULL,'Robert','Trickl','Handelszentrum 12',NULL,'5101','Bergheim',NULL,'true',NULL,NULL,NULL,NULL,NULL,NULL,NULL,NULL,NULL,1,'0000-00-00 00:00:00',1,'0000-00-00 00:00:00'),(572,313,360,'AT','de',NULL,'male',NULL,'WELLNESSBEREICHE SETZ GMBH',NULL,NULL,'office@wellnessbereiche.at',NULL,NULL,NULL,'false',NULL,NULL,NULL,NULL,NULL,NULL,NULL,NULL,NULL,NULL,NULL,NULL,179,NULL,'false','INDUSTRIEZONE 57','','6460','IMST',NULL,NULL,'unknown',NULL,'Benjamin','Stabentheiner','Amerling 119',NULL,'6233','Kramsach',NULL,'true',NULL,NULL,NULL,NULL,NULL,NULL,NULL,NULL,NULL,1,'0000-00-00 00:00:00',1,'0000-00-00 00:00:00'),(573,314,291,'AT','de',NULL,'male',NULL,'MAIR LORENZ',NULL,NULL,'info@mairlorenz.it',NULL,NULL,NULL,'false',NULL,NULL,NULL,NULL,NULL,NULL,NULL,NULL,NULL,NULL,NULL,NULL,NULL,NULL,'false','ANTHOLZERSTRAßE 97','','39030','OBERRASEN',NULL,NULL,'unknown',NULL,NULL,NULL,NULL,NULL,NULL,NULL,NULL,'true',NULL,NULL,NULL,NULL,NULL,NULL,NULL,NULL,NULL,1,'2016-08-16 05:36:07',1,'2016-08-16 05:36:07'),(574,315,960,'NU','de',NULL,'male',NULL,'Daniel','Preißer',NULL,'die-exklusive-kueche@t-online.de',NULL,NULL,NULL,'false',NULL,NULL,NULL,NULL,NULL,NULL,NULL,NULL,NULL,NULL,NULL,NULL,NULL,'Küchenstudio Daniel Preißer','true','Tittmoninger Straße 4','','83410','Laufen',NULL,NULL,'unknown',NULL,NULL,NULL,NULL,NULL,NULL,NULL,NULL,'true','0049 8682809522',NULL,NULL,NULL,NULL,NULL,NULL,NULL,NULL,1,'2016-08-16 08:06:02',1,'2016-08-16 08:06:02'),(575,316,112,'AT','de','AT','unknown',NULL,'Privat Verkauf','Jaf Linz',NULL,'schauraum_austriaglas.linz@frischeis.com',NULL,NULL,NULL,'false',NULL,NULL,NULL,NULL,NULL,NULL,NULL,NULL,NULL,NULL,NULL,NULL,NULL,NULL,'false','Prinz-Eugen-Straße 13','','4020','Linz',NULL,NULL,'unknown',NULL,NULL,NULL,NULL,NULL,NULL,NULL,NULL,'true',NULL,NULL,NULL,NULL,NULL,NULL,NULL,NULL,NULL,1,'2016-08-16 11:18:17',1,'2016-08-16 11:18:17'),(576,317,733,'AT','de','AT','male',NULL,'Markus','Haas',NULL,'office@h-diezwei.at',NULL,NULL,NULL,'false',NULL,NULL,NULL,NULL,NULL,NULL,NULL,NULL,NULL,NULL,NULL,NULL,732,'Haas & Haselgruber OG','true','Steinbruchgasse 15','','2540','Bad Vöslau',NULL,'Haas & Haselgruber OG','unknown',NULL,'Markus','Haas','Steinbruchgasse 15',NULL,'2540','Bad Vöslau',NULL,'true','02252263900',NULL,NULL,NULL,NULL,'28bd84fb8b959caddda3556791199fd1',NULL,NULL,NULL,1,'0000-00-00 00:00:00',1,'0000-00-00 00:00:00'),(577,318,949,'AT','de','AT','male',NULL,'Harald','Körbler',NULL,'koerbler@holzkreativ.at',NULL,NULL,NULL,'false',NULL,NULL,NULL,NULL,NULL,NULL,NULL,NULL,NULL,NULL,NULL,NULL,NULL,'Tischlerei Körbler Harald','true','Menteweg 20','','9500','Villach',NULL,NULL,'unknown',NULL,NULL,NULL,NULL,NULL,NULL,NULL,NULL,'true',NULL,NULL,NULL,NULL,NULL,NULL,NULL,NULL,NULL,1,'2016-08-17 07:45:11',1,'2016-08-17 07:45:11'),(578,319,112,'AT','de','AT','unknown',NULL,'Privat Verkauf','Jaf Linz',NULL,'schauraum_austriaglas.linz@frischeis.com',NULL,NULL,NULL,'false',NULL,NULL,NULL,NULL,NULL,NULL,NULL,NULL,NULL,NULL,NULL,NULL,NULL,NULL,'false','Prinz-Eugen-Straße 13','','4020','Linz',NULL,NULL,'unknown',NULL,NULL,NULL,NULL,NULL,NULL,NULL,NULL,'true',NULL,NULL,NULL,NULL,NULL,NULL,NULL,NULL,NULL,1,'2016-08-17 11:07:31',1,'2016-08-17 11:07:31'),(579,320,707,'AT','de','AT','unknown',NULL,'Oeg','Grill & Ronacher',NULL,'office@grill-ronacher.at',NULL,NULL,NULL,'false',NULL,NULL,NULL,NULL,NULL,NULL,NULL,NULL,NULL,NULL,NULL,NULL,654,NULL,'false','Pötschenstraße 135','','8990','Bad Aussee',NULL,NULL,'unknown',NULL,'Robert','Trickl','Handelszentrum 12',NULL,'5101','Bergheim',NULL,'true',NULL,NULL,NULL,NULL,NULL,'5b8cca3e0c8b79941cea04ab334b4dc0',NULL,NULL,NULL,1,'0000-00-00 00:00:00',1,'0000-00-00 00:00:00'),(580,321,108,'AT','de','AT','unknown',NULL,'Privat Verkauf','Jaf Salzburg',NULL,'schauraum_austriaglas.salzburg@frischeis.com',NULL,NULL,NULL,'false',NULL,NULL,NULL,NULL,NULL,NULL,NULL,NULL,NULL,NULL,NULL,NULL,NULL,NULL,'false','Handelszentrum 12','','5101','Salzburg',NULL,NULL,'unknown',NULL,NULL,NULL,NULL,NULL,NULL,NULL,NULL,'true',NULL,NULL,NULL,NULL,NULL,NULL,NULL,NULL,NULL,1,'2016-08-18 07:51:49',1,'2016-08-18 07:51:49'),(581,322,931,'AT','de','AT','female',NULL,'Katharina','Laserer',NULL,'k.laserer@laserer.at',NULL,NULL,NULL,'false',NULL,NULL,NULL,NULL,NULL,NULL,NULL,NULL,NULL,NULL,NULL,NULL,NULL,'LASERER TISCHLEREI GMBH','true','Vordertalstraße 8','','4824','GOSAU',NULL,'LASERER TISCHLEREI GMBH','female',NULL,'Katharina','Laserer','Vordertalstraße 8',NULL,'4824','Gosau',NULL,'true',NULL,NULL,NULL,NULL,NULL,'eb171c2c444c02157d81029a4cd24465',NULL,NULL,NULL,1,'2016-08-18 09:21:16',1,'2016-08-18 09:21:16'),(582,323,926,'AT','de','AT','male',NULL,'Martin','Schwaighofer',NULL,'m.schwaighofer@laserer.at',NULL,NULL,NULL,'false',NULL,NULL,NULL,NULL,NULL,NULL,NULL,NULL,NULL,NULL,NULL,NULL,NULL,'LASERER TISCHLEREI GMBH','true','Vordertalstraße 8','','4824','GOSAU',NULL,'LASERER TISCHLEREI GMBH','male',NULL,'Matrin','Schwaighofer','Vordertalstraße 8',NULL,'4824','Gosau',NULL,'true','06236 82 28',NULL,NULL,NULL,NULL,'eb171c2c444c02157d81029a4cd24465',NULL,NULL,NULL,1,'2016-08-18 11:20:10',1,'2016-08-18 11:20:10'),(583,324,106,'AT','de','AT','unknown',NULL,'Privat Verkauf','Jaf Graz',NULL,'schauraum_austriaglas.graz@zengerer.at',NULL,NULL,NULL,'false',NULL,NULL,NULL,NULL,NULL,NULL,NULL,NULL,NULL,NULL,NULL,NULL,NULL,NULL,'false','Herrgottwiesgasse 170','','8055','Graz',NULL,NULL,'unknown',NULL,NULL,NULL,NULL,NULL,NULL,NULL,NULL,'true',NULL,NULL,NULL,NULL,NULL,NULL,NULL,NULL,NULL,1,'2016-08-18 12:19:00',1,'2016-08-18 12:19:00'),(584,325,879,'AT','de','AT','male',NULL,'Daniel','Moitzi',NULL,'daniel@zirbenliebe.at',NULL,NULL,NULL,'false',NULL,NULL,NULL,NULL,NULL,NULL,NULL,NULL,NULL,NULL,NULL,NULL,NULL,'Tischlerei Zitz','true','Sensenwerkgasse 1','','8750','Judenburg',NULL,NULL,'unknown',NULL,NULL,NULL,NULL,NULL,NULL,NULL,NULL,'true','0664 5352854',NULL,NULL,NULL,NULL,NULL,NULL,NULL,NULL,1,'2016-08-18 13:00:14',1,'2016-08-18 13:00:14'),(585,326,684,'AT','de',NULL,'unknown',NULL,'Norbert','Spatzenegger',NULL,'n.spatzenegger@gmx.at',NULL,NULL,NULL,'false',NULL,NULL,NULL,NULL,NULL,NULL,NULL,NULL,NULL,NULL,NULL,NULL,115,NULL,'false','KÜHLBICHL 7','','5211','FRIEDBURG',NULL,NULL,'unknown',NULL,'Administrator','Jaf Salzburg','Handelszentrum 12',NULL,'5101','Salzburg',NULL,'true',NULL,NULL,NULL,NULL,NULL,NULL,NULL,NULL,NULL,1,'0000-00-00 00:00:00',1,'0000-00-00 00:00:00'),(586,327,112,'AT','de','AT','unknown',NULL,'Privat Verkauf','Jaf Linz',NULL,'schauraum_austriaglas.linz@frischeis.com',NULL,NULL,NULL,'false',NULL,NULL,NULL,NULL,NULL,NULL,NULL,NULL,NULL,NULL,NULL,NULL,NULL,NULL,'false','Prinz-Eugen-Straße 13','','4020','Linz',NULL,NULL,'unknown',NULL,NULL,NULL,NULL,NULL,NULL,NULL,NULL,'true',NULL,NULL,NULL,NULL,NULL,NULL,NULL,NULL,NULL,1,'2016-08-19 06:41:28',1,'2016-08-19 06:41:28'),(587,328,112,'AT','de','AT','unknown',NULL,'Privat Verkauf','Jaf Linz',NULL,'schauraum_austriaglas.linz@frischeis.com',NULL,NULL,NULL,'false',NULL,NULL,NULL,NULL,NULL,NULL,NULL,NULL,NULL,NULL,NULL,NULL,NULL,NULL,'false','Prinz-Eugen-Straße 13','','4020','Linz',NULL,NULL,'unknown',NULL,NULL,NULL,NULL,NULL,NULL,NULL,NULL,'true',NULL,NULL,NULL,NULL,NULL,NULL,NULL,NULL,NULL,1,'2016-08-19 06:43:31',1,'2016-08-19 06:43:31'),(588,329,63,'AT','de','AT','male',NULL,'Tischler','Austriaglas',NULL,'tischler@austriaglas.at',NULL,NULL,NULL,'false',NULL,NULL,NULL,NULL,NULL,NULL,NULL,NULL,NULL,NULL,NULL,NULL,NULL,NULL,'true','Industriegasse 4','','8311','Markt Hartmannsdorf',NULL,NULL,'unknown',NULL,NULL,NULL,NULL,NULL,NULL,NULL,NULL,'true',NULL,NULL,NULL,NULL,NULL,'0b931a49b3cb9a7259d8b0e44170210a',NULL,NULL,NULL,1,'2016-08-19 13:31:38',1,'2016-08-19 13:31:38'),(589,330,949,'AT','de','AT','male',NULL,'Harald','Körbler',NULL,'koerbler@holzkreativ.at',NULL,NULL,NULL,'false',NULL,NULL,NULL,NULL,NULL,NULL,NULL,NULL,NULL,NULL,NULL,NULL,NULL,'Tischlerei Körbler Harald','true','Menteweg 20','','9500','Villach',NULL,NULL,'unknown',NULL,NULL,NULL,NULL,NULL,NULL,NULL,NULL,'true',NULL,NULL,NULL,NULL,NULL,NULL,NULL,NULL,NULL,1,'2016-08-21 12:05:40',1,'2016-08-21 12:05:40'),(590,331,970,'AT','de','AT','male',NULL,'Markus','Wango',NULL,'m.w84@gmx.at',NULL,NULL,NULL,'false',NULL,NULL,NULL,NULL,NULL,NULL,NULL,NULL,NULL,NULL,NULL,NULL,NULL,'Wango Markus','true','Dorfstraße 23','','8661','Wartberg',NULL,NULL,'unknown',NULL,NULL,NULL,NULL,NULL,NULL,NULL,NULL,'true','0660 5038085',NULL,NULL,NULL,NULL,NULL,NULL,NULL,NULL,1,'2016-08-22 13:09:24',1,'2016-08-22 13:09:24'),(591,332,970,'AT','de','AT','male',NULL,'Markus','Wango',NULL,'m.w84@gmx.at',NULL,NULL,NULL,'false',NULL,NULL,NULL,NULL,NULL,NULL,NULL,NULL,NULL,NULL,NULL,NULL,NULL,'Wango Markus','true','Dorfstraße 23','','8661','Wartberg',NULL,NULL,'unknown',NULL,NULL,NULL,NULL,NULL,NULL,NULL,NULL,'true','0660 5038085',NULL,NULL,NULL,NULL,NULL,NULL,NULL,NULL,1,'2016-08-22 14:08:36',1,'2016-08-22 14:08:36'),(592,333,577,'AT','de',NULL,'male',NULL,'ZWISCHENBERGER',NULL,NULL,'zwischenberger@tmo.at',NULL,NULL,NULL,'false',NULL,NULL,NULL,NULL,NULL,NULL,NULL,NULL,NULL,NULL,NULL,NULL,NULL,NULL,'false','INNSTRASSE 27','','6240','RADFELD',NULL,NULL,'unknown',NULL,NULL,NULL,NULL,NULL,NULL,NULL,NULL,'true',NULL,NULL,NULL,NULL,NULL,NULL,NULL,NULL,NULL,1,'2016-08-22 20:39:01',1,'2016-08-22 20:39:01'),(593,334,111,'AT','de','AT','unknown',NULL,'Privat Verkauf','Jaf Kramsach',NULL,'schauraum_austriaglas.kramsach@frischeis.com',NULL,NULL,NULL,'false',NULL,NULL,NULL,NULL,NULL,NULL,NULL,NULL,NULL,NULL,NULL,NULL,118,NULL,'false','Amerling 119','','6233','Kramsach',NULL,NULL,'unknown',NULL,'Administrator','Jaf Kramsach','Amerling 119',NULL,'6233','Kramsach',NULL,'true',NULL,NULL,NULL,NULL,NULL,NULL,NULL,NULL,NULL,1,'0000-00-00 00:00:00',1,'0000-00-00 00:00:00'),(594,335,961,'AT','de','AT','male',NULL,'Josef','Halbmayr',NULL,'office@tischlerei-halbmayr.at',NULL,NULL,NULL,'false',NULL,NULL,NULL,NULL,NULL,NULL,NULL,NULL,NULL,NULL,NULL,NULL,NULL,'Halbmayr Josef e.U.','true','Hochbruck 7a','','3361','Aschbach Markt',NULL,NULL,'unknown',NULL,NULL,NULL,NULL,NULL,NULL,NULL,NULL,'true','07476 76613',NULL,NULL,NULL,NULL,NULL,NULL,NULL,NULL,1,'2016-08-24 12:08:14',1,'2016-08-24 12:08:14'),(595,336,733,'AT','de','AT','male',NULL,'Markus','Haas',NULL,'office@h-diezwei.at',NULL,NULL,NULL,'false',NULL,NULL,NULL,NULL,NULL,NULL,NULL,NULL,NULL,NULL,NULL,NULL,732,'Haas & Haselgruber OG','true','Steinbruchgasse 15','','2540','Bad Vöslau',NULL,'Haas & Haselgruber OG','unknown',NULL,'Markus','Haas','Steinbruchgasse 15',NULL,'2540','Bad Vöslau',NULL,'true','02252263900',NULL,NULL,NULL,NULL,'28bd84fb8b959caddda3556791199fd1',NULL,NULL,NULL,1,'0000-00-00 00:00:00',1,'0000-00-00 00:00:00'),(596,337,965,'AT','de','AT','male',NULL,'Kurt','Peiler',NULL,'tischlerei@peiler.at',NULL,NULL,NULL,'false',NULL,NULL,NULL,NULL,NULL,NULL,NULL,NULL,NULL,NULL,NULL,NULL,NULL,'Möbelwerkstääte mit Idee - Peiler Kurt','true','St. Martin Straße 20','','3376','Karlsbach',NULL,NULL,'unknown',NULL,NULL,NULL,NULL,NULL,NULL,NULL,NULL,'true','07412 58939',NULL,NULL,NULL,NULL,NULL,NULL,NULL,NULL,1,'2016-08-25 07:56:25',1,'2016-08-25 07:56:25'),(597,338,104,'AT','de','AT','female',NULL,'Verena','Kröpfl',NULL,'kroepfl@faustmann-moebel.at',NULL,NULL,NULL,'false',NULL,NULL,NULL,NULL,NULL,NULL,NULL,NULL,NULL,NULL,NULL,NULL,100,'Faustmann Möbelmanufaktur GmbH','true','Rotleitenstraße 2','','8295','St. Johann i. d. Haide',NULL,NULL,'male',NULL,'XXXXXXX','XXXXXXX','XXXXX',NULL,'XXXXX','XXXXX',NULL,'true','033384515807',NULL,NULL,NULL,NULL,'07b750366764026dd5118f7cf3eb9dc1',NULL,NULL,NULL,1,'0000-00-00 00:00:00',1,'0000-00-00 00:00:00'),(598,339,970,'AT','de','AT','male',NULL,'Markus','Wango',NULL,'m.w84@gmx.at',NULL,NULL,NULL,'false',NULL,NULL,NULL,NULL,NULL,NULL,NULL,NULL,NULL,NULL,NULL,NULL,NULL,'Wango Markus','true','Dorfstraße 23','','8661','Wartberg',NULL,NULL,'unknown',NULL,NULL,NULL,NULL,NULL,NULL,NULL,NULL,'true','0660 5038085',NULL,NULL,NULL,NULL,NULL,NULL,NULL,NULL,1,'2016-08-27 19:37:46',1,'2016-08-27 19:37:46'),(599,340,109,'AT','de','AT','unknown',NULL,'Privat Verkauf','Jaf Villach',NULL,'schauraum_austriaglas.villach@frischeis.com',NULL,NULL,NULL,'false',NULL,NULL,NULL,NULL,NULL,NULL,NULL,NULL,NULL,NULL,NULL,NULL,NULL,NULL,'false','Muldenweg 12','','9500','Villach',NULL,NULL,'unknown',NULL,NULL,NULL,NULL,NULL,NULL,NULL,NULL,'true',NULL,NULL,NULL,NULL,NULL,'4a94800a544e8fb6962f190bd8906458',NULL,NULL,NULL,1,'2016-08-29 06:51:34',1,'2016-08-29 06:51:34'),(600,341,948,'AT','de','AT','male',NULL,'Willibald','Teuschl',NULL,'tischlerei_teuschl@aon.at',NULL,NULL,NULL,'false',NULL,NULL,NULL,NULL,NULL,NULL,NULL,NULL,NULL,NULL,NULL,NULL,883,'Tischlerei Teuschl Willibald','true','Spielberg 17','','3632','Traunstein',NULL,NULL,'unknown',NULL,'Josef','Walchshofer','Prinz-Eugen-Straße 13',NULL,'4020','Linz',NULL,'true','02878 6245',NULL,NULL,NULL,NULL,NULL,NULL,NULL,NULL,1,'0000-00-00 00:00:00',1,'0000-00-00 00:00:00'),(601,342,973,'AT','de','AT','female',NULL,'Silvia','Teufel',NULL,'office@tischlerei-forstner.at',NULL,NULL,NULL,'false',NULL,NULL,NULL,NULL,NULL,NULL,NULL,NULL,NULL,NULL,NULL,NULL,NULL,'Bau- und Möbeltischlerei Forstner Maria','true','Karl Höfinger Promenade 30','','3270','Scheibbs',NULL,NULL,'unknown',NULL,NULL,NULL,NULL,NULL,NULL,NULL,NULL,'true','07482 42004',NULL,NULL,NULL,NULL,NULL,NULL,NULL,NULL,1,'2016-08-29 08:37:41',1,'2016-08-29 08:37:41'),(602,343,107,'AT','de','AT','unknown',NULL,'Tischlerei','Konecny Markus Ing.',NULL,'schauraum_austriaglas.stockerau@frischeis.com',NULL,NULL,NULL,'false',NULL,NULL,NULL,NULL,NULL,NULL,NULL,NULL,NULL,NULL,NULL,NULL,114,NULL,'false','Vivenotgasse 15','','1120','Wien',NULL,NULL,'unknown',NULL,'Administrator','Jaf Stockerau','Gerbergasse 2',NULL,'2000','Stockerau',NULL,'true',NULL,NULL,NULL,NULL,NULL,'c349e2e9a1d9e12bc2edbcb58222aa4c',NULL,NULL,NULL,1,'0000-00-00 00:00:00',1,'0000-00-00 00:00:00'),(603,344,984,'AT','de','AT','male',NULL,'Alfred','Brandtner',NULL,'annemarie.brandtner@joiner.at',NULL,NULL,NULL,'false',NULL,NULL,NULL,NULL,NULL,NULL,NULL,NULL,NULL,NULL,NULL,NULL,143,'Tischlerei Brandtner Alfred','true','Hainfelderstraße 46','','2572','Kaumberg',NULL,NULL,'unknown',NULL,'Thomas','Lager','Gerbergasse 2',NULL,'2000','Stockerau',NULL,'true','02765 8010',NULL,NULL,NULL,NULL,NULL,NULL,NULL,NULL,1,'0000-00-00 00:00:00',1,'0000-00-00 00:00:00'),(604,345,976,'AT','de','AT','male',NULL,'Andreas','Baumann',NULL,'office@tischler-baumann.at',NULL,NULL,NULL,'false',NULL,NULL,NULL,NULL,NULL,NULL,NULL,NULL,NULL,NULL,NULL,NULL,NULL,'Baumann Leben mit Holz','true','Kirchholz 23','','3325','Ferschnitz',NULL,NULL,'unknown',NULL,NULL,NULL,NULL,NULL,NULL,NULL,NULL,'true','07473 82445',NULL,NULL,NULL,NULL,NULL,NULL,NULL,NULL,1,'2016-08-29 11:57:10',1,'2016-08-29 11:57:10'),(605,346,977,'AT','de','AT','male',NULL,'Patrick','Schachinger',NULL,'patrick.schachinger@imtrendwohnen.at',NULL,NULL,NULL,'false',NULL,NULL,NULL,NULL,NULL,NULL,NULL,NULL,NULL,NULL,NULL,NULL,NULL,'Tischlerei Schneider GmbH','true','Wassergasse 17','','3324','Euratsfeld',NULL,NULL,'unknown',NULL,NULL,NULL,NULL,NULL,NULL,NULL,NULL,'true','07474 228',NULL,NULL,NULL,NULL,NULL,NULL,NULL,NULL,1,'2016-08-29 13:44:29',1,'2016-08-29 13:44:29'),(606,347,112,'AT','de','AT','unknown',NULL,'Privat Verkauf','Jaf Linz',NULL,'schauraum_austriaglas.linz@frischeis.com',NULL,NULL,NULL,'false',NULL,NULL,NULL,NULL,NULL,NULL,NULL,NULL,NULL,NULL,NULL,NULL,NULL,NULL,'false','Prinz-Eugen-Straße 13','','4020','Linz',NULL,NULL,'unknown',NULL,NULL,NULL,NULL,NULL,NULL,NULL,NULL,'true',NULL,NULL,NULL,NULL,NULL,NULL,NULL,NULL,NULL,1,'2016-08-30 10:43:30',1,'2016-08-30 10:43:30'),(607,348,391,'AT','de',NULL,'male',NULL,'SAILER ALEX TISCHLEREI GMBH',NULL,NULL,'sailer.alex@aon.at',NULL,NULL,NULL,'false',NULL,NULL,NULL,NULL,NULL,NULL,NULL,NULL,NULL,NULL,NULL,NULL,NULL,NULL,'false','MOOSANGER 939','','6473','WENNS',NULL,NULL,'unknown',NULL,NULL,NULL,NULL,NULL,NULL,NULL,NULL,'true',NULL,NULL,NULL,NULL,NULL,NULL,NULL,NULL,NULL,1,'2016-08-30 13:46:03',1,'2016-08-30 13:46:03'),(608,349,989,'AT','de','AT','male',NULL,'Richard','Vonbank',NULL,'office@vonbank-kuechen.at',NULL,NULL,NULL,'false',NULL,NULL,NULL,NULL,NULL,NULL,NULL,NULL,NULL,NULL,NULL,NULL,NULL,'Vonbank: Küche + Wohnen','true','Landstraße 30','','6714','Nüziders',NULL,NULL,'unknown',NULL,NULL,NULL,NULL,NULL,NULL,NULL,NULL,'true','0664 1300820',NULL,NULL,NULL,NULL,NULL,NULL,NULL,NULL,1,'2016-08-31 07:35:03',1,'2016-08-31 07:35:03'),(609,350,549,'AT','de',NULL,'male',NULL,'HECHENBLAIKNER GEORG',NULL,NULL,'info@tischlerei-hechenblaikner.at',NULL,NULL,NULL,'false',NULL,NULL,NULL,NULL,NULL,NULL,NULL,NULL,NULL,NULL,NULL,NULL,178,NULL,'false','BRUGGERSTRAßE 2','','6230','BRIXLEGG',NULL,NULL,'unknown',NULL,'Heinz','Ilmer','Amerling 119',NULL,'6233','Kramsach',NULL,'true',NULL,NULL,NULL,NULL,NULL,NULL,NULL,NULL,NULL,1,'0000-00-00 00:00:00',1,'0000-00-00 00:00:00'),(610,351,989,'AT','de','AT','male',NULL,'Richard','Vonbank',NULL,'office@vonbank-kuechen.at',NULL,NULL,NULL,'false',NULL,NULL,NULL,NULL,NULL,NULL,NULL,NULL,NULL,NULL,NULL,NULL,NULL,'Vonbank: Küche + Wohnen','true','Landstraße 30','','6714','Nüziders',NULL,NULL,'unknown',NULL,NULL,NULL,NULL,NULL,NULL,NULL,NULL,'true','0664 1300820',NULL,NULL,NULL,NULL,NULL,NULL,NULL,NULL,1,'2016-08-31 08:38:32',1,'2016-08-31 08:38:32'),(611,352,63,'AT','de','AT','male',NULL,'Tischler','Austriaglas',NULL,'tischler@austriaglas.at',NULL,NULL,NULL,'false',NULL,NULL,NULL,NULL,NULL,NULL,NULL,NULL,NULL,NULL,NULL,NULL,NULL,NULL,'true','Industriegasse 4','','8311','Markt Hartmannsdorf',NULL,NULL,'unknown',NULL,NULL,NULL,NULL,NULL,NULL,NULL,NULL,'true',NULL,NULL,NULL,NULL,NULL,'0b931a49b3cb9a7259d8b0e44170210a',NULL,NULL,NULL,1,'2016-08-31 08:38:36',1,'2016-08-31 08:38:36'),(612,353,690,'AT','de',NULL,'unknown',NULL,'Stefan','Loidhammer',NULL,'s.loidhammer@loidhammer.at',NULL,NULL,NULL,'false',NULL,NULL,NULL,NULL,NULL,NULL,NULL,NULL,NULL,NULL,NULL,NULL,NULL,NULL,'false','KÖHLERWEG 25','','4820','BAD ISCHL',NULL,NULL,'unknown',NULL,NULL,NULL,NULL,NULL,NULL,NULL,NULL,'true',NULL,NULL,NULL,NULL,NULL,NULL,NULL,NULL,NULL,1,'2016-08-31 11:59:42',1,'2016-08-31 11:59:42'),(613,354,283,'AT','de',NULL,'male',NULL,'B & Z OHG DES BERGMEISTER ULRICH & CO',NULL,NULL,'bz-ohg@rolmail.net',NULL,NULL,NULL,'false',NULL,NULL,NULL,NULL,NULL,NULL,NULL,NULL,NULL,NULL,NULL,NULL,NULL,NULL,'false','WALCHHORN 17','','39031','REISCHACH',NULL,NULL,'unknown',NULL,NULL,NULL,NULL,NULL,NULL,NULL,NULL,'true',NULL,NULL,NULL,NULL,NULL,NULL,NULL,NULL,NULL,1,'2016-08-31 12:20:02',1,'2016-08-31 12:20:02'),(614,355,684,'AT','de',NULL,'unknown',NULL,'Norbert','Spatzenegger',NULL,'n.spatzenegger@gmx.at',NULL,NULL,NULL,'false',NULL,NULL,NULL,NULL,NULL,NULL,NULL,NULL,NULL,NULL,NULL,NULL,115,NULL,'false','KÜHLBICHL 7','','5211','FRIEDBURG',NULL,NULL,'unknown',NULL,'Administrator','Jaf Salzburg','Handelszentrum 12',NULL,'5101','Salzburg',NULL,'true',NULL,NULL,NULL,NULL,NULL,NULL,NULL,NULL,NULL,1,'0000-00-00 00:00:00',1,'0000-00-00 00:00:00'),(615,356,926,'AT','de','AT','male',NULL,'Martin','Schwaighofer',NULL,'m.schwaighofer@laserer.at',NULL,NULL,NULL,'false',NULL,NULL,NULL,NULL,NULL,NULL,NULL,NULL,NULL,NULL,NULL,NULL,115,'LASERER TISCHLEREI GMBH','true','Vordertalstraße 8','','4824','GOSAU',NULL,'LASERER TISCHLEREI GMBH','male',NULL,'Administrator','Jaf Salzburg','Handelszentrum 12',NULL,'5101','Salzburg',NULL,'true','06236 82 28',NULL,NULL,NULL,NULL,'eb171c2c444c02157d81029a4cd24465',NULL,NULL,NULL,1,'0000-00-00 00:00:00',1,'0000-00-00 00:00:00'),(616,357,684,'AT','de',NULL,'unknown',NULL,'Norbert','Spatzenegger',NULL,'n.spatzenegger@gmx.at',NULL,NULL,NULL,'false',NULL,NULL,NULL,NULL,NULL,NULL,NULL,NULL,NULL,NULL,NULL,NULL,NULL,NULL,'false','KÜHLBICHL 7','','5211','FRIEDBURG',NULL,NULL,'unknown',NULL,NULL,NULL,NULL,NULL,NULL,NULL,NULL,'true',NULL,NULL,NULL,NULL,NULL,NULL,NULL,NULL,NULL,1,'2016-08-31 13:01:59',1,'2016-08-31 13:01:59'),(617,358,63,'AT','de','AT','male',NULL,'Tischler','Austriaglas',NULL,'tischler@austriaglas.at',NULL,NULL,NULL,'false',NULL,NULL,NULL,NULL,NULL,NULL,NULL,NULL,NULL,NULL,NULL,NULL,NULL,NULL,'true','Industriegasse 4','','8311','Markt Hartmannsdorf',NULL,NULL,'unknown',NULL,NULL,NULL,NULL,NULL,NULL,NULL,NULL,'true',NULL,NULL,NULL,NULL,NULL,'0b931a49b3cb9a7259d8b0e44170210a',NULL,NULL,NULL,1,'2016-09-01 07:17:21',1,'2016-09-01 07:17:21'),(618,359,278,'AT','de',NULL,'male',NULL,'ELLER KG SAS',NULL,NULL,'info@eller.bz.it',NULL,NULL,NULL,'false',NULL,NULL,NULL,NULL,NULL,NULL,NULL,NULL,NULL,NULL,NULL,NULL,NULL,NULL,'false','FORCH-STRASSE 10','','39040','VAHRN',NULL,NULL,'unknown',NULL,NULL,NULL,NULL,NULL,NULL,NULL,NULL,'true',NULL,NULL,NULL,NULL,NULL,NULL,NULL,NULL,NULL,1,'2016-09-02 05:16:08',1,'2016-09-02 05:16:08'),(619,360,112,'AT','de','AT','unknown',NULL,'Privat Verkauf','Jaf Linz',NULL,'schauraum_austriaglas.linz@frischeis.com',NULL,NULL,NULL,'false',NULL,NULL,NULL,NULL,NULL,NULL,NULL,NULL,NULL,NULL,NULL,NULL,NULL,NULL,'false','Prinz-Eugen-Straße 13','','4020','Linz',NULL,NULL,'unknown',NULL,NULL,NULL,NULL,NULL,NULL,NULL,NULL,'true',NULL,NULL,NULL,NULL,NULL,NULL,NULL,NULL,NULL,1,'2016-09-02 06:30:13',1,'2016-09-02 06:30:13'),(620,361,674,'AT','de','AT','male',NULL,'Josef','Feldbacher',NULL,'info@maislinger-wohnideen.at',NULL,NULL,NULL,'false',NULL,NULL,NULL,NULL,NULL,NULL,NULL,NULL,NULL,NULL,NULL,NULL,115,'Maislinger Wohnideen','true','PFONGAU WEST 5','','5202','NEUMARKT AM WALLERSEE',NULL,NULL,'unknown',NULL,'Administrator','Jaf Salzburg','Handelszentrum 12',NULL,'5101','Salzburg',NULL,'true',NULL,NULL,NULL,NULL,NULL,'2d17f95e60e65958309b4122d749f27d',NULL,NULL,NULL,1,'0000-00-00 00:00:00',1,'0000-00-00 00:00:00'),(621,362,112,'AT','de','AT','unknown',NULL,'Privat Verkauf','Jaf Linz',NULL,'schauraum_austriaglas.linz@frischeis.com',NULL,NULL,NULL,'false',NULL,NULL,NULL,NULL,NULL,NULL,NULL,NULL,NULL,NULL,NULL,NULL,NULL,NULL,'false','Prinz-Eugen-Straße 13','','4020','Linz',NULL,NULL,'unknown',NULL,NULL,NULL,NULL,NULL,NULL,NULL,NULL,'true',NULL,NULL,NULL,NULL,NULL,NULL,NULL,NULL,NULL,1,'2016-09-02 07:02:21',1,'2016-09-02 07:02:21'),(622,363,929,'AT','de','AT','male',NULL,'Johann','Kübler',NULL,'j.kuebler@laserer.at',NULL,NULL,NULL,'false',NULL,NULL,NULL,NULL,NULL,NULL,NULL,NULL,NULL,NULL,NULL,NULL,115,'LASERER TISCHLEREI GMBH','true','Vordertalstraße 8','','4824','GOSAU',NULL,'LASERER TISCHLEREI GMBH','male',NULL,'Administrator','Jaf Salzburg','Handelszentrum 12',NULL,'5101','Salzburg',NULL,'true','06136 82 28',NULL,NULL,NULL,NULL,'eb171c2c444c02157d81029a4cd24465',NULL,NULL,NULL,1,'0000-00-00 00:00:00',1,'0000-00-00 00:00:00'),(623,364,1001,'AT','de','AT','male',NULL,'Johann','Weber',NULL,'office@weber-wohndesign.at',NULL,NULL,NULL,'false',NULL,NULL,NULL,NULL,NULL,NULL,NULL,NULL,NULL,NULL,NULL,NULL,1002,'Tischlerei-Wohndesign Weber','true','Raxendorf 46','','3654','Raxendorf',NULL,'Tischlerei-Wohndesign Weber','unknown',NULL,'Johann','Weber','Raxendorf 46',NULL,'3654','Raxendorf',NULL,'true','02758 7234',NULL,NULL,NULL,NULL,NULL,NULL,NULL,NULL,1,'0000-00-00 00:00:00',1,'0000-00-00 00:00:00'),(624,365,991,'AT','de','AT','male',NULL,'Christian','Bulacher',NULL,'office@danmegastore-kuechen.at',NULL,NULL,NULL,'false',NULL,NULL,NULL,NULL,NULL,NULL,NULL,NULL,NULL,NULL,NULL,NULL,NULL,'DAN Megastore Rum','true','Siemensstraße 13','','6063','Rum',NULL,NULL,'unknown',NULL,NULL,NULL,NULL,NULL,NULL,NULL,NULL,'true','0512 20452611',NULL,NULL,NULL,NULL,NULL,NULL,NULL,NULL,1,'2016-09-02 18:41:40',1,'2016-09-02 18:41:40'),(625,366,791,'AT','de',NULL,'male',NULL,'Richard','Pernstich',NULL,'richard@x-glas.it',NULL,NULL,NULL,'false',NULL,NULL,NULL,NULL,NULL,NULL,NULL,NULL,NULL,NULL,NULL,NULL,NULL,'D. Pernstich Richard','true','Naunweg 8','','I-39057','Eppan-Girlan',NULL,NULL,'unknown',NULL,NULL,NULL,NULL,NULL,NULL,NULL,NULL,'true','0039 3351226640',NULL,NULL,NULL,NULL,NULL,NULL,NULL,NULL,1,'2016-09-03 09:56:06',1,'2016-09-03 09:56:06'),(626,367,58,'AT','de','AT','male',NULL,'Patrick','Herbst',NULL,'pahe.service@gmail.com',NULL,NULL,NULL,'false',NULL,NULL,NULL,NULL,NULL,NULL,NULL,NULL,NULL,NULL,NULL,NULL,NULL,NULL,'false','Volksheimstrasse 16','','8661','St. Barbara - Wartberg',NULL,NULL,'unknown',NULL,NULL,NULL,NULL,NULL,NULL,NULL,NULL,'true',NULL,NULL,NULL,NULL,NULL,'835cdcbae3fdda83309b9b8afeaa8d0f',NULL,NULL,NULL,1,'2016-09-03 10:12:29',1,'2016-09-03 10:12:29'),(627,368,58,'AT','de','AT','male',NULL,'Patrick','Herbst',NULL,'pahe.service@gmail.com',NULL,NULL,NULL,'false',NULL,NULL,NULL,NULL,NULL,NULL,NULL,NULL,NULL,NULL,NULL,NULL,NULL,NULL,'false','Volksheimstrasse 16','','8661','St. Barbara - Wartberg',NULL,NULL,'unknown',NULL,NULL,NULL,NULL,NULL,NULL,NULL,NULL,'true',NULL,NULL,NULL,NULL,NULL,'835cdcbae3fdda83309b9b8afeaa8d0f',NULL,NULL,NULL,1,'2016-09-03 10:19:21',1,'2016-09-03 10:19:21'),(628,369,791,'AT','de',NULL,'male',NULL,'Richard','Pernstich',NULL,'richard@x-glas.it',NULL,NULL,NULL,'false',NULL,NULL,NULL,NULL,NULL,NULL,NULL,NULL,NULL,NULL,NULL,NULL,NULL,'D. Pernstich Richard','true','Naunweg 8','','I-39057','Eppan-Girlan',NULL,NULL,'unknown',NULL,NULL,NULL,NULL,NULL,NULL,NULL,NULL,'true','0039 3351226640',NULL,NULL,NULL,NULL,NULL,NULL,NULL,NULL,1,'2016-09-03 14:06:23',1,'2016-09-03 14:06:23'),(629,370,791,'AT','de',NULL,'male',NULL,'Richard','Pernstich',NULL,'richard@x-glas.it',NULL,NULL,NULL,'false',NULL,NULL,NULL,NULL,NULL,NULL,NULL,NULL,NULL,NULL,NULL,NULL,NULL,'D. Pernstich Richard','true','Naunweg 8','','I-39057','Eppan-Girlan',NULL,NULL,'unknown',NULL,NULL,NULL,NULL,NULL,NULL,NULL,NULL,'true','0039 3351226640',NULL,NULL,NULL,NULL,NULL,NULL,NULL,NULL,1,'2016-09-03 14:07:32',1,'2016-09-03 14:07:32'),(630,371,112,'AT','de','AT','unknown',NULL,'Privat Verkauf','Jaf Linz',NULL,'schauraum_austriaglas.linz@frischeis.com',NULL,NULL,NULL,'false',NULL,NULL,NULL,NULL,NULL,NULL,NULL,NULL,NULL,NULL,NULL,NULL,NULL,NULL,'false','Prinz-Eugen-Straße 13','','4020','Linz',NULL,NULL,'unknown',NULL,NULL,NULL,NULL,NULL,NULL,NULL,NULL,'true',NULL,NULL,NULL,NULL,NULL,NULL,NULL,NULL,NULL,1,'2016-09-05 07:47:48',1,'2016-09-05 07:47:48'),(631,372,63,'AT','de','AT','male',NULL,'Tischler','Austriaglas',NULL,'tischler@austriaglas.at',NULL,NULL,NULL,'false',NULL,NULL,NULL,NULL,NULL,NULL,NULL,NULL,NULL,NULL,NULL,NULL,NULL,NULL,'true','Industriegasse 4','','8311','Markt Hartmannsdorf',NULL,NULL,'unknown',NULL,NULL,NULL,NULL,NULL,NULL,NULL,NULL,'true',NULL,NULL,NULL,NULL,NULL,'0b931a49b3cb9a7259d8b0e44170210a',NULL,NULL,NULL,1,'2016-09-05 08:21:18',1,'2016-09-05 08:21:18'),(632,373,108,'AT','de','AT','unknown',NULL,'Privat Verkauf','Jaf Salzburg',NULL,'schauraum_austriaglas.salzburg@frischeis.com',NULL,NULL,NULL,'false',NULL,NULL,NULL,NULL,NULL,NULL,NULL,NULL,NULL,NULL,NULL,NULL,115,NULL,'false','Handelszentrum 12','','5101','Salzburg',NULL,NULL,'unknown',NULL,'Administrator','Jaf Salzburg','Handelszentrum 12',NULL,'5101','Salzburg',NULL,'true',NULL,NULL,NULL,NULL,NULL,NULL,NULL,NULL,NULL,1,'0000-00-00 00:00:00',1,'0000-00-00 00:00:00'),(633,374,112,'AT','de','AT','unknown',NULL,'Privat Verkauf','Jaf Linz',NULL,'schauraum_austriaglas.linz@frischeis.com',NULL,NULL,NULL,'false',NULL,NULL,NULL,NULL,NULL,NULL,NULL,NULL,NULL,NULL,NULL,NULL,NULL,NULL,'false','Prinz-Eugen-Straße 13','','4020','Linz',NULL,NULL,'unknown',NULL,NULL,NULL,NULL,NULL,NULL,NULL,NULL,'true',NULL,NULL,NULL,NULL,NULL,NULL,NULL,NULL,NULL,1,'2016-09-05 11:30:29',1,'2016-09-05 11:30:29'),(634,375,1003,'AT','de','AT','male',NULL,'Erwin','Uhrmann',NULL,'tischlerei.uhrmann@aon.at',NULL,NULL,NULL,'false',NULL,NULL,NULL,NULL,NULL,NULL,NULL,NULL,NULL,NULL,NULL,NULL,NULL,'Tischlerei Uhrmann Erwin','true','Markt 27','','4391','Waldhausen',NULL,NULL,'unknown',NULL,NULL,NULL,NULL,NULL,NULL,NULL,NULL,'true',NULL,NULL,NULL,NULL,NULL,NULL,NULL,NULL,NULL,1,'2016-09-05 12:38:49',1,'2016-09-05 12:38:49'),(635,376,1003,'AT','de','AT','male',NULL,'Erwin','Uhrmann',NULL,'tischlerei.uhrmann@aon.at',NULL,NULL,NULL,'false',NULL,NULL,NULL,NULL,NULL,NULL,NULL,NULL,NULL,NULL,NULL,NULL,119,'Tischlerei Uhrmann Erwin','true','Markt 27','','4391','Waldhausen',NULL,NULL,'unknown',NULL,'Administrator','Jaf Linz','Prinz-Eugen-Straße 13',NULL,'4020','Linz',NULL,'true',NULL,NULL,NULL,NULL,NULL,NULL,NULL,NULL,NULL,1,'0000-00-00 00:00:00',1,'0000-00-00 00:00:00'),(636,377,791,'AT','de',NULL,'male',NULL,'Richard','Pernstich',NULL,'richard@x-glas.it',NULL,NULL,NULL,'false',NULL,NULL,NULL,NULL,NULL,NULL,NULL,NULL,NULL,NULL,NULL,NULL,NULL,'D. Pernstich Richard','true','Naunweg 8','','I-39057','Eppan-Girlan',NULL,NULL,'unknown',NULL,NULL,NULL,NULL,NULL,NULL,NULL,NULL,'true','0039 3351226640',NULL,NULL,NULL,NULL,NULL,NULL,NULL,NULL,1,'2016-09-05 14:48:13',1,'2016-09-05 14:48:13'),(637,378,791,'AT','de',NULL,'male',NULL,'Richard','Pernstich',NULL,'richard@x-glas.it',NULL,NULL,NULL,'false',NULL,NULL,NULL,NULL,NULL,NULL,NULL,NULL,NULL,NULL,NULL,NULL,NULL,'D. Pernstich Richard','true','Naunweg 8','','I-39057','Eppan-Girlan',NULL,NULL,'unknown',NULL,NULL,NULL,NULL,NULL,NULL,NULL,NULL,'true','0039 3351226640',NULL,NULL,NULL,NULL,NULL,NULL,NULL,NULL,1,'2016-09-05 14:52:25',1,'2016-09-05 14:52:25'),(638,379,978,'AT','de','AT','male',NULL,'Friedrich','Gassner',NULL,'office@kriga.at',NULL,NULL,NULL,'false',NULL,NULL,NULL,NULL,NULL,NULL,NULL,NULL,NULL,NULL,NULL,NULL,NULL,'Kritzl & Gassner OG','true','Weinschenk 7','','4391','Waldhausen',NULL,NULL,'male',NULL,NULL,NULL,NULL,NULL,NULL,NULL,NULL,'true','0680 1413888',NULL,NULL,NULL,NULL,NULL,NULL,NULL,NULL,1,'2016-09-06 05:36:10',1,'2016-09-06 05:36:10'),(639,380,978,'AT','de','AT','male',NULL,'Friedrich','Gassner',NULL,'office@kriga.at',NULL,NULL,NULL,'false',NULL,NULL,NULL,NULL,NULL,NULL,NULL,NULL,NULL,NULL,NULL,NULL,NULL,'Kritzl & Gassner OG','true','Weinschenk 7','','4391','Waldhausen',NULL,NULL,'male',NULL,NULL,NULL,NULL,NULL,NULL,NULL,NULL,'true','0680 1413888',NULL,NULL,NULL,NULL,NULL,NULL,NULL,NULL,1,'2016-09-06 05:40:50',1,'2016-09-06 05:40:50'),(640,381,978,'AT','de','AT','male',NULL,'Friedrich','Gassner',NULL,'office@kriga.at',NULL,NULL,NULL,'false',NULL,NULL,NULL,NULL,NULL,NULL,NULL,NULL,NULL,NULL,NULL,NULL,NULL,'Kritzl & Gassner OG','true','Weinschenk 7','','4391','Waldhausen',NULL,NULL,'male',NULL,NULL,NULL,NULL,NULL,NULL,NULL,NULL,'true','0680 1413888',NULL,NULL,NULL,NULL,NULL,NULL,NULL,NULL,1,'2016-09-06 05:51:42',1,'2016-09-06 05:51:42'),(641,382,107,'AT','de','AT','unknown',NULL,'TISCHLEREI','GANSCH MARKUS',NULL,'schauraum_austriaglas.stockerau@frischeis.com',NULL,NULL,NULL,'false',NULL,NULL,NULL,NULL,NULL,NULL,NULL,NULL,NULL,NULL,NULL,NULL,114,NULL,'false','SCHLOSSGEGEND 11','','3204','KIRCHBERG/PIELACH',NULL,NULL,'unknown',NULL,'Administrator','Jaf Stockerau','Gerbergasse 2',NULL,'2000','Stockerau',NULL,'true',NULL,NULL,NULL,NULL,NULL,'c349e2e9a1d9e12bc2edbcb58222aa4c',NULL,NULL,NULL,1,'0000-00-00 00:00:00',1,'0000-00-00 00:00:00'),(642,383,63,'AT','de','AT','male',NULL,'Tischler','Austriaglas',NULL,'tischler@austriaglas.at',NULL,NULL,NULL,'false',NULL,NULL,NULL,NULL,NULL,NULL,NULL,NULL,NULL,NULL,NULL,NULL,NULL,NULL,'true','Industriegasse 4','','8311','Markt Hartmannsdorf',NULL,NULL,'unknown',NULL,NULL,NULL,NULL,NULL,NULL,NULL,NULL,'true',NULL,NULL,NULL,NULL,NULL,'0b931a49b3cb9a7259d8b0e44170210a',NULL,NULL,NULL,1,'2016-09-06 06:55:34',1,'2016-09-06 06:55:34'),(643,384,107,'AT','de','AT','unknown',NULL,'Privat Verkauf','Jaf Stockerau',NULL,'schauraum_austriaglas.stockerau@frischeis.com',NULL,NULL,NULL,'false',NULL,NULL,NULL,NULL,NULL,NULL,NULL,NULL,NULL,NULL,NULL,NULL,NULL,NULL,'false','Gerbergasse 2','','2000','Stockerau',NULL,NULL,'unknown',NULL,NULL,NULL,NULL,NULL,NULL,NULL,NULL,'true',NULL,NULL,NULL,NULL,NULL,'c349e2e9a1d9e12bc2edbcb58222aa4c',NULL,NULL,NULL,1,'2016-09-06 07:41:46',1,'2016-09-06 07:41:46'),(644,385,540,'AT','de',NULL,'male',NULL,'TISCHLEREI SALZBURGER GMBH',NULL,NULL,'info@salzburger-wohnen.at',NULL,NULL,NULL,'false',NULL,NULL,NULL,NULL,NULL,NULL,NULL,NULL,NULL,NULL,NULL,NULL,NULL,NULL,'false','ZENTRUM 3','','6233','KRAMSACH',NULL,NULL,'unknown',NULL,NULL,NULL,NULL,NULL,NULL,NULL,NULL,'true',NULL,NULL,NULL,NULL,NULL,NULL,NULL,NULL,NULL,1,'2016-09-06 07:48:23',1,'2016-09-06 07:48:23'),(645,386,983,'AT','de','AT','male',NULL,'Robert','Gartenauer',NULL,'robertgarstenauer@gmx.at',NULL,NULL,NULL,'false',NULL,NULL,NULL,NULL,NULL,NULL,NULL,NULL,NULL,NULL,NULL,NULL,NULL,'Montagetischler Gartenauer Robert','true','Hollensteinerstraße 400','','3335','Weyer',NULL,NULL,'unknown',NULL,NULL,NULL,NULL,NULL,NULL,NULL,NULL,'true','0664 5644363',NULL,NULL,NULL,NULL,NULL,NULL,NULL,NULL,1,'2016-09-06 09:43:13',1,'2016-09-06 09:43:13'),(646,387,63,'AT','de','AT','male',NULL,'Tischler','Austriaglas',NULL,'tischler@austriaglas.at',NULL,NULL,NULL,'false',NULL,NULL,NULL,NULL,NULL,NULL,NULL,NULL,NULL,NULL,NULL,NULL,NULL,NULL,'true','Industriegasse 4','','8311','Markt Hartmannsdorf',NULL,NULL,'unknown',NULL,NULL,NULL,NULL,NULL,NULL,NULL,NULL,'true',NULL,NULL,NULL,NULL,NULL,'0b931a49b3cb9a7259d8b0e44170210a',NULL,NULL,NULL,1,'2016-09-06 10:00:56',1,'2016-09-06 10:00:56'),(647,388,63,'AT','de','AT','male',NULL,'Tischler','Austriaglas',NULL,'tischler@austriaglas.at',NULL,NULL,NULL,'false',NULL,NULL,NULL,NULL,NULL,NULL,NULL,NULL,NULL,NULL,NULL,NULL,NULL,NULL,'true','Industriegasse 4','','8311','Markt Hartmannsdorf',NULL,NULL,'unknown',NULL,NULL,NULL,NULL,NULL,NULL,NULL,NULL,'true',NULL,NULL,NULL,NULL,NULL,'0b931a49b3cb9a7259d8b0e44170210a',NULL,NULL,NULL,1,'2016-09-06 11:04:32',1,'2016-09-06 11:04:32'),(648,389,49,'AT','de','AT','male',NULL,'Mario','Winter',NULL,'m.winter@edelseer-tischlerei.at',NULL,NULL,NULL,'false',NULL,NULL,NULL,NULL,NULL,NULL,NULL,NULL,NULL,NULL,NULL,NULL,113,NULL,'false','Gschaid 157','','8190','Birkfeld',NULL,NULL,'unknown',NULL,'Administrator','Jaf Graz','Herrgottwiesgasse 170',NULL,'8055','Graz',NULL,'true',NULL,NULL,NULL,NULL,NULL,'f36827e01d78129866b59e82dd3084c1',NULL,NULL,NULL,1,'0000-00-00 00:00:00',1,'0000-00-00 00:00:00'),(649,390,63,'AT','de','AT','male',NULL,'Tischler','Austriaglas',NULL,'tischler@austriaglas.at',NULL,NULL,NULL,'false',NULL,NULL,NULL,NULL,NULL,NULL,NULL,NULL,NULL,NULL,NULL,NULL,NULL,NULL,'true','Industriegasse 4','','8311','Markt Hartmannsdorf',NULL,NULL,'unknown',NULL,NULL,NULL,NULL,NULL,NULL,NULL,NULL,'true',NULL,NULL,NULL,NULL,NULL,'0b931a49b3cb9a7259d8b0e44170210a',NULL,NULL,NULL,1,'2016-09-06 11:22:49',1,'2016-09-06 11:22:49'),(650,391,997,'AT','de','AT','male',NULL,'Markus','Mayr-Stockinger',NULL,'office@stockis-wohnstudio.info',NULL,NULL,NULL,'false',NULL,NULL,NULL,NULL,NULL,NULL,NULL,NULL,NULL,NULL,NULL,NULL,NULL,'Stocki´s Wohnstudio','true','Gewerbegasse 17','','4060','Leonding',NULL,NULL,'unknown',NULL,NULL,NULL,NULL,NULL,NULL,NULL,NULL,'true','0676 3178819',NULL,NULL,NULL,NULL,NULL,NULL,NULL,NULL,1,'2016-09-06 11:58:37',1,'2016-09-06 11:58:37'),(651,392,63,'AT','de','AT','male',NULL,'Tischler','Austriaglas',NULL,'tischler@austriaglas.at',NULL,NULL,NULL,'false',NULL,NULL,NULL,NULL,NULL,NULL,NULL,NULL,NULL,NULL,NULL,NULL,NULL,NULL,'true','Industriegasse 4','','8311','Markt Hartmannsdorf',NULL,NULL,'unknown',NULL,NULL,NULL,NULL,NULL,NULL,NULL,NULL,'true',NULL,NULL,NULL,NULL,NULL,'0b931a49b3cb9a7259d8b0e44170210a',NULL,NULL,NULL,1,'2016-09-06 12:00:06',1,'2016-09-06 12:00:06'),(652,393,63,'AT','de','AT','male',NULL,'Tischler','Austriaglas',NULL,'tischler@austriaglas.at',NULL,NULL,NULL,'false',NULL,NULL,NULL,NULL,NULL,NULL,NULL,NULL,NULL,NULL,NULL,NULL,NULL,NULL,'true','Industriegasse 4','','8311','Markt Hartmannsdorf',NULL,NULL,'unknown',NULL,NULL,NULL,NULL,NULL,NULL,NULL,NULL,'true',NULL,NULL,NULL,NULL,NULL,'0b931a49b3cb9a7259d8b0e44170210a',NULL,NULL,NULL,1,'2016-09-06 12:34:26',1,'2016-09-06 12:34:26'),(653,394,57,'AT','de','AT','male',NULL,'Karl','Knechtl',NULL,'karl.knechtl@aon.at',NULL,NULL,NULL,'false',NULL,NULL,NULL,NULL,NULL,NULL,NULL,NULL,NULL,NULL,NULL,NULL,33,NULL,'false','Dornegg 11','','8302','Nestelbach b. Graz',NULL,NULL,'unknown',NULL,'Claudia','Schreiber','Herrgottwiesgasse 170',NULL,'8055','Graz',NULL,'true',NULL,NULL,NULL,NULL,NULL,'e4460123e4578bf9dc4fccf6042ca7d8',NULL,NULL,NULL,1,'0000-00-00 00:00:00',1,'0000-00-00 00:00:00'),(654,395,63,'AT','de','AT','male',NULL,'Tischler','Austriaglas',NULL,'tischler@austriaglas.at',NULL,NULL,NULL,'false',NULL,NULL,NULL,NULL,NULL,NULL,NULL,NULL,NULL,NULL,NULL,NULL,NULL,NULL,'true','Industriegasse 4','','8311','Markt Hartmannsdorf',NULL,NULL,'unknown',NULL,NULL,NULL,NULL,NULL,NULL,NULL,NULL,'true',NULL,NULL,NULL,NULL,NULL,'0b931a49b3cb9a7259d8b0e44170210a',NULL,NULL,NULL,1,'2016-09-06 14:38:56',1,'2016-09-06 14:38:56'),(655,396,63,'AT','de','AT','male',NULL,'Tischler','Austriaglas',NULL,'tischler@austriaglas.at',NULL,NULL,NULL,'false',NULL,NULL,NULL,NULL,NULL,NULL,NULL,NULL,NULL,NULL,NULL,NULL,NULL,NULL,'true','Industriegasse 4','','8311','Markt Hartmannsdorf',NULL,NULL,'unknown',NULL,NULL,NULL,NULL,NULL,NULL,NULL,NULL,'true',NULL,NULL,NULL,NULL,NULL,'0b931a49b3cb9a7259d8b0e44170210a',NULL,NULL,NULL,1,'2016-09-06 14:40:12',1,'2016-09-06 14:40:12'),(656,397,63,'AT','de','AT','male',NULL,'Tischler','Austriaglas',NULL,'tischler@austriaglas.at',NULL,NULL,NULL,'false',NULL,NULL,NULL,NULL,NULL,NULL,NULL,NULL,NULL,NULL,NULL,NULL,NULL,NULL,'true','Industriegasse 4','','8311','Markt Hartmannsdorf',NULL,NULL,'unknown',NULL,NULL,NULL,NULL,NULL,NULL,NULL,NULL,'true',NULL,NULL,NULL,NULL,NULL,'0b931a49b3cb9a7259d8b0e44170210a',NULL,NULL,NULL,1,'2016-09-07 06:39:17',1,'2016-09-07 06:39:17'),(657,398,63,'AT','de','AT','male',NULL,'Tischler','Austriaglas',NULL,'tischler@austriaglas.at',NULL,NULL,NULL,'false',NULL,NULL,NULL,NULL,NULL,NULL,NULL,NULL,NULL,NULL,NULL,NULL,NULL,NULL,'true','Industriegasse 4','','8311','Markt Hartmannsdorf',NULL,NULL,'unknown',NULL,NULL,NULL,NULL,NULL,NULL,NULL,NULL,'true',NULL,NULL,NULL,NULL,NULL,'0b931a49b3cb9a7259d8b0e44170210a',NULL,NULL,NULL,1,'2016-09-07 06:47:58',1,'2016-09-07 06:47:58'),(658,399,1018,'AT','de','AT','male',NULL,'Reinhard','Bramer',NULL,'reinhard.bramer@kieslinger.at',NULL,NULL,NULL,'false',NULL,NULL,NULL,NULL,NULL,NULL,NULL,NULL,NULL,NULL,NULL,NULL,NULL,'Tischlerei Wohnstudio Kieslinger GmbH ','true','Grubstraße 6','','4771','Sigharting',NULL,NULL,'unknown',NULL,NULL,NULL,NULL,NULL,NULL,NULL,NULL,'true','07766 3187',NULL,NULL,NULL,NULL,NULL,NULL,NULL,NULL,1,'2016-09-07 07:43:33',1,'2016-09-07 07:43:33'),(659,400,63,'AT','de','AT','male',NULL,'Tischler','Austriaglas',NULL,'tischler@austriaglas.at',NULL,NULL,NULL,'false',NULL,NULL,NULL,NULL,NULL,NULL,NULL,NULL,NULL,NULL,NULL,NULL,NULL,NULL,'true','Industriegasse 4','','8311','Markt Hartmannsdorf',NULL,NULL,'unknown',NULL,NULL,NULL,NULL,NULL,NULL,NULL,NULL,'true',NULL,NULL,NULL,NULL,NULL,'0b931a49b3cb9a7259d8b0e44170210a',NULL,NULL,NULL,1,'2016-09-07 09:22:47',1,'2016-09-07 09:22:47'),(660,401,107,'AT','de','AT','unknown',NULL,'Tischlerei und Zimmerei','DPM Holzdesign GmbH',NULL,'schauraum_austriaglas.stockerau@frischeis.com',NULL,NULL,NULL,'false',NULL,NULL,NULL,NULL,NULL,NULL,NULL,NULL,NULL,NULL,NULL,NULL,114,NULL,'false','Mitterfeld 14','','3072','Kasten',NULL,NULL,'unknown',NULL,'Administrator','Jaf Stockerau','Gerbergasse 2',NULL,'2000','Stockerau',NULL,'true',NULL,NULL,NULL,NULL,NULL,'c349e2e9a1d9e12bc2edbcb58222aa4c',NULL,NULL,NULL,1,'0000-00-00 00:00:00',1,'0000-00-00 00:00:00'),(661,402,63,'AT','de','AT','male',NULL,'Tischler','Austriaglas',NULL,'tischler@austriaglas.at',NULL,NULL,NULL,'false',NULL,NULL,NULL,NULL,NULL,NULL,NULL,NULL,NULL,NULL,NULL,NULL,NULL,NULL,'true','Industriegasse 4','','8311','Markt Hartmannsdorf',NULL,NULL,'unknown',NULL,NULL,NULL,NULL,NULL,NULL,NULL,NULL,'true',NULL,NULL,NULL,NULL,NULL,'0b931a49b3cb9a7259d8b0e44170210a',NULL,NULL,NULL,1,'2016-09-07 12:13:13',1,'2016-09-07 12:13:13'),(662,403,109,'AT','de','AT','unknown',NULL,'Privat Verkauf','Jaf Villach',NULL,'schauraum_austriaglas.villach@frischeis.com',NULL,NULL,NULL,'false',NULL,NULL,NULL,NULL,NULL,NULL,NULL,NULL,NULL,NULL,NULL,NULL,NULL,NULL,'false','Muldenweg 12','','9500','Villach',NULL,NULL,'unknown',NULL,NULL,NULL,NULL,NULL,NULL,NULL,NULL,'true',NULL,NULL,NULL,NULL,NULL,'4a94800a544e8fb6962f190bd8906458',NULL,NULL,NULL,1,'2016-09-07 13:29:43',1,'2016-09-07 13:29:43'),(663,404,678,'AT','de',NULL,'unknown',NULL,'Nobert','Pfanhauser',NULL,'tischlerei@speed.at',NULL,NULL,NULL,'false',NULL,NULL,NULL,NULL,NULL,NULL,NULL,NULL,NULL,NULL,NULL,NULL,655,NULL,'false','GEWERBEGEBIET 200','','5092','ST. MARTIN BEI LOFER',NULL,NULL,'unknown',NULL,'Walter','Bauernhansl','Handelszentrum 12',NULL,'5101','Bergheim',NULL,'true',NULL,NULL,NULL,NULL,NULL,NULL,NULL,NULL,NULL,1,'0000-00-00 00:00:00',1,'0000-00-00 00:00:00'),(664,405,63,'AT','de','AT','male',NULL,'Tischler','Austriaglas',NULL,'tischler@austriaglas.at',NULL,NULL,NULL,'false',NULL,NULL,NULL,NULL,NULL,NULL,NULL,NULL,NULL,NULL,NULL,NULL,NULL,NULL,'true','Industriegasse 4','','8311','Markt Hartmannsdorf',NULL,NULL,'unknown',NULL,NULL,NULL,NULL,NULL,NULL,NULL,NULL,'true',NULL,NULL,NULL,NULL,NULL,'0b931a49b3cb9a7259d8b0e44170210a',NULL,NULL,NULL,1,'2016-09-08 06:04:03',1,'2016-09-08 06:04:03'),(665,406,111,'AT','de','AT','unknown',NULL,'Privat Verkauf','Jaf Kramsach',NULL,'schauraum_austriaglas.kramsach@frischeis.com',NULL,NULL,NULL,'false',NULL,NULL,NULL,NULL,NULL,NULL,NULL,NULL,NULL,NULL,NULL,NULL,NULL,NULL,'false','Amerling 119','','6233','Kramsach',NULL,NULL,'unknown',NULL,NULL,NULL,NULL,NULL,NULL,NULL,NULL,'true',NULL,NULL,NULL,NULL,NULL,NULL,NULL,NULL,NULL,1,'2016-09-08 06:06:44',1,'2016-09-08 06:06:44'),(666,407,111,'AT','de','AT','unknown',NULL,'Privat Verkauf','Jaf Kramsach',NULL,'schauraum_austriaglas.kramsach@frischeis.com',NULL,NULL,NULL,'false',NULL,NULL,NULL,NULL,NULL,NULL,NULL,NULL,NULL,NULL,NULL,NULL,NULL,NULL,'false','Amerling 119','','6233','Kramsach',NULL,NULL,'unknown',NULL,NULL,NULL,NULL,NULL,NULL,NULL,NULL,'true',NULL,NULL,NULL,NULL,NULL,NULL,NULL,NULL,NULL,1,'2016-09-08 06:10:34',1,'2016-09-08 06:10:34'),(667,408,1028,'AT','de','AT','male',NULL,'Thomas','Kröpfl',NULL,'t.kroepfl@markowohnen.at',NULL,NULL,NULL,'false',NULL,NULL,NULL,NULL,NULL,NULL,NULL,NULL,NULL,NULL,NULL,NULL,NULL,'Marko Wohnen GmbH','true','Rinkenberg 70','','9150','Bleiburg',NULL,NULL,'unknown',NULL,NULL,NULL,NULL,NULL,NULL,NULL,NULL,'true','04235 211412',NULL,NULL,NULL,NULL,'fa0cdbbf86f188229dd2554c2ece60f9',NULL,NULL,NULL,1,'2016-09-08 08:41:45',1,'2016-09-08 08:41:45'),(668,409,1052,'AT','de','AT','male',NULL,'Roman','Bauer',NULL,'office@moebel-bauer.at',NULL,NULL,NULL,'false',NULL,NULL,NULL,NULL,NULL,NULL,NULL,NULL,NULL,NULL,NULL,NULL,114,'Tischlerei Bauer Roman','true','Triester Bundesstraße 175','','2640','Enzenreith',NULL,NULL,'unknown',NULL,'Administrator','Jaf Stockerau','Gerbergasse 2',NULL,'2000','Stockerau',NULL,'true','0664 5317918',NULL,NULL,NULL,NULL,NULL,NULL,NULL,NULL,1,'0000-00-00 00:00:00',1,'0000-00-00 00:00:00'),(669,410,1028,'AT','de','AT','male',NULL,'Thomas','Kröpfl',NULL,'t.kroepfl@markowohnen.at',NULL,NULL,NULL,'false',NULL,NULL,NULL,NULL,NULL,NULL,NULL,NULL,NULL,NULL,NULL,NULL,NULL,'Marko Wohnen GmbH','true','Rinkenberg 70','','9150','Bleiburg',NULL,NULL,'unknown',NULL,NULL,NULL,NULL,NULL,NULL,NULL,NULL,'true','04235 211412',NULL,NULL,NULL,NULL,'fa0cdbbf86f188229dd2554c2ece60f9',NULL,NULL,NULL,1,'2016-09-08 11:09:37',1,'2016-09-08 11:09:37'),(670,411,1028,'AT','de','AT','male',NULL,'Günther','Marko',NULL,'t.kroepfl@markowohnen.at',NULL,NULL,NULL,'false',NULL,NULL,NULL,NULL,NULL,NULL,NULL,NULL,NULL,NULL,NULL,NULL,1029,'Marko Wohnen GmbH','true','Rinkenberg 70','','9150','Bleiburg',NULL,'Marko Wohnen GmbH','unknown',NULL,'Thomas','Kröpfl','Rinkenberg 70',NULL,'9150','Bleiburg',NULL,'true','04235 211412',NULL,NULL,NULL,NULL,'fa0cdbbf86f188229dd2554c2ece60f9',NULL,NULL,NULL,1,'0000-00-00 00:00:00',1,'0000-00-00 00:00:00'),(671,412,1003,'AT','de','AT','male',NULL,'Erwin','Uhrmann',NULL,'tischlerei.uhrmann@aon.at',NULL,NULL,NULL,'false',NULL,NULL,NULL,NULL,NULL,NULL,NULL,NULL,NULL,NULL,NULL,NULL,NULL,'Tischlerei Uhrmann Erwin','true','Markt 27','','4391','Waldhausen',NULL,NULL,'unknown',NULL,NULL,NULL,NULL,NULL,NULL,NULL,NULL,'true',NULL,NULL,NULL,NULL,NULL,NULL,NULL,NULL,NULL,1,'2016-09-08 14:33:22',1,'2016-09-08 14:33:22'),(672,413,111,'AT','de','AT','unknown',NULL,'Privat Verkauf','Jaf Kramsach',NULL,'schauraum_austriaglas.kramsach@frischeis.com',NULL,NULL,NULL,'false',NULL,NULL,NULL,NULL,NULL,NULL,NULL,NULL,NULL,NULL,NULL,NULL,NULL,NULL,'false','Amerling 119','','6233','Kramsach',NULL,NULL,'unknown',NULL,NULL,NULL,NULL,NULL,NULL,NULL,NULL,'true',NULL,NULL,NULL,NULL,NULL,NULL,NULL,NULL,NULL,1,'2016-09-08 20:01:46',1,'2016-09-08 20:01:46'),(673,414,112,'AT','de','AT','unknown',NULL,'Privat Verkauf','Jaf Linz',NULL,'schauraum_austriaglas.linz@frischeis.com',NULL,NULL,NULL,'false',NULL,NULL,NULL,NULL,NULL,NULL,NULL,NULL,NULL,NULL,NULL,NULL,NULL,NULL,'false','Prinz-Eugen-Straße 13','','4020','Linz',NULL,NULL,'unknown',NULL,NULL,NULL,NULL,NULL,NULL,NULL,NULL,'true',NULL,NULL,NULL,NULL,NULL,NULL,NULL,NULL,NULL,1,'2016-09-09 07:37:46',1,'2016-09-09 07:37:46'),(674,415,292,'AT','de','AT','male',NULL,'KREATEAM KG',NULL,NULL,'info@Kreateam.it',NULL,NULL,NULL,'false',NULL,NULL,NULL,NULL,NULL,NULL,NULL,NULL,NULL,NULL,NULL,NULL,NULL,NULL,'false','MAREIT - KIRCHDORF 5','','39040','RATSCHINGS',NULL,NULL,'unknown',NULL,NULL,NULL,NULL,NULL,NULL,'marco@artauf.at',NULL,'true',NULL,NULL,NULL,NULL,NULL,'af823129e2826158b1d01011a3d94c41',NULL,NULL,NULL,1,'2016-09-09 07:51:41',1,'2016-09-09 07:51:41'),(675,416,63,'AT','de','AT','male',NULL,'Tischler','Austriaglas',NULL,'tischler@austriaglas.at',NULL,NULL,NULL,'false',NULL,NULL,NULL,NULL,NULL,NULL,NULL,NULL,NULL,NULL,NULL,NULL,NULL,NULL,'true','Industriegasse 4','','8311','Markt Hartmannsdorf',NULL,NULL,'unknown',NULL,NULL,NULL,NULL,NULL,NULL,NULL,NULL,'true',NULL,NULL,NULL,NULL,NULL,'0b931a49b3cb9a7259d8b0e44170210a',NULL,NULL,NULL,1,'2016-09-09 09:32:53',1,'2016-09-09 09:32:53'),(676,417,733,'AT','de','AT','male',NULL,'Markus','Haas',NULL,'office@h-diezwei.at',NULL,NULL,NULL,'false',NULL,NULL,NULL,NULL,NULL,NULL,NULL,NULL,NULL,NULL,NULL,NULL,NULL,'Haas & Haselgruber OG','true','Steinbruchgasse 15','','2540','Bad Vöslau',NULL,NULL,'unknown',NULL,NULL,NULL,NULL,NULL,NULL,NULL,NULL,'true','02252263900',NULL,NULL,NULL,NULL,'28bd84fb8b959caddda3556791199fd1',NULL,NULL,NULL,1,'2016-09-12 05:08:34',1,'2016-09-12 05:08:34'),(677,418,919,'AT','de','AT','male',NULL,'Peter','Stangl',NULL,'peter.stangl@der-einrichter.at',NULL,NULL,NULL,'false',NULL,NULL,NULL,NULL,NULL,NULL,NULL,NULL,NULL,NULL,NULL,NULL,NULL,'Peter Stangl GmbH','true','Steinamangerstrasse 160','','7400','Oberwart',NULL,NULL,'unknown',NULL,NULL,NULL,NULL,NULL,NULL,NULL,NULL,'true','0664 915 33 22',NULL,NULL,NULL,NULL,NULL,NULL,NULL,NULL,1,'2016-09-12 06:33:34',1,'2016-09-12 06:33:34'),(678,419,1059,'AT','de','AT','male',NULL,'Franz Fürst e. U.','Tischlerei',NULL,'wohnstudio@f-fuerst.at',NULL,NULL,NULL,'false',NULL,NULL,NULL,NULL,NULL,NULL,NULL,NULL,NULL,NULL,NULL,NULL,880,'Tischlerei + Wohnstudio Franz Fürst e. U.','true','Engerwitzerdorfer Straße 45','','4209','Engerwitzerdorf',NULL,NULL,'unknown',NULL,'Michaela','Atzmüller','Prinz-Eugen-Straße 13',NULL,'4020','Linz',NULL,'true','07235 622350',NULL,NULL,NULL,NULL,NULL,NULL,NULL,NULL,1,'0000-00-00 00:00:00',1,'0000-00-00 00:00:00'),(679,420,63,'AT','de','AT','male',NULL,'Tischler','Austriaglas',NULL,'tischler@austriaglas.at',NULL,NULL,NULL,'false',NULL,NULL,NULL,NULL,NULL,NULL,NULL,NULL,NULL,NULL,NULL,NULL,NULL,NULL,'true','Industriegasse 4','','8311','Markt Hartmannsdorf',NULL,NULL,'unknown',NULL,NULL,NULL,NULL,NULL,NULL,NULL,NULL,'true',NULL,NULL,NULL,NULL,NULL,'0b931a49b3cb9a7259d8b0e44170210a',NULL,NULL,NULL,1,'2016-09-12 09:08:13',1,'2016-09-12 09:08:13'),(680,421,63,'AT','de','AT','male',NULL,'Tischler','Austriaglas',NULL,'tischler@austriaglas.at',NULL,NULL,NULL,'false',NULL,NULL,NULL,NULL,NULL,NULL,NULL,NULL,NULL,NULL,NULL,NULL,NULL,NULL,'true','Industriegasse 4','','8311','Markt Hartmannsdorf',NULL,NULL,'unknown',NULL,NULL,NULL,NULL,NULL,NULL,NULL,NULL,'true',NULL,NULL,NULL,NULL,NULL,'0b931a49b3cb9a7259d8b0e44170210a',NULL,NULL,NULL,1,'2016-09-12 09:12:39',1,'2016-09-12 09:12:39'),(681,422,63,'AT','de','AT','male',NULL,'Tischler','Austriaglas',NULL,'tischler@austriaglas.at',NULL,NULL,NULL,'false',NULL,NULL,NULL,NULL,NULL,NULL,NULL,NULL,NULL,NULL,NULL,NULL,NULL,NULL,'true','Industriegasse 4','','8311','Markt Hartmannsdorf',NULL,NULL,'unknown',NULL,NULL,NULL,NULL,NULL,NULL,NULL,NULL,'true',NULL,NULL,NULL,NULL,NULL,'0b931a49b3cb9a7259d8b0e44170210a',NULL,NULL,NULL,1,'2016-09-12 09:35:14',1,'2016-09-12 09:35:14'),(682,423,945,'AT','de','AT','male',NULL,'Harald','Possnitz',NULL,'christian.hofer@holz-im-bau.at',NULL,NULL,NULL,'false',NULL,NULL,NULL,NULL,NULL,NULL,NULL,NULL,NULL,NULL,NULL,NULL,NULL,'Possnitz Harald Tischlerwerkstätte','true','Prarath 11','','8443','Gleinstätten',NULL,NULL,'unknown',NULL,NULL,NULL,NULL,NULL,NULL,NULL,NULL,'true','03457 300 400',NULL,NULL,NULL,NULL,'33abb4af5927f16473c40b84c1490bf0',NULL,NULL,NULL,1,'2016-09-12 10:40:27',1,'2016-09-12 10:40:27'),(683,424,770,'AT','de','AT','male',NULL,'Gerhard','Eberlein',NULL,'office@tischlerei-rapp.at',NULL,NULL,NULL,'false',NULL,NULL,NULL,NULL,NULL,NULL,NULL,NULL,NULL,NULL,NULL,NULL,NULL,'Tischlerei Rapp GmbH','true','Blumengasse 29','','1170','Wien',NULL,NULL,'unknown',NULL,NULL,NULL,NULL,NULL,NULL,NULL,NULL,'true','06766188601',NULL,NULL,NULL,NULL,NULL,NULL,NULL,NULL,1,'2016-09-12 11:05:39',1,'2016-09-12 11:05:39'),(684,425,1059,'AT','de','AT','male',NULL,'Rudolf','Hansl',NULL,'wohnstudio@f-fuerst.at',NULL,NULL,NULL,'false',NULL,NULL,NULL,NULL,NULL,NULL,NULL,NULL,NULL,NULL,NULL,NULL,1060,'Tischlerei + Wohnstudio Franz Fürst e. U.','true','Engerwitzerdorfer Straße 45','','4209','Engerwitzerdorf',NULL,'Tischlerei + Wohnstudio Franz Fürst e. U.','unknown',NULL,'Rudolf','Hansl','Engerwitzerdorfer Straße 45',NULL,'4209','Engerwitzerdorf',NULL,'true','07235 622350',NULL,NULL,NULL,NULL,NULL,NULL,NULL,NULL,1,'0000-00-00 00:00:00',1,'0000-00-00 00:00:00'),(685,426,317,'AT','de',NULL,'male',NULL,'HOLZDESIGN KG',NULL,NULL,'info@holzdesign.it',NULL,NULL,NULL,'false',NULL,NULL,NULL,NULL,NULL,NULL,NULL,NULL,NULL,NULL,NULL,NULL,NULL,NULL,'false','HANDWERKERZONE 4','','39030','FREIENFELD',NULL,NULL,'unknown',NULL,NULL,NULL,NULL,NULL,NULL,NULL,NULL,'true',NULL,NULL,NULL,NULL,NULL,NULL,NULL,NULL,NULL,1,'2016-09-12 13:00:37',1,'2016-09-12 13:00:37'),(686,427,260,'AT','de',NULL,'male',NULL,'MÖBEL LADINIA OHG',NULL,NULL,'moebel.ladinia@rolmail.net',NULL,NULL,NULL,'false',NULL,NULL,NULL,NULL,NULL,NULL,NULL,NULL,NULL,NULL,NULL,NULL,NULL,NULL,'false','ZONA ARTEJANALA 5','','39030','WENGEN',NULL,NULL,'unknown',NULL,NULL,NULL,NULL,NULL,NULL,NULL,NULL,'true',NULL,NULL,NULL,NULL,NULL,NULL,NULL,NULL,NULL,1,'2016-09-12 13:00:38',1,'2016-09-12 13:00:38'),(687,428,262,'AT','de',NULL,'male',NULL,'AMORT OSWALD',NULL,NULL,'info@krippe.it',NULL,NULL,NULL,'false',NULL,NULL,NULL,NULL,NULL,NULL,NULL,NULL,NULL,NULL,NULL,NULL,NULL,NULL,'false','HANDWERKERZONE 33/2','','39030','RODENECK',NULL,NULL,'unknown',NULL,NULL,NULL,NULL,NULL,NULL,NULL,NULL,'true',NULL,NULL,NULL,NULL,NULL,NULL,NULL,NULL,NULL,1,'2016-09-12 13:01:59',1,'2016-09-12 13:01:59'),(688,429,1041,'AT','de','AT','unknown',NULL,'Johann','Wiesenhofer',NULL,'w.j@kuechenstudio.kaindorf.at',NULL,NULL,NULL,'false',NULL,NULL,NULL,NULL,NULL,NULL,NULL,NULL,NULL,NULL,NULL,NULL,1042,'Küchenstudio Kaindorf','true','Gewerbepark 300','','8224','Hartl',NULL,'Küchenstudio Kaindorf','unknown',NULL,'Johann','Wiesenhofer','Gewerbepark 300',NULL,'8224','Hartl',NULL,'true','03334 2177',NULL,NULL,NULL,NULL,NULL,NULL,NULL,NULL,1,'0000-00-00 00:00:00',1,'0000-00-00 00:00:00'),(689,430,317,'AT','de',NULL,'male',NULL,'HOLZDESIGN KG',NULL,NULL,'info@holzdesign.it',NULL,NULL,NULL,'false',NULL,NULL,NULL,NULL,NULL,NULL,NULL,NULL,NULL,NULL,NULL,NULL,NULL,NULL,'false','HANDWERKERZONE 4','','39030','FREIENFELD',NULL,NULL,'unknown',NULL,NULL,NULL,NULL,NULL,NULL,NULL,NULL,'true',NULL,NULL,NULL,NULL,NULL,NULL,NULL,NULL,NULL,1,'2016-09-12 13:21:48',1,'2016-09-12 13:21:48'),(690,431,1059,'AT','de','AT','male',NULL,'Rudolf','Hansl',NULL,'wohnstudio@f-fuerst.at',NULL,NULL,NULL,'false',NULL,NULL,NULL,NULL,NULL,NULL,NULL,NULL,NULL,NULL,NULL,NULL,1060,'Tischlerei + Wohnstudio Franz Fürst e. U.','true','Engerwitzerdorfer Straße 45','','4209','Engerwitzerdorf',NULL,'Tischlerei + Wohnstudio Franz Fürst e. U.','unknown',NULL,'Rudolf','Hansl','Engerwitzerdorfer Straße 45',NULL,'4209','Engerwitzerdorf',NULL,'true','07235 622350',NULL,NULL,NULL,NULL,NULL,NULL,NULL,NULL,1,'0000-00-00 00:00:00',1,'0000-00-00 00:00:00'),(691,432,1041,'AT','de','AT','unknown',NULL,'Kaindorf Wiener GmbH','Küchenstudio',NULL,'w.j@kuechenstudio.kaindorf.at',NULL,NULL,NULL,'false',NULL,NULL,NULL,NULL,NULL,NULL,NULL,NULL,NULL,NULL,NULL,NULL,1042,'Küchenstudio Kaindorf','true','Gewerbepark 300','','8224','Hartl',NULL,'Küchenstudio Kaindorf Wiener GmbH','unknown',NULL,'Johann','Wiesenhofer','Gewerbepark 300',NULL,'8224','Kaindorf',NULL,'true','03334 2177',NULL,NULL,NULL,NULL,NULL,NULL,NULL,NULL,1,'0000-00-00 00:00:00',1,'0000-00-00 00:00:00'),(692,433,945,'AT','de','AT','male',NULL,'Harald','Possnitz',NULL,'buero@possnitz.com',NULL,NULL,NULL,'false',NULL,NULL,NULL,NULL,NULL,NULL,NULL,NULL,NULL,NULL,NULL,NULL,33,'Possnitz Harald Tischlerwerkstätte','true','Prarath 11','','8443','Gleinstätten',NULL,NULL,'female',NULL,'Claudia','Schreiber','Herrgottwiesgasse 170',NULL,'8055','Graz',NULL,'true','03457 300 400',NULL,NULL,NULL,NULL,'fbbb5b98ecde75bde2ce5aba1e854a8a',NULL,NULL,NULL,9,'2016-09-15 13:11:35',1,'0000-00-00 00:00:00'),(693,434,1062,'AT','de','AT','female',NULL,'Christine','Kreuzmayr',NULL,'office@extradaheim.at',NULL,NULL,NULL,'false',NULL,NULL,NULL,NULL,NULL,NULL,NULL,NULL,NULL,NULL,NULL,NULL,NULL,'Tischlerei Kreuzmayr e. U.','true','Winkeln 22','','4710','Tollet/Grieskirchen',NULL,NULL,'unknown',NULL,NULL,NULL,NULL,NULL,NULL,NULL,NULL,'true','07248 68011',NULL,NULL,NULL,NULL,NULL,NULL,NULL,NULL,1,'2016-09-13 06:55:37',1,'2016-09-13 06:55:37'),(694,435,1064,'AT','de','AT','male',NULL,'Franz','Wipplinger',NULL,'franz.wipplinger@groiss.at',NULL,NULL,NULL,'false',NULL,NULL,NULL,NULL,NULL,NULL,NULL,NULL,NULL,NULL,NULL,NULL,NULL,'Groiss Wohnkultur e. U.','true','Baureith 5','','4160','Aigen-Schlägl',NULL,NULL,'unknown',NULL,NULL,NULL,NULL,NULL,NULL,NULL,NULL,'true','07281 63265',NULL,NULL,NULL,NULL,NULL,NULL,NULL,NULL,1,'2016-09-13 07:23:51',1,'2016-09-13 07:23:51'),(695,436,999,'AT','de','AT','male',NULL,'Manfred','Eilmannsberger',NULL,'am@eilmannsberger.at',NULL,NULL,NULL,'false',NULL,NULL,NULL,NULL,NULL,NULL,NULL,NULL,NULL,NULL,NULL,NULL,NULL,'Eilmannsberger GmbH','true','Scheiblberg 50','','4150','Rohrbach',NULL,NULL,'unknown',NULL,NULL,NULL,NULL,NULL,NULL,NULL,NULL,'true','07289 40083',NULL,NULL,NULL,NULL,'1461ffe85a489332a366bbc05dbd04b7',NULL,NULL,NULL,1,'2016-09-13 09:08:41',1,'2016-09-13 09:08:41'),(696,437,63,'AT','de','AT','male',NULL,'Tischler','Austriaglas',NULL,'tischler@austriaglas.at',NULL,NULL,NULL,'false',NULL,NULL,NULL,NULL,NULL,NULL,NULL,NULL,NULL,NULL,NULL,NULL,NULL,NULL,'true','Industriegasse 4','','8311','Markt Hartmannsdorf',NULL,NULL,'unknown',NULL,NULL,NULL,NULL,NULL,NULL,NULL,NULL,'true',NULL,NULL,NULL,NULL,NULL,'0b931a49b3cb9a7259d8b0e44170210a',NULL,NULL,NULL,1,'2016-09-13 09:08:48',1,'2016-09-13 09:08:48'),(697,438,819,'AT','de','AT','female',NULL,'Ursular','Parmar',NULL,'uschi@moebelputz.com',NULL,NULL,NULL,'false',NULL,NULL,NULL,NULL,NULL,NULL,NULL,NULL,NULL,NULL,NULL,NULL,NULL,'Putz Möbel Ges.m.b.H.','true','Obere Hauptstraße 58','','7453','Steinberg-Dörfl',NULL,NULL,'unknown',NULL,NULL,NULL,NULL,NULL,NULL,NULL,NULL,'true','02612 84647',NULL,NULL,NULL,NULL,'f131481224049cfd5933a9b19a7fa9b9',NULL,NULL,NULL,1,'2016-09-13 09:19:44',1,'2016-09-13 09:19:44'),(698,439,1043,'AT','de','AT','male',NULL,'Manfred','Hasler',NULL,'office@einrichter-hasler.at',NULL,NULL,NULL,'false',NULL,NULL,NULL,NULL,NULL,NULL,NULL,NULL,NULL,NULL,NULL,NULL,1044,'Einrichtungsstudio Hasler Manfred','true','Bad Gams 5','','8530','Deutschlandsberg',NULL,'Einrichtungsstudio Hasler Manfred','unknown',NULL,'Manfred','Hasler','Bad Gams 5',NULL,'8530','Deutschlandsberg',NULL,'true','03463 20544',NULL,NULL,NULL,NULL,NULL,NULL,NULL,NULL,1,'0000-00-00 00:00:00',1,'0000-00-00 00:00:00'),(699,440,1032,'AT','de','AT','male',NULL,'Alois','Klinger',NULL,'office@inreiter.co.at',NULL,NULL,NULL,'false',NULL,NULL,NULL,NULL,NULL,NULL,NULL,NULL,NULL,NULL,NULL,NULL,NULL,'Inreiter Helmut','true','Schlossberg 2','','4274','Schönau/MKR.',NULL,NULL,'unknown',NULL,NULL,NULL,NULL,NULL,NULL,NULL,NULL,'true','07261 73 84',NULL,NULL,NULL,NULL,NULL,NULL,NULL,NULL,1,'2016-09-14 06:44:11',1,'2016-09-14 06:44:11'),(700,441,63,'AT','de','AT','male',NULL,'Tischler','Austriaglas',NULL,'tischler@austriaglas.at',NULL,NULL,NULL,'false',NULL,NULL,NULL,NULL,NULL,NULL,NULL,NULL,NULL,NULL,NULL,NULL,NULL,NULL,'true','Industriegasse 4','','8311','Markt Hartmannsdorf',NULL,NULL,'unknown',NULL,NULL,NULL,NULL,NULL,NULL,NULL,NULL,'true',NULL,NULL,NULL,NULL,NULL,'0b931a49b3cb9a7259d8b0e44170210a',NULL,NULL,NULL,1,'2016-09-14 13:04:08',1,'2016-09-14 13:04:08'),(701,442,1071,'AT','de','AT','female',NULL,'Margit','Örtel',NULL,'office@oertel-moebel.at',NULL,NULL,NULL,'false',NULL,NULL,NULL,NULL,NULL,NULL,NULL,NULL,NULL,NULL,NULL,NULL,NULL,'Küchenstudio Margit Örtel','true','Barawitzkagasse 23','','1190','Wien',NULL,NULL,'unknown',NULL,NULL,NULL,NULL,NULL,NULL,NULL,NULL,'true','01 3678424',NULL,NULL,NULL,NULL,NULL,NULL,NULL,NULL,1,'2016-09-14 13:12:31',1,'2016-09-14 13:12:31'),(702,443,1071,'AT','de','AT','female',NULL,'Margit','Örtel',NULL,'office@oertel-moebel.at',NULL,NULL,NULL,'false',NULL,NULL,NULL,NULL,NULL,NULL,NULL,NULL,NULL,NULL,NULL,NULL,NULL,'Küchenstudio Margit Örtel','true','Barawitzkagasse 23','','1190','Wien',NULL,NULL,'unknown',NULL,NULL,NULL,NULL,NULL,NULL,NULL,NULL,'true','01 3678424',NULL,NULL,NULL,NULL,NULL,NULL,NULL,NULL,1,'2016-09-14 13:16:51',1,'2016-09-14 13:16:51'),(703,444,1073,'AT','de','AT','male',NULL,'Franz','Staubmann',NULL,'staubmann@wohn-studio.at',NULL,NULL,NULL,'false',NULL,NULL,NULL,NULL,NULL,NULL,NULL,NULL,NULL,NULL,NULL,NULL,1074,'Wohnstudio Bauer & Staubmann','true','Klagenfurter Straße 70','','9462','Bad St. Leonhard/Lavanttal',NULL,'Wohnstudio Bauer & Staubmann','unknown',NULL,'Franz','Staubmann','Klagenfurter Straße 70',NULL,'9462','Bad St. Leonhard/Lavanttal',NULL,'true','0664 1412194',NULL,NULL,NULL,NULL,NULL,NULL,NULL,NULL,1,'0000-00-00 00:00:00',1,'0000-00-00 00:00:00'),(704,445,63,'AT','de','AT','male',NULL,'Tischler','Austriaglas',NULL,'tischler@austriaglas.at',NULL,NULL,NULL,'false',NULL,NULL,NULL,NULL,NULL,NULL,NULL,NULL,NULL,NULL,NULL,NULL,NULL,NULL,'true','Industriegasse 4','','8311','Markt Hartmannsdorf',NULL,NULL,'unknown',NULL,NULL,NULL,NULL,NULL,NULL,NULL,NULL,'true',NULL,NULL,NULL,NULL,NULL,'0b931a49b3cb9a7259d8b0e44170210a',NULL,NULL,NULL,1,'2016-09-14 13:26:38',1,'2016-09-14 13:26:38'),(705,446,1073,'AT','de','AT','male',NULL,'Franz','Staubmann',NULL,'staubmann@wohn-studio.at',NULL,NULL,NULL,'false',NULL,NULL,NULL,NULL,NULL,NULL,NULL,NULL,NULL,NULL,NULL,NULL,1074,'Wohnstudio Bauer & Staubmann','true','Klagenfurter Straße 70','','9462','Bad St. Leonhard/Lavanttal',NULL,'Wohnstudio Bauer & Staubmann','unknown',NULL,'Franz','Staubmann','Klagenfurter Straße 70',NULL,'9462','Bad St. Leonhard/Lavanttal',NULL,'true','0664 1412194',NULL,NULL,NULL,NULL,NULL,NULL,NULL,NULL,1,'0000-00-00 00:00:00',1,'0000-00-00 00:00:00'),(706,447,1073,'AT','de','AT','male',NULL,'Franz','Staubmann',NULL,'staubmann@wohn-studio.at',NULL,NULL,NULL,'false',NULL,NULL,NULL,NULL,NULL,NULL,NULL,NULL,NULL,NULL,NULL,NULL,1074,'Wohnstudio Bauer & Staubmann','true','Klagenfurter Straße 70','','9462','Bad St. Leonhard/Lavanttal',NULL,'Wohnstudio Bauer & Staubmann','unknown',NULL,'Franz','Staubmann','Klagenfurter Straße 70',NULL,'9462','Bad St. Leonhard/Lavanttal',NULL,'true','0664 1412194',NULL,NULL,NULL,NULL,NULL,NULL,NULL,NULL,1,'0000-00-00 00:00:00',1,'0000-00-00 00:00:00'),(707,448,1059,'AT','de','AT','male',NULL,'Rudolf','Hansl',NULL,'wohnstudio@f-fuerst.at',NULL,NULL,NULL,'false',NULL,NULL,NULL,NULL,NULL,NULL,NULL,NULL,NULL,NULL,NULL,NULL,NULL,'Tischlerei + Wohnstudio Franz Fürst e. U.','true','Engerwitzerdorfer Straße 45','','4209','Engerwitzerdorf',NULL,NULL,'unknown',NULL,NULL,NULL,NULL,NULL,NULL,NULL,NULL,'true','07235 622350',NULL,NULL,NULL,NULL,NULL,NULL,NULL,NULL,1,'2016-09-15 07:00:56',1,'2016-09-15 07:00:56'),(708,449,107,'AT','de','AT','unknown',NULL,'Josef','Kausl',NULL,'schauraum_austriaglas.stockerau@frischeis.com',NULL,NULL,NULL,'false',NULL,NULL,NULL,NULL,NULL,NULL,NULL,NULL,NULL,NULL,NULL,NULL,114,NULL,'false','Königsbach 13','','3914','Königsbach',NULL,'J. u. A. Frischeis Ges.m.b.H.','unknown',NULL,'Administrator','Jaf Stockerau','Gerbergasse 2',NULL,'2000','Stockerau',NULL,'true',NULL,NULL,NULL,NULL,NULL,'c349e2e9a1d9e12bc2edbcb58222aa4c',NULL,NULL,NULL,1,'0000-00-00 00:00:00',1,'0000-00-00 00:00:00'),(709,450,973,'AT','de','AT','female',NULL,'Silvia','Teufel',NULL,'office@tischlerei-forstner.at',NULL,NULL,NULL,'false',NULL,NULL,NULL,NULL,NULL,NULL,NULL,NULL,NULL,NULL,NULL,NULL,NULL,'Bau- und Möbeltischlerei Forstner Maria','true','Karl Höfinger Promenade 30','','3270','Scheibbs',NULL,NULL,'unknown',NULL,NULL,NULL,NULL,NULL,NULL,NULL,NULL,'true','07482 42004',NULL,NULL,NULL,NULL,NULL,NULL,NULL,NULL,1,'2016-09-15 08:01:32',1,'2016-09-15 08:01:32'),(710,451,106,'AT','de','AT','unknown',NULL,'Privat Verkauf','Jaf Graz',NULL,'schauraum_austriaglas.graz@zengerer.at',NULL,NULL,NULL,'false',NULL,NULL,NULL,NULL,NULL,NULL,NULL,NULL,NULL,NULL,NULL,NULL,37,NULL,'false','Herrgottwiesgasse 170','','8055','Graz',NULL,NULL,'unknown',NULL,'Martin','Labler','Herrgottwiesgasse 170',NULL,'8055','Graz',NULL,'true',NULL,NULL,NULL,NULL,NULL,NULL,NULL,NULL,NULL,1,'0000-00-00 00:00:00',1,'0000-00-00 00:00:00'),(711,452,1001,'AT','de','AT','male',NULL,'Johann','Weber',NULL,'office@weber-wohndesign.at',NULL,NULL,NULL,'false',NULL,NULL,NULL,NULL,NULL,NULL,NULL,NULL,NULL,NULL,NULL,NULL,NULL,'Tischlerei-Wohndesign Weber','true','Raxendorf 46','','3654','Raxendorf',NULL,NULL,'unknown',NULL,NULL,NULL,NULL,NULL,NULL,NULL,NULL,'true','02758 7234',NULL,NULL,NULL,NULL,NULL,NULL,NULL,NULL,1,'2016-09-15 09:24:24',1,'2016-09-15 09:24:24'),(712,453,1081,'AT','de','AT','male',NULL,'Mermertas','Sadrettin',NULL,'info@hek-kuechen.at',NULL,NULL,NULL,'false',NULL,NULL,NULL,NULL,NULL,NULL,NULL,NULL,NULL,NULL,NULL,NULL,NULL,'HEK Küchenwelt GmbH','true','Eduard-Bodem-Gasse 2','','6020','Innsbruck',NULL,NULL,'unknown',NULL,NULL,NULL,NULL,NULL,NULL,NULL,NULL,'true','0512 890078',NULL,NULL,NULL,NULL,NULL,NULL,NULL,NULL,1,'2016-09-15 12:13:43',1,'2016-09-15 12:13:43'),(713,454,63,'AT','de','AT','male',NULL,'Tischler','Austriaglas',NULL,'tischler@austriaglas.at',NULL,NULL,NULL,'false',NULL,NULL,NULL,NULL,NULL,NULL,NULL,NULL,NULL,NULL,NULL,NULL,NULL,NULL,'true','Industriegasse 4','','8311','Markt Hartmannsdorf',NULL,NULL,'unknown',NULL,NULL,NULL,NULL,NULL,NULL,NULL,NULL,'true',NULL,NULL,NULL,NULL,NULL,'0b931a49b3cb9a7259d8b0e44170210a',NULL,NULL,NULL,1,'2016-09-15 12:14:14',1,'2016-09-15 12:14:14'),(714,455,1085,'AT','de','AT','male',NULL,'Johann','Böhm',NULL,'dan.studio@b3-wohnen.at',NULL,NULL,NULL,'false',NULL,NULL,NULL,NULL,NULL,NULL,NULL,NULL,NULL,NULL,NULL,NULL,NULL,'B3-Wohnen GmbH','true','Gerhardingerstraße 1','','4240','Freistadt',NULL,NULL,'unknown',NULL,NULL,NULL,NULL,NULL,NULL,NULL,NULL,'true','07942 75360',NULL,NULL,NULL,NULL,NULL,NULL,NULL,NULL,1,'2016-09-15 13:01:39',1,'2016-09-15 13:01:39'),(715,456,1085,'AT','de','AT','male',NULL,'Johann','Böhm',NULL,'dan.studio@b3-wohnen.at',NULL,NULL,NULL,'false',NULL,NULL,NULL,NULL,NULL,NULL,NULL,NULL,NULL,NULL,NULL,NULL,NULL,'B3-Wohnen GmbH','true','Gerhardingerstraße 1','','4240','Freistadt',NULL,NULL,'unknown',NULL,NULL,NULL,NULL,NULL,NULL,NULL,NULL,'true','07942 75360',NULL,NULL,NULL,NULL,NULL,NULL,NULL,NULL,1,'2016-09-15 13:46:56',1,'2016-09-15 13:46:56'),(716,457,1085,'AT','de','AT','male',NULL,'Johann','Böhm',NULL,'dan.studio@b3-wohnen.at',NULL,NULL,NULL,'false',NULL,NULL,NULL,NULL,NULL,NULL,NULL,NULL,NULL,NULL,NULL,NULL,NULL,'B3-Wohnen GmbH','true','Gerhardingerstraße 1','','4240','Freistadt',NULL,NULL,'unknown',NULL,NULL,NULL,NULL,NULL,NULL,NULL,NULL,'true','07942 75360',NULL,NULL,NULL,NULL,NULL,NULL,NULL,NULL,1,'2016-09-15 14:01:17',1,'2016-09-15 14:01:17'),(717,458,107,'AT','de','AT','unknown',NULL,'Privat Verkauf','Jaf Stockerau',NULL,'schauraum_austriaglas.stockerau@frischeis.com',NULL,NULL,NULL,'false',NULL,NULL,NULL,NULL,NULL,NULL,NULL,NULL,NULL,NULL,NULL,NULL,NULL,NULL,'false','Gerbergasse 2','','2000','Stockerau',NULL,NULL,'unknown',NULL,NULL,NULL,NULL,NULL,NULL,NULL,NULL,'true',NULL,NULL,NULL,NULL,NULL,'c349e2e9a1d9e12bc2edbcb58222aa4c',NULL,NULL,NULL,1,'2016-09-15 14:10:24',1,'2016-09-15 14:10:24'),(718,459,1004,'AT','de','AT','male',NULL,'Christian','Demmelbauer',NULL,'cd@groemmer.at',NULL,NULL,NULL,'false',NULL,NULL,NULL,NULL,NULL,NULL,NULL,NULL,NULL,NULL,NULL,NULL,NULL,'Tischlerei Grömmer GmbH','true','Au 14','','4793','St. Roman',NULL,NULL,'unknown',NULL,NULL,NULL,NULL,NULL,NULL,NULL,NULL,'true','07716 6444',NULL,NULL,NULL,NULL,NULL,NULL,NULL,NULL,1,'2016-09-15 18:45:45',1,'2016-09-15 18:45:45'),(719,460,879,'AT','de','AT','male',NULL,'Daniel','Moitzi',NULL,'daniel@zirbenliebe.at',NULL,NULL,NULL,'false',NULL,NULL,NULL,NULL,NULL,NULL,NULL,NULL,NULL,NULL,NULL,NULL,NULL,'Tischlerei Zitz','true','Sensenwerkgasse 1','','8750','Judenburg',NULL,NULL,'unknown',NULL,NULL,NULL,NULL,NULL,NULL,NULL,NULL,'true','0664 5352854',NULL,NULL,NULL,NULL,NULL,NULL,NULL,NULL,1,'2016-09-16 05:19:28',1,'2016-09-16 05:19:28'),(720,461,1073,'AT','de','AT','male',NULL,'Franz','Staubmann',NULL,'staubmann@wohn-studio.at',NULL,NULL,NULL,'false',NULL,NULL,NULL,NULL,NULL,NULL,NULL,NULL,NULL,NULL,NULL,NULL,1074,'Wohnstudio Bauer & Staubmann','true','Klagenfurter Straße 70','','9462','Bad St. Leonhard/Lavanttal',NULL,'Wohnstudio Bauer & Staubmann','unknown',NULL,'Franz','Staubmann','Klagenfurter Straße 70',NULL,'9462','Bad St. Leonhard/Lavanttal',NULL,'true','0664 1412194',NULL,NULL,NULL,NULL,NULL,NULL,NULL,NULL,1,'0000-00-00 00:00:00',1,'0000-00-00 00:00:00'),(721,462,1059,'AT','de','AT','male',NULL,'Rudolf','Hansl',NULL,'wohnstudio@f-fuerst.at',NULL,NULL,NULL,'false',NULL,NULL,NULL,NULL,NULL,NULL,NULL,NULL,NULL,NULL,NULL,NULL,NULL,'Tischlerei + Wohnstudio Franz Fürst e. U.','true','Engerwitzerdorfer Straße 45','','4209','Engerwitzerdorf',NULL,NULL,'unknown',NULL,NULL,NULL,NULL,NULL,NULL,NULL,NULL,'true','07235 622350',NULL,NULL,NULL,NULL,NULL,NULL,NULL,NULL,1,'2016-09-18 10:38:28',1,'2016-09-18 10:38:28'),(722,463,970,'AT','de','AT','male',NULL,'Markus','Wango',NULL,'m.w84@gmx.at',NULL,NULL,NULL,'false',NULL,NULL,NULL,NULL,NULL,NULL,NULL,NULL,NULL,NULL,NULL,NULL,NULL,'Wango Markus','true','Dorfstraße 23','','8661','Wartberg',NULL,NULL,'unknown',NULL,NULL,NULL,NULL,NULL,NULL,NULL,NULL,'true','0660 5038085',NULL,NULL,NULL,NULL,NULL,NULL,NULL,NULL,1,'2016-09-19 10:47:00',1,'2016-09-19 10:47:00'),(723,464,1073,'AT','de','AT','male',NULL,'Franz','Staubmann',NULL,'staubmann@wohn-studio.at',NULL,NULL,NULL,'false',NULL,NULL,NULL,NULL,NULL,NULL,NULL,NULL,NULL,NULL,NULL,NULL,1074,'Wohnstudio Bauer & Staubmann','true','Klagenfurter Straße 70','','9462','Bad St. Leonhard/Lavanttal',NULL,'Wohnstudio Bauer & Staubmann','unknown',NULL,'Franz','Staubmann','Klagenfurter Straße 70',NULL,'9462','Bad St. Leonhard/Lavanttal',NULL,'true','0664 1412194',NULL,NULL,NULL,NULL,NULL,NULL,NULL,NULL,1,'0000-00-00 00:00:00',1,'0000-00-00 00:00:00'),(724,465,817,'AT','de','AT','female',NULL,'Nadine','Riegl',NULL,'nadine@riegl.at',NULL,NULL,NULL,'false',NULL,NULL,NULL,NULL,NULL,NULL,NULL,NULL,NULL,NULL,NULL,NULL,NULL,'Tischlerei Riegl','true','Maltesergasse 8','','8570','Voitsberg',NULL,NULL,'unknown',NULL,NULL,NULL,NULL,NULL,NULL,NULL,NULL,'true','03142 22683',NULL,NULL,NULL,NULL,NULL,NULL,NULL,NULL,1,'2016-09-20 11:46:44',1,'2016-09-20 11:46:44'),(725,466,1081,'AT','de','AT','male',NULL,'Mermertas','Sadrettin',NULL,'info@hek-kuechen.at',NULL,NULL,NULL,'false',NULL,NULL,NULL,NULL,NULL,NULL,NULL,NULL,NULL,NULL,NULL,NULL,NULL,'HEK Küchenwelt GmbH','true','Eduard-Bodem-Gasse 2','','6020','Innsbruck',NULL,NULL,'unknown',NULL,NULL,NULL,NULL,NULL,NULL,NULL,NULL,'true','0512 890078',NULL,NULL,NULL,NULL,NULL,NULL,NULL,NULL,1,'2016-09-20 12:03:24',1,'2016-09-20 12:03:24'),(726,467,1073,'AT','de','AT','male',NULL,'Franz','Staubmann',NULL,'staubmann@wohn-studio.at',NULL,NULL,NULL,'false',NULL,NULL,NULL,NULL,NULL,NULL,NULL,NULL,NULL,NULL,NULL,NULL,1074,'Wohnstudio Bauer & Staubmann','true','Klagenfurter Straße 70','','9462','Bad St. Leonhard/Lavanttal',NULL,'Wohnstudio Bauer & Staubmann','unknown',NULL,'Franz','Staubmann','Klagenfurter Straße 70',NULL,'9462','Bad St. Leonhard/Lavanttal',NULL,'true','0664 1412194',NULL,NULL,NULL,NULL,NULL,NULL,NULL,NULL,1,'0000-00-00 00:00:00',1,'0000-00-00 00:00:00'),(727,468,106,'AT','de','AT','unknown',NULL,'Privat Verkauf','Jaf Graz',NULL,'schauraum_austriaglas.graz@zengerer.at',NULL,NULL,NULL,'false',NULL,NULL,NULL,NULL,NULL,NULL,NULL,NULL,NULL,NULL,NULL,NULL,NULL,NULL,'false','Herrgottwiesgasse 170','','8055','Graz',NULL,NULL,'unknown',NULL,NULL,NULL,NULL,NULL,NULL,NULL,NULL,'true',NULL,NULL,NULL,NULL,NULL,NULL,NULL,NULL,NULL,1,'2016-09-20 13:41:05',1,'2016-09-20 13:41:05'),(728,469,991,'AT','de','AT','male',NULL,'Christian','Bulacher',NULL,'office@danmegastore-kuechen.at',NULL,NULL,NULL,'false',NULL,NULL,NULL,NULL,NULL,NULL,NULL,NULL,NULL,NULL,NULL,NULL,NULL,'DAN Megastore Rum','true','Siemensstraße 13','','6063','Rum',NULL,NULL,'unknown',NULL,NULL,NULL,NULL,NULL,NULL,NULL,NULL,'true','0512 20452611',NULL,NULL,NULL,NULL,NULL,NULL,NULL,NULL,1,'2016-09-21 09:06:17',1,'2016-09-21 09:06:17'),(729,470,991,'AT','de','AT','male',NULL,'Christian','Bulacher',NULL,'office@danmegastore-kuechen.at',NULL,NULL,NULL,'false',NULL,NULL,NULL,NULL,NULL,NULL,NULL,NULL,NULL,NULL,NULL,NULL,986,'DAN Megastore Rum','true','Siemensstraße 13','','6063','Rum',NULL,'DAN Megastore Rum','unknown',NULL,'Christian','Bulacher','Siemensstraße 13',NULL,'6063','Rum',NULL,'true','0512 20452611',NULL,NULL,NULL,NULL,NULL,NULL,NULL,NULL,1,'0000-00-00 00:00:00',1,'0000-00-00 00:00:00'),(730,471,991,'AT','de','AT','male',NULL,'Christian','Bulacher',NULL,'office@danmegastore-kuechen.at',NULL,NULL,NULL,'false',NULL,NULL,NULL,NULL,NULL,NULL,NULL,NULL,NULL,NULL,NULL,NULL,NULL,'DAN Megastore Rum','true','Siemensstraße 13','','6063','Rum',NULL,NULL,'unknown',NULL,NULL,NULL,NULL,NULL,NULL,NULL,NULL,'true','0512 20452611',NULL,NULL,NULL,NULL,NULL,NULL,NULL,NULL,1,'2016-09-21 09:10:29',1,'2016-09-21 09:10:29'),(731,472,991,'AT','de','AT','male',NULL,'Christian','Bulacher',NULL,'office@danmegastore-kuechen.at',NULL,NULL,NULL,'false',NULL,NULL,NULL,NULL,NULL,NULL,NULL,NULL,NULL,NULL,NULL,NULL,986,'DAN Megastore Rum','true','Siemensstraße 13','','6063','Rum',NULL,'DAN Megastore Rum','unknown',NULL,'Christian','Bulacher','Siemensstraße 13',NULL,'6063','Rum',NULL,'true','0512 20452611',NULL,NULL,NULL,NULL,NULL,NULL,NULL,NULL,1,'0000-00-00 00:00:00',1,'0000-00-00 00:00:00'),(732,473,63,'AT','de','AT','male',NULL,'Tischler','Austriaglas',NULL,'tischler@austriaglas.at',NULL,NULL,NULL,'false',NULL,NULL,NULL,NULL,NULL,NULL,NULL,NULL,NULL,NULL,NULL,NULL,NULL,NULL,'true','Industriegasse 4','','8311','Markt Hartmannsdorf',NULL,NULL,'unknown',NULL,NULL,NULL,NULL,NULL,NULL,NULL,NULL,'true',NULL,NULL,NULL,NULL,NULL,'0b931a49b3cb9a7259d8b0e44170210a',NULL,NULL,NULL,1,'2016-09-21 11:42:03',1,'2016-09-21 11:42:03'),(733,474,1085,'AT','de','AT','male',NULL,'Johann','Böhm',NULL,'dan.studio@b3-wohnen.at',NULL,NULL,NULL,'false',NULL,NULL,NULL,NULL,NULL,NULL,NULL,NULL,NULL,NULL,NULL,NULL,NULL,'B3-Wohnen GmbH','true','Gerhardingerstraße 1','','4240','Freistadt',NULL,NULL,'unknown',NULL,NULL,NULL,NULL,NULL,NULL,NULL,NULL,'true','07942 75360',NULL,NULL,NULL,NULL,NULL,NULL,NULL,NULL,1,'2016-09-21 12:02:28',1,'2016-09-21 12:02:28'),(734,475,999,'AT','de','AT','male',NULL,'Manfred','Eilmannsberger',NULL,'office@eilmannsberger.at',NULL,NULL,NULL,'false',NULL,NULL,NULL,NULL,NULL,NULL,NULL,NULL,NULL,NULL,NULL,NULL,998,'Eilmannsberger GmbH','true','Scheiblberg 50','','4150','Rohrbach',NULL,'Eilmannsberger GmbH','unknown',NULL,'Manfred','Eilmannsberger','Scheiblberg 50',NULL,'4150','Rohrbach',NULL,'true','07289 40083',NULL,NULL,NULL,NULL,'1461ffe85a489332a366bbc05dbd04b7',NULL,NULL,NULL,1,'0000-00-00 00:00:00',1,'0000-00-00 00:00:00'),(735,476,29,'AT','de','AT','male',NULL,'Max','Mustermann Tischler',NULL,'tischler2@datenkraft.com',NULL,NULL,NULL,'false',NULL,NULL,NULL,NULL,NULL,NULL,NULL,NULL,NULL,NULL,NULL,NULL,NULL,NULL,'false','Tischlerstraße 2','','8042','GrazT2',NULL,NULL,'',NULL,NULL,NULL,NULL,NULL,NULL,NULL,NULL,'true',NULL,NULL,NULL,NULL,NULL,'2b08eb3753eced932a866de8ab57ba22',NULL,NULL,NULL,1,'2016-09-21 12:52:16',1,'2016-09-21 12:52:16'),(736,477,109,'AT','de','AT','unknown',NULL,'Frischeis Ges.m.b.H.','J. u. A.',NULL,'austriaglas.villach@frischeis.com',NULL,NULL,NULL,'false',NULL,NULL,NULL,NULL,NULL,NULL,NULL,NULL,NULL,NULL,NULL,NULL,116,NULL,'false','Holzstraße 1','','9500','Villach',NULL,'J. u. A. Frischeis Ges.m.b.H.','unknown',NULL,'Administrator','Jaf Villach','Holzstraße 1',NULL,'9500','Villach',NULL,'true',NULL,NULL,NULL,NULL,NULL,'4a94800a544e8fb6962f190bd8906458',NULL,NULL,NULL,1,'0000-00-00 00:00:00',1,'0000-00-00 00:00:00'),(737,478,1085,'AT','de','AT','male',NULL,'Johann','Böhm',NULL,'dan.studio@b3-wohnen.at',NULL,NULL,NULL,'false',NULL,NULL,NULL,NULL,NULL,NULL,NULL,NULL,NULL,NULL,NULL,NULL,NULL,'B3-Wohnen GmbH','true','Gerhardingerstraße 1','','4240','Freistadt',NULL,NULL,'unknown',NULL,NULL,NULL,NULL,NULL,NULL,NULL,NULL,'true','07942 75360',NULL,NULL,NULL,NULL,NULL,NULL,NULL,NULL,1,'2016-09-22 07:03:42',1,'2016-09-22 07:03:42'),(738,479,1100,'AT','de','AT','male','Ing.','Gerald','Martinschitz',NULL,'martinschitz@mein-tischler.at',NULL,NULL,NULL,'false',NULL,NULL,NULL,NULL,NULL,NULL,NULL,NULL,NULL,NULL,NULL,NULL,1101,'Tischlerei Ing. Gerald Martinschitz','true','Kleinsattelstraße 50','','9500','Villach',NULL,'Tischlerei Ing. Gerald Martinschitz','unknown',NULL,'Gerald','Martinschitz','Kleinsattelstraße 50',NULL,'9500','Villach',NULL,'true','04242 32895',NULL,NULL,NULL,NULL,NULL,NULL,NULL,NULL,1,'0000-00-00 00:00:00',1,'0000-00-00 00:00:00'),(739,480,966,'AT','de','AT','male',NULL,'Manfred','Zeitelhofer',NULL,'office@zk-moebelmontagen.com',NULL,NULL,NULL,'false',NULL,NULL,NULL,NULL,NULL,NULL,NULL,NULL,NULL,NULL,NULL,NULL,NULL,'Z & K Möbel Montagen OG','true','Birkenweg 11','','3680','Persenbeug',NULL,NULL,'unknown',NULL,NULL,NULL,NULL,NULL,NULL,NULL,NULL,'true','0664 2010764',NULL,NULL,NULL,NULL,NULL,NULL,NULL,NULL,1,'2016-09-22 08:23:03',1,'2016-09-22 08:23:03'),(740,481,1092,'AT','de','AT','male',NULL,'Franz','Malzer',NULL,'franzmalzer@yahoo.de',NULL,NULL,NULL,'false',NULL,NULL,NULL,NULL,NULL,NULL,NULL,NULL,NULL,NULL,NULL,NULL,NULL,'Franz Malzer - Malzer die Küchenprofis','true','Bahnstraße 51a','','7111','Parndorf',NULL,NULL,'unknown',NULL,NULL,NULL,NULL,NULL,NULL,NULL,NULL,'true','0676 6606001',NULL,NULL,NULL,NULL,NULL,NULL,NULL,NULL,1,'2016-09-22 11:58:27',1,'2016-09-22 11:58:27'),(741,482,1073,'AT','de','AT','male',NULL,'Franz','Staubmann',NULL,'staubmann@wohn-studio.at',NULL,NULL,NULL,'false',NULL,NULL,NULL,NULL,NULL,NULL,NULL,NULL,NULL,NULL,NULL,NULL,NULL,'Wohnstudio Bauer & Staubmann','true','Klagenfurter Straße 70','','9462','Bad St. Leonhard/Lavanttal',NULL,'Wohnstudio Bauer & Staubmann','unknown',NULL,'Franz','Staubmann','Klagenfurter Straße 70',NULL,'9462','Bad St. Leonhard/Lavanttal',NULL,'true','0664 1412194',NULL,NULL,NULL,NULL,NULL,NULL,NULL,NULL,1,'2016-09-22 13:23:32',1,'2016-09-22 13:23:32'),(742,483,963,'AT','de','AT','male',NULL,'Herbert','Offenthaler',NULL,'office@offenthaler.at',NULL,NULL,NULL,'false',NULL,NULL,NULL,NULL,NULL,NULL,NULL,NULL,NULL,NULL,NULL,NULL,NULL,'Offenthaler Herbert e. U.','true','Froschau 48','','4391','Waldhausen',NULL,NULL,'unknown',NULL,NULL,NULL,NULL,NULL,NULL,NULL,NULL,'true','07260 4314',NULL,NULL,NULL,NULL,NULL,NULL,NULL,NULL,1,'2016-09-22 14:16:34',1,'2016-09-22 14:16:34'),(743,484,1012,'AT','de','AT','female',NULL,'Gerlinde','Preis',NULL,'gerlinde.preis@aon.at',NULL,NULL,NULL,'false',NULL,NULL,NULL,NULL,NULL,NULL,NULL,NULL,NULL,NULL,NULL,NULL,NULL,'Montagen & Handel Fasching Christoph','true','Tollet 6','','4710','Grieskirchen',NULL,NULL,'unknown',NULL,NULL,NULL,NULL,NULL,NULL,NULL,NULL,'true','0676 9512288',NULL,NULL,NULL,NULL,'a0d9a27fbfab121311c5e646e988ef67',NULL,NULL,NULL,1,'2016-09-22 14:33:31',1,'2016-09-22 14:33:31'),(744,485,1094,'AT','de','AT','female',NULL,'Franz','Gegenleitner',NULL,'office@tischlerei-gegenleitner.at',NULL,NULL,NULL,'false',NULL,NULL,NULL,NULL,NULL,NULL,NULL,NULL,NULL,NULL,NULL,NULL,1095,'Tischlerei Gegenleitner','true','Adlwangerstraße 6','','4540','Bad Hall',NULL,'Tischlerei Gegenleitner','unknown',NULL,'Brigitte','Gegenleitner','Adlwangerstraße 6',NULL,'4540','Bad Hall',NULL,'true','07258 7543',NULL,NULL,NULL,NULL,NULL,NULL,NULL,NULL,1,'0000-00-00 00:00:00',1,'0000-00-00 00:00:00'),(745,486,1001,'AT','de','AT','male',NULL,'Johann','Weber',NULL,'office@weber-wohndesign.at',NULL,NULL,NULL,'false',NULL,NULL,NULL,NULL,NULL,NULL,NULL,NULL,NULL,NULL,NULL,NULL,NULL,'Tischlerei-Wohndesign Weber','true','Raxendorf 46','','3654','Raxendorf',NULL,NULL,'unknown',NULL,NULL,NULL,NULL,NULL,NULL,NULL,NULL,'true','02758 7234',NULL,NULL,NULL,NULL,NULL,NULL,NULL,NULL,1,'2016-09-25 17:21:18',1,'2016-09-25 17:21:18'),(746,487,957,'AT','de','AT','male',NULL,'Gerhard','Candido',NULL,'office@tischlerei-candido.at',NULL,NULL,NULL,'false',NULL,NULL,NULL,NULL,NULL,NULL,NULL,NULL,NULL,NULL,NULL,NULL,NULL,'Tischlerei Candido','true','Buchhöhstraße 637','','5084','Großgmain',NULL,NULL,'unknown',NULL,NULL,NULL,NULL,NULL,NULL,NULL,NULL,'true','06247 20130',NULL,NULL,NULL,NULL,NULL,NULL,NULL,NULL,1,'2016-09-26 07:56:49',1,'2016-09-26 07:56:49'),(747,488,949,'AT','de','AT','male',NULL,'Harald','Körbler',NULL,'koerbler@holzkreativ.at',NULL,NULL,NULL,'false',NULL,NULL,NULL,NULL,NULL,NULL,NULL,NULL,NULL,NULL,NULL,NULL,NULL,'Tischlerei Körbler Harald','true','Menteweg 20','','9500','Villach',NULL,NULL,'unknown',NULL,NULL,NULL,NULL,NULL,NULL,NULL,NULL,'true',NULL,NULL,NULL,NULL,NULL,NULL,NULL,NULL,NULL,1,'2016-09-26 08:07:53',1,'2016-09-26 08:07:53'),(748,489,1107,'AT','de','AT','male',NULL,'Josef','Haidinger',NULL,'office@dan-gleisdorf.at',NULL,NULL,NULL,'false',NULL,NULL,NULL,NULL,NULL,NULL,NULL,NULL,NULL,NULL,NULL,NULL,NULL,'DAN Küchen Studio Gleisdorf','true','Hartbergerstraße 66','','8200','Gleisdorf',NULL,NULL,'unknown',NULL,NULL,NULL,NULL,NULL,NULL,NULL,NULL,'true','03112 20718',NULL,NULL,NULL,NULL,NULL,NULL,NULL,NULL,1,'2016-09-26 09:30:45',1,'2016-09-26 09:30:45'),(749,490,1109,'AT','de','AT','male',NULL,'Erwin','Windsteig',NULL,'office@dankuechen-gaenserndorf.at',NULL,NULL,NULL,'false',NULL,NULL,NULL,NULL,NULL,NULL,NULL,NULL,NULL,NULL,NULL,NULL,NULL,'Reithner & Windsteig GmbH','true','Wienerstraße 15','','2230','Gänserndorf',NULL,NULL,'unknown',NULL,NULL,NULL,NULL,NULL,NULL,NULL,NULL,'true','02282 60770',NULL,NULL,NULL,NULL,NULL,NULL,NULL,NULL,1,'2016-09-26 11:04:50',1,'2016-09-26 11:04:50'),(750,491,1111,'AT','de','AT','male',NULL,'Jürgen','Kavalirek',NULL,'office@planenwohnen.at',NULL,NULL,NULL,'false',NULL,NULL,NULL,NULL,NULL,NULL,NULL,NULL,NULL,NULL,NULL,NULL,1112,'Tischlermeister Jürgen Kavalirek','true','Klagenfurter Straße 10','','9220','Velden am Wörthersee',NULL,'Tischlermeister Jürgen Kavalirek','unknown',NULL,'Jürgen','Kavalirek','Klagenfurter Straße 10',NULL,'9220','Velden am Wörthersee',NULL,'true','0664 2404500',NULL,NULL,NULL,NULL,NULL,NULL,NULL,NULL,1,'0000-00-00 00:00:00',1,'0000-00-00 00:00:00'),(751,492,671,'AT','de',NULL,'unknown',NULL,'Justin','Rakovic',NULL,'office@kuechenraum.at',NULL,NULL,NULL,'false',NULL,NULL,NULL,NULL,NULL,NULL,NULL,NULL,NULL,NULL,NULL,NULL,NULL,NULL,'false','HAUPTSTRASSE 4','','5162','OBERTRUM',NULL,NULL,'unknown',NULL,NULL,NULL,NULL,NULL,NULL,NULL,NULL,'true',NULL,NULL,NULL,NULL,NULL,NULL,NULL,NULL,NULL,1,'2016-09-26 13:17:48',1,'2016-09-26 13:17:48'),(752,493,671,'AT','de',NULL,'unknown',NULL,'Justin','Rakovic',NULL,'office@kuechenraum.at',NULL,NULL,NULL,'false',NULL,NULL,NULL,NULL,NULL,NULL,NULL,NULL,NULL,NULL,NULL,NULL,115,NULL,'false','HAUPTSTRASSE 4','','5162','OBERTRUM',NULL,NULL,'unknown',NULL,'Administrator','Jaf Salzburg','Handelszentrum 12',NULL,'5101','Salzburg',NULL,'true',NULL,NULL,NULL,NULL,NULL,NULL,NULL,NULL,NULL,1,'0000-00-00 00:00:00',1,'0000-00-00 00:00:00'),(753,494,707,'AT','de','AT','unknown',NULL,'Oeg','Grill & Ronacher',NULL,'office@grill-ronacher.at',NULL,NULL,NULL,'false',NULL,NULL,NULL,NULL,NULL,NULL,NULL,NULL,NULL,NULL,NULL,NULL,654,NULL,'false','Pötschenstraße 135','','8990','Bad Aussee',NULL,NULL,'unknown',NULL,'Robert','Trickl','Handelszentrum 12',NULL,'5101','Bergheim',NULL,'true',NULL,NULL,NULL,NULL,NULL,'5b8cca3e0c8b79941cea04ab334b4dc0',NULL,NULL,NULL,1,'0000-00-00 00:00:00',1,'0000-00-00 00:00:00'),(754,495,1083,'AT','de','AT','male',NULL,'Robert','Greil',NULL,'kuechenwerkstatt@aon.at',NULL,NULL,NULL,'false',NULL,NULL,NULL,NULL,NULL,NULL,NULL,NULL,NULL,NULL,NULL,NULL,NULL,'Wohn und Küchenwerkstatt - Greil Robert','true','Gewerbezone 8','','6404','Polling in Tirol',NULL,NULL,'unknown',NULL,NULL,NULL,NULL,NULL,NULL,NULL,NULL,'true','05238 86253',NULL,NULL,NULL,NULL,NULL,NULL,NULL,NULL,1,'2016-09-27 07:01:44',1,'2016-09-27 07:01:44'),(755,496,106,'AT','de','AT','unknown',NULL,'Privat Verkauf','Jaf Graz',NULL,'schauraum_austriaglas.graz@zengerer.at',NULL,NULL,NULL,'false',NULL,NULL,NULL,NULL,NULL,NULL,NULL,NULL,NULL,NULL,NULL,NULL,NULL,NULL,'false','Herrgottwiesgasse 170','','8055','Graz',NULL,NULL,'unknown',NULL,NULL,NULL,NULL,NULL,NULL,NULL,NULL,'true',NULL,NULL,NULL,NULL,NULL,NULL,NULL,NULL,NULL,1,'2016-09-27 08:23:32',1,'2016-09-27 08:23:32'),(756,497,671,'AT','de',NULL,'unknown',NULL,'Justin','Rakovic',NULL,'office@kuechenraum.at',NULL,NULL,NULL,'false',NULL,NULL,NULL,NULL,NULL,NULL,NULL,NULL,NULL,NULL,NULL,NULL,115,NULL,'false','HAUPTSTRASSE 4','','5162','OBERTRUM',NULL,NULL,'unknown',NULL,'Administrator','Jaf Salzburg','Handelszentrum 12',NULL,'5101','Salzburg',NULL,'true',NULL,NULL,NULL,NULL,NULL,NULL,NULL,NULL,NULL,1,'0000-00-00 00:00:00',1,'0000-00-00 00:00:00'),(757,498,112,'AT','de','AT','unknown',NULL,'Privat Verkauf','Jaf Linz',NULL,'schauraum_austriaglas.linz@frischeis.com',NULL,NULL,NULL,'false',NULL,NULL,NULL,NULL,NULL,NULL,NULL,NULL,NULL,NULL,NULL,NULL,NULL,NULL,'false','Prinz-Eugen-Straße 13','','4020','Linz',NULL,NULL,'unknown',NULL,NULL,NULL,NULL,NULL,NULL,NULL,NULL,'true',NULL,NULL,NULL,NULL,NULL,NULL,NULL,NULL,NULL,1,'2016-09-27 12:13:18',1,'2016-09-27 12:13:18'),(758,499,953,'AT','de','AT','male',NULL,'Johann','Dachs',NULL,'office@dachs-tischlerei.at',NULL,NULL,NULL,'false',NULL,NULL,NULL,NULL,NULL,NULL,NULL,NULL,NULL,NULL,NULL,NULL,653,'Tischlerei Dachs Johann','true','Doblergasse 31','','4880','St. Georgen i.A.',NULL,NULL,'unknown',NULL,'Alfred','Fink','Handelszentrum 12',NULL,'5101','Bergheim',NULL,'true','07667 6297',NULL,NULL,NULL,NULL,'e05fde935567230b47404d702e0edeff',NULL,NULL,NULL,1,'0000-00-00 00:00:00',1,'0000-00-00 00:00:00'),(759,500,63,'AT','de','AT','male',NULL,'Tischler','Austriaglas',NULL,'tischler@austriaglas.at',NULL,NULL,NULL,'false',NULL,NULL,NULL,NULL,NULL,NULL,NULL,NULL,NULL,NULL,NULL,NULL,NULL,NULL,'true','Industriegasse 4','','8311','Markt Hartmannsdorf',NULL,NULL,'unknown',NULL,NULL,NULL,NULL,NULL,NULL,NULL,NULL,'true',NULL,NULL,NULL,NULL,NULL,'0b931a49b3cb9a7259d8b0e44170210a',NULL,NULL,NULL,1,'2016-09-28 06:57:34',1,'2016-09-28 06:57:34'),(760,501,107,'AT','de','AT','unknown',NULL,'Privat Verkauf','Jaf Stockerau',NULL,'schauraum_austriaglas.stockerau@frischeis.com',NULL,NULL,NULL,'false',NULL,NULL,NULL,NULL,NULL,NULL,NULL,NULL,NULL,NULL,NULL,NULL,114,NULL,'false','Gerbergasse 2','','2000','Stockerau',NULL,'J. u. A. Frischeis Ges.m.b.H.','unknown',NULL,'Administrator','Jaf Stockerau','Gerbergasse 2',NULL,'2000','Stockerau',NULL,'true',NULL,NULL,NULL,NULL,NULL,'c349e2e9a1d9e12bc2edbcb58222aa4c',NULL,NULL,NULL,1,'0000-00-00 00:00:00',1,'0000-00-00 00:00:00'),(761,502,733,'AT','de','AT','male',NULL,'Markus','Haas',NULL,'',NULL,NULL,NULL,'false',NULL,NULL,NULL,NULL,NULL,NULL,NULL,NULL,NULL,NULL,NULL,NULL,732,'Haas & Haselgruber OG','true','Steinbruchgasse 15','','2540','Bad Vöslau',NULL,'Haas & Haselgruber OG','unknown',NULL,'Markus','Haas','Steinbruchgasse 15',NULL,'2540','Bad Vöslau',NULL,'true','02252263900',NULL,NULL,NULL,NULL,'28bd84fb8b959caddda3556791199fd1',NULL,NULL,NULL,1,'0000-00-00 00:00:00',1,'0000-00-00 00:00:00'),(762,503,107,'AT','de','AT','unknown',NULL,'Privat Verkauf','Jaf Stockerau',NULL,'schauraum_austriaglas.stockerau@frischeis.com',NULL,NULL,NULL,'false',NULL,NULL,NULL,NULL,NULL,NULL,NULL,NULL,NULL,NULL,NULL,NULL,NULL,NULL,'false','Gerbergasse 2','','2000','Stockerau',NULL,NULL,'unknown',NULL,NULL,NULL,NULL,NULL,NULL,NULL,NULL,'true',NULL,NULL,NULL,NULL,NULL,'c349e2e9a1d9e12bc2edbcb58222aa4c',NULL,NULL,NULL,1,'2016-09-29 05:39:20',1,'2016-09-29 05:39:20'),(763,504,109,'AT','de','AT','unknown',NULL,'Privat Verkauf','Jaf Villach',NULL,'austriaglas.villach@frischeis.com',NULL,NULL,NULL,'false',NULL,NULL,NULL,NULL,NULL,NULL,NULL,NULL,NULL,NULL,NULL,NULL,NULL,NULL,'false','Muldenweg 12','','9500','Villach',NULL,NULL,'unknown',NULL,NULL,NULL,NULL,NULL,NULL,NULL,NULL,'true',NULL,NULL,NULL,NULL,NULL,'4a94800a544e8fb6962f190bd8906458',NULL,NULL,NULL,1,'2016-09-29 07:31:19',1,'2016-09-29 07:31:19'),(764,505,57,'AT','de','AT','male',NULL,'Karl','Knechtl',NULL,'karl.knechtl@aon.at',NULL,NULL,NULL,'false',NULL,NULL,NULL,NULL,NULL,NULL,NULL,NULL,NULL,NULL,NULL,NULL,NULL,NULL,'false','Dornegg 11','','8302','Nestelbach b. Graz',NULL,NULL,'unknown',NULL,NULL,NULL,NULL,NULL,NULL,NULL,NULL,'true',NULL,NULL,NULL,NULL,NULL,'e4460123e4578bf9dc4fccf6042ca7d8',NULL,NULL,NULL,1,'2016-09-29 07:52:55',1,'2016-09-29 07:52:55'),(765,506,817,'AT','de','AT','female',NULL,'Nadine','Riegl',NULL,'nadine@riegl.at',NULL,NULL,NULL,'false',NULL,NULL,NULL,NULL,NULL,NULL,NULL,NULL,NULL,NULL,NULL,NULL,32,'Tischlerei Riegl','true','Maltesergasse 8','','8570','Voitsberg',NULL,NULL,'unknown',NULL,'Andrea','Lang','Herrgottwiesgasse 170',NULL,'8055','Graz',NULL,'true','03142 22683',NULL,NULL,NULL,NULL,NULL,NULL,NULL,NULL,1,'0000-00-00 00:00:00',1,'0000-00-00 00:00:00'),(766,507,1111,'AT','de','AT','male',NULL,'Jürgen - Planen - Wohnen','Kavalirek ',NULL,'office@planenwohnen.at',NULL,NULL,NULL,'false',NULL,NULL,NULL,NULL,NULL,NULL,NULL,NULL,NULL,NULL,NULL,NULL,1112,'Tischlermeister Jürgen Kavalirek','true','Klagenfurter Straße 10','','9220','Velden am Wörthersee',NULL,'Tischlermeister Jürgen Kavalirek','unknown',NULL,'Jürgen','Kavalirek','Klagenfurter Straße 10',NULL,'9220','Velden am Wörthersee',NULL,'true','0664 2404500',NULL,NULL,NULL,NULL,NULL,NULL,NULL,NULL,1,'0000-00-00 00:00:00',1,'0000-00-00 00:00:00'),(767,508,63,'AT','de','AT','male',NULL,'Tischler','Austriaglas',NULL,'tischler@austriaglas.at',NULL,NULL,NULL,'false',NULL,NULL,NULL,NULL,NULL,NULL,NULL,NULL,NULL,NULL,NULL,NULL,NULL,NULL,'true','Industriegasse 4','','8311','Markt Hartmannsdorf',NULL,NULL,'unknown',NULL,NULL,NULL,NULL,NULL,NULL,NULL,NULL,'true',NULL,NULL,NULL,NULL,NULL,'0b931a49b3cb9a7259d8b0e44170210a',NULL,NULL,NULL,1,'2016-09-29 09:08:45',1,'2016-09-29 09:08:45'),(768,509,855,'AT','de','AT','male',NULL,'Leo','Wirnsberger',NULL,'wirni@aon.at',NULL,NULL,NULL,'false',NULL,NULL,NULL,NULL,NULL,NULL,NULL,NULL,NULL,NULL,NULL,NULL,NULL,'Wirnsberger Leo','true','Kärntnerstraße 11','','9601','Arnoldstein',NULL,NULL,'unknown',NULL,NULL,NULL,NULL,NULL,NULL,NULL,NULL,'true','04255 2178',NULL,NULL,NULL,NULL,NULL,NULL,NULL,NULL,1,'2016-09-29 13:23:58',1,'2016-09-29 13:23:58'),(769,510,107,'AT','de','AT','unknown',NULL,'Tischlermartin Einrichtungs-','Fachhandel-Montage-Service',NULL,'schauraum_austriaglas.stockerau@frischeis.com',NULL,NULL,NULL,'false',NULL,NULL,NULL,NULL,NULL,NULL,NULL,NULL,NULL,NULL,NULL,NULL,114,NULL,'false','Altmannsdorferstrasse 206','','1230','Wien',NULL,NULL,'unknown',NULL,'Administrator','Jaf Stockerau','Gerbergasse 2',NULL,'2000','Stockerau',NULL,'true',NULL,NULL,NULL,NULL,NULL,'c349e2e9a1d9e12bc2edbcb58222aa4c',NULL,NULL,NULL,1,'0000-00-00 00:00:00',1,'0000-00-00 00:00:00'),(770,511,863,'AT','de','AT','male',NULL,'Silverius','Griessner',NULL,'buero@tischlerei-griessner.at',NULL,NULL,NULL,'false',NULL,NULL,NULL,NULL,NULL,NULL,NULL,NULL,NULL,NULL,NULL,NULL,842,'Tischlerei Griessner Silverius','true','Bahnhofstraße 60','','8820','Neumarkt',NULL,NULL,'unknown',NULL,'Markus','Krall','Muldenweg 12',NULL,'9500','Villach',NULL,'true','03584 2632',NULL,NULL,NULL,NULL,NULL,NULL,NULL,NULL,1,'0000-00-00 00:00:00',1,'0000-00-00 00:00:00'),(771,512,1114,'AT','de','AT','male',NULL,'Ludwig','Krenn',NULL,'info@krenn.co.at',NULL,NULL,NULL,'false',NULL,NULL,NULL,NULL,NULL,NULL,NULL,NULL,NULL,NULL,NULL,NULL,NULL,'Einrichten fürs Leben - Ludwig Krenn','true','Brüdergasse 2','','3430','Tulln',NULL,NULL,'unknown',NULL,NULL,NULL,NULL,NULL,NULL,NULL,NULL,'true','02272 650540',NULL,NULL,NULL,NULL,NULL,NULL,NULL,NULL,1,'2016-10-03 07:19:08',1,'2016-10-03 07:19:08'),(772,513,112,'AT','de','AT','unknown',NULL,'Privat Verkauf','Jaf Linz',NULL,'schauraum_austriaglas.linz@frischeis.com',NULL,NULL,NULL,'false',NULL,NULL,NULL,NULL,NULL,NULL,NULL,NULL,NULL,NULL,NULL,NULL,NULL,NULL,'false','Prinz-Eugen-Straße 13','','4020','Linz',NULL,NULL,'unknown',NULL,NULL,NULL,NULL,NULL,NULL,NULL,NULL,'true',NULL,NULL,NULL,NULL,NULL,NULL,NULL,NULL,NULL,1,'2016-10-03 07:53:01',1,'2016-10-03 07:53:01'),(773,514,1092,'AT','de','AT','male',NULL,'Franz','Malzer',NULL,'franzmalzer@yahoo.de',NULL,NULL,NULL,'false',NULL,NULL,NULL,NULL,NULL,NULL,NULL,NULL,NULL,NULL,NULL,NULL,NULL,'Franz Malzer - Malzer die Küchenprofis','true','Bahnstraße 51a','','7111','Parndorf',NULL,NULL,'unknown',NULL,NULL,NULL,NULL,NULL,NULL,NULL,NULL,'true','0676 6606001',NULL,NULL,NULL,NULL,NULL,NULL,NULL,NULL,1,'2016-10-03 08:13:31',1,'2016-10-03 08:13:31'),(774,515,1092,'AT','de','AT','male',NULL,'Franz','Malzer',NULL,'franzmalzer@yahoo.de',NULL,NULL,NULL,'false',NULL,NULL,NULL,NULL,NULL,NULL,NULL,NULL,NULL,NULL,NULL,NULL,NULL,'Franz Malzer - Malzer die Küchenprofis','true','Bahnstraße 51a','','7111','Parndorf',NULL,NULL,'unknown',NULL,NULL,NULL,NULL,NULL,NULL,NULL,NULL,'true','0676 6606001',NULL,NULL,NULL,NULL,NULL,NULL,NULL,NULL,1,'2016-10-03 08:22:56',1,'2016-10-03 08:22:56'),(775,516,727,'AT','de','AT','male',NULL,'Johann','Putz',NULL,'office@moebel-putz.at',NULL,NULL,NULL,'false',NULL,NULL,NULL,NULL,NULL,NULL,NULL,NULL,NULL,NULL,NULL,NULL,767,'Tischlerei Putz Johann','true','Vorau 359','','8250','Vorau',NULL,NULL,'unknown',NULL,'Petra','Salzmann','Herrgottwiesgasse 170',NULL,'8055','Graz',NULL,'true','033372717',NULL,NULL,NULL,NULL,'899eb07f8ffd95ff359c0a786d0190ce',NULL,NULL,NULL,1,'0000-00-00 00:00:00',1,'0000-00-00 00:00:00'),(776,517,112,'AT','de','AT','unknown',NULL,'Privat Verkauf','Jaf Linz',NULL,'schauraum_austriaglas.linz@frischeis.com',NULL,NULL,NULL,'false',NULL,NULL,NULL,NULL,NULL,NULL,NULL,NULL,NULL,NULL,NULL,NULL,NULL,NULL,'false','Prinz-Eugen-Straße 13','','4020','Linz',NULL,NULL,'unknown',NULL,NULL,NULL,NULL,NULL,NULL,NULL,NULL,'true',NULL,NULL,NULL,NULL,NULL,NULL,NULL,NULL,NULL,1,'2016-10-03 11:43:56',1,'2016-10-03 11:43:56'),(777,518,1041,'AT','de','AT','unknown',NULL,'Johann','Wiesenhofer',NULL,'w.j@kuechenstudio-kaindorf.at',NULL,NULL,NULL,'false',NULL,NULL,NULL,NULL,NULL,NULL,NULL,NULL,NULL,NULL,NULL,NULL,1042,'Küchenstudio Kaindorf Wiener GmbH','true','Gewerbepark 300','','8224','Kaindorf',NULL,'Küchenstudio Kaindorf Wiener GmbH','unknown',NULL,'Johann','Wiesenhofer','Gewerbepark 300',NULL,'8224','Kaindorf',NULL,'true','03334 2177',NULL,NULL,NULL,NULL,'b6836d6199aff00256b69a5ad79e7691',NULL,NULL,NULL,1,'0000-00-00 00:00:00',1,'0000-00-00 00:00:00'),(778,519,1116,'NU','de',NULL,'male',NULL,'Alex','Rungger',NULL,'rungger.alex@rolmail.net',NULL,NULL,NULL,'false',NULL,NULL,NULL,NULL,NULL,NULL,NULL,NULL,NULL,NULL,NULL,NULL,NULL,'Tischlerei Rungger Alex','true','Miri 27','','39030','St. Martin i. T.',NULL,NULL,'unknown',NULL,NULL,NULL,NULL,NULL,NULL,NULL,NULL,'true',NULL,NULL,NULL,NULL,NULL,NULL,NULL,NULL,NULL,1,'2016-10-03 14:19:43',1,'2016-10-03 14:19:43'),(779,520,1111,'AT','de','AT','male',NULL,'Jürgen','Kavalirek',NULL,'office@planenwohnen.at',NULL,NULL,NULL,'false',NULL,NULL,NULL,NULL,NULL,NULL,NULL,NULL,NULL,NULL,NULL,NULL,NULL,'Tischlermeister Jürgen Kavalirek','true','Klagenfurter Straße 10','','9220','Velden am Wörthersee',NULL,NULL,'unknown',NULL,NULL,NULL,NULL,NULL,NULL,NULL,NULL,'true','0664 2404500',NULL,NULL,NULL,NULL,NULL,NULL,NULL,NULL,1,'2016-10-04 10:16:23',1,'2016-10-04 10:16:23'),(780,521,109,'AT','de','AT','unknown',NULL,'Privat Verkauf','Jaf Villach',NULL,'austriaglas.villach@frischeis.com',NULL,NULL,NULL,'false',NULL,NULL,NULL,NULL,NULL,NULL,NULL,NULL,NULL,NULL,NULL,NULL,NULL,NULL,'false','Muldenweg 12','','9500','Villach',NULL,NULL,'unknown',NULL,NULL,NULL,NULL,NULL,NULL,NULL,NULL,'true',NULL,NULL,NULL,NULL,NULL,'4a94800a544e8fb6962f190bd8906458',NULL,NULL,NULL,1,'2016-10-04 10:39:46',1,'2016-10-04 10:39:46'),(781,522,776,'AT','de','AT','female',NULL,'REDSTONE OG   ','TISCHLEREI',NULL,'koeppl.sandra@gmail.com',NULL,NULL,NULL,'false',NULL,NULL,NULL,NULL,NULL,NULL,NULL,NULL,NULL,NULL,NULL,NULL,767,'Redstone OG','true','Röthelstein 67','','8131','Frohnleiten',NULL,NULL,'unknown',NULL,'Petra','Salzmann','Herrgottwiesgasse 170',NULL,'8055','Graz',NULL,'true','0664 587 63 20',NULL,NULL,NULL,NULL,NULL,NULL,NULL,NULL,1,'0000-00-00 00:00:00',1,'0000-00-00 00:00:00'),(782,523,112,'AT','de','AT','unknown',NULL,'Privat Verkauf','Jaf Linz',NULL,'schauraum_austriaglas.linz@frischeis.com',NULL,NULL,NULL,'false',NULL,NULL,NULL,NULL,NULL,NULL,NULL,NULL,NULL,NULL,NULL,NULL,119,NULL,'false','Prinz-Eugen-Straße 13','','4020','Linz',NULL,NULL,'unknown',NULL,'Administrator','Jaf Linz','Prinz-Eugen-Straße 13',NULL,'4020','Linz',NULL,'true',NULL,NULL,NULL,NULL,NULL,NULL,NULL,NULL,NULL,1,'0000-00-00 00:00:00',1,'0000-00-00 00:00:00'),(783,524,109,'AT','de','AT','unknown',NULL,'Privat Verkauf','Jaf Villach',NULL,'austriaglas.villach@frischeis.com',NULL,NULL,NULL,'false',NULL,NULL,NULL,NULL,NULL,NULL,NULL,NULL,NULL,NULL,NULL,NULL,NULL,NULL,'false','Muldenweg 12','','9500','Villach',NULL,NULL,'unknown',NULL,NULL,NULL,NULL,NULL,NULL,NULL,NULL,'true',NULL,NULL,NULL,NULL,NULL,'4a94800a544e8fb6962f190bd8906458',NULL,NULL,NULL,1,'2016-10-05 11:10:54',1,'2016-10-05 11:10:54'),(784,525,112,'AT','de','AT','unknown',NULL,'Privat Verkauf','Jaf Linz',NULL,'schauraum_austriaglas.linz@frischeis.com',NULL,NULL,NULL,'false',NULL,NULL,NULL,NULL,NULL,NULL,NULL,NULL,NULL,NULL,NULL,NULL,119,NULL,'false','Prinz-Eugen-Straße 13','','4020','Linz',NULL,'J. u. A. Frischeis Ges.m.b.H.','unknown',NULL,'Administrator','Jaf Linz','Prinz-Eugen-Straße 13',NULL,'4020','Linz',NULL,'true',NULL,NULL,NULL,NULL,NULL,NULL,NULL,NULL,NULL,1,'0000-00-00 00:00:00',1,'0000-00-00 00:00:00'),(785,526,983,'AT','de','AT','male',NULL,'Robert','Gartenauer',NULL,'robertgarstenauer@gmx.at',NULL,NULL,NULL,'false',NULL,NULL,NULL,NULL,NULL,NULL,NULL,NULL,NULL,NULL,NULL,NULL,NULL,'Montagetischler Gartenauer Robert','true','Hollensteinerstraße 400','','3335','Weyer',NULL,NULL,'unknown',NULL,NULL,NULL,NULL,NULL,NULL,NULL,NULL,'true','0664 5644363',NULL,NULL,NULL,NULL,NULL,NULL,NULL,NULL,1,'2016-10-05 18:44:05',1,'2016-10-05 18:44:05'),(786,527,1125,'AT','de','AT','male',NULL,'Robert','Kapp',NULL,'office@dasmoebelhandwerk.at',NULL,NULL,NULL,'false',NULL,NULL,NULL,NULL,NULL,NULL,NULL,NULL,NULL,NULL,NULL,NULL,NULL,'KAPP - Das Möbelhandwerk GmbH','true','Liechtensteinstraße 31','','1090','Wien',NULL,NULL,'unknown',NULL,NULL,NULL,NULL,NULL,NULL,NULL,NULL,'true','01 8905835',NULL,NULL,NULL,NULL,NULL,NULL,NULL,NULL,1,'2016-10-06 06:32:53',1,'2016-10-06 06:32:53'),(787,528,1120,'AT','de','AT','male',NULL,'Thomas','Meixner',NULL,'artner@kreativtischlerei.at',NULL,NULL,NULL,'false',NULL,NULL,NULL,NULL,NULL,NULL,NULL,NULL,NULL,NULL,NULL,NULL,119,'Kreativtischlerei Artner e. U.','true','Steinbach 48','','3972','Bad Großpertholz',NULL,'J. u. A. Frischeis Ges.m.b.H.','unknown',NULL,'Administrator','Jaf Linz','Prinz-Eugen-Straße 13',NULL,'4020','Linz',NULL,'true','02857 2344',NULL,NULL,NULL,NULL,NULL,NULL,NULL,NULL,1,'0000-00-00 00:00:00',1,'0000-00-00 00:00:00'),(788,529,63,'AT','de','AT','male',NULL,'Tischler','Austriaglas',NULL,'tischler@austriaglas.at',NULL,NULL,NULL,'false',NULL,NULL,NULL,NULL,NULL,NULL,NULL,NULL,NULL,NULL,NULL,NULL,NULL,NULL,'true','Industriegasse 4','','8311','Markt Hartmannsdorf',NULL,NULL,'unknown',NULL,NULL,NULL,NULL,NULL,NULL,NULL,NULL,'true',NULL,NULL,NULL,NULL,NULL,'0b931a49b3cb9a7259d8b0e44170210a',NULL,NULL,NULL,1,'2016-10-06 13:23:18',1,'2016-10-06 13:23:18'),(789,530,1018,'AT','de','AT','male',NULL,'Reinhard','Bramer',NULL,'reinhard.bramer@kieslinger.at',NULL,NULL,NULL,'false',NULL,NULL,NULL,NULL,NULL,NULL,NULL,NULL,NULL,NULL,NULL,NULL,NULL,'Tischlerei Wohnstudio Kieslinger GmbH ','true','Grubstraße 6','','4771','Sigharting',NULL,NULL,'unknown',NULL,NULL,NULL,NULL,NULL,NULL,NULL,NULL,'true','07766 3187',NULL,NULL,NULL,NULL,NULL,NULL,NULL,NULL,1,'2016-10-07 06:49:42',1,'2016-10-07 06:49:42'),(790,531,710,'AT','de','AT','unknown',NULL,'Willi','Ebner',NULL,'ebner-tischlerei@aon.at',NULL,NULL,NULL,'false',NULL,NULL,NULL,NULL,NULL,NULL,NULL,NULL,NULL,NULL,NULL,NULL,654,NULL,'false','FURT 43','','8982','BAD MITTERNDORF',NULL,NULL,'male',NULL,'Robert','Trickl','Handelszentrum 12',NULL,'5101','Bergheim',NULL,'true',NULL,NULL,NULL,NULL,NULL,'e356ee0a7800ca2faa158014aaab0c53',NULL,NULL,NULL,9,'2016-10-17 06:50:10',1,'0000-00-00 00:00:00'),(791,532,733,'AT','de','AT','male',NULL,'Markus','Haas',NULL,'office@h-diezwei.at',NULL,NULL,NULL,'false',NULL,NULL,NULL,NULL,NULL,NULL,NULL,NULL,NULL,NULL,NULL,NULL,732,'Haas & Haselgruber OG','true','Steinbruchgasse 15','','2540','Bad Vöslau',NULL,'Haas & Haselgruber OG','unknown',NULL,'Markus','Haas','Steinbruchgasse 15',NULL,'2540','Bad Vöslau',NULL,'true','02252263900',NULL,NULL,NULL,NULL,'28bd84fb8b959caddda3556791199fd1',NULL,NULL,NULL,1,'0000-00-00 00:00:00',1,'0000-00-00 00:00:00'),(792,533,949,'AT','de','AT','male',NULL,'Harald','Körbler',NULL,'koerbler@holzkreativ.at',NULL,NULL,NULL,'false',NULL,NULL,NULL,NULL,NULL,NULL,NULL,NULL,NULL,NULL,NULL,NULL,NULL,'Tischlerei Körbler Harald','true','Menteweg 20','','9500','Villach',NULL,NULL,'unknown',NULL,NULL,NULL,NULL,NULL,NULL,NULL,NULL,'true',NULL,NULL,NULL,NULL,NULL,NULL,NULL,NULL,NULL,1,'2016-10-08 14:37:07',1,'2016-10-08 14:37:07'),(793,534,1111,'AT','de','AT','male',NULL,'Jürgen','Kavalirek',NULL,'office@planenwohnen.at',NULL,NULL,NULL,'false',NULL,NULL,NULL,NULL,NULL,NULL,NULL,NULL,NULL,NULL,NULL,NULL,NULL,'Tischlermeister Jürgen Kavalirek','true','Klagenfurter Straße 10','','9220','Velden am Wörthersee',NULL,NULL,'unknown',NULL,NULL,NULL,NULL,NULL,NULL,NULL,NULL,'true','0664 2404500',NULL,NULL,NULL,NULL,NULL,NULL,NULL,NULL,1,'2016-10-10 05:45:29',1,'2016-10-10 05:45:29'),(794,535,360,'AT','de',NULL,'male',NULL,'WELLNESSBEREICHE SETZ GMBH',NULL,NULL,'office@wellnessbereiche.at',NULL,NULL,NULL,'false',NULL,NULL,NULL,NULL,NULL,NULL,NULL,NULL,NULL,NULL,NULL,NULL,179,NULL,'false','INDUSTRIEZONE 57','','6460','IMST',NULL,NULL,'unknown',NULL,'Benjamin','Stabentheiner','Amerling 119',NULL,'6233','Kramsach',NULL,'true',NULL,NULL,NULL,NULL,NULL,NULL,NULL,NULL,NULL,1,'0000-00-00 00:00:00',1,'0000-00-00 00:00:00'),(795,536,106,'AT','de','AT','unknown',NULL,'Privat Verkauf','Jaf Graz',NULL,'schauraum_austriaglas.graz@zengerer.at',NULL,NULL,NULL,'false',NULL,NULL,NULL,NULL,NULL,NULL,NULL,NULL,NULL,NULL,NULL,NULL,37,NULL,'false','Herrgottwiesgasse 170','','8055','Graz',NULL,NULL,'unknown',NULL,'Martin','Labler','Herrgottwiesgasse 170',NULL,'8055','Graz',NULL,'true',NULL,NULL,NULL,NULL,NULL,NULL,NULL,NULL,NULL,1,'0000-00-00 00:00:00',1,'0000-00-00 00:00:00'),(796,537,1111,'AT','de','AT','male',NULL,'Jürgen','Kavalirek',NULL,'office@planenwohnen.at',NULL,NULL,NULL,'false',NULL,NULL,NULL,NULL,NULL,NULL,NULL,NULL,NULL,NULL,NULL,NULL,NULL,'Tischlermeister Jürgen Kavalirek','true','Klagenfurter Straße 10','','9220','Velden am Wörthersee',NULL,NULL,'unknown',NULL,NULL,NULL,NULL,NULL,NULL,NULL,NULL,'true','0664 2404500',NULL,NULL,NULL,NULL,NULL,NULL,NULL,NULL,1,'2016-10-10 10:27:55',1,'2016-10-10 10:27:55'),(797,538,873,'AT','de','AT','male',NULL,'Thomas','Moser',NULL,'thomas.moser@maier.at',NULL,NULL,NULL,'false',NULL,NULL,NULL,NULL,NULL,NULL,NULL,NULL,NULL,NULL,NULL,NULL,115,'Holzbau Maier GmbH & Co KG','true','Gewerbestraße 171','','5733','Bramberg',NULL,NULL,'unknown',NULL,'Administrator','Jaf Salzburg','Handelszentrum 12',NULL,'5101','Salzburg',NULL,'true','06566 7264',NULL,NULL,NULL,NULL,NULL,NULL,NULL,NULL,1,'0000-00-00 00:00:00',1,'0000-00-00 00:00:00'),(798,539,1071,'AT','de','AT','female',NULL,'Margit','Örtel',NULL,'office@oertel-moebel.at',NULL,NULL,NULL,'false',NULL,NULL,NULL,NULL,NULL,NULL,NULL,NULL,NULL,NULL,NULL,NULL,NULL,'Küchenstudio Margit Örtel','true','Barawitzkagasse 23','','1190','Wien',NULL,NULL,'unknown',NULL,NULL,NULL,NULL,NULL,NULL,NULL,NULL,'true','01 3678424',NULL,NULL,NULL,NULL,NULL,NULL,NULL,NULL,1,'2016-10-11 08:10:48',1,'2016-10-11 08:10:48'),(799,540,1129,'AT','de','AT','male',NULL,'Wilhelm','Seitzberger',NULL,'seitzberger@seitzberger.com',NULL,NULL,NULL,'false',NULL,NULL,NULL,NULL,NULL,NULL,NULL,NULL,NULL,NULL,NULL,NULL,NULL,'Seitzberger GmbH','true','Steinbachmauer 34','','3345','Göstling/Ybbs',NULL,NULL,'unknown',NULL,NULL,NULL,NULL,NULL,NULL,NULL,NULL,'true','07484 508021',NULL,NULL,NULL,NULL,NULL,NULL,NULL,NULL,1,'2016-10-11 09:02:55',1,'2016-10-11 09:02:55'),(800,541,107,'AT','de','AT','unknown',NULL,'Privat Verkauf','Jaf Stockerau',NULL,'schauraum_austriaglas.stockerau@frischeis.com',NULL,NULL,NULL,'false',NULL,NULL,NULL,NULL,NULL,NULL,NULL,NULL,NULL,NULL,NULL,NULL,NULL,NULL,'false','Gerbergasse 2','','2000','Stockerau',NULL,NULL,'unknown',NULL,NULL,NULL,NULL,NULL,NULL,NULL,NULL,'true',NULL,NULL,NULL,NULL,NULL,'c349e2e9a1d9e12bc2edbcb58222aa4c',NULL,NULL,NULL,1,'2016-10-11 09:56:11',1,'2016-10-11 09:56:11'),(801,542,1129,'AT','de','AT','male',NULL,'Wilhelm','Seitzberger',NULL,'seitzberger@seitzberger.com',NULL,NULL,NULL,'false',NULL,NULL,NULL,NULL,NULL,NULL,NULL,NULL,NULL,NULL,NULL,NULL,NULL,'Seitzberger GmbH','true','Steinbachmauer 34','','3345','Göstling/Ybbs',NULL,NULL,'unknown',NULL,NULL,NULL,NULL,NULL,NULL,NULL,NULL,'true','07484 508021',NULL,NULL,NULL,NULL,NULL,NULL,NULL,NULL,1,'2016-10-11 10:06:15',1,'2016-10-11 10:06:15'),(802,543,1089,'AT','de','AT','male',NULL,'Joachim','Hopfer',NULL,'joachim.hopfer@gmx.at',NULL,NULL,NULL,'false',NULL,NULL,NULL,NULL,NULL,NULL,NULL,NULL,NULL,NULL,NULL,NULL,NULL,'Tischlerei Hopfer Joachim','true','Jamm 27','','8354','St. Anna/Aigen',NULL,NULL,'unknown',NULL,NULL,NULL,NULL,NULL,NULL,NULL,NULL,'true','0664 2413093',NULL,NULL,NULL,NULL,NULL,NULL,NULL,NULL,1,'2016-10-12 09:18:33',1,'2016-10-12 09:18:33'),(803,544,112,'AT','de','AT','unknown',NULL,'Privat Verkauf','Jaf Linz',NULL,'schauraum_austriaglas.linz@frischeis.com',NULL,NULL,NULL,'false',NULL,NULL,NULL,NULL,NULL,NULL,NULL,NULL,NULL,NULL,NULL,NULL,NULL,NULL,'false','Prinz-Eugen-Straße 13','','4020','Linz',NULL,NULL,'unknown',NULL,NULL,NULL,NULL,NULL,NULL,NULL,NULL,'true',NULL,NULL,NULL,NULL,NULL,NULL,NULL,NULL,NULL,1,'2016-10-12 11:01:33',1,'2016-10-12 11:01:33'),(804,545,292,'AT','de','AT','male',NULL,'KREATEAM KG',NULL,NULL,'info@Kreateam.it',NULL,NULL,NULL,'false',NULL,NULL,NULL,NULL,NULL,NULL,NULL,NULL,NULL,NULL,NULL,NULL,NULL,NULL,'false','MAREIT - KIRCHDORF 5','','39040','RATSCHINGS',NULL,NULL,'unknown',NULL,NULL,NULL,NULL,NULL,NULL,'marco@artauf.at',NULL,'true',NULL,NULL,NULL,NULL,NULL,'af823129e2826158b1d01011a3d94c41',NULL,NULL,NULL,1,'2016-10-13 05:35:21',1,'2016-10-13 05:35:21'),(805,546,1136,'AT','de','AT','female',NULL,'Elisabeth','Puschan',NULL,'elisabeth@puschan.com',NULL,NULL,NULL,'false',NULL,NULL,NULL,NULL,NULL,NULL,NULL,NULL,NULL,NULL,NULL,NULL,839,'Puschan kreativ GmbH','true','Kärntnerstraße 18','','9500','Villach',NULL,NULL,'unknown',NULL,'Jennifer','Opriessnig','Muldenweg 12',NULL,'9500','Villach',NULL,'true','0664 8368908',NULL,NULL,NULL,NULL,NULL,NULL,NULL,NULL,1,'0000-00-00 00:00:00',1,'0000-00-00 00:00:00'),(806,547,292,'AT','de','AT','male',NULL,'KREATEAM KG',NULL,NULL,'info@Kreateam.it',NULL,NULL,NULL,'false',NULL,NULL,NULL,NULL,NULL,NULL,NULL,NULL,NULL,NULL,NULL,NULL,NULL,NULL,'false','MAREIT - KIRCHDORF 5','','39040','RATSCHINGS',NULL,NULL,'unknown',NULL,NULL,NULL,NULL,NULL,NULL,'marco@artauf.at',NULL,'true',NULL,NULL,NULL,NULL,NULL,'af823129e2826158b1d01011a3d94c41',NULL,NULL,NULL,1,'2016-10-13 06:56:34',1,'2016-10-13 06:56:34'),(807,548,1137,'AT','de','AT','male',NULL,'Josef','Hartl',NULL,'office@gastrodesign-hartl.at',NULL,NULL,NULL,'false',NULL,NULL,NULL,NULL,NULL,NULL,NULL,NULL,NULL,NULL,NULL,NULL,NULL,'Hartl Gastrodesign GmbH','true','Tischlerberg 13','','4131','Kirchberg ob der Donau',NULL,NULL,'unknown',NULL,NULL,NULL,NULL,NULL,NULL,NULL,NULL,'true','07282 40940',NULL,NULL,NULL,NULL,'a144415883224e06d914ecd5bf9d9f13',NULL,NULL,NULL,1,'2016-10-13 10:10:35',1,'2016-10-13 10:10:35'),(808,549,953,'AT','de','AT','male',NULL,'Johann','Dachs',NULL,'office@dachs-tischlerei.at',NULL,NULL,NULL,'false',NULL,NULL,NULL,NULL,NULL,NULL,NULL,NULL,NULL,NULL,NULL,NULL,653,'Tischlerei Dachs Johann','true','Doblergasse 31','','4880','St. Georgen i.A.',NULL,NULL,'unknown',NULL,'Alfred','Fink','Handelszentrum 12',NULL,'5101','Bergheim',NULL,'true','07667 6297',NULL,NULL,NULL,NULL,'e05fde935567230b47404d702e0edeff',NULL,NULL,NULL,1,'0000-00-00 00:00:00',1,'0000-00-00 00:00:00'),(809,550,1139,'AT','de','AT','male','Ing.','Marcus','Blauensteiner',NULL,'marcus.blauensteiner@aon.at',NULL,NULL,NULL,'false',NULL,NULL,NULL,NULL,NULL,NULL,NULL,NULL,NULL,NULL,NULL,NULL,142,'Tischlerwerkstätte Ing. Blauensteiner Marcus','true','Oberrohrbacherstraße 20','','2105','Unterrohrbach',NULL,NULL,'unknown',NULL,'Stefan','Zechmeister','Gerbergasse 2',NULL,'2000','Stockerau',NULL,'true','0676 9551690',NULL,NULL,NULL,NULL,NULL,NULL,NULL,NULL,1,'0000-00-00 00:00:00',1,'0000-00-00 00:00:00'),(810,551,1089,'AT','de','AT','male',NULL,'Joachim','Hopfer',NULL,'joachim.hopfer@gmx.at',NULL,NULL,NULL,'false',NULL,NULL,NULL,NULL,NULL,NULL,NULL,NULL,NULL,NULL,NULL,NULL,NULL,'Tischlerei Hopfer Joachim','true','Jamm 27','','8354','St. Anna/Aigen',NULL,NULL,'unknown',NULL,NULL,NULL,NULL,NULL,NULL,NULL,NULL,'true','0664 2413093',NULL,NULL,NULL,NULL,NULL,NULL,NULL,NULL,1,'2016-10-14 06:20:48',1,'2016-10-14 06:20:48'),(811,552,951,'AT','de','AT','male',NULL,'Michael','Huber',NULL,'huber@tischlerei-huberm.at',NULL,NULL,NULL,'false',NULL,NULL,NULL,NULL,NULL,NULL,NULL,NULL,NULL,NULL,NULL,NULL,652,'Tischlerei Huber Michael','true','Kaltenbrunnerstraße 15','','5231','Schalchen',NULL,NULL,'unknown',NULL,'Alois','Steiner','Handelszentrum 12',NULL,'5101','Bergheim',NULL,'true','0664 2380418',NULL,NULL,NULL,NULL,NULL,NULL,NULL,NULL,1,'0000-00-00 00:00:00',1,'0000-00-00 00:00:00'),(812,553,1140,'AT','de','AT','male',NULL,'Hans-Peter','Kerschner',NULL,'wien@kerschner-wohndesign.at',NULL,NULL,NULL,'false',NULL,NULL,NULL,NULL,NULL,NULL,NULL,NULL,NULL,NULL,NULL,NULL,NULL,'Kerschner Wohndesign GmbH','true','Götzgasse 4-6 Top 1','','1100','Wien',NULL,NULL,'unknown',NULL,NULL,NULL,NULL,NULL,NULL,NULL,NULL,'true','01 6079300',NULL,NULL,NULL,NULL,NULL,NULL,NULL,NULL,1,'2016-10-14 07:04:01',1,'2016-10-14 07:04:01'),(813,554,1144,'AT','de','AT','male',NULL,'Thomas','Poljakovic',NULL,'office@dankuechen-citygate.at',NULL,NULL,NULL,'false',NULL,NULL,NULL,NULL,NULL,NULL,NULL,NULL,NULL,NULL,NULL,NULL,NULL,'Küchenatelier Poljakovic GmbH - DAN Küchen Citygate','true','Wagramerstraße 195 Top 31a','','1210','Wien',NULL,NULL,'unknown',NULL,NULL,NULL,NULL,NULL,NULL,NULL,NULL,'true','01 2260050',NULL,NULL,NULL,NULL,NULL,NULL,NULL,NULL,1,'2016-10-14 08:06:58',1,'2016-10-14 08:06:58'),(814,555,824,'AT','de','AT','male',NULL,'Zapfel Thomas','Tischlerei',NULL,'office@tischlerei-zapfel.at',NULL,NULL,NULL,'false',NULL,NULL,NULL,NULL,NULL,NULL,NULL,NULL,NULL,NULL,NULL,NULL,34,'Tischlerei Zapfel Thomas','true','Obere Hauptstraße 85','','7422','Riedlingsdorf',NULL,NULL,'unknown',NULL,'Daniel','Wack','Herrgottwiesgasse 170',NULL,'8055','Graz',NULL,'true','0660 4330301',NULL,NULL,NULL,NULL,NULL,NULL,NULL,NULL,1,'0000-00-00 00:00:00',1,'0000-00-00 00:00:00'),(815,556,1128,'AT','de','AT','male',NULL,'Franz','Stadlmair',NULL,'office@stadlmair.at',NULL,NULL,NULL,'false',NULL,NULL,NULL,NULL,NULL,NULL,NULL,NULL,NULL,NULL,NULL,NULL,NULL,'Tischlerei Stadlmair Franz','true','Linzer Straße 32','','4713','Gallspach',NULL,NULL,'unknown',NULL,NULL,NULL,NULL,NULL,NULL,NULL,NULL,'true','07248 62396',NULL,NULL,NULL,NULL,NULL,NULL,NULL,NULL,1,'2016-10-14 08:22:18',1,'2016-10-14 08:22:18'),(816,557,992,'AT','de','AT','male',NULL,'Norbert','Schwaiger',NULL,'office@sturm-kuechen.at',NULL,NULL,NULL,'false',NULL,NULL,NULL,NULL,NULL,NULL,NULL,NULL,NULL,NULL,NULL,NULL,655,'C & H Sturm GmbH','true','Niederland 154','','5091','Unken',NULL,NULL,'unknown',NULL,'Walter','Bauernhansl','Handelszentrum 12',NULL,'5101','Bergheim',NULL,'true','06589 421586',NULL,NULL,NULL,NULL,NULL,NULL,NULL,NULL,1,'0000-00-00 00:00:00',1,'0000-00-00 00:00:00'),(817,558,1012,'AT','de','AT','female',NULL,'Gerlinde','Preis',NULL,'gerlinde.preis@aon.at',NULL,NULL,NULL,'false',NULL,NULL,NULL,NULL,NULL,NULL,NULL,NULL,NULL,NULL,NULL,NULL,NULL,'Montagen & Handel Fasching Christoph','true','Tollet 6','','4710','Grieskirchen',NULL,NULL,'unknown',NULL,NULL,NULL,NULL,NULL,NULL,NULL,NULL,'true','0676 9512288',NULL,NULL,NULL,NULL,'a0d9a27fbfab121311c5e646e988ef67',NULL,NULL,NULL,1,'2016-10-14 09:31:48',1,'2016-10-14 09:31:48'),(818,559,1140,'AT','de','AT','male',NULL,'Hans-Peter','Kerschner',NULL,'wien@kerschner-wohndesign.at',NULL,NULL,NULL,'false',NULL,NULL,NULL,NULL,NULL,NULL,NULL,NULL,NULL,NULL,NULL,NULL,NULL,'Kerschner Wohndesign GmbH','true','Götzgasse 4-6 Top 1','','1100','Wien',NULL,NULL,'unknown',NULL,NULL,NULL,NULL,NULL,NULL,NULL,NULL,'true','01 6079300',NULL,NULL,NULL,NULL,NULL,NULL,NULL,NULL,1,'2016-10-14 09:43:59',1,'2016-10-14 09:43:59'),(819,560,1146,'AT','de','AT','male',NULL,'Rudolf','Garnweidner',NULL,'rg@holzwerkstaette.at',NULL,NULL,NULL,'false',NULL,NULL,NULL,NULL,NULL,NULL,NULL,NULL,NULL,NULL,NULL,NULL,652,'Tischlerei Garnweidner Rudolf','true','Rodinger Straße 12','','5113','St. Georgen',NULL,NULL,'unknown',NULL,'Alois','Steiner','Handelszentrum 12',NULL,'5101','Bergheim',NULL,'true','06274 6826',NULL,NULL,NULL,NULL,NULL,NULL,NULL,NULL,1,'0000-00-00 00:00:00',1,'0000-00-00 00:00:00'),(820,561,952,'AT','de','AT','male',NULL,'Karl','Polsinger',NULL,'info@wohnen-polsinger.at',NULL,NULL,NULL,'false',NULL,NULL,NULL,NULL,NULL,NULL,NULL,NULL,NULL,NULL,NULL,NULL,NULL,'Wohnen-Polsinger','true','Sonnhalberweg 3','','9400','Wolfsberg',NULL,NULL,'unknown',NULL,NULL,NULL,NULL,NULL,NULL,NULL,NULL,'true','04352 72002',NULL,NULL,NULL,NULL,NULL,NULL,NULL,NULL,1,'2016-10-14 13:43:24',1,'2016-10-14 13:43:24'),(821,562,970,'AT','de','AT','male',NULL,'Markus','Wango',NULL,'m.w84@gmx.at',NULL,NULL,NULL,'false',NULL,NULL,NULL,NULL,NULL,NULL,NULL,NULL,NULL,NULL,NULL,NULL,767,'Wango Markus','true','Dorfstraße 23','','8661','Wartberg',NULL,NULL,'unknown',NULL,'Petra','Salzmann','Herrgottwiesgasse 170',NULL,'8055','Graz',NULL,'true','0660 5038085',NULL,NULL,NULL,NULL,NULL,NULL,NULL,NULL,1,'0000-00-00 00:00:00',1,'0000-00-00 00:00:00'),(822,563,970,'AT','de','AT','male',NULL,'Markus','Wango',NULL,'m.w84@gmx.at',NULL,NULL,NULL,'false',NULL,NULL,NULL,NULL,NULL,NULL,NULL,NULL,NULL,NULL,NULL,NULL,767,'Wango Markus','true','Dorfstraße 23','','8661','Wartberg',NULL,NULL,'unknown',NULL,'Petra','Salzmann','Herrgottwiesgasse 170',NULL,'8055','Graz',NULL,'true','0660 5038085',NULL,NULL,NULL,NULL,NULL,NULL,NULL,NULL,1,'0000-00-00 00:00:00',1,'0000-00-00 00:00:00'),(823,564,106,'AT','de','AT','unknown',NULL,'Privat Verkauf','Jaf Graz',NULL,'schauraum_austriaglas.graz@zengerer.at',NULL,NULL,NULL,'false',NULL,NULL,NULL,NULL,NULL,NULL,NULL,NULL,NULL,NULL,NULL,NULL,37,NULL,'false','Herrgottwiesgasse 170','','8055','Graz',NULL,NULL,'unknown',NULL,'Martin','Labler','Herrgottwiesgasse 170',NULL,'8055','Graz',NULL,'true',NULL,NULL,NULL,NULL,NULL,NULL,NULL,NULL,NULL,1,'0000-00-00 00:00:00',1,'0000-00-00 00:00:00'),(824,565,106,'AT','de','AT','unknown',NULL,'Privat Verkauf','Jaf Graz',NULL,'schauraum_austriaglas.graz@zengerer.at',NULL,NULL,NULL,'false',NULL,NULL,NULL,NULL,NULL,NULL,NULL,NULL,NULL,NULL,NULL,NULL,NULL,NULL,'false','Herrgottwiesgasse 170','','8055','Graz',NULL,NULL,'unknown',NULL,NULL,NULL,NULL,NULL,NULL,NULL,NULL,'true',NULL,NULL,NULL,NULL,NULL,NULL,NULL,NULL,NULL,1,'2016-10-17 05:49:43',1,'2016-10-17 05:49:43'),(825,566,106,'AT','de','AT','unknown',NULL,'Privat Verkauf','Jaf Graz',NULL,'schauraum_austriaglas.graz@zengerer.at',NULL,NULL,NULL,'false',NULL,NULL,NULL,NULL,NULL,NULL,NULL,NULL,NULL,NULL,NULL,NULL,NULL,NULL,'false','Herrgottwiesgasse 170','','8055','Graz',NULL,NULL,'unknown',NULL,NULL,NULL,NULL,NULL,NULL,NULL,NULL,'true',NULL,NULL,NULL,NULL,NULL,NULL,NULL,NULL,NULL,1,'2016-10-17 06:06:15',1,'2016-10-17 06:06:15'),(826,567,1027,'AT','de','AT','male',NULL,'Markus','Scherzer',NULL,'office@scherzer-moebeldesign.at',NULL,NULL,NULL,'false',NULL,NULL,NULL,NULL,NULL,NULL,NULL,NULL,NULL,NULL,NULL,NULL,NULL,'Scherzer OG','true','Feichsen 18','','3251','Purgstall',NULL,NULL,'unknown',NULL,NULL,NULL,NULL,NULL,NULL,NULL,NULL,'true','07489 30235',NULL,NULL,NULL,NULL,'18b5cb535479b1f4fd6d2f6b3a37d71d',NULL,NULL,NULL,1,'2016-10-17 08:42:48',1,'2016-10-17 08:42:48'),(827,568,360,'AT','de',NULL,'male',NULL,'WELLNESSBEREICHE SETZ GMBH',NULL,NULL,'office@wellnessbereiche.at',NULL,NULL,NULL,'false',NULL,NULL,NULL,NULL,NULL,NULL,NULL,NULL,NULL,NULL,NULL,NULL,179,NULL,'false','INDUSTRIEZONE 57','','6460','IMST',NULL,NULL,'unknown',NULL,'Benjamin','Stabentheiner','Amerling 119',NULL,'6233','Kramsach',NULL,'true',NULL,NULL,NULL,NULL,NULL,NULL,NULL,NULL,NULL,1,'0000-00-00 00:00:00',1,'0000-00-00 00:00:00'),(828,569,982,'AT','de','AT','male',NULL,'Wolfgang','Gröbl',NULL,'wolfgang.groebl@utanet.at',NULL,NULL,NULL,'false',NULL,NULL,NULL,NULL,NULL,NULL,NULL,NULL,NULL,NULL,NULL,NULL,NULL,'Tischlermeister Gröbl Wolfgang','true','Unterer Kirchenweg 4','','3335','Weyer',NULL,NULL,'unknown',NULL,NULL,NULL,NULL,NULL,NULL,NULL,NULL,'true','07355 6341',NULL,NULL,NULL,NULL,NULL,NULL,NULL,NULL,1,'2016-10-18 06:11:35',1,'2016-10-18 06:11:35'),(829,570,733,'AT','de','AT','male',NULL,'Markus','Haas',NULL,'office@h-diezwei.at',NULL,NULL,NULL,'false',NULL,NULL,NULL,NULL,NULL,NULL,NULL,NULL,NULL,NULL,NULL,NULL,NULL,'Haas & Haselgruber OG','true','Steinbruchgasse 15','','2540','Bad Vöslau',NULL,NULL,'unknown',NULL,NULL,NULL,NULL,NULL,NULL,NULL,NULL,'true','02252263900',NULL,NULL,NULL,NULL,'28bd84fb8b959caddda3556791199fd1',NULL,NULL,NULL,1,'2016-10-18 06:28:21',1,'2016-10-18 06:28:21'),(830,571,106,'AT','de','AT','unknown',NULL,'Müller','Heinrich',NULL,'schauraum_austriaglas.graz@zengerer.at',NULL,NULL,NULL,'false',NULL,NULL,NULL,NULL,NULL,NULL,NULL,NULL,NULL,NULL,NULL,NULL,37,NULL,'false','Preding 29','','8504','Preding',NULL,NULL,'unknown',NULL,'Martin','Labler','Herrgottwiesgasse 170',NULL,'8055','Graz',NULL,'true',NULL,NULL,NULL,NULL,NULL,NULL,NULL,NULL,NULL,1,'0000-00-00 00:00:00',1,'0000-00-00 00:00:00'),(831,572,982,'AT','de','AT','male',NULL,'Wolfgang','Gröbl',NULL,'wolfgang.groebl@utanet.at',NULL,NULL,NULL,'false',NULL,NULL,NULL,NULL,NULL,NULL,NULL,NULL,NULL,NULL,NULL,NULL,119,'Tischlermeister Gröbl Wolfgang','true','Unterer Kirchenweg 4','','3335','Weyer',NULL,NULL,'unknown',NULL,'Administrator','Jaf Linz','Prinz-Eugen-Straße 13',NULL,'4020','Linz',NULL,'true','07355 6341',NULL,NULL,NULL,NULL,NULL,NULL,NULL,NULL,1,'0000-00-00 00:00:00',1,'0000-00-00 00:00:00'),(832,573,301,'AT','de',NULL,'male',NULL,'MAMP SNC',NULL,NULL,'technik@mamp.it',NULL,NULL,NULL,'false',NULL,NULL,NULL,NULL,NULL,NULL,NULL,NULL,NULL,NULL,NULL,NULL,NULL,NULL,'false','ZONA ARTEJANALA 25','','39030','WENGEN',NULL,NULL,'unknown',NULL,NULL,NULL,NULL,NULL,NULL,NULL,NULL,'true',NULL,NULL,NULL,NULL,NULL,NULL,NULL,NULL,NULL,1,'2016-10-18 10:53:50',1,'2016-10-18 10:53:50'),(833,574,952,'AT','de','AT','male',NULL,'Karl','Polsinger',NULL,'info@wohnen-polsinger.at',NULL,NULL,NULL,'false',NULL,NULL,NULL,NULL,NULL,NULL,NULL,NULL,NULL,NULL,NULL,NULL,NULL,'Wohnen-Polsinger','true','Sonnhalberweg 3','','9400','Wolfsberg',NULL,NULL,'unknown',NULL,NULL,NULL,NULL,NULL,NULL,NULL,NULL,'true','04352 72002',NULL,NULL,NULL,NULL,NULL,NULL,NULL,NULL,1,'2016-10-18 13:08:39',1,'2016-10-18 13:08:39'),(834,575,107,'AT','de','AT','unknown',NULL,'Privat Verkauf','Jaf Stockerau',NULL,'schauraum_austriaglas.stockerau@frischeis.com',NULL,NULL,NULL,'false',NULL,NULL,NULL,NULL,NULL,NULL,NULL,NULL,NULL,NULL,NULL,NULL,NULL,NULL,'false','Gerbergasse 2','','2000','Stockerau',NULL,NULL,'unknown',NULL,NULL,NULL,NULL,NULL,NULL,NULL,NULL,'true',NULL,NULL,NULL,NULL,NULL,'c349e2e9a1d9e12bc2edbcb58222aa4c',NULL,NULL,NULL,1,'2016-10-18 13:39:41',1,'2016-10-18 13:39:41'),(835,576,1149,'AT','de','AT','male',NULL,'Erich','Aigner',NULL,'office@dankuechen-megastore.at',NULL,NULL,NULL,'false',NULL,NULL,NULL,NULL,NULL,NULL,NULL,NULL,NULL,NULL,NULL,NULL,NULL,'K.M.V. Küchenstudio GmbH','true','Marktstraße 19/2b','','2331','Vösendorf',NULL,NULL,'unknown',NULL,NULL,NULL,NULL,NULL,NULL,NULL,NULL,'true','01 6999070',NULL,NULL,NULL,NULL,NULL,NULL,NULL,NULL,1,'2016-10-18 15:36:56',1,'2016-10-18 15:36:56'),(836,577,1151,'AT','de','AT','male',NULL,'Josef','Mayrhofer',NULL,'office@mayrhofer.eu',NULL,NULL,NULL,'false',NULL,NULL,NULL,NULL,NULL,NULL,NULL,NULL,NULL,NULL,NULL,NULL,NULL,'Tischlerei Mayrhofer GmbH','true','Waxenbergstraße 10','','4173','St. Veit im Mühlkreis',NULL,NULL,'unknown',NULL,NULL,NULL,NULL,NULL,NULL,NULL,NULL,'true','07217 6580',NULL,NULL,NULL,NULL,NULL,NULL,NULL,NULL,1,'2016-10-19 06:59:59',1,'2016-10-19 06:59:59'),(837,578,360,'AT','de',NULL,'male',NULL,'WELLNESSBEREICHE SETZ GMBH',NULL,NULL,'office@wellnessbereiche.at',NULL,NULL,NULL,'false',NULL,NULL,NULL,NULL,NULL,NULL,NULL,NULL,NULL,NULL,NULL,NULL,179,NULL,'false','INDUSTRIEZONE 57','','6460','IMST',NULL,NULL,'unknown',NULL,'Benjamin','Stabentheiner','Amerling 119',NULL,'6233','Kramsach',NULL,'true',NULL,NULL,NULL,NULL,NULL,NULL,NULL,NULL,NULL,1,'0000-00-00 00:00:00',1,'0000-00-00 00:00:00'),(838,579,360,'AT','de',NULL,'male',NULL,'WELLNESSBEREICHE SETZ GMBH',NULL,NULL,'office@wellnessbereiche.at',NULL,NULL,NULL,'false',NULL,NULL,NULL,NULL,NULL,NULL,NULL,NULL,NULL,NULL,NULL,NULL,179,NULL,'false','INDUSTRIEZONE 57','','6460','IMST',NULL,NULL,'unknown',NULL,'Benjamin','Stabentheiner','Amerling 119',NULL,'6233','Kramsach',NULL,'true',NULL,NULL,NULL,NULL,NULL,NULL,NULL,NULL,NULL,1,'0000-00-00 00:00:00',1,'0000-00-00 00:00:00'),(839,580,1136,'AT','de','AT','female',NULL,'Elisabeth','Puschan',NULL,'elisabeth@puschan.com',NULL,NULL,NULL,'false',NULL,NULL,NULL,NULL,NULL,NULL,NULL,NULL,NULL,NULL,NULL,NULL,NULL,'Puschan kreativ GmbH','true','Kärntnerstraße 18','','9500','Villach',NULL,NULL,'unknown',NULL,NULL,NULL,NULL,NULL,NULL,NULL,NULL,'true','0664 8368908',NULL,NULL,NULL,NULL,NULL,NULL,NULL,NULL,1,'2016-10-19 12:53:23',1,'2016-10-19 12:53:23'),(840,581,1156,'AT','de','AT','male',NULL,'Martin','Sauberer',NULL,'kuechen@sauberer.com',NULL,NULL,NULL,'false',NULL,NULL,NULL,NULL,NULL,NULL,NULL,NULL,NULL,NULL,NULL,NULL,NULL,'Weinviertler Wohnmanufaktur','true','Wiener Straße 5','','2120','Wolkersdorf',NULL,NULL,'unknown',NULL,NULL,NULL,NULL,NULL,NULL,NULL,NULL,'true','0699 15999293',NULL,NULL,NULL,NULL,NULL,NULL,NULL,NULL,1,'2016-10-19 13:53:36',1,'2016-10-19 13:53:36'),(841,582,824,'AT','de','AT','male',NULL,'Thomas','Zapfel',NULL,'office@tischlerei-zapfel.at',NULL,NULL,NULL,'false',NULL,NULL,NULL,NULL,NULL,NULL,NULL,NULL,NULL,NULL,NULL,NULL,NULL,'Tischlerei Zapfel Thomas','true','Obere Hauptstraße 85','','7422','Riedlingsdorf',NULL,NULL,'unknown',NULL,NULL,NULL,NULL,NULL,NULL,NULL,NULL,'true','0660 4330301',NULL,NULL,NULL,NULL,NULL,NULL,NULL,NULL,1,'2016-10-19 14:46:11',1,'2016-10-19 14:46:11'),(842,583,302,'AT','de',NULL,'male',NULL,'JENNEWEIN MATTIAS',NULL,NULL,'mattias.jennewein@alice.it',NULL,NULL,NULL,'false',NULL,NULL,NULL,NULL,NULL,NULL,NULL,NULL,NULL,NULL,NULL,NULL,NULL,NULL,'false','ANGERDORF 1','','39030','VINTL / WEITENTAL',NULL,NULL,'unknown',NULL,NULL,NULL,NULL,NULL,NULL,NULL,NULL,'true',NULL,NULL,NULL,NULL,NULL,NULL,NULL,NULL,NULL,1,'2016-10-20 06:28:10',1,'2016-10-20 06:28:10'),(843,584,111,'AT','de','AT','unknown',NULL,'Privat Verkauf','Jaf Kramsach',NULL,'schauraum_austriaglas.kramsach@frischeis.com',NULL,NULL,NULL,'false',NULL,NULL,NULL,NULL,NULL,NULL,NULL,NULL,NULL,NULL,NULL,NULL,NULL,'J. u. A. Frischeis Ges.m.b.H.','true','Amerling 119','','6233','Kramsach',NULL,NULL,'unknown',NULL,NULL,NULL,NULL,NULL,NULL,NULL,NULL,'true',NULL,NULL,NULL,NULL,NULL,'154b39e517701c36d2f0b40ebb887bc0',NULL,NULL,NULL,1,'2016-10-20 06:50:09',1,'2016-10-20 06:50:09'),(844,585,1100,'AT','de','AT','male','Ing.','Gerald','Martinschitz',NULL,'martinschitz@mein-tischler.at',NULL,NULL,NULL,'false',NULL,NULL,NULL,NULL,NULL,NULL,NULL,NULL,NULL,NULL,NULL,NULL,1101,'Tischlerei Ing. Gerald Martinschitz','true','Kleinsattelstraße 50','','9500','Villach',NULL,'Tischlerei Ing. Gerald Martinschitz','unknown',NULL,'Gerald','Martinschitz','Kleinsattelstraße 50',NULL,'9500','Villach',NULL,'true','04242 32895',NULL,NULL,NULL,NULL,NULL,NULL,NULL,NULL,1,'0000-00-00 00:00:00',1,'0000-00-00 00:00:00'),(845,586,1100,'AT','de','AT','male','Ing.','Gerald','Martinschitz',NULL,'martinschitz@mein-tischler.at',NULL,NULL,NULL,'false',NULL,NULL,NULL,NULL,NULL,NULL,NULL,NULL,NULL,NULL,NULL,NULL,1101,'Tischlerei Ing. Gerald Martinschitz','true','Kleinsattelstraße 50','','9500','Villach',NULL,'Tischlerei Ing. Gerald Martinschitz','unknown',NULL,'Gerald','Martinschitz','Kleinsattelstraße 50',NULL,'9500','Villach',NULL,'true','04242 32895',NULL,NULL,NULL,NULL,NULL,NULL,NULL,NULL,1,'0000-00-00 00:00:00',1,'0000-00-00 00:00:00'),(846,587,1100,'AT','de','AT','male','Ing.','Gerald','Martinschitz',NULL,'martinschitz@mein-tischler.at',NULL,NULL,NULL,'false',NULL,NULL,NULL,NULL,NULL,NULL,NULL,NULL,NULL,NULL,NULL,NULL,NULL,'Tischlerei Ing. Gerald Martinschitz','true','Kleinsattelstraße 50','','9500','Villach',NULL,NULL,'unknown',NULL,NULL,NULL,NULL,NULL,NULL,NULL,NULL,'true','04242 32895',NULL,NULL,NULL,NULL,NULL,NULL,NULL,NULL,1,'2016-10-20 07:30:01',1,'2016-10-20 07:30:01'),(847,588,1100,'AT','de','AT','male','Ing.','Gerald','Martinschitz',NULL,'martinschitz@mein-tischler.at',NULL,NULL,NULL,'false',NULL,NULL,NULL,NULL,NULL,NULL,NULL,NULL,NULL,NULL,NULL,NULL,NULL,'Tischlerei Ing. Gerald Martinschitz','true','Kleinsattelstraße 50','','9500','Villach',NULL,NULL,'unknown',NULL,NULL,NULL,NULL,NULL,NULL,NULL,NULL,'true','04242 32895',NULL,NULL,NULL,NULL,NULL,NULL,NULL,NULL,1,'2016-10-20 07:47:21',1,'2016-10-20 07:47:21'),(848,589,1130,'AT','de','AT','male',NULL,'Christian','Körber',NULL,'office@pintz.at',NULL,NULL,NULL,'false',NULL,NULL,NULL,NULL,NULL,NULL,NULL,NULL,NULL,NULL,NULL,NULL,1131,'Josef Pintz Handels G.m.b.H.','true','Lerchenfelderstraße 79','','1070','Wien',NULL,'Josef Pintz Handels G.m.b.H.','unknown',NULL,'Christian','Körber','Lerchenfelderstraße 79',NULL,'1070','Wien',NULL,'true','01 5232736',NULL,NULL,NULL,NULL,NULL,NULL,NULL,NULL,1,'0000-00-00 00:00:00',1,'0000-00-00 00:00:00'),(849,590,1018,'AT','de','AT','male',NULL,'Reinhard','Bramer',NULL,'reinhard.bramer@kieslinger.at',NULL,NULL,NULL,'false',NULL,NULL,NULL,NULL,NULL,NULL,NULL,NULL,NULL,NULL,NULL,NULL,NULL,'Tischlerei Wohnstudio Kieslinger GmbH ','true','Grubstraße 6','','4771','Sigharting',NULL,NULL,'unknown',NULL,NULL,NULL,NULL,NULL,NULL,NULL,NULL,'true','07766 3187',NULL,NULL,NULL,NULL,NULL,NULL,NULL,NULL,1,'2016-10-20 09:54:58',1,'2016-10-20 09:54:58'),(850,591,168,'AT','de',NULL,'female',NULL,'Anna','Krumböck',NULL,'g.zeitlhofer@krumboeck.at',NULL,NULL,NULL,'false',NULL,NULL,NULL,NULL,NULL,NULL,NULL,NULL,NULL,NULL,NULL,NULL,143,NULL,'false','EICHENSTRASSE 1','','3385','GERERSDORF',NULL,NULL,'unknown',NULL,'Thomas','Lager','Gerbergasse 2',NULL,'2000','Stockerau',NULL,'true',NULL,NULL,NULL,NULL,NULL,NULL,NULL,NULL,NULL,1,'0000-00-00 00:00:00',1,'0000-00-00 00:00:00'),(851,592,1156,'AT','de','AT','male',NULL,'Martin','Sauberer',NULL,'kuechen@sauberer.com',NULL,NULL,NULL,'false',NULL,NULL,NULL,NULL,NULL,NULL,NULL,NULL,NULL,NULL,NULL,NULL,NULL,'Weinviertler Wohnmanufaktur','true','Wiener Straße 5','','2120','Wolkersdorf',NULL,NULL,'unknown',NULL,NULL,NULL,NULL,NULL,NULL,NULL,NULL,'true','0699 15999293',NULL,NULL,NULL,NULL,NULL,NULL,NULL,NULL,1,'2016-10-21 07:45:38',1,'2016-10-21 07:45:38'),(852,593,63,'AT','de','AT','male',NULL,'Tischler','Austriaglas',NULL,'tischler@austriaglas.at',NULL,NULL,NULL,'false',NULL,NULL,NULL,NULL,NULL,NULL,NULL,NULL,NULL,NULL,NULL,NULL,NULL,NULL,'true','Industriegasse 4','','8311','Markt Hartmannsdorf',NULL,NULL,'unknown',NULL,NULL,NULL,NULL,NULL,NULL,NULL,NULL,'true',NULL,NULL,NULL,NULL,NULL,'0b931a49b3cb9a7259d8b0e44170210a',NULL,NULL,NULL,1,'2016-10-21 08:56:48',1,'2016-10-21 08:56:48'),(853,594,992,'AT','de','AT','male',NULL,'Norbert','Schwaiger',NULL,'office@sturm-kuechen.at',NULL,NULL,NULL,'false',NULL,NULL,NULL,NULL,NULL,NULL,NULL,NULL,NULL,NULL,NULL,NULL,655,'C & H Sturm GmbH','true','Niederland 154','','5091','Unken',NULL,NULL,'unknown',NULL,'Walter','Bauernhansl','Handelszentrum 12',NULL,'5101','Bergheim',NULL,'true','06589 421586',NULL,NULL,NULL,NULL,NULL,NULL,NULL,NULL,1,'0000-00-00 00:00:00',1,'0000-00-00 00:00:00'),(854,595,111,'AT','de','AT','unknown',NULL,'Privat Verkauf','Jaf Kramsach',NULL,'schauraum_austriaglas.kramsach@frischeis.com',NULL,NULL,NULL,'false',NULL,NULL,NULL,NULL,NULL,NULL,NULL,NULL,NULL,NULL,NULL,NULL,NULL,'J. u. A. Frischeis Ges.m.b.H.','true','Amerling 119','','6233','Kramsach',NULL,NULL,'unknown',NULL,NULL,NULL,NULL,NULL,NULL,NULL,NULL,'true',NULL,NULL,NULL,NULL,NULL,'154b39e517701c36d2f0b40ebb887bc0',NULL,NULL,NULL,1,'2016-10-25 06:25:30',1,'2016-10-25 06:25:30'),(855,596,773,'AT','de','AT','male',NULL,'Günther','Wendl',NULL,'office@tischlerei-wendl.at',NULL,NULL,NULL,'false',NULL,NULL,NULL,NULL,NULL,NULL,NULL,NULL,NULL,NULL,NULL,NULL,653,'Planerei Tischlerei Wendl','true','Kapellenweg 30','','4865','Nußdorf am Attersee',NULL,NULL,'unknown',NULL,'Alfred','Fink','Handelszentrum 12',NULL,'5101','Bergheim',NULL,'true','076668673',NULL,NULL,NULL,NULL,NULL,NULL,NULL,NULL,1,'0000-00-00 00:00:00',1,'0000-00-00 00:00:00'),(856,597,995,'AT','de','AT','male',NULL,'Manfred','Mörtenhuber',NULL,'office@moertenhuber.com',NULL,NULL,NULL,'false',NULL,NULL,NULL,NULL,NULL,NULL,NULL,NULL,NULL,NULL,NULL,NULL,NULL,'Firma Mörtenhuber','true','Welserstraße 13','','4550','Kremsmünster',NULL,NULL,'unknown',NULL,NULL,NULL,NULL,NULL,NULL,NULL,NULL,'true',NULL,NULL,NULL,NULL,NULL,NULL,NULL,NULL,NULL,1,'2016-10-25 08:39:23',1,'2016-10-25 08:39:23'),(857,598,773,'AT','de','AT','male',NULL,'Günther','Wendl',NULL,'office@tischlerei-wendl.at',NULL,NULL,NULL,'false',NULL,NULL,NULL,NULL,NULL,NULL,NULL,NULL,NULL,NULL,NULL,NULL,NULL,'Planerei Tischlerei Wendl','true','Kapellenweg 30','','4865','Nußdorf am Attersee',NULL,NULL,'unknown',NULL,NULL,NULL,NULL,NULL,NULL,NULL,NULL,'true','076668673',NULL,NULL,NULL,NULL,NULL,NULL,NULL,NULL,1,'2016-10-25 08:40:22',1,'2016-10-25 08:40:22'),(858,599,1162,'AT','de','AT','male',NULL,'Karl','Eder',NULL,'k.eder@palme.eu',NULL,NULL,NULL,'false',NULL,NULL,NULL,NULL,NULL,NULL,NULL,NULL,NULL,NULL,NULL,NULL,NULL,'Palme-Duschabtrennung GmbH','true','Jechtenham 16','','4775','Taufkirchen/P.',NULL,NULL,'unknown',NULL,NULL,NULL,NULL,NULL,NULL,NULL,NULL,'true','07719 85 85 - 29',NULL,NULL,NULL,NULL,NULL,NULL,NULL,NULL,1,'2016-10-27 05:54:00',1,'2016-10-27 05:54:00'),(859,600,1158,'AT','de','AT','male',NULL,'Günter','Hadringer',NULL,'g.hadringer@schweitzer.at',NULL,NULL,NULL,'false',NULL,NULL,NULL,NULL,NULL,NULL,NULL,NULL,NULL,NULL,NULL,NULL,NULL,'Schweitzer Ladenbau GmbH','true','Ginzkeystraße 29','','4600','Wels',NULL,NULL,'unknown',NULL,NULL,NULL,NULL,NULL,NULL,NULL,NULL,'true','07242 2380',NULL,NULL,NULL,NULL,NULL,NULL,NULL,NULL,1,'2016-10-27 07:09:12',1,'2016-10-27 07:09:12'),(860,601,1043,'AT','de','AT','male',NULL,'Manfred','Hasler',NULL,'office@einrichter-hasler.at',NULL,NULL,NULL,'false',NULL,NULL,NULL,NULL,NULL,NULL,NULL,NULL,NULL,NULL,NULL,NULL,NULL,'Einrichtungsstudio Hasler Manfred','true','Bad Gams 5','','8530','Deutschlandsberg',NULL,NULL,'unknown',NULL,NULL,NULL,NULL,NULL,NULL,NULL,NULL,'true','03463 20544',NULL,NULL,NULL,NULL,NULL,NULL,NULL,NULL,1,'2016-10-27 11:33:39',1,'2016-10-27 11:33:39'),(861,602,817,'AT','de','AT','female',NULL,'Nadine','Riegl',NULL,'nadine@riegl.at',NULL,NULL,NULL,'false',NULL,NULL,NULL,NULL,NULL,NULL,NULL,NULL,NULL,NULL,NULL,NULL,32,'Tischlerei Riegl','true','Maltesergasse 8','','8570','Voitsberg',NULL,NULL,'unknown',NULL,'Andrea','Lang','Herrgottwiesgasse 170',NULL,'8055','Graz',NULL,'true','03142 22683',NULL,NULL,NULL,NULL,NULL,NULL,NULL,NULL,1,'0000-00-00 00:00:00',1,'0000-00-00 00:00:00'),(862,603,1043,'AT','de','AT','male',NULL,'Manfred','Hasler',NULL,'office@einrichter-hasler.at',NULL,NULL,NULL,'false',NULL,NULL,NULL,NULL,NULL,NULL,NULL,NULL,NULL,NULL,NULL,NULL,NULL,'Einrichtungsstudio Hasler Manfred','true','Bad Gams 5','','8530','Deutschlandsberg',NULL,NULL,'unknown',NULL,NULL,NULL,NULL,NULL,NULL,NULL,NULL,'true','03463 20544',NULL,NULL,NULL,NULL,NULL,NULL,NULL,NULL,1,'2016-10-27 11:51:28',1,'2016-10-27 11:51:28'),(863,604,1113,'AT','de','AT','male',NULL,'Martin','Damböck',NULL,'buero@tischlerei-damboeck.at',NULL,NULL,NULL,'false',NULL,NULL,NULL,NULL,NULL,NULL,NULL,NULL,NULL,NULL,NULL,NULL,NULL,'Tischlerei Martin Damböck','true','Eggmairstraße 1','','4595','Waldneukirchen',NULL,NULL,'unknown',NULL,NULL,NULL,NULL,NULL,NULL,NULL,NULL,'true','07258 7030',NULL,NULL,NULL,NULL,NULL,NULL,NULL,NULL,1,'2016-10-28 07:46:04',1,'2016-10-28 07:46:04'),(864,605,1113,'AT','de','AT','male',NULL,'Martin','Damböck',NULL,'buero@tischlerei-damboeck.at',NULL,NULL,NULL,'false',NULL,NULL,NULL,NULL,NULL,NULL,NULL,NULL,NULL,NULL,NULL,NULL,NULL,'Tischlerei Martin Damböck','true','Eggmairstraße 1','','4595','Waldneukirchen',NULL,NULL,'unknown',NULL,NULL,NULL,NULL,NULL,NULL,NULL,NULL,'true','07258 7030',NULL,NULL,NULL,NULL,NULL,NULL,NULL,NULL,1,'2016-10-28 08:35:28',1,'2016-10-28 08:35:28'),(865,606,791,'AT','de',NULL,'male',NULL,'Richard','Pernstich',NULL,'richard@x-glas.it',NULL,NULL,NULL,'false',NULL,NULL,NULL,NULL,NULL,NULL,NULL,NULL,NULL,NULL,NULL,NULL,NULL,'D. Pernstich Richard','true','Naunweg 8','','I-39057','Eppan-Girlan',NULL,NULL,'unknown',NULL,NULL,NULL,NULL,NULL,NULL,NULL,NULL,'true','0039 3351226640',NULL,NULL,NULL,NULL,NULL,NULL,NULL,NULL,1,'2016-10-31 14:58:52',1,'2016-10-31 14:58:52'),(866,607,1164,'AT','de','AT','male',NULL,'Oliver','Christ',NULL,'ksc@aon.at',NULL,NULL,NULL,'false',NULL,NULL,NULL,NULL,NULL,NULL,NULL,NULL,NULL,NULL,NULL,NULL,NULL,'Küchenstudio Christ GmbH','true','Hofhaymer Allee 15','','5020','Salzburg',NULL,NULL,'unknown',NULL,NULL,NULL,NULL,NULL,NULL,NULL,NULL,'true','0662 823327',NULL,NULL,NULL,NULL,NULL,NULL,NULL,NULL,1,'2016-11-02 09:40:53',1,'2016-11-02 09:40:53'),(867,608,1164,'AT','de','AT','male',NULL,'Oliver','Christ',NULL,'ksc@aon.at',NULL,NULL,NULL,'false',NULL,NULL,NULL,NULL,NULL,NULL,NULL,NULL,NULL,NULL,NULL,NULL,NULL,'Küchenstudio Christ GmbH','true','Hofhaymer Allee 15','','5020','Salzburg',NULL,NULL,'unknown',NULL,NULL,NULL,NULL,NULL,NULL,NULL,NULL,'true','0662 823327',NULL,NULL,NULL,NULL,NULL,NULL,NULL,NULL,1,'2016-11-02 10:20:39',1,'2016-11-02 10:20:39'),(868,609,733,'AT','de','AT','male',NULL,'Markus','Haas',NULL,'office@h-diezwei.at',NULL,NULL,NULL,'false',NULL,NULL,NULL,NULL,NULL,NULL,NULL,NULL,NULL,NULL,NULL,NULL,NULL,'Haas & Haselgruber OG','true','Steinbruchgasse 15','','2540','Bad Vöslau',NULL,NULL,'unknown',NULL,NULL,NULL,NULL,NULL,NULL,NULL,NULL,'true','02252263900',NULL,NULL,NULL,NULL,'28bd84fb8b959caddda3556791199fd1',NULL,NULL,NULL,1,'2016-11-02 12:18:59',1,'2016-11-02 12:18:59'),(869,610,1043,'AT','de','AT','male',NULL,'Manfred','Hasler',NULL,'office@einrichter-hasler.at',NULL,NULL,NULL,'false',NULL,NULL,NULL,NULL,NULL,NULL,NULL,NULL,NULL,NULL,NULL,NULL,1044,'Einrichtungsstudio Hasler Manfred','true','Bad Gams 5','','8530','Deutschlandsberg',NULL,'Einrichtungsstudio Hasler Manfred','unknown',NULL,'Manfred','Hasler','Bad Gams 5',NULL,'8530','Deutschlandsberg',NULL,'true','03463 20544',NULL,NULL,NULL,NULL,NULL,NULL,NULL,NULL,1,'0000-00-00 00:00:00',1,'0000-00-00 00:00:00'),(870,611,776,'AT','de','AT','female',NULL,'Sandra','Köppl',NULL,'koeppl.sandra@gmail.com',NULL,NULL,NULL,'false',NULL,NULL,NULL,NULL,NULL,NULL,NULL,NULL,NULL,NULL,NULL,NULL,NULL,'Redstone OG','true','Röthelstein 67','','8131','Frohnleiten',NULL,NULL,'unknown',NULL,NULL,NULL,NULL,NULL,NULL,NULL,NULL,'true','0664 587 63 20',NULL,NULL,NULL,NULL,NULL,NULL,NULL,NULL,1,'2016-11-02 15:10:49',1,'2016-11-02 15:10:49'),(871,612,1130,'AT','de','AT','male',NULL,'Christian','Körber',NULL,'office@pintz.at',NULL,NULL,NULL,'false',NULL,NULL,NULL,NULL,NULL,NULL,NULL,NULL,NULL,NULL,NULL,NULL,1131,'Josef Pintz Handels G.m.b.H.','true','Lerchenfelderstraße 79','','1070','Wien',NULL,'Josef Pintz Handels G.m.b.H.','unknown',NULL,'Christian','Körber','Lerchenfelderstraße 79',NULL,'1070','Wien',NULL,'true','01 5232736',NULL,NULL,NULL,NULL,NULL,NULL,NULL,NULL,1,'0000-00-00 00:00:00',1,'0000-00-00 00:00:00'),(872,613,106,'AT','de','AT','unknown',NULL,'Privat Verkauf','Jaf Graz',NULL,'schauraum_austriaglas.graz@zengerer.at',NULL,NULL,NULL,'false',NULL,NULL,NULL,NULL,NULL,NULL,NULL,NULL,NULL,NULL,NULL,NULL,37,'JAF Zengerer GmbH','true','Herrgottwiesgasse 170','','8055','Graz',NULL,NULL,'unknown',NULL,'Martin','Labler','Herrgottwiesgasse 170',NULL,'8055','Graz',NULL,'true',NULL,NULL,NULL,NULL,NULL,'fbbb5b98ecde75bde2ce5aba1e854a8a',NULL,NULL,NULL,1,'0000-00-00 00:00:00',1,'0000-00-00 00:00:00'),(873,614,1163,'NU','de',NULL,'male',NULL,'Kom: Schützinger','J. u. A. Frischeis Ges.m.b.H.',NULL,'info@schreinerei-schuetzinger.de',NULL,NULL,NULL,'false',NULL,NULL,NULL,NULL,NULL,NULL,NULL,NULL,NULL,NULL,NULL,NULL,655,'Schreinerei Schützinger GmbH & Co KG','true','Handelszentrum 12','','5101','Salzburg',NULL,NULL,'unknown',NULL,'Walter','Bauernhansl','Handelszentrum 12',NULL,'5101','Bergheim',NULL,'true','0861 13908',NULL,NULL,NULL,NULL,NULL,NULL,NULL,NULL,1,'0000-00-00 00:00:00',1,'0000-00-00 00:00:00'),(874,615,776,'AT','de','AT','female',NULL,'Sandra','Köppl',NULL,'koeppl.sandra@gmail.com',NULL,NULL,NULL,'false',NULL,NULL,NULL,NULL,NULL,NULL,NULL,NULL,NULL,NULL,NULL,NULL,767,'Redstone OG','true','Röthelstein 67','','8131','Frohnleiten',NULL,NULL,'unknown',NULL,'Petra','Salzmann','Herrgottwiesgasse 170',NULL,'8055','Graz',NULL,'true','0664 587 63 20',NULL,NULL,NULL,NULL,NULL,NULL,NULL,NULL,1,'0000-00-00 00:00:00',1,'0000-00-00 00:00:00'),(875,616,970,'AT','de','AT','male',NULL,'Markus','Wango',NULL,'m.w84@gmx.at',NULL,NULL,NULL,'false',NULL,NULL,NULL,NULL,NULL,NULL,NULL,NULL,NULL,NULL,NULL,NULL,767,'Wango Markus','true','Dorfstraße 23','','8661','Wartberg',NULL,NULL,'unknown',NULL,'Petra','Salzmann','Herrgottwiesgasse 170',NULL,'8055','Graz',NULL,'true','0660 5038085',NULL,NULL,NULL,NULL,NULL,NULL,NULL,NULL,1,'0000-00-00 00:00:00',1,'0000-00-00 00:00:00'),(876,617,107,'AT','de','AT','unknown',NULL,'Privat Verkauf','Jaf Stockerau',NULL,'schauraum_austriaglas.stockerau@frischeis.com',NULL,NULL,NULL,'false',NULL,NULL,NULL,NULL,NULL,NULL,NULL,NULL,NULL,NULL,NULL,NULL,NULL,NULL,'false','Gerbergasse 2','','2000','Stockerau',NULL,NULL,'unknown',NULL,NULL,NULL,NULL,NULL,NULL,NULL,NULL,'true',NULL,NULL,NULL,NULL,NULL,'c349e2e9a1d9e12bc2edbcb58222aa4c',NULL,NULL,NULL,1,'2016-11-07 07:49:12',1,'2016-11-07 07:49:12'),(877,618,1174,'AT','de','AT','male',NULL,'Manfred','Logar',NULL,'manfred@logar.at',NULL,NULL,NULL,'false',NULL,NULL,NULL,NULL,NULL,NULL,NULL,NULL,NULL,NULL,NULL,NULL,NULL,'Logar Manfred - Küchenstudio Villach-Wernberg','true','Millesistraße 9','','9500','Villach',NULL,NULL,'unknown',NULL,NULL,NULL,NULL,NULL,NULL,NULL,NULL,'true','0664 5220769',NULL,NULL,NULL,NULL,'a81765511496d841b8b5eeb5a0145c3a',NULL,NULL,NULL,1,'2016-11-07 11:39:41',1,'2016-11-07 11:39:41'),(878,619,1130,'AT','de','AT','male',NULL,'Christian','Körber',NULL,'office@pintz.at',NULL,NULL,NULL,'false',NULL,NULL,NULL,NULL,NULL,NULL,NULL,NULL,NULL,NULL,NULL,NULL,1131,'Josef Pintz Handels G.m.b.H.','true','Lerchenfelderstraße 79','','1070','Wien',NULL,'Josef Pintz Handels G.m.b.H.','unknown',NULL,'Christian','Körber','Lerchenfelderstraße 79',NULL,'1070','Wien',NULL,'true','01 5232736',NULL,NULL,NULL,NULL,NULL,NULL,NULL,NULL,1,'0000-00-00 00:00:00',1,'0000-00-00 00:00:00'),(879,620,1059,'AT','de','AT','male',NULL,'Rudolf','Hansl',NULL,'wohnstudio@f-fuerst.at',NULL,NULL,NULL,'false',NULL,NULL,NULL,NULL,NULL,NULL,NULL,NULL,NULL,NULL,NULL,NULL,880,'Tischlerei + Wohnstudio Franz Fürst e. U.','true','Engerwitzerdorfer Straße 45','','4209','Engerwitzerdorf',NULL,NULL,'unknown',NULL,'Michaela','Atzmüller','Prinz-Eugen-Straße 13',NULL,'4020','Linz',NULL,'true','07235 622350',NULL,NULL,NULL,NULL,'1181f94d6d8bccea1d6ce9e74149218f',NULL,NULL,NULL,1,'0000-00-00 00:00:00',1,'0000-00-00 00:00:00'),(880,621,109,'AT','de','AT','unknown',NULL,'Privat Verkauf','Jaf Villach',NULL,'austriaglas.villach@frischeis.com',NULL,NULL,NULL,'false',NULL,NULL,NULL,NULL,NULL,NULL,NULL,NULL,NULL,NULL,NULL,NULL,116,NULL,'false','Muldenweg 12','','9500','Villach',NULL,'J. u. A. Frischeis Ges.m.b.H.','unknown',NULL,'Administrator','Jaf Villach','Holzstraße 1',NULL,'9500','Villach',NULL,'true',NULL,NULL,NULL,NULL,NULL,'4a94800a544e8fb6962f190bd8906458',NULL,NULL,NULL,1,'0000-00-00 00:00:00',1,'0000-00-00 00:00:00'),(881,622,1186,'AT','de','AT','male',NULL,'Gmbh','Möbeldesign Graier',NULL,'graier.moebel@gmx.at',NULL,NULL,NULL,'false',NULL,NULL,NULL,NULL,NULL,NULL,NULL,NULL,NULL,NULL,NULL,NULL,839,'Möbeldesign Graier GmbH','true','Deutschbergweg 1','','9520','Sattendorf',NULL,NULL,'unknown',NULL,'Jennifer','Opriessnig','Muldenweg 12',NULL,'9500','Villach',NULL,'true','04243 8437',NULL,NULL,NULL,NULL,NULL,NULL,NULL,NULL,1,'0000-00-00 00:00:00',1,'0000-00-00 00:00:00'),(882,623,360,'AT','de',NULL,'male',NULL,'WELLNESSBEREICHE SETZ GMBH',NULL,NULL,'office@wellnessbereiche.at',NULL,NULL,NULL,'false',NULL,NULL,NULL,NULL,NULL,NULL,NULL,NULL,NULL,NULL,NULL,NULL,179,NULL,'false','INDUSTRIEZONE 57','','6460','IMST',NULL,NULL,'unknown',NULL,'Benjamin','Stabentheiner','Amerling 119',NULL,'6233','Kramsach',NULL,'true',NULL,NULL,NULL,NULL,NULL,NULL,NULL,NULL,NULL,1,'0000-00-00 00:00:00',1,'0000-00-00 00:00:00'),(883,624,360,'AT','de',NULL,'male',NULL,'WELLNESSBEREICHE SETZ GMBH',NULL,NULL,'office@wellnessbereiche.at',NULL,NULL,NULL,'false',NULL,NULL,NULL,NULL,NULL,NULL,NULL,NULL,NULL,NULL,NULL,NULL,179,NULL,'false','INDUSTRIEZONE 57','','6460','IMST',NULL,NULL,'unknown',NULL,'Benjamin','Stabentheiner','Amerling 119',NULL,'6233','Kramsach',NULL,'true',NULL,NULL,NULL,NULL,NULL,NULL,NULL,NULL,NULL,1,'0000-00-00 00:00:00',1,'0000-00-00 00:00:00'),(884,625,63,'AT','de','AT','male',NULL,'Tischler','Austriaglas',NULL,'tischler@austriaglas.at',NULL,NULL,NULL,'false',NULL,NULL,NULL,NULL,NULL,NULL,NULL,NULL,NULL,NULL,NULL,NULL,NULL,NULL,'true','Industriegasse 4','','8311','Markt Hartmannsdorf',NULL,NULL,'unknown',NULL,NULL,NULL,NULL,NULL,NULL,NULL,NULL,'true',NULL,NULL,NULL,NULL,NULL,'0b931a49b3cb9a7259d8b0e44170210a',NULL,NULL,NULL,1,'2016-11-08 10:25:06',1,'2016-11-08 10:25:06'),(885,626,1182,'AT','de','AT','male',NULL,'Werner','Rindlisbacher',NULL,'office@wr-kuechen.at',NULL,NULL,NULL,'false',NULL,NULL,NULL,NULL,NULL,NULL,NULL,NULL,NULL,NULL,NULL,NULL,NULL,'Werner Rindlisbacher Küchen','true','Handwerksstraße 22','','9500','Villach',NULL,NULL,'unknown',NULL,NULL,NULL,NULL,NULL,NULL,NULL,NULL,'true','0676 9359655',NULL,NULL,NULL,NULL,'d933a36dcaf71e0451e1eab93065bc49',NULL,NULL,NULL,1,'2016-11-08 10:25:12',1,'2016-11-08 10:25:12'),(886,627,684,'AT','de',NULL,'unknown',NULL,'Norbert','Spatzenegger',NULL,'n.spatzenegger@gmx.at',NULL,NULL,NULL,'false',NULL,NULL,NULL,NULL,NULL,NULL,NULL,NULL,NULL,NULL,NULL,NULL,115,NULL,'false','KÜHLBICHL 7','','5211','FRIEDBURG',NULL,'J. u. A. Frischeis Ges.m.b.H.','unknown',NULL,'Administrator','Jaf Salzburg','Handelszentrum 12',NULL,'5101','Salzburg',NULL,'true',NULL,NULL,NULL,NULL,NULL,NULL,NULL,NULL,NULL,1,'0000-00-00 00:00:00',1,'0000-00-00 00:00:00'),(887,628,1187,'AT','de','AT','male',NULL,'Wolfgang','Bischoff',NULL,'office@mein-moebel.at',NULL,NULL,NULL,'false',NULL,NULL,NULL,NULL,NULL,NULL,NULL,NULL,NULL,NULL,NULL,NULL,33,'Bischoff KG','true','Mariengasse 8','','8430','Leibnitz',NULL,NULL,'unknown',NULL,'Claudia','Schreiber','Herrgottwiesgasse 170',NULL,'8055','Graz',NULL,'true','03452 82232',NULL,NULL,NULL,NULL,NULL,NULL,NULL,NULL,1,'0000-00-00 00:00:00',1,'0000-00-00 00:00:00'),(888,629,1066,'AT','de','AT','male','Ing.','Franz','Seiner',NULL,'office@seiner-wohnen.at',NULL,NULL,NULL,'false',NULL,NULL,NULL,NULL,NULL,NULL,NULL,NULL,NULL,NULL,NULL,NULL,NULL,'Ing. Franz Seiner e. U.','true','Hauptplatz 40','','8524','Deutschlandsberg',NULL,NULL,'unknown',NULL,NULL,NULL,NULL,NULL,NULL,NULL,NULL,'true','03462 7028',NULL,NULL,NULL,NULL,NULL,NULL,NULL,NULL,1,'2016-11-08 14:07:29',1,'2016-11-08 14:07:29'),(889,630,1193,'AT','de','AT','male',NULL,'Gerhard','Zimmermann',NULL,'info@gailtalmoebel.at',NULL,NULL,NULL,'false',NULL,NULL,NULL,NULL,NULL,NULL,NULL,NULL,NULL,NULL,NULL,NULL,1194,'Möbel Zimmermann GmbH','true','Podlanig 9','','9620','Hermagor',NULL,'Möbel Zimmermann GmbH','unknown',NULL,'Gerhard','Zimmermann','Podlanig 9',NULL,'9620','Hermagor',NULL,'true','04282 22680',NULL,NULL,NULL,NULL,NULL,NULL,NULL,NULL,1,'0000-00-00 00:00:00',1,'0000-00-00 00:00:00'),(890,631,1085,'AT','de','AT','male',NULL,'Johann','Böhm',NULL,'dan.studio@b3-wohnen.at',NULL,NULL,NULL,'false',NULL,NULL,NULL,NULL,NULL,NULL,NULL,NULL,NULL,NULL,NULL,NULL,NULL,'B3-Wohnen GmbH','true','Gerhardingerstraße 1','','4240','Freistadt',NULL,NULL,'unknown',NULL,NULL,NULL,NULL,NULL,NULL,NULL,NULL,'true','07942 75360',NULL,NULL,NULL,NULL,NULL,NULL,NULL,NULL,1,'2016-11-08 15:08:55',1,'2016-11-08 15:08:55'),(891,632,302,'AT','de',NULL,'male',NULL,'JENNEWEIN MATTIAS',NULL,NULL,'mattias.jennewein@alice.it',NULL,NULL,NULL,'false',NULL,NULL,NULL,NULL,NULL,NULL,NULL,NULL,NULL,NULL,NULL,NULL,179,NULL,'false','ANGERDORF 1','','39030','VINTL / WEITENTAL',NULL,NULL,'unknown',NULL,'Benjamin','Stabentheiner','Amerling 119',NULL,'6233','Kramsach',NULL,'true',NULL,NULL,NULL,NULL,NULL,NULL,NULL,NULL,NULL,1,'0000-00-00 00:00:00',1,'0000-00-00 00:00:00'),(892,633,733,'AT','de','AT','male',NULL,'Markus','Haas',NULL,'office@h-diezwei.at',NULL,NULL,NULL,'false',NULL,NULL,NULL,NULL,NULL,NULL,NULL,NULL,NULL,NULL,NULL,NULL,732,'Haas & Haselgruber OG','true','Steinbruchgasse 15','','2540','Bad Vöslau',NULL,'Haas & Haselgruber OG','unknown',NULL,'Markus','Haas','Steinbruchgasse 15',NULL,'2540','Bad Vöslau',NULL,'true','02252263900',NULL,NULL,NULL,NULL,'28bd84fb8b959caddda3556791199fd1',NULL,NULL,NULL,1,'0000-00-00 00:00:00',1,'0000-00-00 00:00:00'),(893,634,360,'AT','de',NULL,'male',NULL,'WELLNESSBEREICHE SETZ GMBH',NULL,NULL,'office@wellnessbereiche.at',NULL,NULL,NULL,'false',NULL,NULL,NULL,NULL,NULL,NULL,NULL,NULL,NULL,NULL,NULL,NULL,179,NULL,'false','INDUSTRIEZONE 57','','6460','IMST',NULL,NULL,'unknown',NULL,'Benjamin','Stabentheiner','Amerling 119',NULL,'6233','Kramsach',NULL,'true',NULL,NULL,NULL,NULL,NULL,NULL,NULL,NULL,NULL,1,'0000-00-00 00:00:00',1,'0000-00-00 00:00:00'),(894,635,360,'AT','de',NULL,'male',NULL,'WELLNESSBEREICHE SETZ GMBH',NULL,NULL,'office@wellnessbereiche.at',NULL,NULL,NULL,'false',NULL,NULL,NULL,NULL,NULL,NULL,NULL,NULL,NULL,NULL,NULL,NULL,179,NULL,'false','INDUSTRIEZONE 57','','6460','IMST',NULL,NULL,'unknown',NULL,'Benjamin','Stabentheiner','Amerling 119',NULL,'6233','Kramsach',NULL,'true',NULL,NULL,NULL,NULL,NULL,NULL,NULL,NULL,NULL,1,'0000-00-00 00:00:00',1,'0000-00-00 00:00:00'),(895,636,733,'AT','de','AT','male',NULL,'Markus','Haas',NULL,'office@h-diezwei.at',NULL,NULL,NULL,'false',NULL,NULL,NULL,NULL,NULL,NULL,NULL,NULL,NULL,NULL,NULL,NULL,NULL,'Haas & Haselgruber OG','true','Steinbruchgasse 15','','2540','Bad Vöslau',NULL,NULL,'unknown',NULL,NULL,NULL,NULL,NULL,NULL,NULL,NULL,'true','02252263900',NULL,NULL,NULL,NULL,'28bd84fb8b959caddda3556791199fd1',NULL,NULL,NULL,1,'2016-11-09 11:53:02',1,'2016-11-09 11:53:02'),(896,637,1158,'AT','de','AT','male',NULL,'Günter','Hadringer',NULL,'g.hadringer@schweitzer.at',NULL,NULL,NULL,'false',NULL,NULL,NULL,NULL,NULL,NULL,NULL,NULL,NULL,NULL,NULL,NULL,NULL,'Schweitzer Ladenbau GmbH','true','Ginzkeystraße 29','','4600','Wels',NULL,NULL,'unknown',NULL,NULL,NULL,NULL,NULL,NULL,NULL,NULL,'true','07242 2380',NULL,NULL,NULL,NULL,NULL,NULL,NULL,NULL,1,'2016-11-09 14:06:38',1,'2016-11-09 14:06:38'),(897,638,1158,'AT','de','AT','male',NULL,'Günter','Hadringer',NULL,'g.hadringer@schweitzer.at',NULL,NULL,NULL,'false',NULL,NULL,NULL,NULL,NULL,NULL,NULL,NULL,NULL,NULL,NULL,NULL,NULL,'Schweitzer Ladenbau GmbH','true','Ginzkeystraße 29','','4600','Wels',NULL,NULL,'unknown',NULL,NULL,NULL,NULL,NULL,NULL,NULL,NULL,'true','07242 2380',NULL,NULL,NULL,NULL,NULL,NULL,NULL,NULL,1,'2016-11-09 14:12:57',1,'2016-11-09 14:12:57'),(898,639,948,'AT','de','AT','male',NULL,'Willibald','Teuschl',NULL,'tischlerei_teuschl@aon.at',NULL,NULL,NULL,'false',NULL,NULL,NULL,NULL,NULL,NULL,NULL,NULL,NULL,NULL,NULL,NULL,883,'Tischlerei Teuschl Willibald','true','Spielberg 17','','3632','Traunstein',NULL,NULL,'unknown',NULL,'Josef','Walchshofer','Prinz-Eugen-Straße 13',NULL,'4020','Linz',NULL,'true','02878 6245',NULL,NULL,NULL,NULL,NULL,NULL,NULL,NULL,1,'0000-00-00 00:00:00',1,'0000-00-00 00:00:00'),(899,640,1202,'AT','de','AT','male','Ing.','Patrick','Autengruber',NULL,'office@fdw.cc',NULL,NULL,NULL,'false',NULL,NULL,NULL,NULL,NULL,NULL,NULL,NULL,NULL,NULL,NULL,NULL,NULL,'fdw Faszination des Wohnens','true','Bahnhofstraße 24','','4810','Gmunden',NULL,NULL,'unknown',NULL,NULL,NULL,NULL,NULL,NULL,NULL,NULL,'true','07612 71034',NULL,NULL,NULL,NULL,NULL,NULL,NULL,NULL,1,'2016-11-09 16:39:55',1,'2016-11-09 16:39:55'),(900,641,1058,'NU','de',NULL,'male',NULL,'Michael','Steurer',NULL,'tischlerei.steurer@rolmail.net',NULL,NULL,NULL,'false',NULL,NULL,NULL,NULL,NULL,NULL,NULL,NULL,NULL,NULL,NULL,NULL,NULL,'Tischlerei Steurer KG','true','Pfitscherstraße 57/b','','39040','Wiesen/Pfitsch',NULL,NULL,'unknown',NULL,NULL,NULL,NULL,NULL,NULL,NULL,NULL,'true',NULL,NULL,NULL,NULL,NULL,NULL,NULL,NULL,NULL,1,'2016-11-10 09:07:21',1,'2016-11-10 09:07:21'),(901,642,948,'AT','de','AT','male',NULL,'Willibald','Teuschl',NULL,'tischlerei_teuschl@aon.at',NULL,NULL,NULL,'false',NULL,NULL,NULL,NULL,NULL,NULL,NULL,NULL,NULL,NULL,NULL,NULL,883,'Tischlerei Teuschl Willibald','true','Spielberg 17','','3632','Traunstein',NULL,NULL,'unknown',NULL,'Josef','Walchshofer','Prinz-Eugen-Straße 13',NULL,'4020','Linz',NULL,'true','02878 6245',NULL,NULL,NULL,NULL,NULL,NULL,NULL,NULL,1,'0000-00-00 00:00:00',1,'0000-00-00 00:00:00'),(902,643,1089,'AT','de','AT','male',NULL,'Joachim','Hopfer',NULL,'joachim.hopfer@gmx.at',NULL,NULL,NULL,'false',NULL,NULL,NULL,NULL,NULL,NULL,NULL,NULL,NULL,NULL,NULL,NULL,NULL,'Tischlerei Hopfer Joachim','true','Jamm 27','','8354','St. Anna/Aigen',NULL,NULL,'unknown',NULL,NULL,NULL,NULL,NULL,NULL,NULL,NULL,'true','0664 2413093',NULL,NULL,NULL,NULL,NULL,NULL,NULL,NULL,1,'2016-11-10 09:26:06',1,'2016-11-10 09:26:06'),(903,644,817,'AT','de','AT','female',NULL,'Nadine','Riegl',NULL,'nadine@riegl.at',NULL,NULL,NULL,'false',NULL,NULL,NULL,NULL,NULL,NULL,NULL,NULL,NULL,NULL,NULL,NULL,32,'Tischlerei Riegl','true','Maltesergasse 8','','8570','Voitsberg',NULL,NULL,'unknown',NULL,'Andrea','Lang','Herrgottwiesgasse 170',NULL,'8055','Graz',NULL,'true','03142 22683',NULL,NULL,NULL,NULL,NULL,NULL,NULL,NULL,1,'0000-00-00 00:00:00',1,'0000-00-00 00:00:00'),(904,645,1028,'AT','de','AT','male',NULL,'Thomas','Kröpfl',NULL,'t.kroepfl@markowohnen.at',NULL,NULL,NULL,'false',NULL,NULL,NULL,NULL,NULL,NULL,NULL,NULL,NULL,NULL,NULL,NULL,NULL,'Marko Wohnen GmbH','true','Rinkenberg 70','','9150','Bleiburg',NULL,NULL,'unknown',NULL,NULL,NULL,NULL,NULL,NULL,NULL,NULL,'true','04235 211412',NULL,NULL,NULL,NULL,'fa0cdbbf86f188229dd2554c2ece60f9',NULL,NULL,NULL,1,'2016-11-10 09:49:28',1,'2016-11-10 09:49:28'),(905,646,1147,'AT','de','AT','female','Ing. Mag (FH)','Stefanie','Kuhlmann',NULL,'office@4Dmobil.at',NULL,NULL,NULL,'false',NULL,NULL,NULL,NULL,NULL,NULL,NULL,NULL,NULL,NULL,NULL,NULL,NULL,'4Dmobil Küchen GmbH','true','Hauptstraße 2','','3034','Meierhöfen',NULL,NULL,'unknown',NULL,NULL,NULL,NULL,NULL,NULL,NULL,NULL,'true','0699 12804759',NULL,NULL,NULL,NULL,'0632561e3068005e35290c7573b5139a',NULL,NULL,NULL,1,'2016-11-10 10:37:48',1,'2016-11-10 10:37:48'),(906,647,269,'AT','de',NULL,'male',NULL,'WALDBOTH TISCHLEREI OHG',NULL,NULL,'info@tischlerei-waldboth.it',NULL,NULL,NULL,'false',NULL,NULL,NULL,NULL,NULL,NULL,NULL,NULL,NULL,NULL,NULL,NULL,NULL,NULL,'false','LATZFONS; MITTERWIESEN 10','','39043','KLAUSEN',NULL,NULL,'unknown',NULL,NULL,NULL,NULL,NULL,NULL,NULL,NULL,'true',NULL,NULL,NULL,NULL,NULL,NULL,NULL,NULL,NULL,1,'2016-11-10 12:19:32',1,'2016-11-10 12:19:32'),(907,648,1027,'AT','de','AT','male',NULL,'Markus','Scherzer',NULL,'office@scherzer-moebeldesign.at',NULL,NULL,NULL,'false',NULL,NULL,NULL,NULL,NULL,NULL,NULL,NULL,NULL,NULL,NULL,NULL,NULL,'Scherzer OG','true','Feichsen 18','','3251','Purgstall',NULL,NULL,'unknown',NULL,NULL,NULL,NULL,NULL,NULL,NULL,NULL,'true','07489 30235',NULL,NULL,NULL,NULL,'18b5cb535479b1f4fd6d2f6b3a37d71d',NULL,NULL,NULL,1,'2016-11-10 15:38:22',1,'2016-11-10 15:38:22'),(908,649,107,'AT','de','AT','unknown',NULL,'Josef','Marchhart',NULL,'schauraum_austriaglas.stockerau@frischeis.com',NULL,NULL,NULL,'false',NULL,NULL,NULL,NULL,NULL,NULL,NULL,NULL,NULL,NULL,NULL,NULL,114,'J. u. A. Frischeis Ges.m.b.H.','true','Reither Strasse 29','','2620','Ternitz',NULL,'J. u. A. Frischeis Ges.m.b.H.','unknown',NULL,'Administrator','Jaf Stockerau','Gerbergasse 2',NULL,'2000','Stockerau',NULL,'true',NULL,NULL,NULL,NULL,NULL,'c349e2e9a1d9e12bc2edbcb58222aa4c',NULL,NULL,NULL,1,'0000-00-00 00:00:00',1,'0000-00-00 00:00:00'),(909,650,29,'AT','de','AT','male',NULL,'Max','Mustermann Tischler',NULL,'tischler2@datenkraft.com',NULL,NULL,NULL,'false',NULL,NULL,NULL,NULL,NULL,NULL,NULL,NULL,NULL,NULL,NULL,NULL,NULL,NULL,'false','Tischlerstraße 2','','8042','GrazT2',NULL,NULL,'',NULL,NULL,NULL,NULL,NULL,NULL,NULL,NULL,'true',NULL,NULL,NULL,NULL,NULL,'2b08eb3753eced932a866de8ab57ba22',NULL,NULL,NULL,1,'2016-11-14 07:24:58',1,'2016-11-14 07:24:58'),(910,651,291,'AT','de',NULL,'male',NULL,'MAIR LORENZ',NULL,NULL,'info@mairlorenz.it',NULL,NULL,NULL,'false',NULL,NULL,NULL,NULL,NULL,NULL,NULL,NULL,NULL,NULL,NULL,NULL,NULL,NULL,'false','ANTHOLZERSTRAßE 97','','39030','OBERRASEN',NULL,NULL,'unknown',NULL,NULL,NULL,NULL,NULL,NULL,NULL,NULL,'true',NULL,NULL,NULL,NULL,NULL,NULL,NULL,NULL,NULL,1,'2016-11-14 09:35:43',1,'2016-11-14 09:35:43'),(911,652,1211,'AT','de','AT','male',NULL,'Edith','Hubmann',NULL,'edith.hubmann@aon.at',NULL,NULL,NULL,'false',NULL,NULL,NULL,NULL,NULL,NULL,NULL,NULL,NULL,NULL,NULL,NULL,143,'Hubmann Edith - Einrichtungsfachhandel','true','Thenneberg 12','','2571','Altenmarkt - Thenneberg',NULL,NULL,'unknown',NULL,'Thomas','Lager','Gerbergasse 2',NULL,'2000','Stockerau',NULL,'true','0676 5083676',NULL,NULL,NULL,NULL,NULL,NULL,NULL,NULL,1,'0000-00-00 00:00:00',1,'0000-00-00 00:00:00'),(912,653,817,'AT','de','AT','female',NULL,'Nadine','Riegl',NULL,'nadine@riegl.at',NULL,NULL,NULL,'false',NULL,NULL,NULL,NULL,NULL,NULL,NULL,NULL,NULL,NULL,NULL,NULL,32,'Tischlerei Riegl','true','Maltesergasse 8','','8570','Voitsberg',NULL,NULL,'unknown',NULL,'Andrea','Lang','Herrgottwiesgasse 170',NULL,'8055','Graz',NULL,'true','03142 22683',NULL,NULL,NULL,NULL,NULL,NULL,NULL,NULL,1,'0000-00-00 00:00:00',1,'0000-00-00 00:00:00'),(913,654,1085,'AT','de','AT','male',NULL,'Johann','Böhm',NULL,'dan.studio@b3-wohnen.at',NULL,NULL,NULL,'false',NULL,NULL,NULL,NULL,NULL,NULL,NULL,NULL,NULL,NULL,NULL,NULL,1086,'B3-Wohnen GmbH','true','Gerhardingerstraße 1','','4240','Freistadt',NULL,'B3-Wohnen GmbH','unknown',NULL,'Johann','Böhm','Gerhardingerstraße 1',NULL,'4240','Freistadt',NULL,'true','07942 75360',NULL,NULL,NULL,NULL,NULL,NULL,NULL,NULL,1,'0000-00-00 00:00:00',1,'0000-00-00 00:00:00'),(914,655,1013,'AT','de','AT','male',NULL,'Christian','Willmann',NULL,'christian.willmann@tischlerei-maier.at',NULL,NULL,NULL,'false',NULL,NULL,NULL,NULL,NULL,NULL,NULL,NULL,NULL,NULL,NULL,NULL,119,'Maier Tischlerei GmbH','true','Hofötzerstraße 10','','4783','Wernstein',NULL,'J. u. A. Frischeis Ges.m.b.H.','unknown',NULL,'Administrator','Jaf Linz','Prinz-Eugen-Straße 13',NULL,'4020','Linz',NULL,'true','0676 3102602',NULL,NULL,NULL,NULL,NULL,NULL,NULL,NULL,1,'0000-00-00 00:00:00',1,'0000-00-00 00:00:00'),(915,656,1089,'AT','de','AT','male',NULL,'Joachim','Hopfer',NULL,'joachim.hopfer@gmx.at',NULL,NULL,NULL,'false',NULL,NULL,NULL,NULL,NULL,NULL,NULL,NULL,NULL,NULL,NULL,NULL,NULL,'Tischlerei Hopfer Joachim','true','Jamm 27','','8354','St. Anna/Aigen',NULL,NULL,'unknown',NULL,NULL,NULL,NULL,NULL,NULL,NULL,NULL,'true','0664 2413093',NULL,NULL,NULL,NULL,NULL,NULL,NULL,NULL,1,'2016-11-15 11:32:23',1,'2016-11-15 11:32:23'),(916,657,1085,'AT','de','AT','male',NULL,'Johann','Böhm',NULL,'dan.studio@b3-wohnen.at',NULL,NULL,NULL,'false',NULL,NULL,NULL,NULL,NULL,NULL,NULL,NULL,NULL,NULL,NULL,NULL,NULL,'B3-Wohnen GmbH','true','Gerhardingerstraße 1','','4240','Freistadt',NULL,NULL,'unknown',NULL,NULL,NULL,NULL,NULL,NULL,NULL,NULL,'true','07942 75360',NULL,NULL,NULL,NULL,NULL,NULL,NULL,NULL,1,'2016-11-15 12:29:31',1,'2016-11-15 12:29:31'),(917,658,1085,'AT','de','AT','male',NULL,'Johann','Böhm',NULL,'dan.studio@b3-wohnen.at',NULL,NULL,NULL,'false',NULL,NULL,NULL,NULL,NULL,NULL,NULL,NULL,NULL,NULL,NULL,NULL,1086,'B3-Wohnen GmbH','true','Gerhardingerstraße 1','','4240','Freistadt',NULL,'B3-Wohnen GmbH','unknown',NULL,'Johann','Böhm','Gerhardingerstraße 1',NULL,'4240','Freistadt',NULL,'true','07942 75360',NULL,NULL,NULL,NULL,NULL,NULL,NULL,NULL,1,'0000-00-00 00:00:00',1,'0000-00-00 00:00:00'),(918,659,985,'NU','de',NULL,'male',NULL,'JAF ','KRAMSACH',NULL,'info@falegnameriabernardi.it',NULL,NULL,NULL,'false',NULL,NULL,NULL,NULL,NULL,NULL,NULL,NULL,NULL,NULL,NULL,NULL,118,'Tischlerei Bernardi Alfonso & Figli snc','true','AMERLING 119','','6233','KRAMSACH',NULL,'J. u. A. Frischeis Ges.m.b.H.','unknown',NULL,'Administrator','Jaf Kramsach','Amerling 119',NULL,'6233','Kramsach',NULL,'true','0471 847137',NULL,NULL,NULL,NULL,NULL,NULL,NULL,NULL,1,'0000-00-00 00:00:00',1,'0000-00-00 00:00:00'),(919,660,1214,'AT','de','AT','male',NULL,'Horst','Weber',NULL,'weberhorst@aon.at',NULL,NULL,NULL,'false',NULL,NULL,NULL,NULL,NULL,NULL,NULL,NULL,NULL,NULL,NULL,NULL,NULL,'Tischlerei Weber','true','St. Kathrein 99','','8672','St. Kathrein a. H.',NULL,NULL,'unknown',NULL,NULL,NULL,NULL,NULL,NULL,NULL,NULL,'true','03173 2273',NULL,NULL,NULL,NULL,NULL,NULL,NULL,NULL,1,'2016-11-15 13:08:03',1,'2016-11-15 13:08:03'),(920,661,746,'AT','de',NULL,'female',NULL,'NICOLE','FLECK',NULL,'tischlerei.fleck@gmx.at',NULL,NULL,NULL,'false',NULL,NULL,NULL,NULL,NULL,NULL,NULL,NULL,NULL,NULL,NULL,NULL,NULL,NULL,'false','STUBEN 60','','7434','BERNSTEIN',NULL,NULL,'unknown',NULL,NULL,NULL,NULL,NULL,NULL,NULL,NULL,'true',NULL,NULL,NULL,NULL,NULL,NULL,NULL,NULL,NULL,1,'2016-11-15 14:08:13',1,'2016-11-15 14:08:13'),(921,662,112,'AT','de','AT','unknown',NULL,'Privat Verkauf','Jaf Linz',NULL,'schauraum_austriaglas.linz@frischeis.com',NULL,NULL,NULL,'false',NULL,NULL,NULL,NULL,NULL,NULL,NULL,NULL,NULL,NULL,NULL,NULL,NULL,'J. u. A. Frischeis Ges.m.b.H.','true','Prinz-Eugen-Straße 13','','4020','Linz',NULL,NULL,'unknown',NULL,NULL,NULL,NULL,NULL,NULL,NULL,NULL,'true',NULL,NULL,NULL,NULL,NULL,'5192b38c40ff53551bccb4ffda5ffd92',NULL,NULL,NULL,1,'2016-11-16 09:04:26',1,'2016-11-16 09:04:26'),(922,663,660,'AT','de',NULL,'unknown',NULL,'Franz','Birgmann',NULL,'tischlerei-birgmann@aon.at',NULL,NULL,NULL,'false',NULL,NULL,NULL,NULL,NULL,NULL,NULL,NULL,NULL,NULL,NULL,NULL,NULL,NULL,'false','GUNDERTSHAUSEN 63','','5142','Eggelsberg',NULL,NULL,'unknown',NULL,NULL,NULL,NULL,NULL,NULL,NULL,NULL,'true',NULL,NULL,NULL,NULL,NULL,NULL,NULL,NULL,NULL,1,'2016-11-16 09:23:41',1,'2016-11-16 09:23:41'),(923,664,1210,'AT','de','AT','male',NULL,'Norbert','Pühringer',NULL,'office@norbert-puehringer.at',NULL,NULL,NULL,'false',NULL,NULL,NULL,NULL,NULL,NULL,NULL,NULL,NULL,NULL,NULL,NULL,NULL,'Pühringer Norbert','true','Hainbuchen 1','','3361','Krenstetten',NULL,NULL,'unknown',NULL,NULL,NULL,NULL,NULL,NULL,NULL,NULL,'true','07476 76236',NULL,NULL,NULL,NULL,NULL,NULL,NULL,NULL,1,'2016-11-16 09:58:31',1,'2016-11-16 09:58:31'),(924,665,1210,'AT','de','AT','male',NULL,'Norbert','Pühringer',NULL,'office@norbert-puehringer.at',NULL,NULL,NULL,'false',NULL,NULL,NULL,NULL,NULL,NULL,NULL,NULL,NULL,NULL,NULL,NULL,NULL,'Pühringer Norbert','true','Hainbuchen 1','','3361','Krenstetten',NULL,NULL,'unknown',NULL,NULL,NULL,NULL,NULL,NULL,NULL,NULL,'true','07476 76236',NULL,NULL,NULL,NULL,NULL,NULL,NULL,NULL,1,'2016-11-16 13:11:38',1,'2016-11-16 13:11:38'),(925,666,1209,'NU','de',NULL,'male',NULL,'Joseph','Kainzwaldner',NULL,'kainzwaldner@bb44.it',NULL,NULL,NULL,'false',NULL,NULL,NULL,NULL,NULL,NULL,NULL,NULL,NULL,NULL,NULL,NULL,NULL,'Gebrüder Kainzwaldner OHG','true','Kalchgrube 23','','39040','Villanders',NULL,NULL,'unknown',NULL,NULL,NULL,NULL,NULL,NULL,NULL,NULL,'true','0472 843128',NULL,NULL,NULL,NULL,NULL,NULL,NULL,NULL,1,'2016-11-16 16:04:48',1,'2016-11-16 16:04:48'),(926,667,1111,'AT','de','AT','male',NULL,'Jürgen','Kavalirek',NULL,'office@planenwohnen.at',NULL,NULL,NULL,'false',NULL,NULL,NULL,NULL,NULL,NULL,NULL,NULL,NULL,NULL,NULL,NULL,1112,'Tischlermeister Jürgen Kavalirek','true','Klagenfurter Straße 10','','9220','Velden am Wörthersee',NULL,'Tischlermeister Jürgen Kavalirek','unknown',NULL,'Jürgen','Kavalirek','Klagenfurter Straße 10',NULL,'9220','Velden am Wörthersee',NULL,'true','0664 2404500',NULL,NULL,NULL,NULL,NULL,NULL,NULL,NULL,1,'0000-00-00 00:00:00',1,'0000-00-00 00:00:00'),(927,668,733,'AT','de','AT','male',NULL,'Markus','Haas',NULL,'office@h-diezwei.at',NULL,NULL,NULL,'false',NULL,NULL,NULL,NULL,NULL,NULL,NULL,NULL,NULL,NULL,NULL,NULL,NULL,'Haas & Haselgruber OG','true','Steinbruchgasse 15','','2540','Bad Vöslau',NULL,NULL,'unknown',NULL,NULL,NULL,NULL,NULL,NULL,NULL,NULL,'true','02252263900',NULL,NULL,NULL,NULL,'28bd84fb8b959caddda3556791199fd1',NULL,NULL,NULL,1,'2016-11-21 07:55:54',1,'2016-11-21 07:55:54'),(928,669,1130,'AT','de','AT','male',NULL,'Handels Gmbh','Josef Pintz',NULL,'office@pintz.at',NULL,NULL,NULL,'false',NULL,NULL,NULL,NULL,NULL,NULL,NULL,NULL,NULL,NULL,NULL,NULL,NULL,'Josef Pintz Handels G.m.b.H.','true','Seyringer Straße 3','','2201','Seyring',NULL,NULL,'unknown',NULL,NULL,NULL,NULL,NULL,NULL,NULL,NULL,'true','01 5232736',NULL,NULL,NULL,NULL,'23d692020e230b9735b503ceee2e73d2',NULL,NULL,NULL,1,'2016-11-21 08:35:28',1,'2016-11-21 08:35:28'),(929,670,1043,'AT','de','AT','male',NULL,'Manfred','Hasler',NULL,'office@einrichter-hasler.at',NULL,NULL,NULL,'false',NULL,NULL,NULL,NULL,NULL,NULL,NULL,NULL,NULL,NULL,NULL,NULL,1044,'Einrichtungsstudio Hasler Manfred','true','Bad Gams 5','','8530','Deutschlandsberg',NULL,'Einrichtungsstudio Hasler Manfred','unknown',NULL,'Manfred','Hasler','Bad Gams 5',NULL,'8530','Deutschlandsberg',NULL,'true','03463 20544',NULL,NULL,NULL,NULL,NULL,NULL,NULL,NULL,1,'0000-00-00 00:00:00',1,'0000-00-00 00:00:00'),(930,671,109,'AT','de','AT','unknown',NULL,'Privat Verkauf','Jaf Villach',NULL,'austriaglas.villach@frischeis.com',NULL,NULL,NULL,'false',NULL,NULL,NULL,NULL,NULL,NULL,NULL,NULL,NULL,NULL,NULL,NULL,NULL,'J. u. A. Frischeis Ges.m.b.H.','true','Holzstraße 1','','9500','Villach',NULL,NULL,'unknown',NULL,NULL,NULL,NULL,NULL,NULL,NULL,NULL,'true',NULL,NULL,NULL,NULL,NULL,'80acc3a7bd4b5a7ca9c8d082bba932ec',NULL,NULL,NULL,1,'2016-11-21 12:28:56',1,'2016-11-21 12:28:56'),(931,672,109,'AT','de','AT','unknown',NULL,'Diana','Pfeifhofer',NULL,'austriaglas.villach@frischeis.com',NULL,NULL,NULL,'false',NULL,NULL,NULL,NULL,NULL,NULL,NULL,NULL,NULL,NULL,NULL,NULL,116,'J. u. A. Frischeis Ges.m.b.H.','true','Marktplatz 91','','9872','Millstatt',NULL,'J. u. A. Frischeis Ges.m.b.H.','unknown',NULL,'Administrator','Jaf Villach','Holzstraße 1',NULL,'9500','Villach',NULL,'true',NULL,NULL,NULL,NULL,NULL,'80acc3a7bd4b5a7ca9c8d082bba932ec',NULL,NULL,NULL,1,'0000-00-00 00:00:00',1,'0000-00-00 00:00:00'),(932,673,1116,'NU','de',NULL,'male',NULL,'Alex','Rungger',NULL,'rungger.alex@rolmail.net',NULL,NULL,NULL,'false',NULL,NULL,NULL,NULL,NULL,NULL,NULL,NULL,NULL,NULL,NULL,NULL,NULL,'Tischlerei Rungger Alex','true','Miri 27','','39030','St. Martin i. T.',NULL,NULL,'unknown',NULL,NULL,NULL,NULL,NULL,NULL,NULL,NULL,'true',NULL,NULL,NULL,NULL,NULL,NULL,NULL,NULL,NULL,1,'2016-11-21 20:16:22',1,'2016-11-21 20:16:22'),(933,674,1130,'AT','de','AT','male',NULL,'Handels Gmbh','Josef Pintz',NULL,'office@pintz.at',NULL,NULL,NULL,'false',NULL,NULL,NULL,NULL,NULL,NULL,NULL,NULL,NULL,NULL,NULL,NULL,1131,'Josef Pintz Handels G.m.b.H.','true','Seyringer Straße 3','','2201','Seyring',NULL,'Josef Pintz Handels G.m.b.H.','unknown',NULL,'Handels Gmbh','Josef Pinzt','Lerchenfelderstraße 79',NULL,'1070','Wien',NULL,'true','01 5232736',NULL,NULL,NULL,NULL,'23d692020e230b9735b503ceee2e73d2',NULL,NULL,NULL,1,'0000-00-00 00:00:00',1,'0000-00-00 00:00:00'),(934,675,678,'AT','de',NULL,'unknown',NULL,'Nobert','Pfanhauser',NULL,'tischlerei@speed.at',NULL,NULL,NULL,'false',NULL,NULL,NULL,NULL,NULL,NULL,NULL,NULL,NULL,NULL,NULL,NULL,655,NULL,'false','GEWERBEGEBIET 200','','5092','ST. MARTIN BEI LOFER',NULL,NULL,'unknown',NULL,'Walter','Bauernhansl','Handelszentrum 12',NULL,'5101','Bergheim',NULL,'true',NULL,NULL,NULL,NULL,NULL,NULL,NULL,NULL,NULL,1,'0000-00-00 00:00:00',1,'0000-00-00 00:00:00'),(935,676,1220,'AT','de','AT','male',NULL,'Stefan','Schönfelder',NULL,'office@glas-galerie.at',NULL,NULL,NULL,'false',NULL,NULL,NULL,NULL,NULL,NULL,NULL,NULL,NULL,NULL,NULL,NULL,1221,'Glas & Galerie Schönfelder GmbH','true','Christalnikstraße 8','','9330','Althofen',NULL,'Glas & Galerie Schönfelder GmbH','unknown',NULL,'Stefan','Schönfelder','Christalnikstraße 8',NULL,'9330','Althofen',NULL,'true','04262 2369',NULL,NULL,NULL,NULL,NULL,NULL,NULL,NULL,1,'0000-00-00 00:00:00',1,'0000-00-00 00:00:00'),(936,677,1130,'AT','de','AT','male',NULL,'Handels Gmbh','Josef Pintz',NULL,'office@pintz.at',NULL,NULL,NULL,'false',NULL,NULL,NULL,NULL,NULL,NULL,NULL,NULL,NULL,NULL,NULL,NULL,1131,'Josef Pintz Handels G.m.b.H.','true','Seyringer Straße 3','','2201','Seyring',NULL,'Josef Pintz Handels G.m.b.H.','unknown',NULL,'Handels Gmbh','Josef Pintz','Lerchenfelderstraße 79',NULL,'1070','Wien',NULL,'true','01 5232736',NULL,NULL,NULL,NULL,'23d692020e230b9735b503ceee2e73d2',NULL,NULL,NULL,1,'0000-00-00 00:00:00',1,'0000-00-00 00:00:00'),(937,678,1027,'AT','de','AT','male',NULL,'Markus','Scherzer',NULL,'office@scherzer-moebeldesign.at',NULL,NULL,NULL,'false',NULL,NULL,NULL,NULL,NULL,NULL,NULL,NULL,NULL,NULL,NULL,NULL,NULL,'Scherzer OG','true','Feichsen 18','','3251','Purgstall',NULL,NULL,'unknown',NULL,NULL,NULL,NULL,NULL,NULL,NULL,NULL,'true','07489 30235',NULL,NULL,NULL,NULL,'18b5cb535479b1f4fd6d2f6b3a37d71d',NULL,NULL,NULL,1,'2016-11-24 07:43:36',1,'2016-11-24 07:43:36'),(938,679,966,'AT','de','AT','male',NULL,'Manfred','Zeitelhofer',NULL,'office@zk-moebelmontagen.com',NULL,NULL,NULL,'false',NULL,NULL,NULL,NULL,NULL,NULL,NULL,NULL,NULL,NULL,NULL,NULL,119,'Z & K Möbel Montagen OG','true','Birkenweg 11','','3680','Persenbeug',NULL,'J. u. A. Frischeis Ges.m.b.H.','unknown',NULL,'Administrator','Jaf Linz','Prinz-Eugen-Straße 13',NULL,'4020','Linz',NULL,'true','0664 2010764',NULL,NULL,NULL,NULL,NULL,NULL,NULL,NULL,1,'0000-00-00 00:00:00',1,'0000-00-00 00:00:00'),(939,680,1064,'AT','de','AT','male',NULL,'Franz','Wipplinger',NULL,'franz.wipplinger@groiss.at',NULL,NULL,NULL,'false',NULL,NULL,NULL,NULL,NULL,NULL,NULL,NULL,NULL,NULL,NULL,NULL,NULL,'Groiss Wohnkultur e. U.','true','Baureith 5','','4160','Aigen-Schlägl',NULL,NULL,'unknown',NULL,NULL,NULL,NULL,NULL,NULL,NULL,NULL,'true','07281 63265',NULL,NULL,NULL,NULL,NULL,NULL,NULL,NULL,1,'2016-11-24 12:02:19',1,'2016-11-24 12:02:19'),(940,681,1222,'AT','de','AT','male',NULL,'Andreas','Karpf',NULL,'office@tischlerei-karpf.at',NULL,NULL,NULL,'false',NULL,NULL,NULL,NULL,NULL,NULL,NULL,NULL,NULL,NULL,NULL,NULL,114,'Bau- und Möbeltischlerei Andreas Karpf','true','Jägerzeile 17','','2452','Mannersdorf',NULL,'J. u. A. Frischeis Ges.m.b.H.','unknown',NULL,'Administrator','Jaf Stockerau','Gerbergasse 2',NULL,'2000','Stockerau',NULL,'true','02168 62347',NULL,NULL,NULL,NULL,NULL,NULL,NULL,NULL,1,'0000-00-00 00:00:00',1,'0000-00-00 00:00:00'),(941,682,1223,'AT','de','AT','male',NULL,'Alois','Griesmayr',NULL,'a.griesmayr@aon.at',NULL,NULL,NULL,'false',NULL,NULL,NULL,NULL,NULL,NULL,NULL,NULL,NULL,NULL,NULL,NULL,115,'Tischlerei Griesmayr Alois','true','Sallach 7','','4892','Fornach',NULL,'J. u. A. Frischeis Ges.m.b.H.','unknown',NULL,'Administrator','Jaf Salzburg','Handelszentrum 12',NULL,'5101','Salzburg',NULL,'true','07682 5112',NULL,NULL,NULL,NULL,NULL,NULL,NULL,NULL,1,'0000-00-00 00:00:00',1,'0000-00-00 00:00:00'),(942,683,1004,'AT','de','AT','male',NULL,'Christian','Demmelbauer',NULL,'cd@groemmer.at',NULL,NULL,NULL,'false',NULL,NULL,NULL,NULL,NULL,NULL,NULL,NULL,NULL,NULL,NULL,NULL,NULL,'Tischlerei Grömmer GmbH','true','Au 14','','4793','St. Roman',NULL,NULL,'unknown',NULL,NULL,NULL,NULL,NULL,NULL,NULL,NULL,'true','07716 6444',NULL,NULL,NULL,NULL,NULL,NULL,NULL,NULL,1,'2016-11-28 08:33:46',1,'2016-11-28 08:33:46'),(943,684,106,'AT','de','AT','unknown',NULL,'Franz','Haas',NULL,'schauraum_austriaglas.graz@zengerer.at',NULL,NULL,NULL,'false',NULL,NULL,NULL,NULL,NULL,NULL,NULL,NULL,NULL,NULL,NULL,NULL,37,'JAF Zengerer GmbH','true','Bergstraße 4','','8160','Weiz',NULL,NULL,'unknown',NULL,'Martin','Labler','Herrgottwiesgasse 170',NULL,'8055','Graz',NULL,'true',NULL,NULL,NULL,NULL,NULL,'fbbb5b98ecde75bde2ce5aba1e854a8a',NULL,NULL,NULL,1,'0000-00-00 00:00:00',1,'0000-00-00 00:00:00'),(944,685,1223,'AT','de','AT','male',NULL,'Alois','Griesmayr',NULL,'a.griesmayr@aon.at',NULL,NULL,NULL,'false',NULL,NULL,NULL,NULL,NULL,NULL,NULL,NULL,NULL,NULL,NULL,NULL,NULL,'Tischlerei Griesmayr Alois','true','Sallach 7','','4892','Fornach',NULL,NULL,'unknown',NULL,NULL,NULL,NULL,NULL,NULL,NULL,NULL,'true','07682 5112',NULL,NULL,NULL,NULL,NULL,NULL,NULL,NULL,1,'2016-11-28 09:54:04',1,'2016-11-28 09:54:04'),(945,686,1224,'AT','de','AT','male',NULL,'Thomas','Posch',NULL,'thomas.posch@sbt.at',NULL,NULL,NULL,'false',NULL,NULL,NULL,NULL,NULL,NULL,NULL,NULL,NULL,NULL,NULL,NULL,142,'Schöller-Bleckmann Technisches Service GmbH & Co KG','true','Hauptstraße 2','','2630','Ternitz',NULL,NULL,'unknown',NULL,'Stefan','Zechmeister','Gerbergasse 2',NULL,'2000','Stockerau',NULL,'true','02630 3110',NULL,NULL,NULL,NULL,NULL,NULL,NULL,NULL,1,'0000-00-00 00:00:00',1,'0000-00-00 00:00:00'),(946,687,112,'AT','de','AT','unknown',NULL,'Privat Verkauf','Jaf Linz',NULL,'schauraum_austriaglas.linz@frischeis.com',NULL,NULL,NULL,'false',NULL,NULL,NULL,NULL,NULL,NULL,NULL,NULL,NULL,NULL,NULL,NULL,NULL,'J. u. A. Frischeis Ges.m.b.H.','true','Prinz-Eugen-Straße 13','','4020','Linz',NULL,NULL,'unknown',NULL,NULL,NULL,NULL,NULL,NULL,NULL,NULL,'true',NULL,NULL,NULL,NULL,NULL,'5192b38c40ff53551bccb4ffda5ffd92',NULL,NULL,NULL,1,'2016-11-28 11:47:44',1,'2016-11-28 11:47:44'),(947,688,1057,'NU','de',NULL,'male',NULL,'FRISCHEIS KRAMSACH','STABENTHEINER',NULL,'wohnstudio@steurer.it',NULL,NULL,NULL,'false',NULL,NULL,NULL,NULL,NULL,NULL,NULL,NULL,NULL,NULL,NULL,NULL,118,'Wohnstudio Steurer','true','AMERLING 119','','6233 ','KRAMSACH',NULL,'J. u. A. Frischeis Ges.m.b.H.','unknown',NULL,'Administrator','Jaf Kramsach','Amerling 119',NULL,'6233','Kramsach',NULL,'true',NULL,NULL,NULL,NULL,NULL,NULL,NULL,NULL,NULL,1,'0000-00-00 00:00:00',1,'0000-00-00 00:00:00'),(948,689,1220,'AT','de','AT','male',NULL,'Stefan','Schönfelder',NULL,'office@glas-galerie.at',NULL,NULL,NULL,'false',NULL,NULL,NULL,NULL,NULL,NULL,NULL,NULL,NULL,NULL,NULL,NULL,NULL,'Glas & Galerie Schönfelder GmbH','true','Christalnikstraße 8','','9330','Althofen',NULL,NULL,'unknown',NULL,NULL,NULL,NULL,NULL,NULL,NULL,NULL,'true','04262 2369',NULL,NULL,NULL,NULL,NULL,NULL,NULL,NULL,1,'2016-11-29 06:58:58',1,'2016-11-29 06:58:58'),(949,690,914,'AT','de','AT','male',NULL,'Michael','Bruckmann',NULL,'bruckei@gmx.de',NULL,NULL,NULL,'false',NULL,NULL,NULL,NULL,NULL,NULL,NULL,NULL,NULL,NULL,NULL,NULL,NULL,'Tischlerei Bruckmann Michael','true','Wimberg 236','','5421','Adnet',NULL,NULL,'unknown',NULL,NULL,NULL,NULL,NULL,NULL,NULL,NULL,'true',NULL,NULL,NULL,NULL,NULL,NULL,NULL,NULL,NULL,1,'2016-11-29 07:26:19',1,'2016-11-29 07:26:19'),(950,691,1027,'AT','de','AT','male',NULL,'Markus','Scherzer',NULL,'office@scherzer-moebeldesign.at',NULL,NULL,NULL,'false',NULL,NULL,NULL,NULL,NULL,NULL,NULL,NULL,NULL,NULL,NULL,NULL,NULL,'Scherzer OG','true','Feichsen 18','','3251','Purgstall',NULL,NULL,'unknown',NULL,NULL,NULL,NULL,NULL,NULL,NULL,NULL,'true','07489 30235',NULL,NULL,NULL,NULL,'18b5cb535479b1f4fd6d2f6b3a37d71d',NULL,NULL,NULL,1,'2016-11-29 07:30:00',1,'2016-11-29 07:30:00'),(951,692,958,'NU','de',NULL,'male',NULL,'Martin','Meier',NULL,'info@schreinereimeier.com',NULL,NULL,NULL,'false',NULL,NULL,NULL,NULL,NULL,NULL,NULL,NULL,NULL,NULL,NULL,NULL,NULL,'Tischlerei Meier Martin','true','Marwanger Straße 2','','83278','Traunstein',NULL,NULL,'unknown',NULL,NULL,NULL,NULL,NULL,NULL,NULL,NULL,'true','0049 8619099700',NULL,NULL,NULL,NULL,NULL,NULL,NULL,NULL,1,'2016-11-29 08:36:36',1,'2016-11-29 08:36:36'),(952,693,1187,'AT','de','AT','male',NULL,'Wolfgang','Bischoff',NULL,'office@mein-moebel.at',NULL,NULL,NULL,'false',NULL,NULL,NULL,NULL,NULL,NULL,NULL,NULL,NULL,NULL,NULL,NULL,33,'Bischoff KG','true','Mariengasse 8','','8430','Leibnitz',NULL,NULL,'unknown',NULL,'Claudia','Schreiber','Herrgottwiesgasse 170',NULL,'8055','Graz',NULL,'true','03452 82232',NULL,NULL,NULL,NULL,NULL,NULL,NULL,NULL,1,'0000-00-00 00:00:00',1,'0000-00-00 00:00:00'),(953,694,1085,'AT','de','AT','male',NULL,'Johann','Böhm',NULL,'dan.studio@b3-wohnen.at',NULL,NULL,NULL,'false',NULL,NULL,NULL,NULL,NULL,NULL,NULL,NULL,NULL,NULL,NULL,NULL,NULL,'B3-Wohnen GmbH','true','Gerhardingerstraße 1','','4240','Freistadt',NULL,NULL,'unknown',NULL,NULL,NULL,NULL,NULL,NULL,NULL,NULL,'true','07942 75360',NULL,NULL,NULL,NULL,NULL,NULL,NULL,NULL,1,'2016-11-29 10:37:24',1,'2016-11-29 10:37:24'),(954,695,1207,'AT','de','AT','male',NULL,'Hans','Böhm',NULL,'office@boehmmoebel.at',NULL,NULL,NULL,'false',NULL,NULL,NULL,NULL,NULL,NULL,NULL,NULL,NULL,NULL,NULL,NULL,NULL,'Böhm Möbel GmbH','true','Summerau Mitte 22','','4261','Rainbach',NULL,NULL,'unknown',NULL,NULL,NULL,NULL,NULL,NULL,NULL,NULL,'true','07942 77441',NULL,NULL,NULL,NULL,'1a89f278b73aa469fdc8dba9c27c493d',NULL,NULL,NULL,1,'2016-11-29 10:55:33',1,'2016-11-29 10:55:33'),(955,696,1215,'AT','de','AT','male',NULL,'Michael','Mitteregger',NULL,'m.pichlbauer@mitteregger.st',NULL,NULL,NULL,'false',NULL,NULL,NULL,NULL,NULL,NULL,NULL,NULL,NULL,NULL,NULL,NULL,1216,'Mitteregger GmbH','true','Burggasse 121','','8750','Judenburg',NULL,'Mitteregger GmbH','unknown',NULL,'Michael','Mitteregger','Burggasse 121',NULL,'8750','Judenburg',NULL,'true','0660 8115545',NULL,NULL,NULL,NULL,'b43e7ef746f17772c9af92dca829707d',NULL,NULL,NULL,1,'0000-00-00 00:00:00',1,'0000-00-00 00:00:00'),(956,697,339,'AT','de',NULL,'male',NULL,'PUPP OHG',NULL,NULL,'info@pupp-tischlerei.com',NULL,NULL,NULL,'false',NULL,NULL,NULL,NULL,NULL,NULL,NULL,NULL,NULL,NULL,NULL,NULL,NULL,NULL,'false','WALDHEIMERWEG 8','','39031','BRUNECK',NULL,NULL,'unknown',NULL,NULL,NULL,NULL,NULL,NULL,NULL,NULL,'true',NULL,NULL,NULL,NULL,NULL,NULL,NULL,NULL,NULL,1,'2016-11-29 15:26:26',1,'2016-11-29 15:26:26'),(957,698,948,'AT','de','AT','male',NULL,'Willibald','Teuschl',NULL,'tischlerei_teuschl@aon.at',NULL,NULL,NULL,'false',NULL,NULL,NULL,NULL,NULL,NULL,NULL,NULL,NULL,NULL,NULL,NULL,NULL,'Tischlerei Teuschl Willibald','true','Spielberg 17','','3632','Traunstein',NULL,NULL,'unknown',NULL,NULL,NULL,NULL,NULL,NULL,NULL,NULL,'true','02878 6245',NULL,NULL,NULL,NULL,NULL,NULL,NULL,NULL,1,'2016-11-30 07:06:17',1,'2016-11-30 07:06:17'),(958,699,1031,'AT','de','AT','male',NULL,'Johannes','Aumeier',NULL,'office@aumeier.at',NULL,NULL,NULL,'false',NULL,NULL,NULL,NULL,NULL,NULL,NULL,NULL,NULL,NULL,NULL,NULL,NULL,'Aumeier Möbel','true','Almstraße 4','','4274','Schönau I. M.',NULL,NULL,'unknown',NULL,NULL,NULL,NULL,NULL,NULL,NULL,NULL,'true','07261 73 85',NULL,NULL,NULL,NULL,'18732014d9efe678a83b2fd895bbe427',NULL,NULL,NULL,1,'2016-11-30 12:21:58',1,'2016-11-30 12:21:58'),(959,700,1031,'AT','de','AT','male',NULL,'Johannes','Aumeier',NULL,'office@aumeier.at',NULL,NULL,NULL,'false',NULL,NULL,NULL,NULL,NULL,NULL,NULL,NULL,NULL,NULL,NULL,NULL,NULL,'Aumeier Möbel','true','Almstraße 4','','4274','Schönau I. M.',NULL,NULL,'unknown',NULL,NULL,NULL,NULL,NULL,NULL,NULL,NULL,'true','07261 73 85',NULL,NULL,NULL,NULL,'18732014d9efe678a83b2fd895bbe427',NULL,NULL,NULL,1,'2016-11-30 12:27:11',1,'2016-11-30 12:27:11'),(960,701,1233,'AT','de','AT','male',NULL,'Ernst','Seidl',NULL,'ernst.seidl@sol.at',NULL,NULL,NULL,'false',NULL,NULL,NULL,NULL,NULL,NULL,NULL,NULL,NULL,NULL,NULL,NULL,117,'Pinzgauer Holzkunst - Ernst Seidl','true','Ramseiden 106','','5760','Saalfelden',NULL,'J. u. A. Frischeis Ges.m.b.H.','unknown',NULL,'Administrator','Jaf Bad Hofgastein','Weitgasse 5',NULL,'5630','Bad Hofgastein',NULL,'true','0664 4955372',NULL,NULL,NULL,NULL,NULL,NULL,NULL,NULL,1,'0000-00-00 00:00:00',1,'0000-00-00 00:00:00'),(961,702,1089,'AT','de','AT','male',NULL,'Joachim','Hopfer',NULL,'joachim.hopfer@gmx.at',NULL,NULL,NULL,'false',NULL,NULL,NULL,NULL,NULL,NULL,NULL,NULL,NULL,NULL,NULL,NULL,NULL,'Tischlerei Hopfer Joachim','true','Jamm 27','','8354','St. Anna/Aigen',NULL,NULL,'unknown',NULL,NULL,NULL,NULL,NULL,NULL,NULL,NULL,'true','0664 2413093',NULL,NULL,NULL,NULL,NULL,NULL,NULL,NULL,1,'2016-12-01 07:58:00',1,'2016-12-01 07:58:00'),(962,703,707,'AT','de','AT','unknown',NULL,'Oeg','Grill & Ronacher',NULL,'office@grill-ronacher.at',NULL,NULL,NULL,'false',NULL,NULL,NULL,NULL,NULL,NULL,NULL,NULL,NULL,NULL,NULL,NULL,NULL,NULL,'false','Pötschenstraße 135','','8990','Bad Aussee',NULL,NULL,'unknown',NULL,NULL,NULL,NULL,NULL,NULL,NULL,NULL,'true',NULL,NULL,NULL,NULL,NULL,'5b8cca3e0c8b79941cea04ab334b4dc0',NULL,NULL,NULL,1,'2016-12-01 14:04:55',1,'2016-12-01 14:04:55'),(963,704,1120,'AT','de','AT','male',NULL,'Thomas','Meixner',NULL,'artner@kreativtischlerei.at',NULL,NULL,NULL,'false',NULL,NULL,NULL,NULL,NULL,NULL,NULL,NULL,NULL,NULL,NULL,NULL,NULL,'Kreativtischlerei Artner e. U.','true','Steinbach 48','','3972','Bad Großpertholz',NULL,NULL,'unknown',NULL,NULL,NULL,NULL,NULL,NULL,NULL,NULL,'true','02857 2344',NULL,NULL,NULL,NULL,NULL,NULL,NULL,NULL,1,'2016-12-01 14:07:11',1,'2016-12-01 14:07:11'),(964,705,1043,'AT','de','AT','male',NULL,'Manfred','Hasler',NULL,'office@einrichter-hasler.at',NULL,NULL,NULL,'false',NULL,NULL,NULL,NULL,NULL,NULL,NULL,NULL,NULL,NULL,NULL,NULL,1044,'Einrichtungsstudio Hasler Manfred','true','Bad Gams 5','','8530','Deutschlandsberg',NULL,'Einrichtungsstudio Hasler Manfred','unknown',NULL,'Manfred','Hasler','Bad Gams 5',NULL,'8530','Deutschlandsberg',NULL,'true','03463 20544',NULL,NULL,NULL,NULL,NULL,NULL,NULL,NULL,1,'0000-00-00 00:00:00',1,'0000-00-00 00:00:00'),(965,706,107,'AT','de','AT','unknown',NULL,'Thomas Lager','Jaf Stockerau',NULL,'schauraum_austriaglas.stockerau@frischeis.com',NULL,NULL,NULL,'false',NULL,NULL,NULL,NULL,NULL,NULL,NULL,NULL,NULL,NULL,NULL,NULL,114,'J. u. A. Frischeis Ges.m.b.H.','true','Gerbergasse 2','','2000','Stockerau',NULL,'J. u. A. Frischeis Ges.m.b.H.','unknown',NULL,'Administrator','Jaf Stockerau','Gerbergasse 2',NULL,'2000','Stockerau',NULL,'true',NULL,NULL,NULL,NULL,NULL,'c349e2e9a1d9e12bc2edbcb58222aa4c',NULL,NULL,NULL,1,'0000-00-00 00:00:00',1,'0000-00-00 00:00:00'),(966,707,52,'AT','de','AT','male',NULL,'Robert','Feiner',NULL,'tischlerei.feiner@aon.at',NULL,NULL,NULL,'false',NULL,NULL,NULL,NULL,NULL,NULL,NULL,NULL,NULL,NULL,NULL,NULL,NULL,NULL,'false','Unterneuberg 142','','8225','Pöllau',NULL,NULL,'unknown',NULL,NULL,NULL,NULL,NULL,NULL,NULL,NULL,'true',NULL,NULL,NULL,NULL,NULL,'609efbe661cd0a319e1eadec60a72760',NULL,NULL,NULL,1,'2016-12-02 08:31:52',1,'2016-12-02 08:31:52'),(967,708,52,'AT','de','AT','male',NULL,'Robert','Feiner',NULL,'tischlerei.feiner@aon.at',NULL,NULL,NULL,'false',NULL,NULL,NULL,NULL,NULL,NULL,NULL,NULL,NULL,NULL,NULL,NULL,32,NULL,'false','Unterneuberg 142','','8225','Pöllau',NULL,NULL,'unknown',NULL,'Andrea','Lang','Herrgottwiesgasse 170',NULL,'8055','Graz',NULL,'true',NULL,NULL,NULL,NULL,NULL,'609efbe661cd0a319e1eadec60a72760',NULL,NULL,NULL,1,'0000-00-00 00:00:00',1,'0000-00-00 00:00:00'),(968,709,861,'AT','de','AT','male',NULL,'Johann','Mösslacher',NULL,'office@kuechen-moesslacher.at',NULL,NULL,NULL,'false',NULL,NULL,NULL,NULL,NULL,NULL,NULL,NULL,NULL,NULL,NULL,NULL,NULL,'Mössler Küchen','true','St.-Josef-Straße 44','','9500','Villach',NULL,NULL,'unknown',NULL,NULL,NULL,NULL,NULL,NULL,NULL,NULL,'true','04242 34498',NULL,NULL,NULL,NULL,NULL,NULL,NULL,NULL,1,'2016-12-02 09:48:56',1,'2016-12-02 09:48:56'),(969,710,106,'AT','de','AT','unknown',NULL,'Alexander','Weiss',NULL,'schauraum_austriaglas.graz@zengerer.at',NULL,NULL,NULL,'false',NULL,NULL,NULL,NULL,NULL,NULL,NULL,NULL,NULL,NULL,NULL,NULL,37,NULL,'false','Neubauerweg 42 c','','8052','Graz',NULL,NULL,'unknown',NULL,'Martin','Labler','Herrgottwiesgasse 170',NULL,'8055','Graz',NULL,'true',NULL,NULL,NULL,NULL,NULL,NULL,NULL,NULL,NULL,1,'0000-00-00 00:00:00',1,'0000-00-00 00:00:00'),(970,711,1096,'AT','de','AT','male',NULL,'Harald','Stenico',NULL,'info@ewelt.at',NULL,NULL,NULL,'false',NULL,NULL,NULL,NULL,NULL,NULL,NULL,NULL,NULL,NULL,NULL,NULL,1099,'Elektrizitätswerke Reutte AG','true','Großfeldstraße 10-14','','6600','Reutte',NULL,'Elektrizitätswerke Reutte AG','unknown',NULL,'Reinhold','Pürmayr','Großfeldstraße 10-14',NULL,'6600','Reutte',NULL,'true','05672 6070',NULL,NULL,NULL,NULL,'918e144fc23eacb00413084f7a42f284',NULL,NULL,NULL,1,'0000-00-00 00:00:00',1,'0000-00-00 00:00:00'),(971,712,914,'AT','de','AT','male',NULL,'Michael','Bruckmann',NULL,'bruckei@gmx.de',NULL,NULL,NULL,'false',NULL,NULL,NULL,NULL,NULL,NULL,NULL,NULL,NULL,NULL,NULL,NULL,NULL,'Tischlerei Bruckmann Michael','true','Wimberg 236','','5421','Adnet',NULL,NULL,'unknown',NULL,NULL,NULL,NULL,NULL,NULL,NULL,NULL,'true',NULL,NULL,NULL,NULL,NULL,NULL,NULL,NULL,NULL,1,'2016-12-03 11:56:05',1,'2016-12-03 11:56:05'),(972,713,109,'AT','de','AT','unknown',NULL,'Privat Verkauf','Jaf Villach',NULL,'austriaglas.villach@frischeis.com',NULL,NULL,NULL,'false',NULL,NULL,NULL,NULL,NULL,NULL,NULL,NULL,NULL,NULL,NULL,NULL,NULL,'J. u. A. Frischeis Ges.m.b.H.','true','Holzstraße 1','','9500','Villach',NULL,NULL,'unknown',NULL,NULL,NULL,NULL,NULL,NULL,NULL,NULL,'true',NULL,NULL,NULL,NULL,NULL,'80acc3a7bd4b5a7ca9c8d082bba932ec',NULL,NULL,NULL,1,'2016-12-05 09:09:12',1,'2016-12-05 09:09:12'),(973,714,1245,'AT','de','AT','male','Ing.','Helmut','Sandler',NULL,'office@tischlerei-sandler.at',NULL,NULL,NULL,'false',NULL,NULL,NULL,NULL,NULL,NULL,NULL,NULL,NULL,NULL,NULL,NULL,119,'Bau- und Möbeltischlerei Sandler KG','true','Spitzerstraße 29','','3631','Ottenschlag',NULL,'J. u. A. Frischeis Ges.m.b.H.','unknown',NULL,'Administrator','Jaf Linz','Prinz-Eugen-Straße 13',NULL,'4020','Linz',NULL,'true','02872 7441',NULL,NULL,NULL,NULL,NULL,NULL,NULL,NULL,1,'0000-00-00 00:00:00',1,'0000-00-00 00:00:00'),(974,715,1202,'AT','de','AT','male','Ing.','Patrick','Autengruber',NULL,'office@fdw.cc',NULL,NULL,NULL,'false',NULL,NULL,NULL,NULL,NULL,NULL,NULL,NULL,NULL,NULL,NULL,NULL,NULL,'fdw Faszination des Wohnens','true','Bahnhofstraße 24','','4810','Gmunden',NULL,NULL,'unknown',NULL,NULL,NULL,NULL,NULL,NULL,NULL,NULL,'true','07612 71034',NULL,NULL,NULL,NULL,NULL,NULL,NULL,NULL,1,'2016-12-05 10:41:48',1,'2016-12-05 10:41:48'),(975,716,1096,'AT','de','AT','male',NULL,'Handels GmbH','EWR',NULL,'info@ewelt.at',NULL,NULL,NULL,'false',NULL,NULL,NULL,NULL,NULL,NULL,NULL,NULL,NULL,NULL,NULL,NULL,1099,'Elektrizitätswerke Reutte AG','true','Großfeldstraße 10-14','','6600','Reutte',NULL,'EWR Handelsgesellschaft m.b.H.','unknown',NULL,'Reinhold','Pürmayr','Großfeldstraße 10-14',NULL,'6600','Reutte',NULL,'true','05672 6070',NULL,NULL,NULL,NULL,'918e144fc23eacb00413084f7a42f284',NULL,NULL,NULL,1,'0000-00-00 00:00:00',1,'0000-00-00 00:00:00'),(976,717,109,'AT','de','AT','unknown',NULL,'Privat Verkauf','Jaf Villach',NULL,'austriaglas.villach@frischeis.com',NULL,NULL,NULL,'false',NULL,NULL,NULL,NULL,NULL,NULL,NULL,NULL,NULL,NULL,NULL,NULL,NULL,'J. u. A. Frischeis Ges.m.b.H.','true','Holzstraße 1','','9500','Villach',NULL,NULL,'unknown',NULL,NULL,NULL,NULL,NULL,NULL,NULL,NULL,'true',NULL,NULL,NULL,NULL,NULL,'80acc3a7bd4b5a7ca9c8d082bba932ec',NULL,NULL,NULL,1,'2016-12-05 14:04:30',1,'2016-12-05 14:04:30'),(977,718,1242,'AT','de','AT','male',NULL,'Franz','Kolm',NULL,'office@tischlerei-kolm.at',NULL,NULL,NULL,'false',NULL,NULL,NULL,NULL,NULL,NULL,NULL,NULL,NULL,NULL,NULL,NULL,NULL,'Bau- und Möbeltischlerei Kolm Franz','true','Teichmanns 9','','3623','Kottes',NULL,NULL,'unknown',NULL,NULL,NULL,NULL,NULL,NULL,NULL,NULL,'true','02872 7397',NULL,NULL,NULL,NULL,NULL,NULL,NULL,NULL,1,'2016-12-05 14:44:07',1,'2016-12-05 14:44:07'),(978,719,970,'AT','de','AT','male',NULL,'Markus','Wango',NULL,'m.w84@gmx.at',NULL,NULL,NULL,'false',NULL,NULL,NULL,NULL,NULL,NULL,NULL,NULL,NULL,NULL,NULL,NULL,767,'Wango Markus','true','Dorfstraße 23','','8661','Wartberg',NULL,NULL,'unknown',NULL,'Petra','Salzmann','Herrgottwiesgasse 170',NULL,'8055','Graz',NULL,'true','0660 5038085',NULL,NULL,NULL,NULL,NULL,NULL,NULL,NULL,1,'0000-00-00 00:00:00',1,'0000-00-00 00:00:00'),(979,720,107,'AT','de','AT','unknown',NULL,'Privat Verkauf','Jaf Stockerau',NULL,'schauraum_austriaglas.stockerau@frischeis.com',NULL,NULL,NULL,'false',NULL,NULL,NULL,NULL,NULL,NULL,NULL,NULL,NULL,NULL,NULL,NULL,NULL,'J. u. A. Frischeis Ges.m.b.H.','true','Gerbergasse 2','','2000','Stockerau',NULL,NULL,'unknown',NULL,NULL,NULL,NULL,NULL,NULL,NULL,NULL,'true',NULL,NULL,NULL,NULL,NULL,'c349e2e9a1d9e12bc2edbcb58222aa4c',NULL,NULL,NULL,1,'2016-12-06 06:45:33',1,'2016-12-06 06:45:33'),(980,721,968,'AT','de','AT','male',NULL,'Reinhard','Brunner',NULL,'tischlerei.brunner@aon.at',NULL,NULL,NULL,'false',NULL,NULL,NULL,NULL,NULL,NULL,NULL,NULL,NULL,NULL,NULL,NULL,119,'Tischlermeister Brunner Reinhard','true','Münichreith 39','','3662','Münichreith',NULL,'J. u. A. Frischeis Ges.m.b.H.','unknown',NULL,'Administrator','Jaf Linz','Prinz-Eugen-Straße 13',NULL,'4020','Linz',NULL,'true','07413 6849',NULL,NULL,NULL,NULL,NULL,NULL,NULL,NULL,1,'0000-00-00 00:00:00',1,'0000-00-00 00:00:00'),(981,722,1158,'AT','de','AT','male',NULL,'Günter','Hadringer',NULL,'g.hadringer@schweitzer.at',NULL,NULL,NULL,'false',NULL,NULL,NULL,NULL,NULL,NULL,NULL,NULL,NULL,NULL,NULL,NULL,NULL,'Schweitzer Ladenbau GmbH','true','Ginzkeystraße 29','','4600','Wels',NULL,NULL,'unknown',NULL,NULL,NULL,NULL,NULL,NULL,NULL,NULL,'true','07242 2380',NULL,NULL,NULL,NULL,NULL,NULL,NULL,NULL,1,'2016-12-06 13:41:11',1,'2016-12-06 13:41:11'),(982,723,106,'AT','de','AT','unknown',NULL,'Privat Verkauf','Jaf Graz',NULL,'schauraum_austriaglas.graz@zengerer.at',NULL,NULL,NULL,'false',NULL,NULL,NULL,NULL,NULL,NULL,NULL,NULL,NULL,NULL,NULL,NULL,NULL,'JAF Zengerer GmbH','true','Herrgottwiesgasse 170','','8055','Graz',NULL,NULL,'unknown',NULL,NULL,NULL,NULL,NULL,NULL,NULL,NULL,'true',NULL,NULL,NULL,NULL,NULL,'fbbb5b98ecde75bde2ce5aba1e854a8a',NULL,NULL,NULL,1,'2016-12-06 14:11:30',1,'2016-12-06 14:11:30'),(983,724,707,'AT','de','AT','unknown',NULL,'Oeg','Grill & Ronacher',NULL,'office@grill-ronacher.at',NULL,NULL,NULL,'false',NULL,NULL,NULL,NULL,NULL,NULL,NULL,NULL,NULL,NULL,NULL,NULL,NULL,NULL,'false','Pötschenstraße 135','','8990','Bad Aussee',NULL,NULL,'unknown',NULL,NULL,NULL,NULL,NULL,NULL,NULL,NULL,'true',NULL,NULL,NULL,NULL,NULL,'5b8cca3e0c8b79941cea04ab334b4dc0',NULL,NULL,NULL,1,'2016-12-06 14:59:46',1,'2016-12-06 14:59:46'),(984,725,1220,'AT','de','AT','male',NULL,'Stefan','Schönfelder',NULL,'office@glas-galerie.at',NULL,NULL,NULL,'false',NULL,NULL,NULL,NULL,NULL,NULL,NULL,NULL,NULL,NULL,NULL,NULL,1221,'Glas & Galerie Schönfelder GmbH','true','Christalnikstraße 8','','9330','Althofen',NULL,'Glas & Galerie Schönfelder GmbH','unknown',NULL,'Stefan','Schönfelder','Christalnikstraße 8',NULL,'9330','Althofen',NULL,'true','04262 2369',NULL,NULL,NULL,NULL,NULL,NULL,NULL,NULL,1,'0000-00-00 00:00:00',1,'0000-00-00 00:00:00'),(985,726,393,'AT','de',NULL,'male',NULL,'RIML JOSEF',NULL,NULL,'elmar@tischlerei-riml.at',NULL,NULL,NULL,'false',NULL,NULL,NULL,NULL,NULL,NULL,NULL,NULL,NULL,NULL,NULL,NULL,NULL,NULL,'false','OBERLÄNGENFELD 4 A','','6444','LÄNGENFELD',NULL,NULL,'unknown',NULL,NULL,NULL,NULL,NULL,NULL,NULL,NULL,'true',NULL,NULL,NULL,NULL,NULL,NULL,NULL,NULL,NULL,1,'2016-12-07 12:28:59',1,'2016-12-07 12:28:59'),(986,727,111,'AT','de','AT','unknown',NULL,'Privat Verkauf','Jaf Kramsach',NULL,'schauraum_austriaglas.kramsach@frischeis.com',NULL,NULL,NULL,'false',NULL,NULL,NULL,NULL,NULL,NULL,NULL,NULL,NULL,NULL,NULL,NULL,NULL,'J. u. A. Frischeis Ges.m.b.H.','true','Amerling 119','','6233','Kramsach',NULL,NULL,'unknown',NULL,NULL,NULL,NULL,NULL,NULL,NULL,NULL,'true',NULL,NULL,NULL,NULL,NULL,'154b39e517701c36d2f0b40ebb887bc0',NULL,NULL,NULL,1,'2016-12-07 12:42:03',1,'2016-12-07 12:42:03'),(987,728,1246,'AT','de','AT','male',NULL,'Michael','Labitzke',NULL,'office@designstudio-baleah.at',NULL,NULL,NULL,'false',NULL,NULL,NULL,NULL,NULL,NULL,NULL,NULL,NULL,NULL,NULL,NULL,NULL,'Designstudio Baleah','true','Pichlmayergasse 17','','8700','Leoben',NULL,NULL,'unknown',NULL,NULL,NULL,NULL,NULL,NULL,NULL,NULL,'true','0660 1697556',NULL,NULL,NULL,NULL,NULL,NULL,NULL,NULL,1,'2016-12-07 13:16:06',1,'2016-12-07 13:16:06'),(988,729,107,'AT','de','AT','unknown',NULL,'Privat Verkauf','Jaf Stockerau',NULL,'schauraum_austriaglas.stockerau@frischeis.com',NULL,NULL,NULL,'false',NULL,NULL,NULL,NULL,NULL,NULL,NULL,NULL,NULL,NULL,NULL,NULL,114,'J. u. A. Frischeis Ges.m.b.H.','true','Gerbergasse 2','','2000','Stockerau',NULL,'J. u. A. Frischeis Ges.m.b.H.','unknown',NULL,'Administrator','Jaf Stockerau','Gerbergasse 2',NULL,'2000','Stockerau',NULL,'true',NULL,NULL,NULL,NULL,NULL,'c349e2e9a1d9e12bc2edbcb58222aa4c',NULL,NULL,NULL,1,'0000-00-00 00:00:00',1,'0000-00-00 00:00:00'),(989,730,109,'AT','de','AT','unknown',NULL,'Privat Verkauf','Jaf Villach',NULL,'austriaglas.villach@frischeis.com',NULL,NULL,NULL,'false',NULL,NULL,NULL,NULL,NULL,NULL,NULL,NULL,NULL,NULL,NULL,NULL,NULL,'J. u. A. Frischeis Ges.m.b.H.','true','Holzstraße 1','','9500','Villach',NULL,NULL,'unknown',NULL,NULL,NULL,NULL,NULL,NULL,NULL,NULL,'true',NULL,NULL,NULL,NULL,NULL,'80acc3a7bd4b5a7ca9c8d082bba932ec',NULL,NULL,NULL,1,'2016-12-09 09:56:14',1,'2016-12-09 09:56:14'),(990,731,773,'AT','de','AT','male',NULL,'Günther','Wendl',NULL,'office@tischlerei-wendl.at',NULL,NULL,NULL,'false',NULL,NULL,NULL,NULL,NULL,NULL,NULL,NULL,NULL,NULL,NULL,NULL,NULL,'Planerei Tischlerei Wendl','true','Kapellenweg 30','','4865','Nußdorf am Attersee',NULL,NULL,'unknown',NULL,NULL,NULL,NULL,NULL,NULL,NULL,NULL,'true','076668673',NULL,NULL,NULL,NULL,NULL,NULL,NULL,NULL,1,'2016-12-09 11:06:44',1,'2016-12-09 11:06:44'),(991,732,107,'AT','de','AT','unknown',NULL,'Tischlerei Graf OG','Innenausbau,Planung,Montage',NULL,'schauraum_austriaglas.stockerau@frischeis.com',NULL,NULL,NULL,'false',NULL,NULL,NULL,NULL,NULL,NULL,NULL,NULL,NULL,NULL,NULL,NULL,114,'J. u. A. Frischeis Ges.m.b.H.','true','Rathausstraße 23','','2492','Zillingsdorf',NULL,'J. u. A. Frischeis Ges.m.b.H.','unknown',NULL,'Administrator','Jaf Stockerau','Gerbergasse 2',NULL,'2000','Stockerau',NULL,'true',NULL,NULL,NULL,NULL,NULL,'c349e2e9a1d9e12bc2edbcb58222aa4c',NULL,NULL,NULL,1,'0000-00-00 00:00:00',1,'0000-00-00 00:00:00'),(992,733,511,'AT','de',NULL,'male',NULL,'BAUMANN OTTO',NULL,NULL,'tischlerei.baumann@kundl.at',NULL,NULL,NULL,'false',NULL,NULL,NULL,NULL,NULL,NULL,NULL,NULL,NULL,NULL,NULL,NULL,NULL,NULL,'false','WEINBERG 31','','6250','KUNDL',NULL,NULL,'unknown',NULL,NULL,NULL,NULL,NULL,NULL,NULL,NULL,'true',NULL,NULL,NULL,NULL,NULL,NULL,NULL,NULL,NULL,1,'2016-12-13 09:05:45',1,'2016-12-13 09:05:45'),(993,734,953,'AT','de','AT','male',NULL,'Johann','Dachs',NULL,'office@dachs-tischlerei.at',NULL,NULL,NULL,'false',NULL,NULL,NULL,NULL,NULL,NULL,NULL,NULL,NULL,NULL,NULL,NULL,653,'Tischlerei Dachs Johann','true','Doblergasse 31','','4880','St. Georgen i.A.',NULL,NULL,'unknown',NULL,'Alfred','Fink','Handelszentrum 12',NULL,'5101','Bergheim',NULL,'true','07667 6297',NULL,NULL,NULL,NULL,'e05fde935567230b47404d702e0edeff',NULL,NULL,NULL,1,'0000-00-00 00:00:00',1,'0000-00-00 00:00:00'),(994,735,109,'AT','de','AT','unknown',NULL,'Privat Verkauf','Jaf Villach',NULL,'austriaglas.villach@frischeis.com',NULL,NULL,NULL,'false',NULL,NULL,NULL,NULL,NULL,NULL,NULL,NULL,NULL,NULL,NULL,NULL,116,'J. u. A. Frischeis Ges.m.b.H.','true','Holzstraße 1','','9500','Villach',NULL,'J. u. A. Frischeis Ges.m.b.H.','unknown',NULL,'Administrator','Jaf Villach','Holzstraße 1',NULL,'9500','Villach',NULL,'true',NULL,NULL,NULL,NULL,NULL,'80acc3a7bd4b5a7ca9c8d082bba932ec',NULL,NULL,NULL,1,'0000-00-00 00:00:00',1,'0000-00-00 00:00:00'),(995,736,776,'AT','de','AT','female',NULL,'Sandra','Köppl',NULL,'koeppl.sandra@gmail.com',NULL,NULL,NULL,'false',NULL,NULL,NULL,NULL,NULL,NULL,NULL,NULL,NULL,NULL,NULL,NULL,767,'Redstone OG','true','Röthelstein 67','','8131','Frohnleiten',NULL,NULL,'unknown',NULL,'Petra','Salzmann','Herrgottwiesgasse 170',NULL,'8055','Graz',NULL,'true','0664 587 63 20',NULL,NULL,NULL,NULL,NULL,NULL,NULL,NULL,1,'0000-00-00 00:00:00',1,'0000-00-00 00:00:00'),(996,737,1248,'AT','de','AT','male',NULL,'Peter','Schwarzott',NULL,'peter@schwarzott.at',NULL,NULL,NULL,'false',NULL,NULL,NULL,NULL,NULL,NULL,NULL,NULL,NULL,NULL,NULL,NULL,NULL,'Schwarzott GmbH','true','Wienerstraße 13-21','','2500','Baden',NULL,NULL,'unknown',NULL,NULL,NULL,NULL,NULL,NULL,NULL,NULL,'true','02252 8953416',NULL,NULL,NULL,NULL,NULL,NULL,NULL,NULL,1,'2016-12-14 14:26:00',1,'2016-12-14 14:26:00'),(997,738,1245,'AT','de','AT','male','Ing.','Helmut','Sandler',NULL,'office@tischlerei-sandler.at',NULL,NULL,NULL,'false',NULL,NULL,NULL,NULL,NULL,NULL,NULL,NULL,NULL,NULL,NULL,NULL,NULL,'Bau- und Möbeltischlerei Sandler KG','true','Spitzerstraße 29','','3631','Ottenschlag',NULL,NULL,'unknown',NULL,NULL,NULL,NULL,NULL,NULL,NULL,NULL,'true','02872 7441',NULL,NULL,NULL,NULL,NULL,NULL,NULL,NULL,1,'2016-12-14 14:34:21',1,'2016-12-14 14:34:21'),(998,739,849,'AT','de','AT','male',NULL,'Bernhard','Dettelbacher',NULL,'b.dettelbacher@gmx.at',NULL,NULL,NULL,'false',NULL,NULL,NULL,NULL,NULL,NULL,NULL,NULL,NULL,NULL,NULL,NULL,NULL,'Tischlerei Dettelbacher Bernhard','true','Schildberg 14','','9470','St: Paul',NULL,NULL,'unknown',NULL,NULL,NULL,NULL,NULL,NULL,NULL,NULL,'true','0664 4639830',NULL,NULL,NULL,NULL,'97f8e5cc651cd17e293488cfb8074f95',NULL,NULL,NULL,1,'2016-12-15 10:00:45',1,'2016-12-15 10:00:45'),(999,740,1043,'AT','de','AT','male',NULL,'Manfred','Hasler',NULL,'office@einrichter-hasler.at',NULL,NULL,NULL,'false',NULL,NULL,NULL,NULL,NULL,NULL,NULL,NULL,NULL,NULL,NULL,NULL,NULL,'Einrichtungsstudio Hasler Manfred','true','Bad Gams 5','','8530','Deutschlandsberg',NULL,NULL,'unknown',NULL,NULL,NULL,NULL,NULL,NULL,NULL,NULL,'true','03463 20544',NULL,NULL,NULL,NULL,NULL,NULL,NULL,NULL,1,'2016-12-15 11:40:44',1,'2016-12-15 11:40:44'),(1000,741,1043,'AT','de','AT','male',NULL,'Manfred','Hasler',NULL,'office@einrichter-hasler.at',NULL,NULL,NULL,'false',NULL,NULL,NULL,NULL,NULL,NULL,NULL,NULL,NULL,NULL,NULL,NULL,NULL,'Einrichtungsstudio Hasler Manfred','true','Bad Gams 5','','8530','Deutschlandsberg',NULL,NULL,'unknown',NULL,NULL,NULL,NULL,NULL,NULL,NULL,NULL,'true','03463 20544',NULL,NULL,NULL,NULL,NULL,NULL,NULL,NULL,1,'2016-12-15 11:51:41',1,'2016-12-15 11:51:41'),(1001,742,849,'AT','de','AT','male',NULL,'Bernhard','Dettelbacher',NULL,'b.dettelbacher@gmx.at',NULL,NULL,NULL,'false',NULL,NULL,NULL,NULL,NULL,NULL,NULL,NULL,NULL,NULL,NULL,NULL,NULL,'Tischlerei Dettelbacher Bernhard','true','Schildberg 14','','9470','St: Paul',NULL,NULL,'unknown',NULL,NULL,NULL,NULL,NULL,NULL,NULL,NULL,'true','0664 4639830',NULL,NULL,NULL,NULL,'97f8e5cc651cd17e293488cfb8074f95',NULL,NULL,NULL,1,'2016-12-15 12:02:44',1,'2016-12-15 12:02:44'),(1002,743,849,'AT','de','AT','male',NULL,'Bernhard','Dettelbacher',NULL,'b.dettelbacher@gmx.at',NULL,NULL,NULL,'false',NULL,NULL,NULL,NULL,NULL,NULL,NULL,NULL,NULL,NULL,NULL,NULL,841,'Tischlerei Dettelbacher Bernhard','true','Schildberg 14','','9470','St: Paul',NULL,NULL,'unknown',NULL,'Jürgen','Fuchsbichler','Muldenweg 12',NULL,'9500','Villach',NULL,'true','0664 4639830',NULL,NULL,NULL,NULL,'97f8e5cc651cd17e293488cfb8074f95',NULL,NULL,NULL,1,'0000-00-00 00:00:00',1,'0000-00-00 00:00:00'),(1003,744,871,'AT','de','AT','male',NULL,'Johannes','Wartbichler',NULL,'hannes.wartbichler@lgh.rvs.at',NULL,NULL,NULL,'false',NULL,NULL,NULL,NULL,NULL,NULL,NULL,NULL,NULL,NULL,NULL,NULL,NULL,'Raiffeisenverband Salzburg - Lagerhaus Bruck/Glstr.','true','Gewerbestraße 12','','5671','Bruck/Glocknerstraße',NULL,NULL,'unknown',NULL,NULL,NULL,NULL,NULL,NULL,NULL,NULL,'true','06545 6090',NULL,NULL,NULL,NULL,'6c57978073c0a3dfdafe18270dc96b83',NULL,NULL,NULL,1,'2016-12-15 15:08:33',1,'2016-12-15 15:08:33'),(1004,745,104,'AT','de','AT','female',NULL,'Verena','Kröpfl',NULL,'kroepfl@faustmann-moebel.at',NULL,NULL,NULL,'false',NULL,NULL,NULL,NULL,NULL,NULL,NULL,NULL,NULL,NULL,NULL,NULL,NULL,'Faustmann Möbelmanufaktur GmbH','true','Rotleitenstraße 2','','8295','St. Johann i. d. Haide',NULL,NULL,'male',NULL,NULL,NULL,NULL,NULL,NULL,NULL,NULL,'true','033384515807',NULL,NULL,NULL,NULL,'07b750366764026dd5118f7cf3eb9dc1',NULL,NULL,NULL,1,'2016-12-16 05:40:45',1,'2016-12-16 05:40:45'),(1005,746,1250,'AT','de','AT','female',NULL,'Marianne','Mayer',NULL,'planung@hm-kuechenstudio.at',NULL,NULL,NULL,'false',NULL,NULL,NULL,NULL,NULL,NULL,NULL,NULL,NULL,NULL,NULL,NULL,NULL,'Tonner & Mayer OG','true','Liechtensteinstraße 25','','1090','Wien',NULL,NULL,'unknown',NULL,NULL,NULL,NULL,NULL,NULL,NULL,NULL,'true','01 3196878',NULL,NULL,NULL,NULL,NULL,NULL,NULL,NULL,1,'2016-12-16 13:08:49',1,'2016-12-16 13:08:49'),(1006,747,822,'AT','de','AT','male',NULL,'Josef','Hauser',NULL,'hauser.josef@aon.at',NULL,NULL,NULL,'false',NULL,NULL,NULL,NULL,NULL,NULL,NULL,NULL,NULL,NULL,NULL,NULL,NULL,'Hauser Josef Einzelhandel','true','Walchau 6a','','6391','Fieberbrunn',NULL,NULL,'unknown',NULL,NULL,NULL,NULL,NULL,NULL,NULL,NULL,'true','0664 3201210',NULL,NULL,NULL,NULL,NULL,NULL,NULL,NULL,1,'2016-12-17 07:14:27',1,'2016-12-17 07:14:27'),(1007,748,107,'AT','de','AT','unknown',NULL,'Privat Verkauf','Jaf Stockerau',NULL,'schauraum_austriaglas.stockerau@frischeis.com',NULL,NULL,NULL,'false',NULL,NULL,NULL,NULL,NULL,NULL,NULL,NULL,NULL,NULL,NULL,NULL,NULL,'J. u. A. Frischeis Ges.m.b.H.','true','Gerbergasse 2','','2000','Stockerau',NULL,NULL,'unknown',NULL,NULL,NULL,NULL,NULL,NULL,NULL,NULL,'true',NULL,NULL,NULL,NULL,NULL,'c349e2e9a1d9e12bc2edbcb58222aa4c',NULL,NULL,NULL,1,'2016-12-20 12:36:02',1,'2016-12-20 12:36:02'),(1008,749,1146,'AT','de','AT','male',NULL,'Rudolf','Garnweidner',NULL,'rg@holzwerkstaette.at',NULL,NULL,NULL,'false',NULL,NULL,NULL,NULL,NULL,NULL,NULL,NULL,NULL,NULL,NULL,NULL,NULL,'Tischlerei Garnweidner Rudolf','true','Rodinger Straße 12','','5113','St. Georgen',NULL,NULL,'unknown',NULL,NULL,NULL,NULL,NULL,NULL,NULL,NULL,'true','06274 6826',NULL,NULL,NULL,NULL,NULL,NULL,NULL,NULL,1,'2016-12-20 14:03:30',1,'2016-12-20 14:03:30'),(1009,750,104,'AT','de','AT','female',NULL,'Möbelmanufaktur GmbH','Faustmann',NULL,'kroepfl@faustmann-moebel.at',NULL,NULL,NULL,'false',NULL,NULL,NULL,NULL,NULL,NULL,NULL,NULL,NULL,NULL,NULL,NULL,100,'Faustmann Möbelmanufaktur GmbH','true','Rotleitenstraße 2','','8295','St. Johann i. d. Haide',NULL,NULL,'male',NULL,'XXXXXXX','XXXXXXX','XXXXX',NULL,'XXXXX','XXXXX',NULL,'true','033384515807',NULL,NULL,NULL,NULL,'07b750366764026dd5118f7cf3eb9dc1',NULL,NULL,NULL,1,'0000-00-00 00:00:00',1,'0000-00-00 00:00:00'),(1010,751,1253,'AT','de','AT','male',NULL,'Bund-Haumer','Tischlerei',NULL,'office@tischlerei-bund.at',NULL,NULL,NULL,'false',NULL,NULL,NULL,NULL,NULL,NULL,NULL,NULL,NULL,NULL,NULL,NULL,113,'Möbeltischlerei Bund KG','true','Grazerstraße 223','','8523','Frauental an der Laßnitz',NULL,'JAF Zengerer GmbH','unknown',NULL,'Administrator','Jaf Graz','Herrgottwiesgasse 170',NULL,'8055','Graz',NULL,'true','03462 33920',NULL,NULL,NULL,NULL,NULL,NULL,NULL,NULL,1,'0000-00-00 00:00:00',1,'0000-00-00 00:00:00'),(1011,752,1202,'AT','de','AT','male','Ing.','Patrick','Autengruber',NULL,'office@fdw.cc',NULL,NULL,NULL,'false',NULL,NULL,NULL,NULL,NULL,NULL,NULL,NULL,NULL,NULL,NULL,NULL,NULL,'fdw Faszination des Wohnens','true','Bahnhofstraße 24','','4810','Gmunden',NULL,NULL,'unknown',NULL,NULL,NULL,NULL,NULL,NULL,NULL,NULL,'true','07612 71034',NULL,NULL,NULL,NULL,NULL,NULL,NULL,NULL,1,'2016-12-27 13:04:44',1,'2016-12-27 13:04:44'),(1012,753,1202,'AT','de','AT','male','Ing.','- Faszination des Wohnens','FDW',NULL,'office@fdw.cc',NULL,NULL,NULL,'false',NULL,NULL,NULL,NULL,NULL,NULL,NULL,NULL,NULL,NULL,NULL,NULL,1203,'fdw Faszination des Wohnens','true','Bahnhofstraße 24','','4810','Gmunden',NULL,'fdw Faszination des Wohnens','unknown',NULL,'Patrick','Autengruber','Bahnhofstraße 24',NULL,'4810','Gmunden',NULL,'true','07612 71034',NULL,NULL,NULL,NULL,NULL,NULL,NULL,NULL,1,'0000-00-00 00:00:00',1,'0000-00-00 00:00:00'),(1013,754,776,'AT','de','AT','female',NULL,'Sandra','Köppl',NULL,'koeppl.sandra@gmail.com',NULL,NULL,NULL,'false',NULL,NULL,NULL,NULL,NULL,NULL,NULL,NULL,NULL,NULL,NULL,NULL,NULL,'Redstone OG','true','Röthelstein 67','','8131','Frohnleiten',NULL,NULL,'unknown',NULL,NULL,NULL,NULL,NULL,NULL,NULL,NULL,'true','0664 587 63 20',NULL,NULL,NULL,NULL,NULL,NULL,NULL,NULL,1,'2016-12-29 21:01:22',1,'2016-12-29 21:01:22'),(1014,755,360,'AT','de',NULL,'male',NULL,'WELLNESSBEREICHE SETZ GMBH',NULL,NULL,'office@wellnessbereiche.at',NULL,NULL,NULL,'false',NULL,NULL,NULL,NULL,NULL,NULL,NULL,NULL,NULL,NULL,NULL,NULL,179,NULL,'false','INDUSTRIEZONE 57','','6460','IMST',NULL,NULL,'unknown',NULL,'Benjamin','Stabentheiner','Amerling 119',NULL,'6233','Kramsach',NULL,'true',NULL,NULL,NULL,NULL,NULL,NULL,NULL,NULL,NULL,1,'0000-00-00 00:00:00',1,'0000-00-00 00:00:00'),(1015,756,1227,'AT','de','AT','male',NULL,'Manfred','Enderle',NULL,'office@wohnend.at',NULL,NULL,NULL,'false',NULL,NULL,NULL,NULL,NULL,NULL,NULL,NULL,NULL,NULL,NULL,NULL,1228,'Einrichtungsstudio Manfred Enderle','true','Studenzen 159','','8322','Kirchberg an der Raab',NULL,'Einrichtungsstudio Manfred Enderle','unknown',NULL,'Manfred','Enderle','Studenzen 159',NULL,'8322','Kirchberg an der Raab',NULL,'true','0664 88262363',NULL,NULL,NULL,NULL,NULL,NULL,NULL,NULL,1,'0000-00-00 00:00:00',1,'0000-00-00 00:00:00'),(1016,757,674,'AT','de','AT','male',NULL,'Maislinger','Wohnideen',NULL,'info@maislinger-wohnideen.at',NULL,NULL,NULL,'false',NULL,NULL,NULL,NULL,NULL,NULL,NULL,NULL,NULL,NULL,NULL,NULL,115,'Maislinger Wohnideen','true','PFONGAU WEST 5','','5202','NEUMARKT AM WALLERSEE',NULL,'J. u. A. Frischeis Ges.m.b.H.','unknown',NULL,'Administrator','Jaf Salzburg','Handelszentrum 12',NULL,'5101','Salzburg',NULL,'true',NULL,NULL,NULL,NULL,NULL,'2d17f95e60e65958309b4122d749f27d',NULL,NULL,NULL,1,'0000-00-00 00:00:00',1,'0000-00-00 00:00:00'),(1017,758,1255,'AT','de','AT','male',NULL,'Franz','Birgmann',NULL,'office@dk-b.at',NULL,NULL,NULL,'false',NULL,NULL,NULL,NULL,NULL,NULL,NULL,NULL,NULL,NULL,NULL,NULL,NULL,'Designküchen Birgmann GmbH','true','Salzburgerstraße 22','','5280','Braunau',NULL,NULL,'unknown',NULL,NULL,NULL,NULL,NULL,NULL,NULL,NULL,'true','0720 567100',NULL,NULL,NULL,NULL,NULL,NULL,NULL,NULL,1,'2017-01-09 10:15:04',1,'2017-01-09 10:15:04'),(1018,759,1255,'AT','de','AT','male',NULL,'Franz','Designküchen Birgmann',NULL,'office@dk-b.at',NULL,NULL,NULL,'false',NULL,NULL,NULL,NULL,NULL,NULL,NULL,NULL,NULL,NULL,NULL,NULL,115,'Designküchen Birgmann GmbH','true','Salzburgerstraße 22','','5280','Braunau',NULL,'J. u. A. Frischeis Ges.m.b.H.','unknown',NULL,'Administrator','Jaf Salzburg','Handelszentrum 12',NULL,'5101','Salzburg',NULL,'true','0720 567100',NULL,NULL,NULL,NULL,NULL,NULL,NULL,NULL,1,'0000-00-00 00:00:00',1,'0000-00-00 00:00:00'),(1019,760,106,'AT','de','AT','unknown',NULL,'Privat Verkauf','Jaf Graz',NULL,'schauraum_austriaglas.graz@zengerer.at',NULL,NULL,NULL,'false',NULL,NULL,NULL,NULL,NULL,NULL,NULL,NULL,NULL,NULL,NULL,NULL,NULL,'JAF Zengerer GmbH','true','Herrgottwiesgasse 170','','8055','Graz',NULL,NULL,'unknown',NULL,NULL,NULL,NULL,NULL,NULL,NULL,NULL,'true',NULL,NULL,NULL,NULL,NULL,'fbbb5b98ecde75bde2ce5aba1e854a8a',NULL,NULL,NULL,1,'2017-01-10 11:53:05',1,'2017-01-10 11:53:05'),(1020,761,968,'AT','de','AT','male',NULL,'Brunner Reinhard','Tischlerei',NULL,'tischlerei.brunner@aon.at',NULL,NULL,NULL,'false',NULL,NULL,NULL,NULL,NULL,NULL,NULL,NULL,NULL,NULL,NULL,NULL,119,'Tischlermeister Brunner Reinhard','true','Münichreith 39','','3662','Münichreith',NULL,'J. u. A. Frischeis Ges.m.b.H.','unknown',NULL,'Administrator','Jaf Linz','Prinz-Eugen-Straße 13',NULL,'4020','Linz',NULL,'true','07413 6849',NULL,NULL,NULL,NULL,NULL,NULL,NULL,NULL,1,'0000-00-00 00:00:00',1,'0000-00-00 00:00:00'),(1021,762,1127,'AT','de','AT','male',NULL,'Johannes','Tischlerei Liendlbauer',NULL,'tischler@liendlbauer.at',NULL,NULL,NULL,'false',NULL,NULL,NULL,NULL,NULL,NULL,NULL,NULL,NULL,NULL,NULL,NULL,887,'Tischlerei Liendlbauer Johannes','true','Erledt 5','','4776','Diersbach',NULL,NULL,'unknown',NULL,'Gerald','Schmidt','Prinz-Eugen-Straße 13',NULL,'4020','Linz',NULL,'true','0660 4885420',NULL,NULL,NULL,NULL,NULL,NULL,NULL,NULL,1,'0000-00-00 00:00:00',1,'0000-00-00 00:00:00'),(1022,763,112,'AT','de','AT','unknown',NULL,'Privat Verkauf','Jaf Linz',NULL,'schauraum_austriaglas.linz@frischeis.com',NULL,NULL,NULL,'false',NULL,NULL,NULL,NULL,NULL,NULL,NULL,NULL,NULL,NULL,NULL,NULL,NULL,'J. u. A. Frischeis Ges.m.b.H.','true','Prinz-Eugen-Straße 13','','4020','Linz',NULL,NULL,'unknown',NULL,NULL,NULL,NULL,NULL,NULL,NULL,NULL,'true',NULL,NULL,NULL,NULL,NULL,'5192b38c40ff53551bccb4ffda5ffd92',NULL,NULL,NULL,1,'2017-01-11 06:54:12',1,'2017-01-11 06:54:12'),(1023,764,768,'AT','de','AT','male','Ing.','Josef','Halter',NULL,'rudolf.maurer@halter.at',NULL,NULL,NULL,'false',NULL,NULL,NULL,NULL,NULL,NULL,NULL,NULL,NULL,NULL,NULL,NULL,143,'Ing. Josef Halter Ges.m.b.H.','true','Altstadt 22','','2460','Bruck/Leitha',NULL,NULL,'unknown',NULL,'Thomas','Lager','Gerbergasse 2',NULL,'2000','Stockerau',NULL,'true','0216262408',NULL,NULL,NULL,NULL,NULL,NULL,NULL,NULL,1,'0000-00-00 00:00:00',1,'0000-00-00 00:00:00'),(1024,765,106,'AT','de','AT','unknown',NULL,'Koller','Tischlerei Möbel',NULL,'schauraum_austriaglas.graz@zengerer.at',NULL,NULL,NULL,'false',NULL,NULL,NULL,NULL,NULL,NULL,NULL,NULL,NULL,NULL,NULL,NULL,37,'JAF Zengerer GmbH','true','Tischlerweg 1','','8114','Stübing',NULL,NULL,'unknown',NULL,'Martin','Labler','Herrgottwiesgasse 170',NULL,'8055','Graz',NULL,'true',NULL,NULL,NULL,NULL,NULL,'fbbb5b98ecde75bde2ce5aba1e854a8a',NULL,NULL,NULL,1,'0000-00-00 00:00:00',1,'0000-00-00 00:00:00'),(1025,766,111,'AT','de','AT','unknown',NULL,'Privat Verkauf','Jaf Kramsach',NULL,'schauraum_austriaglas.kramsach@frischeis.com',NULL,NULL,NULL,'false',NULL,NULL,NULL,NULL,NULL,NULL,NULL,NULL,NULL,NULL,NULL,NULL,118,'J. u. A. Frischeis Ges.m.b.H.','true','Amerling 119','','6233','Kramsach',NULL,'J. u. A. Frischeis Ges.m.b.H.','unknown',NULL,'Administrator','Jaf Kramsach','Amerling 119',NULL,'6233','Kramsach',NULL,'true',NULL,NULL,NULL,NULL,NULL,'154b39e517701c36d2f0b40ebb887bc0',NULL,NULL,NULL,1,'0000-00-00 00:00:00',1,'0000-00-00 00:00:00'),(1026,767,1130,'AT','de','AT','male',NULL,'Handels Gmbh','Fa. Pintz',NULL,'office@pintz.at',NULL,NULL,NULL,'false',NULL,NULL,NULL,NULL,NULL,NULL,NULL,NULL,NULL,NULL,NULL,NULL,1131,'Josef Pintz Handels G.m.b.H.','true','Lerchenfelder Straße 79','','1070','Wien',NULL,'Josef Pintz Handels G.m.b.H.','unknown',NULL,'Handels Gmbh','Josef Pintz','Lerchenfelderstraße 79',NULL,'1070','Wien',NULL,'true','01 5232736',NULL,NULL,NULL,NULL,'23d692020e230b9735b503ceee2e73d2',NULL,NULL,NULL,1,'0000-00-00 00:00:00',1,'0000-00-00 00:00:00'),(1027,768,1257,'AT','de','AT','male',NULL,'Johann','Spandl',NULL,'office@tischlerei-spandl.at',NULL,NULL,NULL,'false',NULL,NULL,NULL,NULL,NULL,NULL,NULL,NULL,NULL,NULL,NULL,NULL,NULL,'Tischlerei Spandl Johann','true','Kirchenviertel 91','','8255','St. Jakob im Walde',NULL,NULL,'unknown',NULL,NULL,NULL,NULL,NULL,NULL,'austriaglas_buero',NULL,'true','0664 3822471',NULL,NULL,NULL,NULL,NULL,NULL,NULL,NULL,1,'2017-01-12 10:44:43',1,'2017-01-12 10:44:43'),(1028,769,1014,'AT','de','AT','male',NULL,'Franz','Schiffelhumer',NULL,'fs@tischlerei-maier.at',NULL,NULL,NULL,'false',NULL,NULL,NULL,NULL,NULL,NULL,NULL,NULL,NULL,NULL,NULL,NULL,NULL,'Maier Tischlerei GmbH','true','Hofötzerstraße 10','','4783','Wernstein',NULL,NULL,'unknown',NULL,NULL,NULL,NULL,NULL,NULL,NULL,NULL,'true','0676 840962205',NULL,NULL,NULL,NULL,NULL,NULL,NULL,NULL,1,'2017-01-12 10:57:47',1,'2017-01-12 10:57:47'),(1029,770,1245,'AT','de','AT','male','Ing.','Helmut','Sandler',NULL,'office@tischlerei-sandler.at',NULL,NULL,NULL,'false',NULL,NULL,NULL,NULL,NULL,NULL,NULL,NULL,NULL,NULL,NULL,NULL,NULL,'Bau- und Möbeltischlerei Sandler KG','true','Spitzerstraße 29','','3631','Ottenschlag',NULL,NULL,'unknown',NULL,NULL,NULL,NULL,NULL,NULL,NULL,NULL,'true','02872 7441',NULL,NULL,NULL,NULL,NULL,NULL,NULL,NULL,1,'2017-01-12 12:12:39',1,'2017-01-12 12:12:39'),(1030,771,111,'AT','de','AT','unknown',NULL,'Privat Verkauf','Jaf Kramsach',NULL,'schauraum_austriaglas.kramsach@frischeis.com',NULL,NULL,NULL,'false',NULL,NULL,NULL,NULL,NULL,NULL,NULL,NULL,NULL,NULL,NULL,NULL,NULL,'J. u. A. Frischeis Ges.m.b.H.','true','Amerling 119','','6233','Kramsach',NULL,NULL,'unknown',NULL,NULL,NULL,NULL,NULL,NULL,NULL,NULL,'true',NULL,NULL,NULL,NULL,NULL,'154b39e517701c36d2f0b40ebb887bc0',NULL,NULL,NULL,1,'2017-01-12 13:33:01',1,'2017-01-12 13:33:01'),(1031,772,1066,'AT','de','AT','male','Ing.','Franz','Seiner',NULL,'office@seiner-wohnen.at',NULL,NULL,NULL,'false',NULL,NULL,NULL,NULL,NULL,NULL,NULL,NULL,NULL,NULL,NULL,NULL,NULL,'Ing. Franz Seiner e. U.','true','Hauptplatz 40','','8524','Deutschlandsberg',NULL,NULL,'unknown',NULL,NULL,NULL,NULL,NULL,NULL,NULL,NULL,'true','03462 7028',NULL,NULL,NULL,NULL,NULL,NULL,NULL,NULL,1,'2017-01-13 09:32:37',1,'2017-01-13 09:32:37'),(1032,773,106,'AT','de','AT','unknown',NULL,'Privat Verkauf','Jaf Graz',NULL,'schauraum_austriaglas.graz@zengerer.at',NULL,NULL,NULL,'false',NULL,NULL,NULL,NULL,NULL,NULL,NULL,NULL,NULL,NULL,NULL,NULL,NULL,'JAF Zengerer GmbH','true','Herrgottwiesgasse 170','','8055','Graz',NULL,NULL,'unknown',NULL,NULL,NULL,NULL,NULL,NULL,NULL,NULL,'true',NULL,NULL,NULL,NULL,NULL,'fbbb5b98ecde75bde2ce5aba1e854a8a',NULL,NULL,NULL,1,'2017-01-14 06:50:58',1,'2017-01-14 06:50:58'),(1033,774,1001,'AT','de','AT','male',NULL,'Weber Johann','Tischlerei',NULL,'office@weber-wohndesign.at',NULL,NULL,NULL,'false',NULL,NULL,NULL,NULL,NULL,NULL,NULL,NULL,NULL,NULL,NULL,NULL,1002,'Tischlerei-Wohndesign Weber','true','Raxendorf 46','','3654','Raxendorf',NULL,'Tischlerei-Wohndesign Weber','unknown',NULL,'Johann','Weber','Raxendorf 46',NULL,'3654','Raxendorf',NULL,'true','02758 7234',NULL,NULL,NULL,NULL,NULL,NULL,NULL,NULL,1,'0000-00-00 00:00:00',1,'0000-00-00 00:00:00'),(1034,775,970,'AT','de','AT','male',NULL,'Markus','Wango',NULL,'m.w84@gmx.at',NULL,NULL,NULL,'false',NULL,NULL,NULL,NULL,NULL,NULL,NULL,NULL,NULL,NULL,NULL,NULL,NULL,'Wango Markus','true','Dorfstraße 23','','8661','Wartberg',NULL,NULL,'unknown',NULL,NULL,NULL,NULL,NULL,NULL,NULL,NULL,'true','0660 5038085',NULL,NULL,NULL,NULL,NULL,NULL,NULL,NULL,1,'2017-01-15 08:28:38',1,'2017-01-15 08:28:38'),(1035,776,109,'AT','de','AT','unknown',NULL,'Privat Verkauf','Jaf Villach',NULL,'austriaglas.villach@frischeis.com',NULL,NULL,NULL,'false',NULL,NULL,NULL,NULL,NULL,NULL,NULL,NULL,NULL,NULL,NULL,NULL,NULL,'J. u. A. Frischeis Ges.m.b.H.','true','Holzstraße 1','','9500','Villach',NULL,NULL,'unknown',NULL,NULL,NULL,NULL,NULL,NULL,NULL,NULL,'true',NULL,NULL,NULL,NULL,NULL,'80acc3a7bd4b5a7ca9c8d082bba932ec',NULL,NULL,NULL,1,'2017-01-15 18:07:32',1,'2017-01-15 18:07:32'),(1036,777,991,'AT','de','AT','male',NULL,'Christian','Bulacher',NULL,'office@danmegastore-kuechen.at',NULL,NULL,NULL,'false',NULL,NULL,NULL,NULL,NULL,NULL,NULL,NULL,NULL,NULL,NULL,NULL,NULL,'DAN Megastore Rum','true','Siemensstraße 13','','6063','Rum',NULL,NULL,'unknown',NULL,NULL,NULL,NULL,NULL,NULL,NULL,NULL,'true','0512 20452611',NULL,NULL,NULL,NULL,NULL,NULL,NULL,NULL,1,'2017-01-16 19:14:48',1,'2017-01-16 19:14:48'),(1037,778,109,'AT','de','AT','unknown',NULL,'Privat Verkauf','Jaf Villach',NULL,'austriaglas.villach@frischeis.com',NULL,NULL,NULL,'false',NULL,NULL,NULL,NULL,NULL,NULL,NULL,NULL,NULL,NULL,NULL,NULL,NULL,'J. u. A. Frischeis Ges.m.b.H.','true','Holzstraße 1','','9500','Villach',NULL,NULL,'unknown',NULL,NULL,NULL,NULL,NULL,NULL,NULL,NULL,'true',NULL,NULL,NULL,NULL,NULL,'80acc3a7bd4b5a7ca9c8d082bba932ec',NULL,NULL,NULL,1,'2017-01-17 09:15:55',1,'2017-01-17 09:15:55'),(1038,779,109,'AT','de','AT','unknown',NULL,'Privat Verkauf','Jaf Villach',NULL,'austriaglas.villach@frischeis.com',NULL,NULL,NULL,'false',NULL,NULL,NULL,NULL,NULL,NULL,NULL,NULL,NULL,NULL,NULL,NULL,NULL,'J. u. A. Frischeis Ges.m.b.H.','true','Holzstraße 1','','9500','Villach',NULL,NULL,'unknown',NULL,NULL,NULL,NULL,NULL,NULL,NULL,NULL,'true',NULL,NULL,NULL,NULL,NULL,'80acc3a7bd4b5a7ca9c8d082bba932ec',NULL,NULL,NULL,1,'2017-01-17 09:53:56',1,'2017-01-17 09:53:56'),(1039,780,1225,'AT','de','AT','male',NULL,'Günter','Hofer',NULL,'wohn.hofer@speed.at',NULL,NULL,NULL,'false',NULL,NULL,NULL,NULL,NULL,NULL,NULL,NULL,NULL,NULL,NULL,NULL,NULL,'Wohnstudio Günter Hofer','true','Mühldorf 436','','8330','Feldbach',NULL,NULL,'unknown',NULL,NULL,NULL,NULL,NULL,NULL,NULL,NULL,'true','03152 5203',NULL,NULL,NULL,NULL,NULL,NULL,NULL,NULL,1,'2017-01-17 15:21:21',1,'2017-01-17 15:21:21'),(1040,781,108,'AT','de','AT','unknown',NULL,'Privat Verkauf','Jaf Salzburg',NULL,'schauraum_austriaglas.salzburg@frischeis.com',NULL,NULL,NULL,'false',NULL,NULL,NULL,NULL,NULL,NULL,NULL,NULL,NULL,NULL,NULL,NULL,NULL,'J. u. A. Frischeis Ges.m.b.H.','true','Handelszentrum 12','','5101','Salzburg',NULL,NULL,'unknown',NULL,NULL,NULL,NULL,NULL,NULL,NULL,NULL,'true',NULL,NULL,NULL,NULL,NULL,'3dd204b37c03f4c42296523fd56bd56b',NULL,NULL,NULL,1,'2017-01-17 16:09:50',1,'2017-01-17 16:09:50'),(1041,782,1210,'AT','de','AT','male',NULL,'Norbert','Pühringer',NULL,'office@norbert-puehringer.at',NULL,NULL,NULL,'false',NULL,NULL,NULL,NULL,NULL,NULL,NULL,NULL,NULL,NULL,NULL,NULL,NULL,'Pühringer Norbert','true','Hainbuchen 1','','3361','Krenstetten',NULL,NULL,'unknown',NULL,NULL,NULL,NULL,NULL,NULL,NULL,NULL,'true','07476 76236',NULL,NULL,NULL,NULL,NULL,NULL,NULL,NULL,1,'2017-01-18 07:23:38',1,'2017-01-18 07:23:38'),(1042,783,1260,'AT','de','AT','male',NULL,'Sepp','Enzinger',NULL,'ulrike.kendler@enzinger.at',NULL,NULL,NULL,'false',NULL,NULL,NULL,NULL,NULL,NULL,NULL,NULL,NULL,NULL,NULL,NULL,654,'Sepp Enzinger GmbH','true','Lebachstraße 2','','5322','Hof bei Salzburg',NULL,NULL,'unknown',NULL,'Robert','Trickl','Handelszentrum 12',NULL,'5101','Bergheim',NULL,'true','06229 2482',NULL,NULL,NULL,NULL,NULL,NULL,NULL,NULL,1,'0000-00-00 00:00:00',1,'0000-00-00 00:00:00'),(1043,784,660,'AT','de','AT','unknown',NULL,'Franz Birgmann','Tischlerei',NULL,'tischlerei-birgmann@aon.at',NULL,NULL,NULL,'false',NULL,NULL,NULL,NULL,NULL,NULL,NULL,NULL,NULL,NULL,NULL,NULL,115,'Tischlerei Birgmann Franz','true','GUNDERTSHAUSEN 63','','5142','Eggelsberg',NULL,'J. u. A. Frischeis Ges.m.b.H.','unknown',NULL,'Administrator','Jaf Salzburg','Handelszentrum 12',NULL,'5101','Salzburg',NULL,'true',NULL,NULL,NULL,NULL,NULL,'0d7aee4383024bebd6c9164fb9ffd15d',NULL,NULL,NULL,1,'0000-00-00 00:00:00',1,'0000-00-00 00:00:00'),(1044,785,1257,'AT','de','AT','male',NULL,'Johann','Spandl',NULL,'office@tischlerei-spandl.at',NULL,NULL,NULL,'false',NULL,NULL,NULL,NULL,NULL,NULL,NULL,NULL,NULL,NULL,NULL,NULL,NULL,'Tischlerei Spandl Johann','true','Kirchenviertel 91','','8255','St. Jakob im Walde',NULL,NULL,'unknown',NULL,NULL,NULL,NULL,NULL,NULL,'austriaglas_buero',NULL,'true','0664 3822471',NULL,NULL,NULL,NULL,NULL,NULL,NULL,NULL,1,'2017-01-19 07:15:08',1,'2017-01-19 07:15:08'),(1045,786,111,'AT','de','AT','unknown',NULL,'Privat Verkauf','Jaf Kramsach',NULL,'schauraum_austriaglas.kramsach@frischeis.com',NULL,NULL,NULL,'false',NULL,NULL,NULL,NULL,NULL,NULL,NULL,NULL,NULL,NULL,NULL,NULL,118,'J. u. A. Frischeis Ges.m.b.H.','true','Amerling 119','','6233','Kramsach',NULL,'J. u. A. Frischeis Ges.m.b.H.','unknown',NULL,'Administrator','Jaf Kramsach','Amerling 119',NULL,'6233','Kramsach',NULL,'true',NULL,NULL,NULL,NULL,NULL,'154b39e517701c36d2f0b40ebb887bc0',NULL,NULL,NULL,1,'0000-00-00 00:00:00',1,'0000-00-00 00:00:00'),(1046,787,63,'AT','de','AT','male',NULL,'Tischler','Austriaglas',NULL,'tischler@austriaglas.at',NULL,NULL,NULL,'false',NULL,NULL,NULL,NULL,NULL,NULL,NULL,NULL,NULL,NULL,NULL,NULL,NULL,NULL,'true','Industriegasse 4','','8311','Markt Hartmannsdorf',NULL,NULL,'unknown',NULL,NULL,NULL,NULL,NULL,NULL,NULL,NULL,'true',NULL,NULL,NULL,NULL,NULL,'0b931a49b3cb9a7259d8b0e44170210a',NULL,NULL,NULL,1,'2017-01-19 14:50:41',1,'2017-01-19 14:50:41'),(1047,788,873,'AT','de','AT','male',NULL,'Thomas','Moser',NULL,'thomas.moser@maier.at',NULL,NULL,NULL,'false',NULL,NULL,NULL,NULL,NULL,NULL,NULL,NULL,NULL,NULL,NULL,NULL,NULL,'Holzbau Maier GmbH & Co KG','true','Gewerbestraße 171','','5733','Bramberg',NULL,NULL,'unknown',NULL,NULL,NULL,NULL,NULL,NULL,NULL,NULL,'true','06566 7264',NULL,NULL,NULL,NULL,NULL,NULL,NULL,NULL,1,'2017-01-19 15:12:17',1,'2017-01-19 15:12:17'),(1048,789,824,'AT','de','AT','male',NULL,'Thomas','Tischlerei Zapfel',NULL,'office@tischlerei-zapfel.at',NULL,NULL,NULL,'false',NULL,NULL,NULL,NULL,NULL,NULL,NULL,NULL,NULL,NULL,NULL,NULL,34,'Tischlerei Zapfel Thomas','true','Obere Hauptstraße 85','','7422','Riedlingsdorf',NULL,NULL,'unknown',NULL,'Daniel','Wack','Herrgottwiesgasse 170',NULL,'8055','Graz',NULL,'true','0660 4330301',NULL,NULL,NULL,NULL,NULL,NULL,NULL,NULL,1,'0000-00-00 00:00:00',1,'0000-00-00 00:00:00'),(1049,790,1207,'AT','de','AT','male',NULL,'Hans','Böhm',NULL,'office@boehmmoebel.at',NULL,NULL,NULL,'false',NULL,NULL,NULL,NULL,NULL,NULL,NULL,NULL,NULL,NULL,NULL,NULL,1208,'Böhm Möbel GmbH','true','Summerau Mitte 22','','4261','Rainbach',NULL,'Böhm Möbel GmbH','unknown',NULL,'Hans','Böhm','Summerau Mitte 22',NULL,'4261','Rainbach',NULL,'true','07942 77441',NULL,NULL,NULL,NULL,'1a89f278b73aa469fdc8dba9c27c493d',NULL,NULL,NULL,1,'0000-00-00 00:00:00',1,'0000-00-00 00:00:00'),(1050,791,1055,'AT','de','AT','male',NULL,'Christoph','Kurzmann',NULL,'kurzmann@wielach.at',NULL,NULL,NULL,'false',NULL,NULL,NULL,NULL,NULL,NULL,NULL,NULL,NULL,NULL,NULL,NULL,NULL,'Wielach EInrichtungsdesign GmbH','true','Untergassolding 21','','4342','Baumgartenberg',NULL,NULL,'unknown',NULL,NULL,NULL,NULL,NULL,NULL,NULL,NULL,'true','07269 7247',NULL,NULL,NULL,NULL,NULL,NULL,NULL,NULL,1,'2017-01-23 07:34:56',1,'2017-01-23 07:34:56'),(1051,792,1265,'AT','de','AT','male',NULL,'Gerald','Empl',NULL,'emplgerald@sbg.at',NULL,NULL,NULL,'false',NULL,NULL,NULL,NULL,NULL,NULL,NULL,NULL,NULL,NULL,NULL,NULL,NULL,'Empl Gerald - Handel & Handel','true','Dorf 108','','5732','Mühlbach',NULL,NULL,'unknown',NULL,NULL,NULL,NULL,NULL,NULL,'austriaglas_buero',NULL,'true','0650 3326899',NULL,NULL,NULL,NULL,NULL,NULL,NULL,NULL,1,'2017-01-23 08:58:18',1,'2017-01-23 08:58:18'),(1052,793,63,'AT','de','AT','male',NULL,'Tischler','Austriaglas',NULL,'tischler@austriaglas.at',NULL,NULL,NULL,'false',NULL,NULL,NULL,NULL,NULL,NULL,NULL,NULL,NULL,NULL,NULL,NULL,NULL,NULL,'true','Industriegasse 4','','8311','Markt Hartmannsdorf',NULL,NULL,'unknown',NULL,NULL,NULL,NULL,NULL,NULL,NULL,NULL,'true',NULL,NULL,NULL,NULL,NULL,'0b931a49b3cb9a7259d8b0e44170210a',NULL,NULL,NULL,1,'2017-01-23 10:47:46',1,'2017-01-23 10:47:46'),(1053,794,1266,'AT','de','AT','male','Ing.','Harald','Graf',NULL,'office@tischlerei-graf.at',NULL,NULL,NULL,'false',NULL,NULL,NULL,NULL,NULL,NULL,NULL,NULL,NULL,NULL,NULL,NULL,114,'Tischlerei Graf OG','true','Rathausstraße 23','','2492','Zillingdorf',NULL,'J. u. A. Frischeis Ges.m.b.H.','unknown',NULL,'Administrator','Jaf Stockerau','Gerbergasse 2',NULL,'2000','Stockerau',NULL,'true','02622 73296',NULL,NULL,NULL,NULL,NULL,NULL,NULL,NULL,1,'0000-00-00 00:00:00',1,'0000-00-00 00:00:00'),(1054,795,107,'AT','de','AT','unknown',NULL,'Tischlerei Graf OG','Innenausbau,Planung,Montage',NULL,'schauraum_austriaglas.stockerau@frischeis.com',NULL,NULL,NULL,'false',NULL,NULL,NULL,NULL,NULL,NULL,NULL,NULL,NULL,NULL,NULL,NULL,NULL,'J. u. A. Frischeis Ges.m.b.H.','true','Rathausstraße 23','','2492','Zillingsdorf',NULL,'J. u. A. Frischeis Ges.m.b.H.','unknown',NULL,'Administrator','Jaf Stockerau','Gerbergasse 2',NULL,'2000','Stockerau',NULL,'true',NULL,NULL,NULL,NULL,NULL,'c349e2e9a1d9e12bc2edbcb58222aa4c',NULL,NULL,NULL,1,'2017-01-23 13:23:44',1,'2017-01-23 13:23:44'),(1055,796,692,'AT','de',NULL,'unknown',NULL,'Matthias','Gragger',NULL,'info@die-handwerker.co.at',NULL,NULL,NULL,'false',NULL,NULL,NULL,NULL,NULL,NULL,NULL,NULL,NULL,NULL,NULL,NULL,115,NULL,'false','SCHWARZENBACH 78','','5360','ST. WOLFGANG',NULL,'J. u. A. Frischeis Ges.m.b.H.','unknown',NULL,'Administrator','Jaf Salzburg','Handelszentrum 12',NULL,'5101','Salzburg',NULL,'true',NULL,NULL,NULL,NULL,NULL,NULL,NULL,NULL,NULL,1,'0000-00-00 00:00:00',1,'0000-00-00 00:00:00'),(1056,797,1158,'AT','de','AT','male',NULL,'Günter','Hadringer',NULL,'g.hadringer@schweitzer.at',NULL,NULL,NULL,'false',NULL,NULL,NULL,NULL,NULL,NULL,NULL,NULL,NULL,NULL,NULL,NULL,NULL,'Schweitzer Ladenbau GmbH','true','Ginzkeystraße 29','','4600','Wels',NULL,NULL,'unknown',NULL,NULL,NULL,NULL,NULL,NULL,NULL,NULL,'true','07242 2380',NULL,NULL,NULL,NULL,NULL,NULL,NULL,NULL,1,'2017-01-24 07:53:22',1,'2017-01-24 07:53:22'),(1057,798,1018,'AT','de','AT','male',NULL,'Reinhard','Bramer',NULL,'reinhard.bramer@kieslinger.at',NULL,NULL,NULL,'false',NULL,NULL,NULL,NULL,NULL,NULL,NULL,NULL,NULL,NULL,NULL,NULL,NULL,'Tischlerei Wohnstudio Kieslinger GmbH ','true','Grubstraße 6','','4771','Sigharting',NULL,NULL,'unknown',NULL,NULL,NULL,NULL,NULL,NULL,NULL,NULL,'true','07766 3187',NULL,NULL,NULL,NULL,NULL,NULL,NULL,NULL,1,'2017-01-24 14:32:19',1,'2017-01-24 14:32:19'),(1058,799,1018,'AT','de','AT','male',NULL,'Reinhard','Bramer',NULL,'reinhard.bramer@kieslinger.at',NULL,NULL,NULL,'false',NULL,NULL,NULL,NULL,NULL,NULL,NULL,NULL,NULL,NULL,NULL,NULL,NULL,'Tischlerei Wohnstudio Kieslinger GmbH ','true','Grubstraße 6','','4771','Sigharting',NULL,NULL,'unknown',NULL,NULL,NULL,NULL,NULL,NULL,NULL,NULL,'true','07766 3187',NULL,NULL,NULL,NULL,NULL,NULL,NULL,NULL,1,'2017-01-24 14:32:49',1,'2017-01-24 14:32:49'),(1059,800,1207,'AT','de','AT','male',NULL,'Hans','Böhm',NULL,'office@boehmmoebel.at',NULL,NULL,NULL,'false',NULL,NULL,NULL,NULL,NULL,NULL,NULL,NULL,NULL,NULL,NULL,NULL,NULL,'Böhm Möbel GmbH','true','Summerau Mitte 22','','4261','Rainbach',NULL,'Böhm Möbel GmbH','unknown',NULL,'Hans','Böhm','Summerau Mitte 22',NULL,'4261','Rainbach',NULL,'true','07942 77441',NULL,NULL,NULL,NULL,'1a89f278b73aa469fdc8dba9c27c493d',NULL,NULL,NULL,1,'2017-01-25 07:15:40',1,'2017-01-25 07:15:40'),(1060,801,1267,'AT','de','AT','male',NULL,'Martin','Wiesner',NULL,'martin.wiesner@wiesner-moebel.at',NULL,NULL,NULL,'false',NULL,NULL,NULL,NULL,NULL,NULL,NULL,NULL,NULL,NULL,NULL,NULL,NULL,'Wiesner GmbH','true','Ort im Innkreis 73','','4974','Ort im Innkreis',NULL,NULL,'unknown',NULL,NULL,NULL,NULL,NULL,NULL,'austriaglas_buero',NULL,'true','07751 6041',NULL,NULL,NULL,NULL,NULL,NULL,NULL,NULL,1,'2017-01-25 08:03:19',1,'2017-01-25 08:03:19'),(1061,802,1031,'AT','de','AT','male',NULL,'Johannes','Aumeier',NULL,'office@aumeier.at',NULL,NULL,NULL,'false',NULL,NULL,NULL,NULL,NULL,NULL,NULL,NULL,NULL,NULL,NULL,NULL,NULL,'Aumeier Möbel','true','Almstraße 4','','4274','Schönau I. M.',NULL,NULL,'unknown',NULL,NULL,NULL,NULL,NULL,NULL,NULL,NULL,'true','07261 73 85',NULL,NULL,NULL,NULL,'18732014d9efe678a83b2fd895bbe427',NULL,NULL,NULL,1,'2017-01-25 12:51:51',1,'2017-01-25 12:51:51'),(1062,803,1104,'AT','de','AT','male',NULL,'Karl','Limberger',NULL,'einkauf@limberger.co.at',NULL,NULL,NULL,'false',NULL,NULL,NULL,NULL,NULL,NULL,NULL,NULL,NULL,NULL,NULL,NULL,NULL,'Tischlerei Limberger GmbH','true','Gewerbestraße 4','','4565','Inzersdorf',NULL,NULL,'unknown',NULL,NULL,NULL,NULL,NULL,NULL,NULL,NULL,'true','07582 81080',NULL,NULL,NULL,NULL,NULL,NULL,NULL,NULL,1,'2017-01-25 13:16:14',1,'2017-01-25 13:16:14'),(1063,804,1270,'AT','de','AT','male',NULL,'Martin','Obereder',NULL,'office@obereder.at',NULL,NULL,NULL,'false',NULL,NULL,NULL,NULL,NULL,NULL,NULL,NULL,NULL,NULL,NULL,NULL,NULL,'Tischlerei Obereder Martin','true','Markt 27','','4280','Königswiesen ',NULL,NULL,'unknown',NULL,NULL,NULL,NULL,NULL,NULL,NULL,NULL,'true','07955 6249',NULL,NULL,NULL,NULL,NULL,NULL,NULL,NULL,1,'2017-01-25 13:27:28',1,'2017-01-25 13:27:28'),(1064,805,111,'AT','de','AT','unknown',NULL,'Privat Verkauf','Jaf Kramsach',NULL,'schauraum_austriaglas.kramsach@frischeis.com',NULL,NULL,NULL,'false',NULL,NULL,NULL,NULL,NULL,NULL,NULL,NULL,NULL,NULL,NULL,NULL,NULL,'J. u. A. Frischeis Ges.m.b.H.','true','Amerling 119','','6233','Kramsach',NULL,NULL,'unknown',NULL,NULL,NULL,NULL,NULL,NULL,NULL,NULL,'true',NULL,NULL,NULL,NULL,NULL,'154b39e517701c36d2f0b40ebb887bc0',NULL,NULL,NULL,1,'2017-01-25 14:56:42',1,'2017-01-25 14:56:42'),(1065,806,111,'AT','de','AT','unknown',NULL,'Privat Verkauf','Jaf Kramsach',NULL,'schauraum_austriaglas.kramsach@frischeis.com',NULL,NULL,NULL,'false',NULL,NULL,NULL,NULL,NULL,NULL,NULL,NULL,NULL,NULL,NULL,NULL,NULL,'J. u. A. Frischeis Ges.m.b.H.','true','Amerling 119','','6233','Kramsach',NULL,NULL,'unknown',NULL,NULL,NULL,NULL,NULL,NULL,NULL,NULL,'true',NULL,NULL,NULL,NULL,NULL,'154b39e517701c36d2f0b40ebb887bc0',NULL,NULL,NULL,1,'2017-01-26 08:02:54',1,'2017-01-26 08:02:54'),(1066,807,733,'AT','de','AT','male',NULL,'Markus','Haas',NULL,'office@h-diezwei.at',NULL,NULL,NULL,'false',NULL,NULL,NULL,NULL,NULL,NULL,NULL,NULL,NULL,NULL,NULL,NULL,NULL,'Haas & Haselgruber OG','true','Steinbruchgasse 15','','2540','Bad Vöslau',NULL,NULL,'unknown',NULL,NULL,NULL,NULL,NULL,NULL,NULL,NULL,'true','02252263900',NULL,NULL,NULL,NULL,'28bd84fb8b959caddda3556791199fd1',NULL,NULL,NULL,1,'2017-01-26 08:23:17',1,'2017-01-26 08:23:17'),(1067,808,1261,'AT','de','AT','male',NULL,'Josef','Neubauer',NULL,'planung@tischlerei-neubauer.at',NULL,NULL,NULL,'false',NULL,NULL,NULL,NULL,NULL,NULL,NULL,NULL,NULL,NULL,NULL,NULL,NULL,'Tischlerei Neubauer GmbH','true','Kobling 19','','4074','Stroheim',NULL,NULL,'unknown',NULL,NULL,NULL,NULL,NULL,NULL,'austriaglas_buero',NULL,'true','07272 6219',NULL,NULL,NULL,NULL,NULL,NULL,NULL,NULL,1,'2017-01-26 09:14:26',1,'2017-01-26 09:14:26'),(1068,809,107,'AT','de','AT','unknown',NULL,'Tischlerei','Konecny Markus Ing.',NULL,'schauraum_austriaglas.stockerau@frischeis.com',NULL,NULL,NULL,'false',NULL,NULL,NULL,NULL,NULL,NULL,NULL,NULL,NULL,NULL,NULL,NULL,NULL,NULL,'false','Vivenotgasse 15','','1120','Wien',NULL,NULL,'unknown',NULL,'Administrator','Jaf Stockerau','Gerbergasse 2',NULL,'2000','Stockerau',NULL,'true',NULL,NULL,NULL,NULL,NULL,'c349e2e9a1d9e12bc2edbcb58222aa4c',NULL,NULL,NULL,1,'2017-01-26 09:41:48',1,'2017-01-26 09:41:48'),(1069,810,1261,'AT','de','AT','male',NULL,'Josef','Neubauer',NULL,'planung@tischlerei-neubauer.at',NULL,NULL,NULL,'false',NULL,NULL,NULL,NULL,NULL,NULL,NULL,NULL,NULL,NULL,NULL,NULL,NULL,'Tischlerei Neubauer GmbH','true','Kobling 19','','4074','Stroheim',NULL,NULL,'unknown',NULL,NULL,NULL,NULL,NULL,NULL,'austriaglas_buero',NULL,'true','07272 6219',NULL,NULL,NULL,NULL,NULL,NULL,NULL,NULL,1,'2017-01-26 10:05:19',1,'2017-01-26 10:05:19'),(1070,811,1059,'AT','de','AT','male',NULL,'Franz Fürst e. U.','Tischlerei + Wohnstudio',NULL,'wohnstudio@f-fuerst.at',NULL,NULL,NULL,'false',NULL,NULL,NULL,NULL,NULL,NULL,NULL,NULL,NULL,NULL,NULL,NULL,880,'Tischlerei + Wohnstudio Franz Fürst e. U.','true','Engerwitzerdorfer Straße 45','','4209','Engerwitzerdorf',NULL,NULL,'unknown',NULL,'Michaela','Atzmüller','Prinz-Eugen-Straße 13',NULL,'4020','Linz',NULL,'true','07235 622350',NULL,NULL,NULL,NULL,'1181f94d6d8bccea1d6ce9e74149218f',NULL,NULL,NULL,1,'0000-00-00 00:00:00',1,'0000-00-00 00:00:00'),(1071,812,1059,'AT','de','AT','male',NULL,'Rudolf','Hansl',NULL,'wohnstudio@f-fuerst.at',NULL,NULL,NULL,'false',NULL,NULL,NULL,NULL,NULL,NULL,NULL,NULL,NULL,NULL,NULL,NULL,NULL,'Tischlerei + Wohnstudio Franz Fürst e. U.','true','Engerwitzerdorfer Straße 45','','4209','Engerwitzerdorf',NULL,NULL,'unknown',NULL,NULL,NULL,NULL,NULL,NULL,NULL,NULL,'true','07235 622350',NULL,NULL,NULL,NULL,'1181f94d6d8bccea1d6ce9e74149218f',NULL,NULL,NULL,1,'2017-01-26 11:54:49',1,'2017-01-26 11:54:49'),(1072,813,107,'AT','de','AT','unknown',NULL,'Stockerau','J. u. A. Frischeis Ges.m.b.H.',NULL,'schauraum_austriaglas.stockerau@frischeis.com',NULL,NULL,NULL,'false',NULL,NULL,NULL,NULL,NULL,NULL,NULL,NULL,NULL,NULL,NULL,NULL,114,NULL,'false','Gerbergasse 2','','2000','Stockerau',NULL,'J. u. A. Frischeis Ges.m.b.H.','unknown',NULL,'Administrator','Jaf Stockerau','Gerbergasse 2',NULL,'2000','Stockerau',NULL,'true',NULL,NULL,NULL,NULL,NULL,'c349e2e9a1d9e12bc2edbcb58222aa4c',NULL,NULL,NULL,1,'0000-00-00 00:00:00',1,'0000-00-00 00:00:00'),(1073,814,112,'AT','de','AT','unknown',NULL,'Ges.m.b.H.','J. u. A. Frischeis',NULL,'schauraum_austriaglas.linz@frischeis.com',NULL,NULL,NULL,'false',NULL,NULL,NULL,NULL,NULL,NULL,NULL,NULL,NULL,NULL,NULL,NULL,119,'J. u. A. Frischeis Ges.m.b.H.','true','Prinz-Eugen-Straße 13','','4020','Linz',NULL,'J. u. A. Frischeis Ges.m.b.H.','unknown',NULL,'Administrator','Jaf Linz','Prinz-Eugen-Straße 13',NULL,'4020','Linz',NULL,'true',NULL,NULL,NULL,NULL,NULL,'5192b38c40ff53551bccb4ffda5ffd92',NULL,NULL,NULL,1,'0000-00-00 00:00:00',1,'0000-00-00 00:00:00'),(1074,815,1136,'AT','de','AT','female',NULL,'Elisabeth','Puschan',NULL,'elisabeth@puschan.com',NULL,NULL,NULL,'false',NULL,NULL,NULL,NULL,NULL,NULL,NULL,NULL,NULL,NULL,NULL,NULL,839,'Puschan kreativ GmbH','true','Kärntnerstraße 18','','9500','Villach',NULL,NULL,'unknown',NULL,'Jennifer','Opriessnig','Muldenweg 12',NULL,'9500','Villach',NULL,'true','0664 8368908',NULL,NULL,NULL,NULL,NULL,NULL,NULL,NULL,1,'0000-00-00 00:00:00',1,'0000-00-00 00:00:00'),(1075,816,109,'AT','de','AT','unknown',NULL,'Privat Verkauf','Jaf Villach',NULL,'austriaglas.villach@frischeis.com',NULL,NULL,NULL,'false',NULL,NULL,NULL,NULL,NULL,NULL,NULL,NULL,NULL,NULL,NULL,NULL,NULL,'J. u. A. Frischeis Ges.m.b.H.','true','Holzstraße 1','','9500','Villach',NULL,NULL,'unknown',NULL,NULL,NULL,NULL,NULL,NULL,NULL,NULL,'true',NULL,NULL,NULL,NULL,NULL,'80acc3a7bd4b5a7ca9c8d082bba932ec',NULL,NULL,NULL,1,'2017-01-26 14:13:27',1,'2017-01-26 14:13:27'),(1076,817,108,'AT','de','AT','unknown',NULL,'Privat Verkauf','Jaf Salzburg',NULL,'schauraum_austriaglas.salzburg@frischeis.com',NULL,NULL,NULL,'false',NULL,NULL,NULL,NULL,NULL,NULL,NULL,NULL,NULL,NULL,NULL,NULL,NULL,'J. u. A. Frischeis Ges.m.b.H.','true','Handelszentrum 12','','5101','Salzburg',NULL,NULL,'unknown',NULL,NULL,NULL,NULL,NULL,NULL,NULL,NULL,'true',NULL,NULL,NULL,NULL,NULL,'3dd204b37c03f4c42296523fd56bd56b',NULL,NULL,NULL,1,'2017-01-30 06:46:29',1,'2017-01-30 06:46:29'),(1077,818,1220,'AT','de','AT','male',NULL,'Stefan','Schönfelder',NULL,'office@glas-galerie.at',NULL,NULL,NULL,'false',NULL,NULL,NULL,NULL,NULL,NULL,NULL,NULL,NULL,NULL,NULL,NULL,NULL,'Glas & Galerie Schönfelder GmbH','true','Christalnikstraße 8','','9330','Althofen',NULL,NULL,'unknown',NULL,NULL,NULL,NULL,NULL,NULL,NULL,NULL,'true','04262 2369',NULL,NULL,NULL,NULL,NULL,NULL,NULL,NULL,1,'2017-01-30 10:33:03',1,'2017-01-30 10:33:03'),(1078,819,1272,'AT','de','AT','female',NULL,'Josef','Pils',NULL,'maria.rammerstorfer@rapid-holztechnik.com',NULL,NULL,NULL,'false',NULL,NULL,NULL,NULL,NULL,NULL,NULL,NULL,NULL,NULL,NULL,NULL,NULL,'RAPID-Holztechnik GmbH','true','Aigenfliessen 48','','4432','Ernsthofen',NULL,NULL,'unknown',NULL,NULL,NULL,NULL,NULL,NULL,NULL,NULL,'true','07435 86980',NULL,NULL,NULL,NULL,NULL,NULL,NULL,NULL,1,'2017-01-30 14:06:56',1,'2017-01-30 14:06:56'),(1079,820,1272,'AT','de','AT','female',NULL,'Josef','Pils',NULL,'maria.rammerstorfer@rapid-holztechnik.com',NULL,NULL,NULL,'false',NULL,NULL,NULL,NULL,NULL,NULL,NULL,NULL,NULL,NULL,NULL,NULL,NULL,'RAPID-Holztechnik GmbH','true','Aigenfliessen 48','','4432','Ernsthofen',NULL,NULL,'unknown',NULL,NULL,NULL,NULL,NULL,NULL,NULL,NULL,'true','07435 86980',NULL,NULL,NULL,NULL,NULL,NULL,NULL,NULL,1,'2017-01-30 14:14:31',1,'2017-01-30 14:14:31'),(1080,821,1271,'AT','de','AT','male',NULL,'Hubert','Kapfer',NULL,'office@tischlerei-kapfer.at',NULL,NULL,NULL,'false',NULL,NULL,NULL,NULL,NULL,NULL,NULL,NULL,NULL,NULL,NULL,NULL,NULL,'Bau- & Möbeltischlerei Hubert Kapfer','true','Schlüsslberg Hiering 13','','4707','Schlüßlberg',NULL,NULL,'unknown',NULL,NULL,NULL,NULL,NULL,NULL,'austriaglas_buero',NULL,'true','07248 65011',NULL,NULL,NULL,NULL,NULL,NULL,NULL,NULL,1,'2017-01-30 14:15:48',1,'2017-01-30 14:15:48'),(1081,822,1261,'AT','de','AT','male',NULL,'Josef','Neubauer',NULL,'planung@tischlerei-neubauer.at',NULL,NULL,NULL,'false',NULL,NULL,NULL,NULL,NULL,NULL,NULL,NULL,NULL,NULL,NULL,NULL,NULL,'Tischlerei Neubauer GmbH','true','Kobling 19A','','4074','Stroheim',NULL,NULL,'unknown',NULL,NULL,NULL,NULL,NULL,NULL,'austriaglas_buero',NULL,'true','07272 6219',NULL,NULL,NULL,NULL,'faff54c19f2481f43e0d868bb3212589',NULL,NULL,NULL,1,'2017-01-31 07:56:58',1,'2017-01-31 07:56:58'),(1082,823,1215,'AT','de','AT','male',NULL,'Michael','Mitteregger',NULL,'m.pichlbauer@mitteregger.st',NULL,NULL,NULL,'false',NULL,NULL,NULL,NULL,NULL,NULL,NULL,NULL,NULL,NULL,NULL,NULL,1216,'Mitteregger GmbH','true','Burggasse 121','','8750','Judenburg',NULL,'Mitteregger GmbH','unknown',NULL,'Michael','Mitteregger','Burggasse 121',NULL,'8750','Judenburg',NULL,'true','0660 8115545',NULL,NULL,NULL,NULL,'b43e7ef746f17772c9af92dca829707d',NULL,NULL,NULL,1,'0000-00-00 00:00:00',1,'0000-00-00 00:00:00'),(1083,824,111,'AT','de','AT','unknown',NULL,'Privat Verkauf','Jaf Kramsach',NULL,'schauraum_austriaglas.kramsach@frischeis.com',NULL,NULL,NULL,'false',NULL,NULL,NULL,NULL,NULL,NULL,NULL,NULL,NULL,NULL,NULL,NULL,NULL,'J. u. A. Frischeis Ges.m.b.H.','true','Amerling 119','','6233','Kramsach',NULL,NULL,'unknown',NULL,NULL,NULL,NULL,NULL,NULL,NULL,NULL,'true',NULL,NULL,NULL,NULL,NULL,'154b39e517701c36d2f0b40ebb887bc0',NULL,NULL,NULL,1,'2017-01-31 10:07:54',1,'2017-01-31 10:07:54'),(1084,825,820,'AT','de','AT','male',NULL,'Franz','Resl',NULL,'info@wohnholz.at',NULL,NULL,NULL,'false',NULL,NULL,NULL,NULL,NULL,NULL,NULL,NULL,NULL,NULL,NULL,NULL,NULL,'Wohnholz GmbH','true','St. Martin bei Lofer 53','','5092','St. Martin bei Lofer',NULL,NULL,'unknown',NULL,NULL,NULL,NULL,NULL,NULL,NULL,NULL,'true','06588 7536',NULL,NULL,NULL,NULL,NULL,NULL,NULL,NULL,1,'2017-01-31 10:43:22',1,'2017-01-31 10:43:22'),(1085,826,803,'AT','de','AT','male',NULL,'GmbH & Co KG','Möbel Scheiber',NULL,'av@moebel-scheiber.at',NULL,NULL,NULL,'false',NULL,NULL,NULL,NULL,NULL,NULL,NULL,NULL,NULL,NULL,NULL,NULL,123,'Möbel Scheiber GmbH & Co KG','true','Leogang 44','','5771','Leogang',NULL,NULL,'unknown',NULL,'Sybille','Tonkli','Weitgasse 5',NULL,'5630','Bad Hofgastein',NULL,'true','06583 8309',NULL,NULL,NULL,NULL,NULL,NULL,NULL,NULL,1,'0000-00-00 00:00:00',1,'0000-00-00 00:00:00'),(1086,827,1273,'AT','de','AT','male',NULL,'Franz','Kiefer',NULL,'tischlerei.kiefer@aon.at',NULL,NULL,NULL,'false',NULL,NULL,NULL,NULL,NULL,NULL,NULL,NULL,NULL,NULL,NULL,NULL,NULL,'Bau- und Möbeltischlerei Franz Kiefer','true','Sulb 117','','8544','St. Martin im Sulmtal',NULL,NULL,'unknown',NULL,NULL,NULL,NULL,NULL,NULL,NULL,NULL,'true','03465 3517',NULL,NULL,NULL,NULL,NULL,NULL,NULL,NULL,1,'2017-01-31 14:04:45',1,'2017-01-31 14:04:45'),(1087,828,1160,'AT','de','AT','male',NULL,'Andreas','Voak',NULL,'office@holzinharmonie.at',NULL,NULL,NULL,'false',NULL,NULL,NULL,NULL,NULL,NULL,NULL,NULL,NULL,NULL,NULL,NULL,NULL,'Voak Andreas Küchen & Möbeldesign','true','Mankerstraße 1a','','3200','Ober-Grafendorf',NULL,NULL,'unknown',NULL,NULL,NULL,NULL,NULL,NULL,NULL,NULL,'true','0664 4200869',NULL,NULL,NULL,NULL,NULL,NULL,NULL,NULL,1,'2017-02-01 07:52:45',1,'2017-02-01 07:52:45'),(1088,829,1012,'AT','de','AT','female',NULL,'Gerlinde','Preis',NULL,'gerlinde.preis@aon.at',NULL,NULL,NULL,'false',NULL,NULL,NULL,NULL,NULL,NULL,NULL,NULL,NULL,NULL,NULL,NULL,NULL,'Montagen & Handel Fasching Christoph','true','Tollet 6','','4710','Grieskirchen',NULL,NULL,'unknown',NULL,NULL,NULL,NULL,NULL,NULL,NULL,NULL,'true','0676 9512288',NULL,NULL,NULL,NULL,'a0d9a27fbfab121311c5e646e988ef67',NULL,NULL,NULL,1,'2017-02-01 07:53:38',1,'2017-02-01 07:53:38'),(1089,830,970,'AT','de','AT','male',NULL,'Markus','Wango',NULL,'m.w84@gmx.at',NULL,NULL,NULL,'false',NULL,NULL,NULL,NULL,NULL,NULL,NULL,NULL,NULL,NULL,NULL,NULL,NULL,'Wango Markus','true','Dorfstraße 23','','8661','Wartberg',NULL,NULL,'unknown',NULL,NULL,NULL,NULL,NULL,NULL,NULL,NULL,'true','0660 5038085',NULL,NULL,NULL,NULL,NULL,NULL,NULL,NULL,1,'2017-02-01 17:14:01',1,'2017-02-01 17:14:01'),(1090,831,1215,'AT','de','AT','male',NULL,'GmbH','Mitteregger',NULL,'m.pichlbauer@mitteregger.st',NULL,NULL,NULL,'false',NULL,NULL,NULL,NULL,NULL,NULL,NULL,NULL,NULL,NULL,NULL,NULL,1216,'Mitteregger GmbH','true','Burggasse 121','','8750','Judenburg',NULL,'Mitteregger GmbH','unknown',NULL,'Michael','Mitteregger','Burggasse 121',NULL,'8750','Judenburg',NULL,'true','0660 8115545',NULL,NULL,NULL,NULL,'b43e7ef746f17772c9af92dca829707d',NULL,NULL,NULL,1,'0000-00-00 00:00:00',1,'0000-00-00 00:00:00'),(1091,832,967,'AT','de','AT','male',NULL,'Manfred','Schön',NULL,'wohnkultur@utanet.at',NULL,NULL,NULL,'false',NULL,NULL,NULL,NULL,NULL,NULL,NULL,NULL,NULL,NULL,NULL,NULL,NULL,'Bau- und Möbeltischlerei Schön GmbH','true','Hauptstraße 56','','3683','Yspertal',NULL,NULL,'unknown',NULL,NULL,NULL,NULL,NULL,NULL,NULL,NULL,'true','07415 6526',NULL,NULL,NULL,NULL,NULL,NULL,NULL,NULL,1,'2017-02-02 12:00:51',1,'2017-02-02 12:00:51'),(1092,833,63,'AT','de','AT','male',NULL,'Tischler','Austriaglas',NULL,'tischler@austriaglas.at',NULL,NULL,NULL,'false',NULL,NULL,NULL,NULL,NULL,NULL,NULL,NULL,NULL,NULL,NULL,NULL,NULL,NULL,'true','Industriegasse 4','','8311','Markt Hartmannsdorf',NULL,NULL,'unknown',NULL,NULL,NULL,NULL,NULL,NULL,NULL,NULL,'true',NULL,NULL,NULL,NULL,NULL,'0b931a49b3cb9a7259d8b0e44170210a',NULL,NULL,NULL,1,'2017-02-02 14:02:09',1,'2017-02-02 14:02:09'),(1093,834,1274,'AT','de','AT','male',NULL,'GmbH','A. Sochor & Co',NULL,'1100@sochor.at',NULL,NULL,NULL,'false',NULL,NULL,NULL,NULL,NULL,NULL,NULL,NULL,NULL,NULL,NULL,NULL,144,'Baustoffhandel A. Sochor & Co GmbH','true','Triester Straße 14','','1100','Wien',NULL,NULL,'unknown',NULL,'Christian','Ederer','Gerbergasse 2',NULL,'2000','Stockerau',NULL,'true','01 60436380',NULL,NULL,NULL,NULL,'faff54c19f2481f43e0d868bb3212589',NULL,NULL,NULL,1,'0000-00-00 00:00:00',1,'0000-00-00 00:00:00'),(1094,835,360,'AT','de',NULL,'male',NULL,'WELLNESSBEREICHE SETZ GMBH',NULL,NULL,'office@wellnessbereiche.at',NULL,NULL,NULL,'false',NULL,NULL,NULL,NULL,NULL,NULL,NULL,NULL,NULL,NULL,NULL,NULL,179,NULL,'false','INDUSTRIEZONE 57','','6460','IMST',NULL,NULL,'unknown',NULL,'Benjamin','Stabentheiner','Amerling 119',NULL,'6233','Kramsach',NULL,'true',NULL,NULL,NULL,NULL,NULL,NULL,NULL,NULL,NULL,1,'0000-00-00 00:00:00',1,'0000-00-00 00:00:00'),(1095,836,992,'AT','de','AT','male',NULL,'Sturm Gmbh','C & H',NULL,'office@sturm-kuechen.at',NULL,NULL,NULL,'false',NULL,NULL,NULL,NULL,NULL,NULL,NULL,NULL,NULL,NULL,NULL,NULL,NULL,'C & H Sturm GmbH','true','Niederland 154','','5091','Unken',NULL,NULL,'unknown',NULL,NULL,NULL,NULL,NULL,NULL,NULL,NULL,'true','06589 421586',NULL,NULL,NULL,NULL,'06b299ac23c13292e1728c15fc7af214',NULL,NULL,NULL,1,'2017-02-03 09:19:12',1,'2017-02-03 09:19:12'),(1096,837,733,'AT','de','AT','male',NULL,'Markus','Haas',NULL,'office@h-diezwei.at',NULL,NULL,NULL,'false',NULL,NULL,NULL,NULL,NULL,NULL,NULL,NULL,NULL,NULL,NULL,NULL,NULL,'Haas & Haselgruber OG','true','Steinbruchgasse 15','','2540','Bad Vöslau',NULL,NULL,'unknown',NULL,NULL,NULL,NULL,NULL,NULL,NULL,NULL,'true','02252263900',NULL,NULL,NULL,NULL,'28bd84fb8b959caddda3556791199fd1',NULL,NULL,NULL,1,'2017-02-03 13:26:50',1,'2017-02-03 13:26:50'),(1097,838,1242,'AT','de','AT','male',NULL,'Franz','Kolm',NULL,'office@tischlerei-kolm.at',NULL,NULL,NULL,'false',NULL,NULL,NULL,NULL,NULL,NULL,NULL,NULL,NULL,NULL,NULL,NULL,NULL,'Bau- und Möbeltischlerei Kolm Franz','true','Teichmanns 9','','3623','Kottes',NULL,NULL,'unknown',NULL,NULL,NULL,NULL,NULL,NULL,NULL,NULL,'true','02872 7397',NULL,NULL,NULL,NULL,NULL,NULL,NULL,NULL,1,'2017-02-06 07:46:25',1,'2017-02-06 07:46:25'),(1098,839,1242,'AT','de','AT','male',NULL,'Franz','Kolm',NULL,'office@tischlerei-kolm.at',NULL,NULL,NULL,'false',NULL,NULL,NULL,NULL,NULL,NULL,NULL,NULL,NULL,NULL,NULL,NULL,119,'Bau- und Möbeltischlerei Kolm Franz','true','Teichmanns 9','','3623','Kottes',NULL,'J. u. A. Frischeis Ges.m.b.H.','unknown',NULL,'Administrator','Jaf Linz','Prinz-Eugen-Straße 13',NULL,'4020','Linz',NULL,'true','02872 7397',NULL,NULL,NULL,NULL,NULL,NULL,NULL,NULL,1,'0000-00-00 00:00:00',1,'0000-00-00 00:00:00'),(1099,840,112,'AT','de','AT','unknown',NULL,'Privat Verkauf','Jaf Linz',NULL,'schauraum_austriaglas.linz@frischeis.com',NULL,NULL,NULL,'false',NULL,NULL,NULL,NULL,NULL,NULL,NULL,NULL,NULL,NULL,NULL,NULL,NULL,'J. u. A. Frischeis Ges.m.b.H.','true','Prinz-Eugen-Straße 13','','4020','Linz',NULL,NULL,'unknown',NULL,NULL,NULL,NULL,NULL,NULL,NULL,NULL,'true',NULL,NULL,NULL,NULL,NULL,'5192b38c40ff53551bccb4ffda5ffd92',NULL,NULL,NULL,1,'2017-02-06 12:53:20',1,'2017-02-06 12:53:20'),(1100,841,1032,'AT','de','AT','male',NULL,'Alois','Klinger',NULL,'office@inreiter.co.at',NULL,NULL,NULL,'false',NULL,NULL,NULL,NULL,NULL,NULL,NULL,NULL,NULL,NULL,NULL,NULL,NULL,'Inreiter Helmut','true','Schlossberg 2','','4274','Schönau/MKR.',NULL,NULL,'unknown',NULL,NULL,NULL,NULL,NULL,NULL,NULL,NULL,'true','07261 73 84',NULL,NULL,NULL,NULL,NULL,NULL,NULL,NULL,1,'2017-02-06 15:58:16',1,'2017-02-06 15:58:16'),(1101,842,733,'AT','de','AT','male',NULL,'Markus','Haas',NULL,'office@h-diezwei.at',NULL,NULL,NULL,'false',NULL,NULL,NULL,NULL,NULL,NULL,NULL,NULL,NULL,NULL,NULL,NULL,NULL,'Haas & Haselgruber OG','true','Steinbruchgasse 15','','2540','Bad Vöslau',NULL,NULL,'unknown',NULL,NULL,NULL,NULL,NULL,NULL,NULL,NULL,'true','02252263900',NULL,NULL,NULL,NULL,'28bd84fb8b959caddda3556791199fd1',NULL,NULL,NULL,1,'2017-02-06 18:24:06',1,'2017-02-06 18:24:06'),(1102,843,109,'AT','de','AT','unknown',NULL,'Privat Verkauf','Jaf Villach',NULL,'austriaglas.villach@frischeis.com',NULL,NULL,NULL,'false',NULL,NULL,NULL,NULL,NULL,NULL,NULL,NULL,NULL,NULL,NULL,NULL,NULL,'J. u. A. Frischeis Ges.m.b.H.','true','Holzstraße 1','','9500','Villach',NULL,NULL,'unknown',NULL,NULL,NULL,NULL,NULL,NULL,NULL,NULL,'true',NULL,NULL,NULL,NULL,NULL,'80acc3a7bd4b5a7ca9c8d082bba932ec',NULL,NULL,NULL,1,'2017-02-07 10:34:49',1,'2017-02-07 10:34:49'),(1103,844,107,'AT','de','AT','unknown',NULL,'Tischlerei','GANSCH MARKUS',NULL,'schauraum_austriaglas.stockerau@frischeis.com',NULL,NULL,NULL,'false',NULL,NULL,NULL,NULL,NULL,NULL,NULL,NULL,NULL,NULL,NULL,NULL,114,'J. u. A. Frischeis Ges.m.b.H.','true','SCHLOSSGEGEND 11','','3204','KIRCHBERG/PIELACH',NULL,'J. u. A. Frischeis Ges.m.b.H.','unknown',NULL,'Administrator','Jaf Stockerau','Gerbergasse 2',NULL,'2000','Stockerau',NULL,'true',NULL,NULL,NULL,NULL,NULL,'c349e2e9a1d9e12bc2edbcb58222aa4c',NULL,NULL,NULL,1,'0000-00-00 00:00:00',1,'0000-00-00 00:00:00'),(1104,845,810,'AT','de','AT','male',NULL,'Werkstätten Ges.m.b.h.','Team Styria',NULL,'b.grasser@teamstyria.at',NULL,NULL,NULL,'false',NULL,NULL,NULL,NULL,NULL,NULL,NULL,NULL,NULL,NULL,NULL,NULL,NULL,'Team Styria Werkstätten Ges.m.b.H.','true','Gustav-Kramer-Straße 5a','','8605','Kapfenberg-Diemlach',NULL,NULL,'unknown',NULL,NULL,NULL,NULL,NULL,NULL,NULL,NULL,'true','03862 220730',NULL,NULL,NULL,NULL,NULL,NULL,NULL,NULL,1,'2017-02-08 06:54:54',1,'2017-02-08 06:54:54'),(1105,846,810,'AT','de','AT','male',NULL,'Werkstätten Ges.m.b.h.','Team Styria',NULL,'b.grasser@teamstyria.at',NULL,NULL,NULL,'false',NULL,NULL,NULL,NULL,NULL,NULL,NULL,NULL,NULL,NULL,NULL,NULL,NULL,'Team Styria Werkstätten Ges.m.b.H.','true','Gustav-Kramer-Straße 5a','','8605','Kapfenberg-Diemlach',NULL,NULL,'unknown',NULL,NULL,NULL,NULL,NULL,NULL,NULL,NULL,'true','03862 220730',NULL,NULL,NULL,NULL,NULL,NULL,NULL,NULL,1,'2017-02-08 07:43:00',1,'2017-02-08 07:43:00'),(1106,847,810,'AT','de','AT','male',NULL,'Werkstätten Ges.m.b.h.','Team Styria',NULL,'b.grasser@teamstyria.at',NULL,NULL,NULL,'false',NULL,NULL,NULL,NULL,NULL,NULL,NULL,NULL,NULL,NULL,NULL,NULL,NULL,'Team Styria Werkstätten Ges.m.b.H.','true','Gustav-Kramer-Straße 5a','','8605','Kapfenberg-Diemlach',NULL,NULL,'unknown',NULL,NULL,NULL,NULL,NULL,NULL,NULL,NULL,'true','03862 220730',NULL,NULL,NULL,NULL,NULL,NULL,NULL,NULL,1,'2017-02-08 07:44:22',1,'2017-02-08 07:44:22'),(1107,848,1276,'AT','de','AT','male',NULL,'Peter','Biberger',NULL,'office@biberger.at',NULL,NULL,NULL,'false',NULL,NULL,NULL,NULL,NULL,NULL,NULL,NULL,NULL,NULL,NULL,NULL,654,'Tischlerei Biberger','true','Tuffernstraße 44','','5300','Hallwang',NULL,NULL,'unknown',NULL,'Robert','Trickl','Handelszentrum 12',NULL,'5101','Bergheim',NULL,'true','0650 6608060',NULL,NULL,NULL,NULL,NULL,NULL,NULL,NULL,1,'0000-00-00 00:00:00',1,'0000-00-00 00:00:00'),(1108,849,810,'AT','de','AT','male',NULL,'Werkstätten Ges.m.b.h.','Team Styria',NULL,'b.grasser@teamstyria.at',NULL,NULL,NULL,'false',NULL,NULL,NULL,NULL,NULL,NULL,NULL,NULL,NULL,NULL,NULL,NULL,NULL,'Team Styria Werkstätten Ges.m.b.H.','true','Gustav-Kramer-Straße 5a','','8605','Kapfenberg-Diemlach',NULL,NULL,'unknown',NULL,NULL,NULL,NULL,NULL,NULL,NULL,NULL,'true','03862 220730',NULL,NULL,NULL,NULL,NULL,NULL,NULL,NULL,1,'2017-02-08 08:06:15',1,'2017-02-08 08:06:15'),(1109,850,810,'AT','de','AT','male',NULL,'Werkstätten Ges.m.b.h.','Team Styria',NULL,'b.grasser@teamstyria.at',NULL,NULL,NULL,'false',NULL,NULL,NULL,NULL,NULL,NULL,NULL,NULL,NULL,NULL,NULL,NULL,NULL,'Team Styria Werkstätten Ges.m.b.H.','true','Gustav-Kramer-Straße 5a','','8605','Kapfenberg-Diemlach',NULL,NULL,'unknown',NULL,NULL,NULL,NULL,NULL,NULL,NULL,NULL,'true','03862 220730',NULL,NULL,NULL,NULL,NULL,NULL,NULL,NULL,1,'2017-02-08 08:06:50',1,'2017-02-08 08:06:50'),(1110,851,944,'AT','de','AT','male',NULL,'Peter','Biberger',NULL,'office@biberger.at',NULL,NULL,NULL,'false',NULL,NULL,NULL,NULL,NULL,NULL,NULL,NULL,NULL,NULL,NULL,NULL,NULL,'Biberger Peter Möbelwerkstätte','true','Tuffernstrasse 44','','5400','Hallwang',NULL,NULL,'unknown',NULL,NULL,NULL,NULL,NULL,NULL,NULL,NULL,'true','0662 66 08 06',NULL,NULL,NULL,NULL,NULL,NULL,NULL,NULL,1,'2017-02-08 09:32:45',1,'2017-02-08 09:32:45'),(1111,852,1032,'AT','de','AT','male',NULL,'Alois','Klinger',NULL,'office@inreiter.co.at',NULL,NULL,NULL,'false',NULL,NULL,NULL,NULL,NULL,NULL,NULL,NULL,NULL,NULL,NULL,NULL,NULL,'Inreiter Helmut','true','Schlossberg 2','','4274','Schönau/MKR.',NULL,NULL,'unknown',NULL,NULL,NULL,NULL,NULL,NULL,NULL,NULL,'true','07261 73 84',NULL,NULL,NULL,NULL,NULL,NULL,NULL,NULL,1,'2017-02-08 10:19:35',1,'2017-02-08 10:19:35'),(1112,853,63,'AT','de','AT','male',NULL,'Tischler','Austriaglas',NULL,'tischler@austriaglas.at',NULL,NULL,NULL,'false',NULL,NULL,NULL,NULL,NULL,NULL,NULL,NULL,NULL,NULL,NULL,NULL,NULL,NULL,'true','Industriegasse 4','','8311','Markt Hartmannsdorf',NULL,NULL,'unknown',NULL,NULL,NULL,NULL,NULL,NULL,NULL,NULL,'true',NULL,NULL,NULL,NULL,NULL,'0b931a49b3cb9a7259d8b0e44170210a',NULL,NULL,NULL,1,'2017-02-08 12:33:47',1,'2017-02-08 12:33:47'),(1113,854,810,'AT','de','AT','male',NULL,'Werkstätten Ges.m.b.h.','Team Styria',NULL,'b.grasser@teamstyria.at',NULL,NULL,NULL,'false',NULL,NULL,NULL,NULL,NULL,NULL,NULL,NULL,NULL,NULL,NULL,NULL,NULL,'Team Styria Werkstätten Ges.m.b.H.','true','Gustav-Kramer-Straße 5a','','8605','Kapfenberg-Diemlach',NULL,NULL,'unknown',NULL,NULL,NULL,NULL,NULL,NULL,NULL,NULL,'true','03862 220730',NULL,NULL,NULL,NULL,NULL,NULL,NULL,NULL,1,'2017-02-08 12:44:32',1,'2017-02-08 12:44:32'),(1114,855,292,'AT','de','AT','male',NULL,'KREATEAM KG',NULL,NULL,'info@Kreateam.it',NULL,NULL,NULL,'false',NULL,NULL,NULL,NULL,NULL,NULL,NULL,NULL,NULL,NULL,NULL,NULL,179,NULL,'false','MAREIT - KIRCHDORF 5','','39040','RATSCHINGS',NULL,NULL,'unknown',NULL,'Benjamin','Stabentheiner','Amerling 119',NULL,'6233','Kramsach',NULL,'true',NULL,NULL,NULL,NULL,NULL,'af823129e2826158b1d01011a3d94c41',NULL,NULL,NULL,1,'0000-00-00 00:00:00',1,'0000-00-00 00:00:00'),(1115,856,1280,'AT','de','AT','male',NULL,'Hubert','Aigner',NULL,'info@tischlermeister.cc',NULL,NULL,NULL,'false',NULL,NULL,NULL,NULL,NULL,NULL,NULL,NULL,NULL,NULL,NULL,NULL,NULL,'Aigner & Eder KG','true','Rosenegg 59','','6391','Fieberbrunn',NULL,NULL,'unknown',NULL,NULL,NULL,NULL,NULL,NULL,'austriaglas_buero',NULL,'true','05354 52160',NULL,NULL,NULL,NULL,NULL,NULL,NULL,NULL,1,'2017-02-09 11:01:23',1,'2017-02-09 11:01:23'),(1116,857,111,'AT','de','AT','unknown',NULL,'Privat Verkauf','Jaf Kramsach',NULL,'schauraum_austriaglas.kramsach@frischeis.com',NULL,NULL,NULL,'false',NULL,NULL,NULL,NULL,NULL,NULL,NULL,NULL,NULL,NULL,NULL,NULL,NULL,'J. u. A. Frischeis Ges.m.b.H.','true','Amerling 119','','6233','Kramsach',NULL,NULL,'unknown',NULL,NULL,NULL,NULL,NULL,NULL,NULL,NULL,'true',NULL,NULL,NULL,NULL,NULL,'154b39e517701c36d2f0b40ebb887bc0',NULL,NULL,NULL,1,'2017-02-09 14:45:22',1,'2017-02-09 14:45:22'),(1117,858,1281,'AT','de','AT','male',NULL,'Möbel Handels GmbH','Josefine Bucher',NULL,'info@bucherdesign.at',NULL,NULL,NULL,'false',NULL,NULL,NULL,NULL,NULL,NULL,NULL,NULL,NULL,NULL,NULL,NULL,114,'Josefine Bucher Möbel-Handels GmbH','true','Lange Gasse 15','','1080','Wien',NULL,'J. u. A. Frischeis Ges.m.b.H.','unknown',NULL,'Administrator','Jaf Stockerau','Gerbergasse 2',NULL,'2000','Stockerau',NULL,'true','01 4063408',NULL,NULL,NULL,NULL,'faff54c19f2481f43e0d868bb3212589',NULL,NULL,NULL,1,'0000-00-00 00:00:00',1,'0000-00-00 00:00:00'),(1118,859,1279,'AT','de','AT','male',NULL,'- Kunde','Gitsche GmbH',NULL,'office@gitsche.at',NULL,NULL,NULL,'false',NULL,NULL,NULL,NULL,NULL,NULL,NULL,NULL,NULL,NULL,NULL,NULL,NULL,'Gitsche GmbH','true','Emil-von-Behring-Straße 22','','9500','Villach',NULL,NULL,'unknown',NULL,NULL,NULL,NULL,NULL,NULL,'austriaglas_buero',NULL,'true','04242 41801',NULL,NULL,NULL,NULL,'faff54c19f2481f43e0d868bb3212589',NULL,NULL,NULL,1,'2017-02-10 10:40:27',1,'2017-02-10 10:40:27'),(1119,860,1281,'AT','de','AT','male',NULL,'Hermann','Rossmann',NULL,'info@bucherdesign.at',NULL,NULL,NULL,'false',NULL,NULL,NULL,NULL,NULL,NULL,NULL,NULL,NULL,NULL,NULL,NULL,NULL,'Josefine Bucher Möbel-Handels GmbH','true','Lange Gasse 15','','1080','Wien',NULL,NULL,'unknown',NULL,NULL,NULL,NULL,NULL,NULL,'austriaglas_buero',NULL,'true','01 4063408',NULL,NULL,NULL,NULL,'faff54c19f2481f43e0d868bb3212589',NULL,NULL,NULL,1,'2017-02-10 14:33:27',1,'2017-02-10 14:33:27'),(1120,861,108,'AT','de','AT','unknown',NULL,'Andreas','Schindlauer',NULL,'schauraum_austriaglas.salzburg@frischeis.com',NULL,NULL,NULL,'false',NULL,NULL,NULL,NULL,NULL,NULL,NULL,NULL,NULL,NULL,NULL,NULL,115,'J. u. A. Frischeis Ges.m.b.H.','true','Gessenschwandt 14/25','','4882','Oberwang',NULL,'J. u. A. Frischeis Ges.m.b.H.','unknown',NULL,'Administrator','Jaf Salzburg','Handelszentrum 12',NULL,'5101','Salzburg',NULL,'true',NULL,NULL,NULL,NULL,NULL,'3dd204b37c03f4c42296523fd56bd56b',NULL,NULL,NULL,1,'0000-00-00 00:00:00',1,'0000-00-00 00:00:00'),(1121,862,984,'AT','de','AT','male',NULL,'Alfred','Brandtner',NULL,'annemarie.brandtner@joiner.at',NULL,NULL,NULL,'false',NULL,NULL,NULL,NULL,NULL,NULL,NULL,NULL,NULL,NULL,NULL,NULL,143,'Tischlerei Brandtner Alfred','true','Hainfelderstraße 46','','2572','Kaumberg',NULL,NULL,'unknown',NULL,'Thomas','Lager','Gerbergasse 2',NULL,'2000','Stockerau',NULL,'true','02765 8010',NULL,NULL,NULL,NULL,NULL,NULL,NULL,NULL,1,'0000-00-00 00:00:00',1,'0000-00-00 00:00:00'),(1122,863,879,'AT','de','AT','male',NULL,'Daniel','Moitzi',NULL,'daniel@zirbenliebe.at',NULL,NULL,NULL,'false',NULL,NULL,NULL,NULL,NULL,NULL,NULL,NULL,NULL,NULL,NULL,NULL,113,'Tischlerei Zitz','true','Sensenwerkgasse 1','','8750','Judenburg',NULL,'JAF Zengerer GmbH','unknown',NULL,'Administrator','Jaf Graz','Herrgottwiesgasse 170',NULL,'8055','Graz',NULL,'true','0664 5352854',NULL,NULL,NULL,NULL,NULL,NULL,NULL,NULL,1,'0000-00-00 00:00:00',1,'0000-00-00 00:00:00'),(1123,864,109,'AT','de','AT','unknown',NULL,'Privat Verkauf','Jaf Villach',NULL,'austriaglas.villach@frischeis.com',NULL,NULL,NULL,'false',NULL,NULL,NULL,NULL,NULL,NULL,NULL,NULL,NULL,NULL,NULL,NULL,NULL,'J. u. A. Frischeis Ges.m.b.H.','true','Holzstraße 1','','9500','Villach',NULL,NULL,'unknown',NULL,NULL,NULL,NULL,NULL,NULL,NULL,NULL,'true',NULL,NULL,NULL,NULL,NULL,'80acc3a7bd4b5a7ca9c8d082bba932ec',NULL,NULL,NULL,1,'2017-02-14 07:17:40',1,'2017-02-14 07:17:40'),(1124,865,109,'AT','de','AT','unknown',NULL,'Privat Verkauf','Jaf Villach',NULL,'austriaglas.villach@frischeis.com',NULL,NULL,NULL,'false',NULL,NULL,NULL,NULL,NULL,NULL,NULL,NULL,NULL,NULL,NULL,NULL,NULL,'J. u. A. Frischeis Ges.m.b.H.','true','Holzstraße 1','','9500','Villach',NULL,NULL,'unknown',NULL,NULL,NULL,NULL,NULL,NULL,NULL,NULL,'true',NULL,NULL,NULL,NULL,NULL,'80acc3a7bd4b5a7ca9c8d082bba932ec',NULL,NULL,NULL,1,'2017-02-14 08:27:24',1,'2017-02-14 08:27:24'),(1125,866,948,'AT','de','AT','male',NULL,'Willibald','Teuschl',NULL,'tischlerei_teuschl@aon.at',NULL,NULL,NULL,'false',NULL,NULL,NULL,NULL,NULL,NULL,NULL,NULL,NULL,NULL,NULL,NULL,NULL,'Tischlerei Teuschl Willibald','true','Spielberg 17','','3632','Traunstein',NULL,NULL,'unknown',NULL,NULL,NULL,NULL,NULL,NULL,NULL,NULL,'true','02878 6245',NULL,NULL,NULL,NULL,NULL,NULL,NULL,NULL,1,'2017-02-14 08:38:17',1,'2017-02-14 08:38:17'),(1126,867,109,'AT','de','AT','unknown',NULL,'Privat Verkauf','Jaf Villach',NULL,'austriaglas.villach@frischeis.com',NULL,NULL,NULL,'false',NULL,NULL,NULL,NULL,NULL,NULL,NULL,NULL,NULL,NULL,NULL,NULL,NULL,'J. u. A. Frischeis Ges.m.b.H.','true','Holzstraße 1','','9500','Villach',NULL,NULL,'unknown',NULL,NULL,NULL,NULL,NULL,NULL,NULL,NULL,'true',NULL,NULL,NULL,NULL,NULL,'80acc3a7bd4b5a7ca9c8d082bba932ec',NULL,NULL,NULL,1,'2017-02-14 08:40:45',1,'2017-02-14 08:40:45'),(1127,868,109,'AT','de','AT','unknown',NULL,'Privat Verkauf','Jaf Villach',NULL,'austriaglas.villach@frischeis.com',NULL,NULL,NULL,'false',NULL,NULL,NULL,NULL,NULL,NULL,NULL,NULL,NULL,NULL,NULL,NULL,NULL,'J. u. A. Frischeis Ges.m.b.H.','true','Holzstraße 1','','9500','Villach',NULL,NULL,'unknown',NULL,NULL,NULL,NULL,NULL,NULL,NULL,NULL,'true',NULL,NULL,NULL,NULL,NULL,'80acc3a7bd4b5a7ca9c8d082bba932ec',NULL,NULL,NULL,1,'2017-02-14 09:35:52',1,'2017-02-14 09:35:52'),(1128,869,855,'AT','de','AT','male',NULL,'Leo','Wirnsberger',NULL,'wirni@aon.at',NULL,NULL,NULL,'false',NULL,NULL,NULL,NULL,NULL,NULL,NULL,NULL,NULL,NULL,NULL,NULL,839,'Wirnsberger Leo','true','Kärntnerstraße 11','','9601','Arnoldstein',NULL,NULL,'unknown',NULL,'Jennifer','Opriessnig','Muldenweg 12',NULL,'9500','Villach',NULL,'true','04255 2178',NULL,NULL,NULL,NULL,NULL,NULL,NULL,NULL,1,'0000-00-00 00:00:00',1,'0000-00-00 00:00:00'),(1129,870,869,'AT','de','AT','male',NULL,'Florian','Spitzer',NULL,'spitzer@team-moebel.at',NULL,NULL,NULL,'false',NULL,NULL,NULL,NULL,NULL,NULL,NULL,NULL,NULL,NULL,NULL,NULL,NULL,'Team Möbel Rohrbach/L. GmbH','true','Obere Hauptstraße 12/1','','8234','Rohrbach an der Lafnitz',NULL,NULL,'unknown',NULL,NULL,NULL,NULL,NULL,NULL,NULL,NULL,'true','0699 13203305',NULL,NULL,NULL,NULL,NULL,NULL,NULL,NULL,1,'2017-02-14 16:37:15',1,'2017-02-14 16:37:15'),(1130,871,855,'AT','de','AT','male',NULL,'Leo','Wirnsberger',NULL,'wirni@aon.at',NULL,NULL,NULL,'false',NULL,NULL,NULL,NULL,NULL,NULL,NULL,NULL,NULL,NULL,NULL,NULL,NULL,'Wirnsberger Leo','true','Kärntnerstraße 11','','9601','Arnoldstein',NULL,NULL,'unknown',NULL,NULL,NULL,NULL,NULL,NULL,NULL,NULL,'true','04255 2178',NULL,NULL,NULL,NULL,NULL,NULL,NULL,NULL,1,'2017-02-15 06:12:46',1,'2017-02-15 06:12:46'),(1131,872,851,'AT','de','AT','male',NULL,'Gerhard','Schneeberger',NULL,'gerhard@schneeberger-einrichtung.at',NULL,NULL,NULL,'false',NULL,NULL,NULL,NULL,NULL,NULL,NULL,NULL,NULL,NULL,NULL,NULL,NULL,'Tischlerei Schneeberger Gerhard','true','Sonnleiten 27','','9562','Himmelberg',NULL,NULL,'unknown',NULL,NULL,NULL,NULL,NULL,NULL,NULL,NULL,'true','0676 4246550',NULL,NULL,NULL,NULL,NULL,NULL,NULL,NULL,1,'2017-02-15 06:19:53',1,'2017-02-15 06:19:53'),(1132,873,1261,'AT','de','AT','male',NULL,'Josef','Neubauer',NULL,'planung@tischlerei-neubauer.at',NULL,NULL,NULL,'false',NULL,NULL,NULL,NULL,NULL,NULL,NULL,NULL,NULL,NULL,NULL,NULL,NULL,'Tischlerei Neubauer GmbH','true','Kobling 19A','','4074','Stroheim',NULL,NULL,'unknown',NULL,NULL,NULL,NULL,NULL,NULL,'austriaglas_buero',NULL,'true','07272 6219',NULL,NULL,NULL,NULL,'faff54c19f2481f43e0d868bb3212589',NULL,NULL,NULL,1,'2017-02-15 06:47:14',1,'2017-02-15 06:47:14'),(1133,874,1010,'AT','de','AT','male',NULL,'Bernhard','Holzmüller',NULL,'holzmueller@tischlerei-niedermayr.at',NULL,NULL,NULL,'false',NULL,NULL,NULL,NULL,NULL,NULL,NULL,NULL,NULL,NULL,NULL,NULL,NULL,'Top - Tischlerei Niedermayr Waltraud','true','Parzweg 2','','4072','Alkoven',NULL,NULL,'unknown',NULL,NULL,NULL,NULL,NULL,NULL,NULL,NULL,'true','07274 6374',NULL,NULL,NULL,NULL,NULL,NULL,NULL,NULL,1,'2017-02-15 13:00:27',1,'2017-02-15 13:00:27'),(1134,875,1010,'AT','de','AT','male',NULL,'Bernhard','Holzmüller',NULL,'holzmueller@tischlerei-niedermayr.at',NULL,NULL,NULL,'false',NULL,NULL,NULL,NULL,NULL,NULL,NULL,NULL,NULL,NULL,NULL,NULL,NULL,'Top - Tischlerei Niedermayr Waltraud','true','Parzweg 2','','4072','Alkoven',NULL,NULL,'unknown',NULL,NULL,NULL,NULL,NULL,NULL,NULL,NULL,'true','07274 6374',NULL,NULL,NULL,NULL,NULL,NULL,NULL,NULL,1,'2017-02-15 13:07:55',1,'2017-02-15 13:07:55'),(1135,876,1233,'AT','de','AT','male',NULL,'Ernst','Seidl',NULL,'ernst.seidl@sol.at',NULL,NULL,NULL,'false',NULL,NULL,NULL,NULL,NULL,NULL,NULL,NULL,NULL,NULL,NULL,NULL,117,'Pinzgauer Holzkunst - Ernst Seidl','true','Ramseiden 106','','5760','Saalfelden',NULL,'J. u. A. Frischeis Ges.m.b.H.','unknown',NULL,'Administrator','Jaf Bad Hofgastein','Weitgasse 5',NULL,'5630','Bad Hofgastein',NULL,'true','0664 4955372',NULL,NULL,NULL,NULL,NULL,NULL,NULL,NULL,1,'0000-00-00 00:00:00',1,'0000-00-00 00:00:00'),(1136,877,421,'AT','de',NULL,'male',NULL,'IDEENRAICH',NULL,NULL,'ideenraich@speed.at',NULL,NULL,NULL,'false',NULL,NULL,NULL,NULL,NULL,NULL,NULL,NULL,NULL,NULL,NULL,NULL,NULL,NULL,'false','AUWEG 5','','6422','STAMS',NULL,NULL,'unknown',NULL,NULL,NULL,NULL,NULL,NULL,NULL,NULL,'true',NULL,NULL,NULL,NULL,NULL,NULL,NULL,NULL,NULL,1,'2017-02-16 15:45:19',1,'2017-02-16 15:45:19'),(1137,878,1220,'AT','de','AT','male',NULL,'Stefan','Schönfelder',NULL,'office@glas-galerie.at',NULL,NULL,NULL,'false',NULL,NULL,NULL,NULL,NULL,NULL,NULL,NULL,NULL,NULL,NULL,NULL,NULL,'Glas & Galerie Schönfelder GmbH','true','Christalnikstraße 8','','9330','Althofen',NULL,NULL,'unknown',NULL,NULL,NULL,NULL,NULL,NULL,NULL,NULL,'true','04262 2369',NULL,NULL,NULL,NULL,NULL,NULL,NULL,NULL,1,'2017-02-17 09:11:40',1,'2017-02-17 09:11:40'),(1138,879,956,'AT','de','AT','male',NULL,'Reinhard','Neumeister',NULL,'reini.neumeister@family-kuechen.at',NULL,NULL,NULL,'false',NULL,NULL,NULL,NULL,NULL,NULL,NULL,NULL,NULL,NULL,NULL,NULL,1229,'Family Küchen','true','Mühldorf 3','','8330','Feldbach',NULL,'Family Küchen','unknown',NULL,'Reinhard','Neumeister','Mühldorf 3',NULL,'8330','Feldbach',NULL,'true','0315 237222',NULL,NULL,NULL,NULL,'ae2bc3142684a9065259e57d1b0561fb',NULL,NULL,NULL,1,'0000-00-00 00:00:00',1,'0000-00-00 00:00:00'),(1139,880,956,'AT','de','AT','male',NULL,'Reinhard','Neumeister',NULL,'reini.neumeister@family-kuechen.at',NULL,NULL,NULL,'false',NULL,NULL,NULL,NULL,NULL,NULL,NULL,NULL,NULL,NULL,NULL,NULL,113,'Family Küchen','true','Mühldorf 3','','8330','Feldbach',NULL,'JAF Zengerer GmbH','unknown',NULL,'Administrator','Jaf Graz','Herrgottwiesgasse 170',NULL,'8055','Graz',NULL,'true','0315 237222',NULL,NULL,NULL,NULL,'ae2bc3142684a9065259e57d1b0561fb',NULL,NULL,NULL,1,'0000-00-00 00:00:00',1,'0000-00-00 00:00:00'),(1140,881,1047,'AT','de','AT','male',NULL,'Reinhard','Ringhofer',NULL,'office@reinhardringhofer.at',NULL,NULL,NULL,'false',NULL,NULL,NULL,NULL,NULL,NULL,NULL,NULL,NULL,NULL,NULL,NULL,1048,'Ringhofer Reinhard - Design zum Leben','true','Hauptplatz 11','','8240','Friedberg',NULL,'Ringhofer Reinhard - Design zum Leben','unknown',NULL,'Reinhard','Ringhofer','Hauptplatz 11',NULL,'8240','Friedberg',NULL,'true','03339 23670',NULL,NULL,NULL,NULL,NULL,NULL,NULL,NULL,1,'0000-00-00 00:00:00',1,'0000-00-00 00:00:00'),(1141,882,1010,'AT','de','AT','male',NULL,'Bernhard','Holzmüller',NULL,'holzmueller@tischlerei-niedermayr.at',NULL,NULL,NULL,'false',NULL,NULL,NULL,NULL,NULL,NULL,NULL,NULL,NULL,NULL,NULL,NULL,NULL,'Top - Tischlerei Niedermayr Waltraud','true','Parzweg 2','','4072','Alkoven',NULL,NULL,'unknown',NULL,NULL,NULL,NULL,NULL,NULL,NULL,NULL,'true','07274 6374',NULL,NULL,NULL,NULL,NULL,NULL,NULL,NULL,1,'2017-02-20 15:05:32',1,'2017-02-20 15:05:32'),(1142,883,1010,'AT','de','AT','male',NULL,'Bernhard','Holzmüller',NULL,'holzmueller@tischlerei-niedermayr.at',NULL,NULL,NULL,'false',NULL,NULL,NULL,NULL,NULL,NULL,NULL,NULL,NULL,NULL,NULL,NULL,NULL,'Top - Tischlerei Niedermayr Waltraud','true','Parzweg 2','','4072','Alkoven',NULL,NULL,'unknown',NULL,NULL,NULL,NULL,NULL,NULL,NULL,NULL,'true','07274 6374',NULL,NULL,NULL,NULL,NULL,NULL,NULL,NULL,1,'2017-02-20 15:09:15',1,'2017-02-20 15:09:15'),(1143,884,109,'AT','de','AT','unknown',NULL,'Privat Verkauf','Jaf Villach',NULL,'austriaglas.villach@frischeis.com',NULL,NULL,NULL,'false',NULL,NULL,NULL,NULL,NULL,NULL,NULL,NULL,NULL,NULL,NULL,NULL,NULL,'J. u. A. Frischeis Ges.m.b.H.','true','Holzstraße 1','','9500','Villach',NULL,NULL,'unknown',NULL,NULL,NULL,NULL,NULL,NULL,NULL,NULL,'true',NULL,NULL,NULL,NULL,NULL,'80acc3a7bd4b5a7ca9c8d082bba932ec',NULL,NULL,NULL,1,'2017-02-21 10:32:52',1,'2017-02-21 10:32:52'),(1144,885,1049,'AT','de','AT','male',NULL,'Martin','Fekührer',NULL,'av@haasmoebel.at',NULL,NULL,NULL,'false',NULL,NULL,NULL,NULL,NULL,NULL,NULL,NULL,NULL,NULL,NULL,NULL,NULL,'Haas GmbH','true','Marktstraße 14','','4332','Au/Donau',NULL,NULL,'unknown',NULL,NULL,NULL,NULL,NULL,NULL,NULL,NULL,'true','07262 571 83',NULL,NULL,NULL,NULL,NULL,NULL,NULL,NULL,1,'2017-02-21 14:23:17',1,'2017-02-21 14:23:17'),(1145,886,944,'AT','de','AT','male',NULL,'Peter','Biberger',NULL,'office@biberger.at',NULL,NULL,NULL,'false',NULL,NULL,NULL,NULL,NULL,NULL,NULL,NULL,NULL,NULL,NULL,NULL,NULL,'Biberger Peter Möbelwerkstätte','true','Tuffernstrasse 44','','5400','Hallwang',NULL,NULL,'unknown',NULL,NULL,NULL,NULL,NULL,NULL,NULL,NULL,'true','0662 66 08 06',NULL,NULL,NULL,NULL,NULL,NULL,NULL,NULL,1,'2017-02-21 15:23:52',1,'2017-02-21 15:23:52'),(1146,887,1283,'AT','de','AT','male',NULL,'Franz','Lechner',NULL,'office@lechner-fenster.at',NULL,NULL,NULL,'false',NULL,NULL,NULL,NULL,NULL,NULL,NULL,NULL,NULL,NULL,NULL,NULL,NULL,'Franz Lechner GmbH','true','Tobersbachstraße 18','','5723','Uttendorf',NULL,NULL,'unknown',NULL,NULL,NULL,NULL,NULL,NULL,NULL,NULL,'true','06563 82160',NULL,NULL,NULL,NULL,NULL,NULL,NULL,NULL,1,'2017-02-22 07:37:40',1,'2017-02-22 07:37:40'),(1147,888,1010,'AT','de','AT','male',NULL,'Bernhard','Holzmüller',NULL,'holzmueller@tischlerei-niedermayr.at',NULL,NULL,NULL,'false',NULL,NULL,NULL,NULL,NULL,NULL,NULL,NULL,NULL,NULL,NULL,NULL,NULL,'Top - Tischlerei Niedermayr Waltraud','true','Parzweg 2','','4072','Alkoven',NULL,NULL,'unknown',NULL,NULL,NULL,NULL,NULL,NULL,NULL,NULL,'true','07274 6374',NULL,NULL,NULL,NULL,NULL,NULL,NULL,NULL,1,'2017-02-22 12:02:27',1,'2017-02-22 12:02:27'),(1148,889,1031,'AT','de','AT','male',NULL,'Johannes','Aumeier',NULL,'office@aumeier.at',NULL,NULL,NULL,'false',NULL,NULL,NULL,NULL,NULL,NULL,NULL,NULL,NULL,NULL,NULL,NULL,NULL,'Aumeier Möbel','true','Almstraße 4','','4274','Schönau I. M.',NULL,NULL,'unknown',NULL,NULL,NULL,NULL,NULL,NULL,NULL,NULL,'true','07261 73 85',NULL,NULL,NULL,NULL,'18732014d9efe678a83b2fd895bbe427',NULL,NULL,NULL,1,'2017-02-22 12:25:21',1,'2017-02-22 12:25:21'),(1149,890,107,'AT','de','AT','unknown',NULL,'Privat Verkauf','Jaf Stockerau',NULL,'schauraum_austriaglas.stockerau@frischeis.com',NULL,NULL,NULL,'false',NULL,NULL,NULL,NULL,NULL,NULL,NULL,NULL,NULL,NULL,NULL,NULL,NULL,'J. u. A. Frischeis Ges.m.b.H.','true','Gerbergasse 2','','2000','Stockerau',NULL,NULL,'unknown',NULL,NULL,NULL,NULL,NULL,NULL,NULL,NULL,'true',NULL,NULL,NULL,NULL,NULL,'c349e2e9a1d9e12bc2edbcb58222aa4c',NULL,NULL,NULL,1,'2017-02-23 07:00:01',1,'2017-02-23 07:00:01'),(1150,891,1283,'AT','de','AT','male',NULL,'Franz','Lechner',NULL,'office@lechner-fenster.at',NULL,NULL,NULL,'false',NULL,NULL,NULL,NULL,NULL,NULL,NULL,NULL,NULL,NULL,NULL,NULL,NULL,'Franz Lechner GmbH','true','Tobersbachstraße 18','','5723','Uttendorf',NULL,NULL,'unknown',NULL,NULL,NULL,NULL,NULL,NULL,NULL,NULL,'true','06563 82160',NULL,NULL,NULL,NULL,NULL,NULL,NULL,NULL,1,'2017-02-23 08:45:34',1,'2017-02-23 08:45:34'),(1151,892,869,'AT','de','AT','male',NULL,'Florian','Spitzer',NULL,'spitzer@team-moebel.at',NULL,NULL,NULL,'false',NULL,NULL,NULL,NULL,NULL,NULL,NULL,NULL,NULL,NULL,NULL,NULL,NULL,'Team Möbel Rohrbach/L. GmbH','true','Obere Hauptstraße 12/1','','8234','Rohrbach an der Lafnitz',NULL,NULL,'unknown',NULL,NULL,NULL,NULL,NULL,NULL,NULL,NULL,'true','0699 13203305',NULL,NULL,NULL,NULL,NULL,NULL,NULL,NULL,1,'2017-02-23 13:17:04',1,'2017-02-23 13:17:04'),(1152,893,869,'AT','de','AT','male',NULL,'Franz','Kager',NULL,'office@team-moebel.at',NULL,NULL,NULL,'false',NULL,NULL,NULL,NULL,NULL,NULL,NULL,NULL,NULL,NULL,NULL,NULL,NULL,'Team Möbel Rohrbach/L. GmbH','true','Obere Hauptstraße 12/1','','8234','Rohrbach an der Lafnitz',NULL,NULL,'unknown',NULL,NULL,NULL,NULL,NULL,NULL,NULL,NULL,'true','03338 320330',NULL,NULL,NULL,NULL,'efb4122e1bc236361b784b2dd401d522',NULL,NULL,NULL,1,'2017-02-23 14:10:51',1,'2017-02-23 14:10:51'),(1153,894,107,'AT','de','AT','unknown',NULL,'Tischlerei und Zimmerei','DPM Holzdesign GmbH',NULL,'schauraum_austriaglas.stockerau@frischeis.com',NULL,NULL,NULL,'false',NULL,NULL,NULL,NULL,NULL,NULL,NULL,NULL,NULL,NULL,NULL,NULL,NULL,NULL,'false','Mitterfeld 14','','3072','Kasten',NULL,NULL,'unknown',NULL,'Administrator','Jaf Stockerau','Gerbergasse 2',NULL,'2000','Stockerau',NULL,'true',NULL,NULL,NULL,NULL,NULL,'c349e2e9a1d9e12bc2edbcb58222aa4c',NULL,NULL,NULL,1,'2017-02-24 07:09:26',1,'2017-02-24 07:09:26'),(1154,895,1284,'AT','de','AT','male','Ing.','Gerhard','Höllinger',NULL,'gerhard@tischlerei-hoellinger.at',NULL,NULL,NULL,'false',NULL,NULL,NULL,NULL,NULL,NULL,NULL,NULL,NULL,NULL,NULL,NULL,NULL,'Tischlerei Höllinger','true','Schauern 25','','4725','St. Ägidi',NULL,NULL,'unknown',NULL,NULL,NULL,NULL,NULL,NULL,NULL,NULL,'true','07717 7644',NULL,NULL,NULL,NULL,NULL,NULL,NULL,NULL,1,'2017-02-24 08:55:38',1,'2017-02-24 08:55:38'),(1155,896,1013,'AT','de','AT','male',NULL,'Schärding','Möbalhaus Maier',NULL,'christian.willmann@tischlerei-maier.at',NULL,NULL,NULL,'false',NULL,NULL,NULL,NULL,NULL,NULL,NULL,NULL,NULL,NULL,NULL,NULL,119,'Maier Tischlerei GmbH','true','Linzer Straße 68','','4780','Schärding',NULL,'J. u. A. Frischeis Ges.m.b.H.','unknown',NULL,'Administrator','Jaf Linz','Prinz-Eugen-Straße 13',NULL,'4020','Linz',NULL,'true','0676 3102602',NULL,NULL,NULL,NULL,NULL,NULL,NULL,NULL,1,'0000-00-00 00:00:00',1,'0000-00-00 00:00:00'),(1156,897,313,'AT','de',NULL,'male',NULL,'RAINER & FAISTNAUER GMBH SRL',NULL,NULL,'info@rainer-faisstnauer.it',NULL,NULL,NULL,'false',NULL,NULL,NULL,NULL,NULL,NULL,NULL,NULL,NULL,NULL,NULL,NULL,179,NULL,'false','HANDWERKERZONE 9','','39040','FREIENFELD',NULL,NULL,'unknown',NULL,'Benjamin','Stabentheiner','Amerling 119',NULL,'6233','Kramsach',NULL,'true',NULL,NULL,NULL,NULL,NULL,NULL,NULL,NULL,NULL,1,'0000-00-00 00:00:00',1,'0000-00-00 00:00:00'),(1157,898,108,'AT','de','AT','unknown',NULL,'Privat Verkauf','Jaf Salzburg',NULL,'schauraum_austriaglas.salzburg@frischeis.com',NULL,NULL,NULL,'false',NULL,NULL,NULL,NULL,NULL,NULL,NULL,NULL,NULL,NULL,NULL,NULL,NULL,'J. u. A. Frischeis Ges.m.b.H.','true','Handelszentrum 12','','5101','Salzburg',NULL,NULL,'unknown',NULL,NULL,NULL,NULL,NULL,NULL,NULL,NULL,'true',NULL,NULL,NULL,NULL,NULL,'3dd204b37c03f4c42296523fd56bd56b',NULL,NULL,NULL,1,'2017-02-24 15:01:02',1,'2017-02-24 15:01:02'),(1158,899,1037,'AT','de','AT','male',NULL,'Thomas','Wurz',NULL,'office@wurz-tischlerei.at',NULL,NULL,NULL,'false',NULL,NULL,NULL,NULL,NULL,NULL,NULL,NULL,NULL,NULL,NULL,NULL,NULL,'Wurz KG','true','Kaltenberg 19','','4273','Kaltenberg',NULL,NULL,'unknown',NULL,NULL,NULL,NULL,NULL,NULL,NULL,NULL,'true','07956 71 22',NULL,NULL,NULL,NULL,NULL,NULL,NULL,NULL,1,'2017-02-24 18:51:24',1,'2017-02-24 18:51:24'),(1159,900,791,'AT','de',NULL,'male',NULL,'Richard','Pernstich',NULL,'richard@x-glas.it',NULL,NULL,NULL,'false',NULL,NULL,NULL,NULL,NULL,NULL,NULL,NULL,NULL,NULL,NULL,NULL,NULL,'D. Pernstich Richard','true','Naunweg 8','','I-39057','Eppan-Girlan',NULL,NULL,'unknown',NULL,NULL,NULL,NULL,NULL,NULL,NULL,NULL,'true','0039 3351226640',NULL,NULL,NULL,NULL,NULL,NULL,NULL,NULL,1,'2017-02-26 10:16:50',1,'2017-02-26 10:16:50'),(1160,901,791,'AT','de',NULL,'male',NULL,'Richard','Pernstich',NULL,'richard@x-glas.it',NULL,NULL,NULL,'false',NULL,NULL,NULL,NULL,NULL,NULL,NULL,NULL,NULL,NULL,NULL,NULL,NULL,'D. Pernstich Richard','true','Naunweg 8','','I-39057','Eppan-Girlan',NULL,NULL,'unknown',NULL,NULL,NULL,NULL,NULL,NULL,NULL,NULL,'true','0039 3351226640',NULL,NULL,NULL,NULL,NULL,NULL,NULL,NULL,1,'2017-02-27 07:40:35',1,'2017-02-27 07:40:35'),(1161,902,956,'AT','de','AT','male',NULL,'Reinhard','Neumeister',NULL,'reini.neumeister@family-kuechen.at',NULL,NULL,NULL,'false',NULL,NULL,NULL,NULL,NULL,NULL,NULL,NULL,NULL,NULL,NULL,NULL,1229,'Family Küchen','true','Mühldorf 3','','8330','Feldbach',NULL,'Family Küchen','unknown',NULL,'Reinhard','Neumeister','Mühldorf 3',NULL,'8330','Feldbach',NULL,'true','0315 237222',NULL,NULL,NULL,NULL,'ae2bc3142684a9065259e57d1b0561fb',NULL,NULL,NULL,1,'0000-00-00 00:00:00',1,'0000-00-00 00:00:00'),(1162,903,1096,'AT','de','AT','male',NULL,'Küchenlager Mühlerstraße','EWR Handels GmbH',NULL,'info@ewelt.at',NULL,NULL,NULL,'false',NULL,NULL,NULL,NULL,NULL,NULL,NULL,NULL,NULL,NULL,NULL,NULL,1099,'EWR Handelsgesellschaft m.b.H.','true','Mühlerstraße 17','','6600','Reutte',NULL,'EWR Handelsgesellschaft m.b.H.','unknown',NULL,'Reinhold','Pürmayr','Großfeldstraße 10-14',NULL,'6600','Reutte',NULL,'true','05672 6070',NULL,NULL,NULL,NULL,'918e144fc23eacb00413084f7a42f284',NULL,NULL,NULL,1,'0000-00-00 00:00:00',1,'0000-00-00 00:00:00'),(1163,904,1031,'AT','de','AT','male',NULL,'Johannes','Aumeier',NULL,'office@aumeier.at',NULL,NULL,NULL,'false',NULL,NULL,NULL,NULL,NULL,NULL,NULL,NULL,NULL,NULL,NULL,NULL,NULL,'Aumeier Möbel','true','Almstraße 4','','4274','Schönau I. M.',NULL,NULL,'unknown',NULL,NULL,NULL,NULL,NULL,NULL,NULL,NULL,'true','07261 73 85',NULL,NULL,NULL,NULL,'18732014d9efe678a83b2fd895bbe427',NULL,NULL,NULL,1,'2017-02-28 07:18:23',1,'2017-02-28 07:18:23'),(1164,905,106,'AT','de','AT','unknown',NULL,'Privat Verkauf','Jaf Graz',NULL,'schauraum_austriaglas.graz@zengerer.at',NULL,NULL,NULL,'false',NULL,NULL,NULL,NULL,NULL,NULL,NULL,NULL,NULL,NULL,NULL,NULL,NULL,'JAF Zengerer GmbH','true','Herrgottwiesgasse 170','','8055','Graz',NULL,NULL,'unknown',NULL,NULL,NULL,NULL,NULL,NULL,NULL,NULL,'true',NULL,NULL,NULL,NULL,NULL,'fbbb5b98ecde75bde2ce5aba1e854a8a',NULL,NULL,NULL,1,'2017-02-28 08:50:11',1,'2017-02-28 08:50:11'),(1165,906,1047,'AT','de','AT','male',NULL,'Ringhofer Reinhard','Innenarchitektur',NULL,'office@reinhardringhofer.at',NULL,NULL,NULL,'false',NULL,NULL,NULL,NULL,NULL,NULL,NULL,NULL,NULL,NULL,NULL,NULL,1048,'Ringhofer Reinhard - Design zum Leben','true','Hauptplatz 11','','8240','Friedberg',NULL,'Ringhofer Reinhard - Design zum Leben','unknown',NULL,'Reinhard','Ringhofer','Schlag 31',NULL,'8241','Dechantskirchen',NULL,'true','03339 23670',NULL,NULL,NULL,NULL,NULL,NULL,NULL,NULL,1,'0000-00-00 00:00:00',1,'0000-00-00 00:00:00'),(1166,907,109,'AT','de','AT','unknown',NULL,'Privat Verkauf','Jaf Villach',NULL,'thomas.unterwieser@frischeis.com',NULL,NULL,NULL,'false',NULL,NULL,NULL,NULL,NULL,NULL,NULL,NULL,NULL,NULL,NULL,NULL,NULL,'J. u. A. Frischeis Ges.m.b.H.','true','Holzstraße 1','','9500','Villach',NULL,NULL,'unknown',NULL,NULL,NULL,NULL,NULL,NULL,NULL,NULL,'true',NULL,NULL,NULL,NULL,NULL,'80acc3a7bd4b5a7ca9c8d082bba932ec',NULL,NULL,NULL,1,'2017-02-28 10:53:44',1,'2017-02-28 10:53:44'),(1167,908,962,'AT','de','AT','male',NULL,'Martin','Kirschbichler',NULL,'martin.kirschbichler@gmail.com',NULL,NULL,NULL,'false',NULL,NULL,NULL,NULL,NULL,NULL,NULL,NULL,NULL,NULL,NULL,NULL,NULL,'Kirschholz e. U.','true','Am Hohlweg 4','','3361','Aschbach Markt',NULL,NULL,'unknown',NULL,NULL,NULL,NULL,NULL,NULL,NULL,NULL,'true','0676 7838446',NULL,NULL,NULL,NULL,NULL,NULL,NULL,NULL,1,'2017-03-01 06:53:05',1,'2017-03-01 06:53:05'),(1168,909,1285,'AT','de','AT','male',NULL,'Hans','Resch',NULL,'kontakt@reschwohndesign.com',NULL,NULL,NULL,'false',NULL,NULL,NULL,NULL,NULL,NULL,NULL,NULL,NULL,NULL,NULL,NULL,NULL,'ReschWohnDesign - Hans Resch','true','Lamm 121','','5584','Zederhaus',NULL,NULL,'unknown',NULL,NULL,NULL,NULL,NULL,NULL,NULL,NULL,'true','0664 2440363',NULL,NULL,NULL,NULL,NULL,NULL,NULL,NULL,1,'2017-03-01 08:31:27',1,'2017-03-01 08:31:27'),(1169,910,1010,'AT','de','AT','male',NULL,'Bernhard','Holzmüller',NULL,'holzmueller@tischlerei-niedermayr.at',NULL,NULL,NULL,'false',NULL,NULL,NULL,NULL,NULL,NULL,NULL,NULL,NULL,NULL,NULL,NULL,NULL,'Top - Tischlerei Niedermayr Waltraud','true','Parzweg 2','','4072','Alkoven',NULL,NULL,'unknown',NULL,NULL,NULL,NULL,NULL,NULL,NULL,NULL,'true','07274 6374',NULL,NULL,NULL,NULL,NULL,NULL,NULL,NULL,1,'2017-03-01 10:24:25',1,'2017-03-01 10:24:25'),(1170,911,109,'AT','de','AT','unknown',NULL,'Privat Verkauf','Jaf Villach',NULL,'thomas.unterwieser@frischeis.com',NULL,NULL,NULL,'false',NULL,NULL,NULL,NULL,NULL,NULL,NULL,NULL,NULL,NULL,NULL,NULL,116,'J. u. A. Frischeis Ges.m.b.H.','true','Holzstraße 1','','9500','Villach',NULL,'J. u. A. Frischeis Ges.m.b.H.','unknown',NULL,'Administrator','Jaf Villach','Holzstraße 1',NULL,'9500','Villach',NULL,'true',NULL,NULL,NULL,NULL,NULL,'80acc3a7bd4b5a7ca9c8d082bba932ec',NULL,NULL,NULL,1,'0000-00-00 00:00:00',1,'0000-00-00 00:00:00'),(1171,912,1186,'AT','de','AT','male',NULL,'Gmbh','Möbeldesign Graier',NULL,'graier.moebel@gmx.at',NULL,NULL,NULL,'false',NULL,NULL,NULL,NULL,NULL,NULL,NULL,NULL,NULL,NULL,NULL,NULL,NULL,'Möbeldesign Graier GmbH','true','Deutschbergweg 1','','9520','Sattendorf',NULL,NULL,'unknown',NULL,NULL,NULL,NULL,NULL,NULL,NULL,NULL,'true','04243 8437',NULL,NULL,NULL,NULL,NULL,NULL,NULL,NULL,1,'2017-03-01 13:15:14',1,'2017-03-01 13:15:14'),(1172,913,735,'AT','de','AT','male',NULL,'Anton','Gruber',NULL,'office@tischlerei-gruber.net',NULL,NULL,NULL,'false',NULL,NULL,NULL,NULL,NULL,NULL,NULL,NULL,NULL,NULL,NULL,NULL,NULL,'Tischlerei Gruber Anton','true','Platz 71','','2803','Schwarzenbach',NULL,NULL,'unknown',NULL,NULL,NULL,NULL,NULL,NULL,NULL,NULL,'true','06767286772',NULL,NULL,NULL,NULL,'875a475b54a99c38b21778e675dd2753',NULL,NULL,NULL,1,'2017-03-02 08:51:26',1,'2017-03-02 08:51:26'),(1173,914,1010,'AT','de','AT','male',NULL,'Bernhard','Holzmüller',NULL,'holzmueller@tischlerei-niedermayr.at',NULL,NULL,NULL,'false',NULL,NULL,NULL,NULL,NULL,NULL,NULL,NULL,NULL,NULL,NULL,NULL,NULL,'Top - Tischlerei Niedermayr Waltraud','true','Parzweg 2','','4072','Alkoven',NULL,NULL,'unknown',NULL,NULL,NULL,NULL,NULL,NULL,NULL,NULL,'true','07274 6374',NULL,NULL,NULL,NULL,NULL,NULL,NULL,NULL,1,'2017-03-02 13:12:05',1,'2017-03-02 13:12:05'),(1174,915,707,'AT','de','AT','unknown',NULL,'Oeg','Grill & Ronacher',NULL,'office@grill-ronacher.at',NULL,NULL,NULL,'false',NULL,NULL,NULL,NULL,NULL,NULL,NULL,NULL,NULL,NULL,NULL,NULL,720,NULL,'false','Pötschenstraße 135','','8990','Bad Aussee',NULL,NULL,'unknown',NULL,'Marcus','Sucher','Handelszentrum 12',NULL,'5101','Salzburg',NULL,'true',NULL,NULL,NULL,NULL,NULL,'5b8cca3e0c8b79941cea04ab334b4dc0',NULL,NULL,NULL,1,'0000-00-00 00:00:00',1,'0000-00-00 00:00:00'),(1175,916,63,'AT','de','AT','male',NULL,'Tischler','Austriaglas',NULL,'f.krenn@austriaglas.at',NULL,NULL,NULL,'false',NULL,NULL,NULL,NULL,NULL,NULL,NULL,NULL,NULL,NULL,NULL,NULL,NULL,NULL,'false','Industriegasse 4','','8311','Markt Hartmannsdorf',NULL,NULL,'unknown',NULL,NULL,NULL,NULL,NULL,NULL,NULL,NULL,'true',NULL,NULL,NULL,NULL,NULL,'0b931a49b3cb9a7259d8b0e44170210a',NULL,NULL,NULL,1,'2017-03-02 15:17:53',1,'2017-03-02 15:17:53'),(1176,917,1286,'AT','de','AT','male',NULL,'Roman','Grünwald',NULL,'info@glas-gruenwald.at',NULL,NULL,NULL,'false',NULL,NULL,NULL,NULL,NULL,NULL,NULL,NULL,NULL,NULL,NULL,NULL,NULL,'Grünwald Roman - Glaserei','true','Au. Glaneckerweg 1','','5400','Hallein',NULL,NULL,'unknown',NULL,NULL,NULL,NULL,NULL,NULL,NULL,NULL,'true','06245 83558',NULL,NULL,NULL,NULL,'e5bf93fd82c46241ceb46667612c3c60',NULL,NULL,NULL,1,'2017-03-02 15:17:54',1,'2017-03-02 15:17:54'),(1177,918,1286,'AT','de','AT','male',NULL,'Roman','Grünwald',NULL,'info@glas-gruenwald.at',NULL,NULL,NULL,'false',NULL,NULL,NULL,NULL,NULL,NULL,NULL,NULL,NULL,NULL,NULL,NULL,NULL,'Grünwald Roman - Glaserei','true','Au. Glaneckerweg 1','','5400','Hallein',NULL,NULL,'unknown',NULL,NULL,NULL,NULL,NULL,NULL,NULL,NULL,'true','06245 83558',NULL,NULL,NULL,NULL,'e5bf93fd82c46241ceb46667612c3c60',NULL,NULL,NULL,1,'2017-03-02 15:47:41',1,'2017-03-02 15:47:41'),(1178,919,1012,'AT','de','AT','female',NULL,'Gerlinde','Preis',NULL,'gerlinde.preis@aon.at',NULL,NULL,NULL,'false',NULL,NULL,NULL,NULL,NULL,NULL,NULL,NULL,NULL,NULL,NULL,NULL,NULL,'Montagen & Handel Fasching Christoph','true','Tollet 6','','4710','Grieskirchen',NULL,NULL,'unknown',NULL,NULL,NULL,NULL,NULL,NULL,NULL,NULL,'true','0676 9512288',NULL,NULL,NULL,NULL,'a0d9a27fbfab121311c5e646e988ef67',NULL,NULL,NULL,1,'2017-03-05 14:41:41',1,'2017-03-05 14:41:41'),(1179,920,707,'AT','de','AT','unknown',NULL,'Oeg','Grill & Ronacher',NULL,'office@grill-ronacher.at',NULL,NULL,NULL,'false',NULL,NULL,NULL,NULL,NULL,NULL,NULL,NULL,NULL,NULL,NULL,NULL,720,NULL,'false','Pötschenstraße 135','','8990','Bad Aussee',NULL,NULL,'unknown',NULL,'Marcus','Sucher','Handelszentrum 12',NULL,'5101','Salzburg',NULL,'true',NULL,NULL,NULL,NULL,NULL,'5b8cca3e0c8b79941cea04ab334b4dc0',NULL,NULL,NULL,1,'0000-00-00 00:00:00',1,'0000-00-00 00:00:00'),(1180,921,776,'AT','de','AT','female',NULL,'Sandra','Köppl',NULL,'koeppl.sandra@gmail.com',NULL,NULL,NULL,'false',NULL,NULL,NULL,NULL,NULL,NULL,NULL,NULL,NULL,NULL,NULL,NULL,767,'Redstone OG','true','Röthelstein 67','','8131','Frohnleiten',NULL,NULL,'unknown',NULL,'Petra','Salzmann','Herrgottwiesgasse 170',NULL,'8055','Graz',NULL,'true','0664 587 63 20',NULL,NULL,NULL,NULL,NULL,NULL,NULL,NULL,1,'0000-00-00 00:00:00',1,'0000-00-00 00:00:00'),(1181,922,956,'AT','de','AT','male',NULL,'- Reinhard Neumeister','Family Küchen',NULL,'reini.neumeister@family-kuechen.at',NULL,NULL,NULL,'false',NULL,NULL,NULL,NULL,NULL,NULL,NULL,NULL,NULL,NULL,NULL,NULL,1229,'Family Küchen','true','Mühldorf 3','','8330','Feldbach',NULL,'Family Küchen','unknown',NULL,'Reinhard','Neumeister','Mühldorf 3',NULL,'8330','Feldbach',NULL,'true','0315 237222',NULL,NULL,NULL,NULL,'ae2bc3142684a9065259e57d1b0561fb',NULL,NULL,NULL,1,'0000-00-00 00:00:00',1,'0000-00-00 00:00:00'),(1182,923,1283,'AT','de','AT','male',NULL,'Franz GmbH','Lechner',NULL,'office@lechner-fenster.at',NULL,NULL,NULL,'false',NULL,NULL,NULL,NULL,NULL,NULL,NULL,NULL,NULL,NULL,NULL,NULL,128,'Franz Lechner GmbH','true','Stubachstraße 15','','5723','Uttendorf',NULL,NULL,'unknown',NULL,'Markus','Seniuk','Weitgasse 5',NULL,'5630','Bad Hofgastein',NULL,'true','06563 82160',NULL,NULL,NULL,NULL,NULL,NULL,NULL,NULL,1,'0000-00-00 00:00:00',1,'0000-00-00 00:00:00'),(1183,924,1290,'AT','de','AT','male',NULL,'Johann','Griesbacher',NULL,'info@griesbacher.at',NULL,NULL,NULL,'false',NULL,NULL,NULL,NULL,NULL,NULL,NULL,NULL,NULL,NULL,NULL,NULL,NULL,'Griesbacher GmbH - Möbelwerkstatt','true','Kirchbach 235','','8082','Kirchbach',NULL,NULL,'unknown',NULL,NULL,NULL,NULL,NULL,NULL,NULL,NULL,'true','03116 27711',NULL,NULL,NULL,NULL,NULL,NULL,NULL,NULL,1,'2017-03-06 10:10:24',1,'2017-03-06 10:10:24'),(1184,925,107,'AT','de','AT','unknown',NULL,'Ferdinand','Ernst',NULL,'schauraum_austriaglas.stockerau@frischeis.com',NULL,NULL,NULL,'false',NULL,NULL,NULL,NULL,NULL,NULL,NULL,NULL,NULL,NULL,NULL,NULL,114,'J. u. A. Frischeis Ges.m.b.H.','true','Groß Wiesendorf 34','','3701','Groß Wiesendorf',NULL,'J. u. A. Frischeis Ges.m.b.H.','unknown',NULL,'Administrator','Jaf Stockerau','Gerbergasse 2',NULL,'2000','Stockerau',NULL,'true',NULL,NULL,NULL,NULL,NULL,'c349e2e9a1d9e12bc2edbcb58222aa4c',NULL,NULL,NULL,1,'0000-00-00 00:00:00',1,'0000-00-00 00:00:00'),