
--
-- Table structure for table `ShopAccountJournalState`
--

CREATE TABLE `ShopAccountJournalState` (
  `ShopAccountJournalState_Code` varchar(40) NOT NULL,
  `ShopAccountJournalState_Name` varchar(255) DEFAULT NULL,
  `ShopAccountJournalState_Active` enum('true','false') NOT NULL DEFAULT 'false',
  `ShopAccountJournalState_Order` int(11) DEFAULT NULL,
  `Person_ID_Edit` int(10) unsigned DEFAULT NULL,
  `Table_Edit` timestamp NOT NULL DEFAULT CURRENT_TIMESTAMP ON UPDATE CURRENT_TIMESTAMP,
  `Person_ID_Create` int(10) unsigned DEFAULT NULL,
  `Table_Create` timestamp NOT NULL DEFAULT '0000-00-00 00:00:00',
  PRIMARY KEY (`ShopAccountJournalState_Code`),
  KEY `IDX_ShopAccountJournalState_Order` (`ShopAccountJournalState_Order`),
  KEY `IDX_Person_Person_ID_Edit` (`Person_ID_Edit`),
  KEY `IDX_Person_Person_ID_Create` (`Person_ID_Create`),
  CONSTRAINT `ShopAccountJournalState_ibfk_1` FOREIGN KEY (`Person_ID_Edit`) REFERENCES `Person` (`Person_ID`) ON DELETE NO ACTION ON UPDATE NO ACTION,
  CONSTRAINT `ShopAccountJournalState_ibfk_2` FOREIGN KEY (`Person_ID_Create`) REFERENCES `Person` (`Person_ID`) ON DELETE NO ACTION ON UPDATE NO ACTION
) ENGINE=InnoDB DEFAULT CHARSET=utf8;

--
-- Dumping data for table `ShopAccountJournalState`
--

INSERT INTO `ShopAccountJournalState` VALUES ('print','Drucken','true',1,NULL,'2010-04-21 11:30:04',NULL,'0000-00-00 00:00:00'),('print_parent','Drucken des Haupteintrages','true',2,NULL,'2010-04-21 11:30:04',NULL,'0000-00-00 00:00:00'),('storno_without_stockchanges','Lieferung wurde storniert, ohne Lageränderungen','true',3,NULL,'2010-04-21 11:30:04',NULL,'0000-00-00 00:00:00');

--
-- Table structure for table `ShopAccountJournalType`
--

CREATE TABLE `ShopAccountJournalType` (
  `ShopAccountJournalType_Code` varchar(40) NOT NULL,
  `ShopAccountJournalType_Name` varchar(255) NOT NULL,
  `ShopAccountJournalType_BookingCode` varchar(255) DEFAULT NULL,
  `ShopAccountJournalType_NumberPrefix` varchar(255) DEFAULT NULL,
  `Person_ID_Edit` int(10) unsigned DEFAULT NULL,
  `Table_Edit` timestamp NOT NULL DEFAULT CURRENT_TIMESTAMP ON UPDATE CURRENT_TIMESTAMP,
  `Person_ID_Create` int(10) unsigned DEFAULT NULL,
  `Table_Create` timestamp NOT NULL DEFAULT '0000-00-00 00:00:00',
  PRIMARY KEY (`ShopAccountJournalType_Code`),
  KEY `IDX_Person_Person_ID_Edit` (`Person_ID_Edit`),
  KEY `IDX_Person_Person_ID_Create` (`Person_ID_Create`),
  CONSTRAINT `ShopAccountJournalType_ibfk_1` FOREIGN KEY (`Person_ID_Edit`) REFERENCES `Person` (`Person_ID`) ON DELETE NO ACTION ON UPDATE NO ACTION,
  CONSTRAINT `ShopAccountJournalType_ibfk_2` FOREIGN KEY (`Person_ID_Create`) REFERENCES `Person` (`Person_ID`) ON DELETE NO ACTION ON UPDATE NO ACTION
) ENGINE=InnoDB DEFAULT CHARSET=utf8;

--
-- Dumping data for table `ShopAccountJournalType`
--

INSERT INTO `ShopAccountJournalType` VALUES ('brokerage','ProvGU',NULL,NULL,1,'2010-04-21 11:31:13',1,'0000-00-00 00:00:00'),('complete','Rechnung','AR','SH',1,'2015-09-07 14:57:06',1,'0000-00-00 00:00:00'),('complete_cashdesk','Rechnung','KR','K',1,'2010-04-21 11:31:13',1,'0000-00-00 00:00:00'),('delivery','Lieferschein','LS','L',1,'2010-04-21 11:31:13',1,'0000-00-00 00:00:00'),('paymentreminder','Mahnung',NULL,'M',NULL,'2010-04-21 11:30:04',NULL,'0000-00-00 00:00:00'),('storno','Gutschrift','GS','G',1,'2010-04-21 11:31:13',1,'0000-00-00 00:00:00'),('storno_cashdesk','Gutschrift','KG','KG',1,'2010-04-21 11:31:13',1,'0000-00-00 00:00:00');

--
-- Table structure for table `ShopAccountJournal_ShopDeliveryServiceOption`
--

CREATE TABLE `ShopAccountJournal_ShopDeliveryServiceOption` (
  `ShopAccountJournal_ID` int(11) NOT NULL,
  `ShopDeliveryServiceOption_Code` varchar(40) NOT NULL,
  `Person_ID_Edit` int(10) unsigned DEFAULT NULL,
  `Table_Edit` timestamp NOT NULL DEFAULT CURRENT_TIMESTAMP ON UPDATE CURRENT_TIMESTAMP,
  `Person_ID_Create` int(10) unsigned DEFAULT NULL,
  `Table_Create` timestamp NOT NULL DEFAULT '0000-00-00 00:00:00',
  PRIMARY KEY (`ShopAccountJournal_ID`,`ShopDeliveryServiceOption_Code`),
  KEY `IDX_ShopAccountJournal_ShopDeliveryServiceOption_1` (`ShopAccountJournal_ID`),
  KEY `IDX_ShopAccountJournal_ShopDeliveryServiceOption_2` (`ShopDeliveryServiceOption_Code`),
  KEY `IDX_Person_Person_ID_Edit` (`Person_ID_Edit`),
  KEY `IDX_Person_Person_ID_Create` (`Person_ID_Create`),
  CONSTRAINT `SAJ_SAJ_SDS_1` FOREIGN KEY (`ShopAccountJournal_ID`) REFERENCES `ShopAccountJournal` (`ShopAccountJournal_ID`) ON DELETE CASCADE,
  CONSTRAINT `SDSO_SAJ_SDS_2` FOREIGN KEY (`ShopDeliveryServiceOption_Code`) REFERENCES `ShopDeliveryServiceOption` (`ShopDeliveryServiceOption_Code`) ON DELETE CASCADE,
  CONSTRAINT `ShopAccountJournal_ShopDeliveryServiceOption_ibfk_1` FOREIGN KEY (`Person_ID_Edit`) REFERENCES `Person` (`Person_ID`) ON DELETE NO ACTION ON UPDATE NO ACTION,
  CONSTRAINT `ShopAccountJournal_ShopDeliveryServiceOption_ibfk_2` FOREIGN KEY (`Person_ID_Create`) REFERENCES `Person` (`Person_ID`) ON DELETE NO ACTION ON UPDATE NO ACTION
) ENGINE=InnoDB DEFAULT CHARSET=utf8;

--
-- Dumping data for table `ShopAccountJournal_ShopDeliveryServiceOption`
--


--
-- Table structure for table `ShopArticle`
--

CREATE TABLE `ShopArticle` (
  `ShopArticle_ID` int(10) unsigned NOT NULL AUTO_INCREMENT,
  `ArticleEntry_ID` int(10) unsigned NOT NULL,
  `ShopArticleType_ID` int(10) unsigned NOT NULL,
  `ShopVariant_Code` varchar(40) NOT NULL,
  `ShopDiscountList_ID` int(10) unsigned DEFAULT NULL,
  `ShopArticleDelivery_Code` varchar(40) DEFAULT NULL,
  `ShopWAWIProductUnit_Code` varchar(40) DEFAULT NULL,
  `ShopWAWISupplier_ID` int(11) DEFAULT NULL,
  `ShopArticle_Articlenumber` varchar(50) DEFAULT NULL,
  `ShopArticle_Name_Internal` varchar(255) DEFAULT NULL,
  `ShopArticle_Show` enum('true','false') NOT NULL DEFAULT 'true',
  `ShopArticle_PackingUnit` int(10) unsigned DEFAULT '1',
  `ShopArticle_CssClass` varchar(40) DEFAULT NULL,
  `ShopArticle_Buyable` enum('true','false') NOT NULL DEFAULT 'true',
  `ShopArticle_OrderWeight` int(10) unsigned NOT NULL DEFAULT '0',
  `Person_ID_Edit` int(10) unsigned DEFAULT NULL,
  `Table_Edit` timestamp NOT NULL DEFAULT CURRENT_TIMESTAMP ON UPDATE CURRENT_TIMESTAMP,
  `Person_ID_Create` int(10) unsigned DEFAULT NULL,
  `Table_Create` timestamp NOT NULL DEFAULT '0000-00-00 00:00:00',
  PRIMARY KEY (`ShopArticle_ID`),
  KEY `IDX_ShopArticle_1` (`ShopArticleType_ID`),
  KEY `IDX_ShopArticle_2` (`ArticleEntry_ID`),
  KEY `IDX_ShopArticle_3` (`ShopDiscountList_ID`),
  KEY `IDX_ShopArticle_4` (`ShopVariant_Code`),
  KEY `IDX_ShopArticle_5` (`ShopArticleDelivery_Code`),
  KEY `IDX_ShopArticle_6` (`ShopWAWIProductUnit_Code`),
  KEY `IDX_ShopArticle_7` (`ShopWAWISupplier_ID`),
  KEY `IDX_ShopArticle_8` (`ShopArticle_OrderWeight`),
  KEY `IDX_Person_Person_ID_Edit` (`Person_ID_Edit`),
  KEY `IDX_Person_Person_ID_Create` (`Person_ID_Create`),
  CONSTRAINT `ArticleEntry_ShopArticle_2` FOREIGN KEY (`ArticleEntry_ID`) REFERENCES `ArticleEntry` (`ArticleEntry_ID`) ON DELETE CASCADE,
  CONSTRAINT `ShopArticleDelivery_ShopArticle_5` FOREIGN KEY (`ShopArticleDelivery_Code`) REFERENCES `ShopArticleDelivery` (`ShopArticleDelivery_Code`),
  CONSTRAINT `ShopArticleType_ShopArticle_1` FOREIGN KEY (`ShopArticleType_ID`) REFERENCES `ShopArticleType` (`ShopArticleType_ID`),
  CONSTRAINT `ShopArticle_ibfk_1` FOREIGN KEY (`Person_ID_Edit`) REFERENCES `Person` (`Person_ID`) ON DELETE NO ACTION ON UPDATE NO ACTION,
  CONSTRAINT `ShopArticle_ibfk_2` FOREIGN KEY (`Person_ID_Create`) REFERENCES `Person` (`Person_ID`) ON DELETE NO ACTION ON UPDATE NO ACTION,
  CONSTRAINT `ShopDiscountList_ShopArticle_3` FOREIGN KEY (`ShopDiscountList_ID`) REFERENCES `ShopDiscountList` (`ShopDiscountList_ID`) ON DELETE SET NULL,
  CONSTRAINT `ShopVariant_ShopArticle_4` FOREIGN KEY (`ShopVariant_Code`) REFERENCES `ShopVariant` (`ShopVariant_Code`) ON UPDATE CASCADE,
  CONSTRAINT `ShopWAWIProductUnit_ShopArticle_6` FOREIGN KEY (`ShopWAWIProductUnit_Code`) REFERENCES `ShopWAWIProductUnit` (`ShopWAWIProductUnit_Code`),
  CONSTRAINT `ShopWAWISupplier_ShopArticle_7` FOREIGN KEY (`ShopWAWISupplier_ID`) REFERENCES `ShopWAWISupplier` (`ShopWAWISupplier_ID`)
) ENGINE=InnoDB AUTO_INCREMENT=84 DEFAULT CHARSET=utf8;

--
-- Dumping data for table `ShopArticle`
--

INSERT INTO `ShopArticle` VALUES (48,94,1,'format',1,NULL,'Stk',NULL,'glassdoor',NULL,'true',1,NULL,'true',0,2,'2015-10-12 10:44:09',2,'2015-10-12 10:05:04'),(54,101,1,'einzelvariante',1,NULL,'Stk',NULL,'01013',NULL,'true',1,NULL,'true',0,9,'2016-03-24 14:10:59',2,'2016-02-10 15:02:47'),(55,102,1,'format',1,NULL,'Stk',NULL,'kitchenbackplane',NULL,'true',9999999,NULL,'true',0,2,'2016-02-17 14:48:48',2,'2016-02-17 14:21:05'),(61,108,1,'format',1,NULL,'Stk',NULL,'wallcover',NULL,'true',9999999,NULL,'true',0,2,'2016-02-25 15:34:37',2,'2016-02-25 15:25:05'),(62,109,1,'einzelvariante',1,NULL,'Stk',NULL,'01000',NULL,'true',1,NULL,'true',0,9,'2016-03-25 10:43:54',9,'2016-03-25 10:41:09'),(63,110,1,'einzelvariante',1,NULL,'Stk',NULL,'01001',NULL,'true',1,NULL,'true',0,9,'2016-03-25 10:54:31',9,'2016-03-25 10:54:31'),(64,111,1,'einzelvariante',1,NULL,'Stk',NULL,'01002',NULL,'true',1,NULL,'true',0,9,'2016-03-25 13:02:21',9,'2016-03-25 10:56:08'),(65,112,1,'einzelvariante',1,NULL,'Stk',NULL,'01003',NULL,'true',1,NULL,'true',0,9,'2016-03-25 12:16:56',9,'2016-03-25 12:14:16'),(66,113,1,'einzelvariante',1,NULL,'Stk',NULL,'01004',NULL,'true',1,NULL,'true',0,9,'2016-03-25 12:20:05',9,'2016-03-25 12:19:04'),(67,114,1,'einzelvariante',1,NULL,'Stk',NULL,'01005',NULL,'true',1,NULL,'true',0,9,'2016-03-25 12:27:28',9,'2016-03-25 12:27:28'),(68,115,1,'einzelvariante',1,NULL,'Stk',NULL,'01006',NULL,'true',1,NULL,'true',0,9,'2016-03-25 12:32:23',9,'2016-03-25 12:32:23'),(69,116,1,'einzelvariante',1,NULL,'Stk',NULL,'01007',NULL,'true',1,NULL,'true',0,9,'2016-03-25 12:49:49',9,'2016-03-25 12:49:49'),(70,117,1,'einzelvariante',1,NULL,'Stk',NULL,'01008',NULL,'true',1,NULL,'true',0,9,'2016-03-25 12:52:43',9,'2016-03-25 12:52:43'),(71,118,1,'einzelvariante',1,NULL,'Stk',NULL,'01009',NULL,'true',1,NULL,'true',0,9,'2016-03-25 12:55:12',9,'2016-03-25 12:55:12'),(72,119,1,'einzelvariante',1,NULL,'Stk',NULL,'01010',NULL,'true',1,NULL,'true',0,9,'2016-03-25 12:58:36',9,'2016-03-25 12:58:36'),(73,120,1,'einzelvariante',1,NULL,'Stk',NULL,'01011',NULL,'true',1,NULL,'true',0,9,'2016-03-25 13:11:06',9,'2016-03-25 13:11:06'),(74,121,1,'format',1,NULL,'Stk',NULL,'aludibond',NULL,'true',1,NULL,'true',0,2,'2016-09-02 17:34:59',2,'2016-09-02 17:19:37'),(75,122,1,'einzelvariante',1,NULL,'Stk',NULL,'01014',NULL,'true',1,NULL,'true',0,2,'2016-09-20 13:07:14',2,'2016-09-20 13:07:14'),(76,123,1,'format',1,NULL,'Stk',NULL,'aludibondjaf',NULL,'true',1,NULL,'true',0,2,'2016-10-17 12:14:02',2,'2016-10-17 12:14:02'),(77,124,1,'einzelvariante',1,NULL,'Stk',NULL,'Expresslieferung',NULL,'true',1,NULL,'true',0,2,'2017-05-18 05:57:58',2,'2017-05-18 05:12:24'),(79,126,1,'einzelvariante',1,NULL,'Stk',NULL,'mustertafel_kuechenrueckwand',NULL,'true',1,NULL,'true',0,2,'2017-05-18 06:00:21',2,'2017-05-18 06:00:21'),(80,127,1,'einzelvariante',1,NULL,'Stk',NULL,'mustertafel_wandverkleidung',NULL,'true',1,NULL,'true',0,2,'2017-05-18 06:00:57',2,'2017-05-18 06:00:57'),(81,128,1,'einzelvariante',1,NULL,'Stk',NULL,'mustertafel_glastueren',NULL,'true',1,NULL,'true',0,2,'2017-05-18 06:01:47',2,'2017-05-18 06:01:47'),(82,129,1,'einzelvariante',1,NULL,'Stk',NULL,'a4_musterkoffer_austria_glas',NULL,'true',1,NULL,'true',0,2,'2017-05-18 06:02:15',2,'2017-05-18 06:02:15'),(83,130,1,'einzelvariante',1,NULL,'Stk',NULL,'a4_muster_inkl_wunschmotiv',NULL,'true',1,NULL,'true',0,2,'2017-05-18 06:02:42',2,'2017-05-18 06:02:42');

--
-- Table structure for table `ShopArticleAttribute`
--

CREATE TABLE `ShopArticleAttribute` (
  `ShopArticleAttribute_ID` int(10) unsigned NOT NULL AUTO_INCREMENT,
  `ShopArticle_ID` int(10) unsigned NOT NULL,
  `ShopArticleAttributeType_ID` int(10) unsigned NOT NULL,
  `ShopArticleAttributeItem_ID` int(11) DEFAULT NULL,
  `ShopArticleAttribute_Value` text,
  `Person_ID_Edit` int(10) unsigned DEFAULT NULL,
  `Table_Edit` timestamp NOT NULL DEFAULT CURRENT_TIMESTAMP ON UPDATE CURRENT_TIMESTAMP,
  `Person_ID_Create` int(10) unsigned DEFAULT NULL,
  `Table_Create` timestamp NOT NULL DEFAULT '0000-00-00 00:00:00',
  PRIMARY KEY (`ShopArticleAttribute_ID`),
  KEY `IDX_ShopArticleAttribute_1` (`ShopArticle_ID`),
  KEY `IDX_ShopArticleAttribute_2` (`ShopArticleAttributeType_ID`),
  KEY `IDX_ShopArticleAttribute_3` (`ShopArticleAttributeItem_ID`),
  KEY `IDX_Person_Person_ID_Edit` (`Person_ID_Edit`),
  KEY `IDX_Person_Person_ID_Create` (`Person_ID_Create`),
  CONSTRAINT `ShopArticleAttributeItem_ShopArticleAttribute_3` FOREIGN KEY (`ShopArticleAttributeItem_ID`) REFERENCES `ShopArticleAttributeItem` (`ShopArticleAttributeItem_ID`) ON DELETE CASCADE,
  CONSTRAINT `ShopArticleAttributeType_ShopArticleAttribute_2` FOREIGN KEY (`ShopArticleAttributeType_ID`) REFERENCES `ShopArticleAttributeType` (`ShopArticleAttributeType_ID`) ON DELETE CASCADE,
  CONSTRAINT `ShopArticleAttribute_ibfk_1` FOREIGN KEY (`Person_ID_Edit`) REFERENCES `Person` (`Person_ID`) ON DELETE NO ACTION ON UPDATE NO ACTION,
  CONSTRAINT `ShopArticleAttribute_ibfk_2` FOREIGN KEY (`Person_ID_Create`) REFERENCES `Person` (`Person_ID`) ON DELETE NO ACTION ON UPDATE NO ACTION,
  CONSTRAINT `ShopArticle_ShopArticleAttribute_1` FOREIGN KEY (`ShopArticle_ID`) REFERENCES `ShopArticle` (`ShopArticle_ID`) ON DELETE CASCADE
) ENGINE=InnoDB DEFAULT CHARSET=utf8;

--
-- Dumping data for table `ShopArticleAttribute`
--


--
-- Table structure for table `ShopArticleAttributeItem`
--

CREATE TABLE `ShopArticleAttributeItem` (
  `ShopArticleAttributeItem_ID` int(11) NOT NULL AUTO_INCREMENT,
  `ShopArticleAttributeType_ID` int(10) unsigned NOT NULL,
  `ArticleEntry_ID` int(10) unsigned DEFAULT NULL,
  `ShopTrackingCode_ID` int(10) unsigned DEFAULT NULL,
  `ShopArticleAttributeItem_Name` varchar(255) NOT NULL,
  `ShopArticleAttributeItem_CssClass` varchar(40) DEFAULT NULL,
  `ShopArticleAttributeItem_Order` int(11) NOT NULL,
  `ShopArticleAttributeItem_Show` enum('true','false') NOT NULL DEFAULT 'true',
  `Person_ID_Edit` int(10) unsigned DEFAULT NULL,
  `Table_Edit` timestamp NOT NULL DEFAULT CURRENT_TIMESTAMP ON UPDATE CURRENT_TIMESTAMP,
  `Person_ID_Create` int(10) unsigned DEFAULT NULL,
  `Table_Create` timestamp NOT NULL DEFAULT '0000-00-00 00:00:00',
  PRIMARY KEY (`ShopArticleAttributeItem_ID`),
  KEY `IDX_ShopArticleAttributeItem_1` (`ShopArticleAttributeType_ID`),
  KEY `IDX_ShopArticleAttributeItem_2` (`ArticleEntry_ID`),
  KEY `IDX_ShopArticleAttributeItem_3` (`ShopArticleAttributeType_ID`,`ShopArticleAttributeItem_Order`),
  KEY `IDX_ShopArticleAttributeItem_4` (`ShopArticleAttributeItem_Order`),
  KEY `IDX_ShopArticleAttributeItem_5` (`ShopTrackingCode_ID`),
  KEY `IDX_Person_Person_ID_Edit` (`Person_ID_Edit`),
  KEY `IDX_Person_Person_ID_Create` (`Person_ID_Create`),
  CONSTRAINT `ArticleEntry_ShopArticleAttributeItem_2` FOREIGN KEY (`ArticleEntry_ID`) REFERENCES `ArticleEntry` (`ArticleEntry_ID`) ON DELETE CASCADE,
  CONSTRAINT `ShopArticleAttributeItem_ibfk_1` FOREIGN KEY (`Person_ID_Edit`) REFERENCES `Person` (`Person_ID`) ON DELETE NO ACTION ON UPDATE NO ACTION,
  CONSTRAINT `ShopArticleAttributeItem_ibfk_2` FOREIGN KEY (`Person_ID_Create`) REFERENCES `Person` (`Person_ID`) ON DELETE NO ACTION ON UPDATE NO ACTION,
  CONSTRAINT `ShopArticleAttributeType_ShopArticleAttributeItem_1` FOREIGN KEY (`ShopArticleAttributeType_ID`) REFERENCES `ShopArticleAttributeType` (`ShopArticleAttributeType_ID`) ON DELETE CASCADE,
  CONSTRAINT `ShopTrackingCode_ShopArticleAttributeItem_3` FOREIGN KEY (`ShopTrackingCode_ID`) REFERENCES `ShopTrackingCode` (`ShopTrackingCode_ID`) ON DELETE SET NULL
) ENGINE=InnoDB DEFAULT CHARSET=utf8;

--
-- Dumping data for table `ShopArticleAttributeItem`
--


--
-- Table structure for table `ShopArticleAttributeType`
--

CREATE TABLE `ShopArticleAttributeType` (
  `ShopArticleAttributeType_ID` int(10) unsigned NOT NULL AUTO_INCREMENT,
  `ShopArticleAttributeType_Name` varchar(255) NOT NULL,
  `ShopArticleAttributeType_Order` int(11) NOT NULL,
  `ShopArticleAttributeType_Filter` enum('true','false') NOT NULL DEFAULT 'false',
  `ShopArticleAttributeType_FilterMultipleChoice` enum('true','false') NOT NULL DEFAULT 'false',
  `ShopArticleAttributeType_Show` enum('true','false') NOT NULL DEFAULT 'true',
  `ShopArticleAttributeType_ShowOnDetailPage` enum('true','false') NOT NULL DEFAULT 'true',
  `ShopArticleAttributeType_ShowOnCategoryPage` enum('true','false') NOT NULL DEFAULT 'true',
  `ShopArticleAttributeType_Compare` enum('true','false') NOT NULL DEFAULT 'false',
  `ShopArticleAttributeType_Tracking` enum('true','false') NOT NULL DEFAULT 'false',
  `ShopArticleAttributeType_HasCategoryPages` enum('true','false') NOT NULL DEFAULT 'false',
  `Person_ID_Edit` int(10) unsigned DEFAULT NULL,
  `Table_Edit` timestamp NOT NULL DEFAULT CURRENT_TIMESTAMP ON UPDATE CURRENT_TIMESTAMP,
  `Person_ID_Create` int(10) unsigned DEFAULT NULL,
  `Table_Create` timestamp NOT NULL DEFAULT '0000-00-00 00:00:00',
  PRIMARY KEY (`ShopArticleAttributeType_ID`),
  KEY `IDX_ShopArticleAttributeType_1` (`ShopArticleAttributeType_Order`),
  KEY `IDX_Person_Person_ID_Edit` (`Person_ID_Edit`),
  KEY `IDX_Person_Person_ID_Create` (`Person_ID_Create`),
  CONSTRAINT `ShopArticleAttributeType_ibfk_1` FOREIGN KEY (`Person_ID_Edit`) REFERENCES `Person` (`Person_ID`) ON DELETE NO ACTION ON UPDATE NO ACTION,
  CONSTRAINT `ShopArticleAttributeType_ibfk_2` FOREIGN KEY (`Person_ID_Create`) REFERENCES `Person` (`Person_ID`) ON DELETE NO ACTION ON UPDATE NO ACTION
) ENGINE=InnoDB AUTO_INCREMENT=2 DEFAULT CHARSET=utf8;

--
-- Dumping data for table `ShopArticleAttributeType`
--

INSERT INTO `ShopArticleAttributeType` VALUES (1,'Marke',1,'false','false','false','false','false','false','false','false',2,'2015-06-10 14:53:17',1,'2011-11-15 16:17:54');

--
-- Table structure for table `ShopArticleAttributeType_Language`
--

CREATE TABLE `ShopArticleAttributeType_Language` (
  `ShopArticleAttributeType_ID` int(10) unsigned NOT NULL,
  `Language_Code` varchar(3) NOT NULL,
  `ShopArticleAttributeType_Language_Title` varchar(255) NOT NULL,
  `ShopArticleAttributeType_Language_FilterTitle` varchar(255) DEFAULT NULL,
  `ShopArticleAttributeType_Language_OverviewTitle` varchar(255) DEFAULT NULL,
  `ShopArticleAttributeType_Language_OverviewText` text,
  `Person_ID_Edit` int(10) unsigned DEFAULT NULL,
  `Table_Edit` timestamp NOT NULL DEFAULT CURRENT_TIMESTAMP ON UPDATE CURRENT_TIMESTAMP,
  `Person_ID_Create` int(10) unsigned DEFAULT NULL,
  `Table_Create` timestamp NOT NULL DEFAULT '0000-00-00 00:00:00',
  PRIMARY KEY (`ShopArticleAttributeType_ID`,`Language_Code`),
  KEY `ShopArticleAttributeType_Language_Language_Code` (`Language_Code`),
  KEY `IDX_ShopArticleAttributeType_Language2` (`ShopArticleAttributeType_ID`),
  KEY `IDX_Person_Person_ID_Edit` (`Person_ID_Edit`),
  KEY `IDX_Person_Person_ID_Create` (`Person_ID_Create`),
  CONSTRAINT `ShopArticleAttributeType_Language_ibfk_1` FOREIGN KEY (`Language_Code`) REFERENCES `Language` (`Language_Code`),
  CONSTRAINT `ShopArticleAttributeType_Language_ibfk_2` FOREIGN KEY (`ShopArticleAttributeType_ID`) REFERENCES `ShopArticleAttributeType` (`ShopArticleAttributeType_ID`) ON DELETE CASCADE,
  CONSTRAINT `ShopArticleAttributeType_Language_ibfk_3` FOREIGN KEY (`Person_ID_Edit`) REFERENCES `Person` (`Person_ID`) ON DELETE NO ACTION ON UPDATE NO ACTION,
  CONSTRAINT `ShopArticleAttributeType_Language_ibfk_4` FOREIGN KEY (`Person_ID_Create`) REFERENCES `Person` (`Person_ID`) ON DELETE NO ACTION ON UPDATE NO ACTION
) ENGINE=InnoDB DEFAULT CHARSET=utf8;

--
-- Dumping data for table `ShopArticleAttributeType_Language`
--

INSERT INTO `ShopArticleAttributeType_Language` VALUES (1,'de','Marke','','','',2,'2015-06-10 14:53:17',1,'2011-11-15 16:17:54');

--
-- Table structure for table `ShopArticleDelivery`
--

CREATE TABLE `ShopArticleDelivery` (
  `ShopArticleDelivery_Code` varchar(40) NOT NULL,
  `ShopArticleDelivery_Name` varchar(255) NOT NULL,
  `ShopArticleDelivery_Order` int(11) NOT NULL,
  `Person_ID_Edit` int(10) unsigned DEFAULT NULL,
  `Table_Edit` timestamp NOT NULL DEFAULT CURRENT_TIMESTAMP ON UPDATE CURRENT_TIMESTAMP,
  `Person_ID_Create` int(10) unsigned DEFAULT NULL,
  `Table_Create` timestamp NOT NULL DEFAULT '0000-00-00 00:00:00',
  PRIMARY KEY (`ShopArticleDelivery_Code`),
  KEY `IDX_ShopArticleDelivery_Order` (`ShopArticleDelivery_Order`),
  KEY `IDX_Person_Person_ID_Edit` (`Person_ID_Edit`),
  KEY `IDX_Person_Person_ID_Create` (`Person_ID_Create`),
  CONSTRAINT `ShopArticleDelivery_ibfk_1` FOREIGN KEY (`Person_ID_Edit`) REFERENCES `Person` (`Person_ID`) ON DELETE NO ACTION ON UPDATE NO ACTION,
  CONSTRAINT `ShopArticleDelivery_ibfk_2` FOREIGN KEY (`Person_ID_Create`) REFERENCES `Person` (`Person_ID`) ON DELETE NO ACTION ON UPDATE NO ACTION
) ENGINE=InnoDB DEFAULT CHARSET=utf8;

--
-- Dumping data for table `ShopArticleDelivery`
--

INSERT INTO `ShopArticleDelivery` VALUES ('green','Sofort lieferbar',1,NULL,'2008-07-16 08:21:31',NULL,'0000-00-00 00:00:00'),('red','Nicht lieferbar',3,NULL,'2008-07-16 08:21:34',NULL,'0000-00-00 00:00:00'),('yellow','Nicht auf Lager',2,NULL,'2008-07-16 08:21:38',NULL,'0000-00-00 00:00:00');

--
-- Table structure for table `ShopArticleGroup`
--

CREATE TABLE `ShopArticleGroup` (
  `ShopArticleGroup_ID` int(11) NOT NULL AUTO_INCREMENT,
  `ShopArticleGroupType_Code` varchar(40) DEFAULT NULL,
  `ShopArticleGroup_Code` varchar(40) DEFAULT NULL,
  `ShopArticleGroup_Name` varchar(255) NOT NULL,
  `ShopArticleGroup_Description` text,
  `ShopArticleGroup_Order` int(11) DEFAULT NULL,
  `ShopArticleGroup_Show` enum('true','false') NOT NULL DEFAULT 'true',
  `Person_ID_Edit` int(10) unsigned DEFAULT NULL,
  `Table_Edit` timestamp NOT NULL DEFAULT CURRENT_TIMESTAMP ON UPDATE CURRENT_TIMESTAMP,
  `Person_ID_Create` int(10) unsigned DEFAULT NULL,
  `Table_Create` timestamp NOT NULL DEFAULT '0000-00-00 00:00:00',
  PRIMARY KEY (`ShopArticleGroup_ID`),
  UNIQUE KEY `IDX_ShopArticleGroup_2` (`ShopArticleGroup_Code`),
  KEY `IDX_ShopArticleGroup_1` (`ShopArticleGroupType_Code`),
  KEY `IDX_ShopArticleGroup_Order` (`ShopArticleGroup_Order`),
  KEY `IDX_Person_Person_ID_Edit` (`Person_ID_Edit`),
  KEY `IDX_Person_Person_ID_Create` (`Person_ID_Create`),
  CONSTRAINT `ShopArticleGroupType_ShopArticleGroup_1` FOREIGN KEY (`ShopArticleGroupType_Code`) REFERENCES `ShopArticleGroupType` (`ShopArticleGroupType_Code`),
  CONSTRAINT `ShopArticleGroup_ibfk_1` FOREIGN KEY (`Person_ID_Edit`) REFERENCES `Person` (`Person_ID`) ON DELETE NO ACTION ON UPDATE NO ACTION,
  CONSTRAINT `ShopArticleGroup_ibfk_2` FOREIGN KEY (`Person_ID_Create`) REFERENCES `Person` (`Person_ID`) ON DELETE NO ACTION ON UPDATE NO ACTION
) ENGINE=InnoDB AUTO_INCREMENT=2 DEFAULT CHARSET=utf8;

--
-- Dumping data for table `ShopArticleGroup`
--

INSERT INTO `ShopArticleGroup` VALUES (1,'system','no_discount','Kein Rabatt','Auf Verkaufsartikel, die dieser Artikelgruppe zugewiesen sind kann kein Rabatt gewährt werden.',1,'true',NULL,'2011-08-30 13:05:40',NULL,'2011-08-30 13:05:40');

--
-- Table structure for table `ShopArticleGroupType`
--

CREATE TABLE `ShopArticleGroupType` (
  `ShopArticleGroupType_Code` varchar(40) NOT NULL,
  `ShopArticleGroupType_Name` varchar(255) NOT NULL,
  `ShopArticleGroupType_Show` enum('true','false') NOT NULL DEFAULT 'true',
  `Person_ID_Edit` int(10) unsigned DEFAULT NULL,
  `Table_Edit` timestamp NOT NULL DEFAULT CURRENT_TIMESTAMP ON UPDATE CURRENT_TIMESTAMP,
  `Person_ID_Create` int(10) unsigned DEFAULT NULL,
  `Table_Create` timestamp NOT NULL DEFAULT '0000-00-00 00:00:00',
  PRIMARY KEY (`ShopArticleGroupType_Code`),
  KEY `IDX_Person_Person_ID_Edit` (`Person_ID_Edit`),
  KEY `IDX_Person_Person_ID_Create` (`Person_ID_Create`),
  CONSTRAINT `ShopArticleGroupType_ibfk_1` FOREIGN KEY (`Person_ID_Edit`) REFERENCES `Person` (`Person_ID`) ON DELETE NO ACTION ON UPDATE NO ACTION,
  CONSTRAINT `ShopArticleGroupType_ibfk_2` FOREIGN KEY (`Person_ID_Create`) REFERENCES `Person` (`Person_ID`) ON DELETE NO ACTION ON UPDATE NO ACTION
) ENGINE=InnoDB DEFAULT CHARSET=utf8;

--
-- Dumping data for table `ShopArticleGroupType`
--

INSERT INTO `ShopArticleGroupType` VALUES ('newsletter','Newsletter','true',NULL,'2011-08-30 11:40:46',NULL,'2011-08-30 11:40:46'),('partnerprovision','Partnerprovisionen','true',NULL,'2011-08-30 11:40:46',NULL,'2011-08-30 11:40:46'),('system','System','true',NULL,'2011-08-30 11:40:46',NULL,'2011-08-30 11:40:46');

--
-- Table structure for table `ShopArticleInterests`
--

CREATE TABLE `ShopArticleInterests` (
  `ShopArticleInterests_ID` int(11) NOT NULL AUTO_INCREMENT,
  `ShopArticleInterestsType_Code` varchar(40) DEFAULT NULL,
  `ShopArticle_ID` int(10) unsigned DEFAULT NULL,
  `ShopArticleItem_ID` int(10) unsigned DEFAULT NULL,
  `Person_ID` int(10) unsigned DEFAULT NULL,
  `Shop_Code` varchar(40) DEFAULT NULL,
  `ShopArticleInterests_Active` enum('true','false') NOT NULL DEFAULT 'true',
  `ShopArticleInterests_Date` date DEFAULT NULL,
  `Person_ID_Edit` int(10) unsigned DEFAULT NULL,
  `Table_Edit` timestamp NOT NULL DEFAULT CURRENT_TIMESTAMP ON UPDATE CURRENT_TIMESTAMP,
  `Person_ID_Create` int(10) unsigned DEFAULT NULL,
  `Table_Create` timestamp NOT NULL DEFAULT '0000-00-00 00:00:00',
  PRIMARY KEY (`ShopArticleInterests_ID`),
  KEY `IDX_ShopArticleInterests_1` (`ShopArticle_ID`),
  KEY `IDX_ShopArticleInterests_2` (`Person_ID`),
  KEY `IDX_ShopArticleInterests_3` (`ShopArticleInterestsType_Code`),
  KEY `IDX_ShopArticleInterests_4` (`ShopArticleItem_ID`),
  KEY `IDX_ShopArticleInterests_5` (`Shop_Code`),
  KEY `IDX_Person_Person_ID_Edit` (`Person_ID_Edit`),
  KEY `IDX_Person_Person_ID_Create` (`Person_ID_Create`),
  CONSTRAINT `Person_ShopArticleInterests_2` FOREIGN KEY (`Person_ID`) REFERENCES `Person` (`Person_ID`),
  CONSTRAINT `ShopArticleInterestsType_ShopArticleInterests_3` FOREIGN KEY (`ShopArticleInterestsType_Code`) REFERENCES `ShopArticleInterestsType` (`ShopArticleInterestsType_Code`),
  CONSTRAINT `ShopArticleInterests_ibfk_1` FOREIGN KEY (`Person_ID_Edit`) REFERENCES `Person` (`Person_ID`) ON DELETE NO ACTION ON UPDATE NO ACTION,
  CONSTRAINT `ShopArticleInterests_ibfk_2` FOREIGN KEY (`Person_ID_Create`) REFERENCES `Person` (`Person_ID`) ON DELETE NO ACTION ON UPDATE NO ACTION,
  CONSTRAINT `ShopArticleItem_ShopArticleInterests_4` FOREIGN KEY (`ShopArticleItem_ID`) REFERENCES `ShopArticleItem` (`ShopArticleItem_ID`),
  CONSTRAINT `ShopArticle_ShopArticleInterests_1` FOREIGN KEY (`ShopArticle_ID`) REFERENCES `ShopArticle` (`ShopArticle_ID`),
  CONSTRAINT `Shop_ShopArticleInterests_5` FOREIGN KEY (`Shop_Code`) REFERENCES `Shop` (`Shop_Code`)
) ENGINE=InnoDB DEFAULT CHARSET=utf8;

--
-- Dumping data for table `ShopArticleInterests`
--


--
-- Table structure for table `ShopArticleInterestsType`
--

CREATE TABLE `ShopArticleInterestsType` (
  `ShopArticleInterestsType_Code` varchar(40) NOT NULL,
  `ShopArticleInterestsType_Name` varchar(255) DEFAULT NULL,
  `Person_ID_Edit` int(10) unsigned DEFAULT NULL,
  `Table_Edit` timestamp NOT NULL DEFAULT CURRENT_TIMESTAMP ON UPDATE CURRENT_TIMESTAMP,
  `Person_ID_Create` int(10) unsigned DEFAULT NULL,
  `Table_Create` timestamp NOT NULL DEFAULT '0000-00-00 00:00:00',
  PRIMARY KEY (`ShopArticleInterestsType_Code`),
  KEY `IDX_Person_Person_ID_Edit` (`Person_ID_Edit`),
  KEY `IDX_Person_Person_ID_Create` (`Person_ID_Create`),
  CONSTRAINT `ShopArticleInterestsType_ibfk_1` FOREIGN KEY (`Person_ID_Edit`) REFERENCES `Person` (`Person_ID`) ON DELETE NO ACTION ON UPDATE NO ACTION,
  CONSTRAINT `ShopArticleInterestsType_ibfk_2` FOREIGN KEY (`Person_ID_Create`) REFERENCES `Person` (`Person_ID`) ON DELETE NO ACTION ON UPDATE NO ACTION
) ENGINE=InnoDB DEFAULT CHARSET=utf8;

--
-- Dumping data for table `ShopArticleInterestsType`
--


--
-- Table structure for table `ShopArticleItem`
--

CREATE TABLE `ShopArticleItem` (
  `ShopArticleItem_ID` int(10) unsigned NOT NULL AUTO_INCREMENT,
  `ShopArticle_ID` int(10) unsigned NOT NULL,
  `ShopVariantItem_ID` int(10) unsigned NOT NULL,
  `ShopArticleDelivery_Code` varchar(40) DEFAULT NULL,
  `ShopWAWIProduct_ID` int(11) NOT NULL,
  `ShopDiscountList_ID` int(10) unsigned DEFAULT NULL,
  `ShopArticleItem_ID_Parent` int(10) unsigned DEFAULT NULL,
  `ShopArticleItem_ID_Template` int(10) unsigned DEFAULT NULL,
  `ShopWAWIProductUnit_Code` varchar(40) DEFAULT NULL,
  `ShopArticleItemType_Code` varchar(40) DEFAULT NULL,
  `ShopArticleItemGroup_ID` int(11) DEFAULT NULL,
  `ShopArticleItem_Number` varchar(80) NOT NULL,
  `ShopArticleItem_Name_Internal` varchar(255) DEFAULT NULL,
  `ShopArticleItem_Order` int(10) unsigned DEFAULT NULL,
  `ShopArticleItem_Show` enum('true','false') NOT NULL DEFAULT 'false',
  `ShopArticleItem_IgnoreMinPrice` enum('true','false') NOT NULL DEFAULT 'false',
  `ShopArticleItem_StockRestriction` enum('true','false') NOT NULL DEFAULT 'false',
  `ShopArticleItem_CartCount` int(11) DEFAULT '1',
  `ShopArticleItem_ProductCount` int(10) unsigned DEFAULT '1',
  `ShopArticleItem_Color` varchar(255) DEFAULT NULL,
  `ShopArticleItem_LifeTime` int(11) DEFAULT NULL,
  `ShopArticleItem_FreeDelivery` enum('true','false') NOT NULL DEFAULT 'false',
  `ShopArticleItem_MaxPerOrder` int(11) DEFAULT NULL,
  `ShopArticleItem_Buyable` enum('true','false') NOT NULL DEFAULT 'true',
  `Person_ID_Edit` int(10) unsigned DEFAULT NULL,
  `Table_Edit` timestamp NOT NULL DEFAULT CURRENT_TIMESTAMP ON UPDATE CURRENT_TIMESTAMP,
  `Person_ID_Create` int(10) unsigned DEFAULT NULL,
  `Table_Create` timestamp NOT NULL DEFAULT '0000-00-00 00:00:00',
  PRIMARY KEY (`ShopArticleItem_ID`),
  KEY `IDX_ShopArticleItem1` (`ShopArticleItem_Order`,`ShopArticle_ID`),
  KEY `IDX_ShopArticleItem2` (`ShopArticle_ID`,`ShopVariantItem_ID`),
  KEY `IDX_ShopArticleItem3` (`ShopArticle_ID`,`ShopVariantItem_ID`,`ShopArticleItem_Order`),
  KEY `IDX_ShopArticleItem_4` (`ShopArticle_ID`),
  KEY `IDX_ShopArticleItem_5` (`ShopArticleDelivery_Code`),
  KEY `IDX_ShopArticleItem_6` (`ShopVariantItem_ID`),
  KEY `IDX_ShopArticleItem_7` (`ShopWAWIProduct_ID`),
  KEY `IDX_ShopArticleItem_8` (`ShopDiscountList_ID`),
  KEY `IDX_ShopArticleItem_9` (`ShopArticleItem_ID_Parent`),
  KEY `IDX_ShopArticleItem_10` (`ShopArticleItem_ID_Template`),
  KEY `IDX_ShopArticleItem_11` (`ShopWAWIProductUnit_Code`),
  KEY `IDX_ShopArticleItem_12` (`ShopArticleItemType_Code`),
  KEY `IDX_ShopArticleItem_13` (`ShopArticleItemGroup_ID`),
  KEY `IDX_ShopArticleItem_14` (`ShopArticleItem_Number`),
  KEY `IDX_Person_Person_ID_Edit` (`Person_ID_Edit`),
  KEY `IDX_Person_Person_ID_Create` (`Person_ID_Create`),
  CONSTRAINT `ShopArticleDelivery_ShopArticleItem_2` FOREIGN KEY (`ShopArticleDelivery_Code`) REFERENCES `ShopArticleDelivery` (`ShopArticleDelivery_Code`) ON UPDATE CASCADE,
  CONSTRAINT `ShopArticleItemGroup_ShopArticleItem_10` FOREIGN KEY (`ShopArticleItemGroup_ID`) REFERENCES `ShopArticleItemGroup` (`ShopArticleItemGroup_ID`),
  CONSTRAINT `ShopArticleItemType_ShopArticleItem_9` FOREIGN KEY (`ShopArticleItemType_Code`) REFERENCES `ShopArticleItemType` (`ShopArticleItemType_Code`),
  CONSTRAINT `ShopArticleItem_ibfk_1` FOREIGN KEY (`Person_ID_Edit`) REFERENCES `Person` (`Person_ID`) ON DELETE NO ACTION ON UPDATE NO ACTION,
  CONSTRAINT `ShopArticleItem_ibfk_2` FOREIGN KEY (`Person_ID_Create`) REFERENCES `Person` (`Person_ID`) ON DELETE NO ACTION ON UPDATE NO ACTION,
  CONSTRAINT `ShopArticleItem_ShopArticleItem_6` FOREIGN KEY (`ShopArticleItem_ID_Parent`) REFERENCES `ShopArticleItem` (`ShopArticleItem_ID`) ON DELETE CASCADE,
  CONSTRAINT `ShopArticleItem_ShopArticleItem_7` FOREIGN KEY (`ShopArticleItem_ID_Template`) REFERENCES `ShopArticleItem` (`ShopArticleItem_ID`) ON DELETE CASCADE,
  CONSTRAINT `ShopArticle_ShopArticleItem_1` FOREIGN KEY (`ShopArticle_ID`) REFERENCES `ShopArticle` (`ShopArticle_ID`) ON DELETE CASCADE,
  CONSTRAINT `ShopDiscountList_ShopArticleItem_5` FOREIGN KEY (`ShopDiscountList_ID`) REFERENCES `ShopDiscountList` (`ShopDiscountList_ID`),
  CONSTRAINT `ShopVariantItem_ShopArticleItem_3` FOREIGN KEY (`ShopVariantItem_ID`) REFERENCES `ShopVariantItem` (`ShopVariantItem_ID`),
  CONSTRAINT `ShopWAWIProductUnit_ShopArticleItem_8` FOREIGN KEY (`ShopWAWIProductUnit_Code`) REFERENCES `ShopWAWIProductUnit` (`ShopWAWIProductUnit_Code`),
  CONSTRAINT `ShopWAWIProduct_ShopArticleItem_4` FOREIGN KEY (`ShopWAWIProduct_ID`) REFERENCES `ShopWAWIProduct` (`ShopWAWIProduct_ID`)
) ENGINE=InnoDB AUTO_INCREMENT=244 DEFAULT CHARSET=utf8;

--
-- Dumping data for table `ShopArticleItem`
--

INSERT INTO `ShopArticleItem` VALUES (205,48,7,NULL,195,NULL,NULL,NULL,'Stk','standard',NULL,'glassdoor',NULL,1,'true','false','false',1,1,NULL,NULL,'false',NULL,'true',2,'2016-03-03 08:34:58',2,'2015-10-12 10:05:04'),(211,54,1,NULL,201,NULL,NULL,NULL,'Stk','standard',NULL,'01013',NULL,1,'true','false','false',1,1,NULL,NULL,'false',NULL,'true',9,'2018-10-08 17:22:56',2,'2016-02-10 15:07:48'),(212,55,7,NULL,195,NULL,NULL,NULL,'Stk','standard',NULL,'kitchenbackplane',NULL,1,'true','false','false',9999999,1,NULL,NULL,'false',NULL,'true',2,'2016-02-17 15:03:13',2,'2016-02-17 14:29:02'),(218,61,7,NULL,195,NULL,NULL,NULL,'Stk','standard',NULL,'wallcover',NULL,1,'true','false','false',9999999,1,NULL,NULL,'false',NULL,'true',2,'2016-03-03 08:30:11',2,'2016-02-25 15:25:46'),(219,62,1,NULL,241,NULL,NULL,NULL,'Stk','standard',NULL,'01000',NULL,1,'true','false','false',1,1,NULL,NULL,'false',NULL,'true',2,'2016-04-19 14:16:36',9,'2016-03-25 10:51:49'),(220,63,1,NULL,242,NULL,NULL,NULL,'Stk','standard',NULL,'01001',NULL,1,'true','false','false',1,1,NULL,NULL,'false',NULL,'true',9,'2016-03-25 10:58:13',9,'2016-03-25 10:58:13'),(221,64,1,NULL,243,NULL,NULL,NULL,'Stk','standard',NULL,'01002',NULL,1,'true','false','false',1,1,NULL,NULL,'false',NULL,'true',9,'2016-03-25 11:01:42',9,'2016-03-25 11:01:42'),(222,65,1,NULL,244,NULL,NULL,NULL,'Stk','standard',NULL,'01003',NULL,1,'true','false','false',1,1,NULL,NULL,'false',NULL,'true',9,'2016-03-25 12:18:12',9,'2016-03-25 12:18:12'),(223,66,1,NULL,245,NULL,NULL,NULL,'Stk','standard',NULL,'01004',NULL,1,'true','false','false',1,1,NULL,NULL,'false',NULL,'true',9,'2016-03-25 12:24:41',9,'2016-03-25 12:24:41'),(224,67,1,NULL,246,NULL,NULL,NULL,'Stk','standard',NULL,'01005',NULL,1,'true','false','false',1,1,NULL,NULL,'false',NULL,'true',9,'2016-03-25 12:31:15',9,'2016-03-25 12:31:15'),(225,68,1,NULL,247,NULL,NULL,NULL,'Stk','standard',NULL,'01006',NULL,1,'true','false','false',1,1,NULL,NULL,'false',NULL,'true',9,'2016-03-25 12:39:25',9,'2016-03-25 12:39:25'),(226,69,1,NULL,248,NULL,NULL,NULL,'Stk','standard',NULL,'01007',NULL,1,'true','false','false',1,1,NULL,NULL,'false',NULL,'true',9,'2016-03-25 12:52:19',9,'2016-03-25 12:52:19'),(227,70,1,NULL,249,NULL,NULL,NULL,'Stk','standard',NULL,'01008',NULL,1,'true','false','false',1,1,NULL,NULL,'false',NULL,'true',9,'2016-03-25 12:54:45',9,'2016-03-25 12:54:45'),(228,71,1,NULL,250,NULL,NULL,NULL,'Stk','standard',NULL,'01009',NULL,1,'true','false','false',1,1,NULL,NULL,'false',NULL,'true',9,'2016-03-25 12:58:17',9,'2016-03-25 12:58:17'),(229,72,1,NULL,251,NULL,NULL,NULL,'Stk','standard',NULL,'01010',NULL,1,'true','false','false',1,1,NULL,NULL,'false',NULL,'true',9,'2016-03-25 13:00:49',9,'2016-03-25 13:00:49'),(230,73,1,NULL,252,NULL,NULL,NULL,'Stk','standard',NULL,'01011',NULL,1,'true','false','false',1,1,NULL,NULL,'false',NULL,'true',9,'2016-03-25 13:14:03',9,'2016-03-25 13:14:03'),(232,74,7,NULL,195,NULL,NULL,NULL,'Stk','standard',NULL,'wallcover',NULL,1,'true','false','false',1,1,NULL,NULL,'false',NULL,'true',2,'2016-09-02 17:38:35',2,'2016-09-02 17:38:35'),(233,75,1,NULL,263,NULL,NULL,NULL,'Stk','standard',NULL,'01014',NULL,1,'true','false','false',1,1,NULL,NULL,'false',NULL,'true',2,'2016-09-20 13:07:51',2,'2016-09-20 13:07:51'),(234,76,7,NULL,265,NULL,NULL,NULL,'Stk','standard',NULL,'aludibondjaf',NULL,1,'true','false','false',1,1,NULL,NULL,'false',NULL,'true',2,'2016-10-17 12:15:39',2,'2016-10-17 12:15:28'),(237,77,1,NULL,304,NULL,NULL,NULL,'Stk','standard',NULL,'Expresslieferung',NULL,1,'true','false','false',1,1,NULL,NULL,'false',NULL,'true',2,'2017-05-18 05:57:17',2,'2017-05-18 05:48:54'),(238,82,1,NULL,308,NULL,NULL,NULL,'Stk','standard',NULL,'a4_musterkoffer_austria_glas',NULL,1,'true','false','false',1,1,NULL,NULL,'false',NULL,'true',2,'2017-05-18 06:14:55',2,'2017-05-18 06:14:55'),(239,83,1,NULL,309,NULL,NULL,NULL,'Stk','standard',NULL,'a4_muster_inkl_wunschmotiv',NULL,1,'true','false','false',1,1,NULL,NULL,'false',NULL,'true',2,'2017-05-18 06:15:38',2,'2017-05-18 06:15:38'),(241,81,1,NULL,305,NULL,NULL,NULL,'Stk','standard',NULL,'mustertafel_glastueren',NULL,1,'true','false','false',1,1,NULL,NULL,'false',NULL,'true',2,'2017-05-18 06:16:32',2,'2017-05-18 06:16:32'),(242,79,1,NULL,306,NULL,NULL,NULL,'Stk','standard',NULL,'mustertafel_kuechenrückwand',NULL,1,'true','false','false',1,1,NULL,NULL,'false',NULL,'true',2,'2017-05-18 06:17:06',2,'2017-05-18 06:17:06'),(243,80,1,NULL,307,NULL,NULL,NULL,'Stk','standard',NULL,'mustertafel_wandverkleidung',NULL,1,'true','false','false',1,1,NULL,NULL,'false',NULL,'true',2,'2017-05-18 06:17:37',2,'2017-05-18 06:17:37');

--
-- Table structure for table `ShopArticleItemGroup`
--

CREATE TABLE `ShopArticleItemGroup` (
  `ShopArticleItemGroup_ID` int(11) NOT NULL AUTO_INCREMENT,
  `ShopArticle_ID` int(10) unsigned DEFAULT NULL,
  `ShopArticleItemGroup_Order` int(11) NOT NULL,
  `ShopArticleItemGroup_Name` varchar(255) DEFAULT NULL,
  `Person_ID_Edit` int(10) unsigned DEFAULT NULL,
  `Table_Edit` timestamp NOT NULL DEFAULT CURRENT_TIMESTAMP ON UPDATE CURRENT_TIMESTAMP,
  `Person_ID_Create` int(10) unsigned DEFAULT NULL,
  `Table_Create` timestamp NOT NULL DEFAULT '0000-00-00 00:00:00',
  PRIMARY KEY (`ShopArticleItemGroup_ID`),
  KEY `IDX_ShopArticleItemGroup_1` (`ShopArticle_ID`),
  KEY `IDX_ShopArticleItemGroup_Order` (`ShopArticleItemGroup_Order`),
  KEY `IDX_Person_Person_ID_Edit` (`Person_ID_Edit`),
  KEY `IDX_Person_Person_ID_Create` (`Person_ID_Create`),
  CONSTRAINT `ShopArticleItemGroup_ibfk_1` FOREIGN KEY (`Person_ID_Edit`) REFERENCES `Person` (`Person_ID`) ON DELETE NO ACTION ON UPDATE NO ACTION,
  CONSTRAINT `ShopArticleItemGroup_ibfk_2` FOREIGN KEY (`Person_ID_Create`) REFERENCES `Person` (`Person_ID`) ON DELETE NO ACTION ON UPDATE NO ACTION,
  CONSTRAINT `ShopArticle_ShopArticleItemGroup_1` FOREIGN KEY (`ShopArticle_ID`) REFERENCES `ShopArticle` (`ShopArticle_ID`) ON DELETE CASCADE
) ENGINE=InnoDB DEFAULT CHARSET=utf8;

--
-- Dumping data for table `ShopArticleItemGroup`
--


--
-- Table structure for table `ShopArticleItemGroup_Language`
--

CREATE TABLE `ShopArticleItemGroup_Language` (
  `ShopArticleItemGroup_ID` int(11) NOT NULL,
  `Language_Code` varchar(3) NOT NULL,
  `ShopArticleItemGroup_Language_Title` varchar(255) DEFAULT NULL,
  `ShopArticleItemGroup_Language_Description` text,
  `Person_ID_Edit` int(10) unsigned DEFAULT NULL,
  `Table_Edit` timestamp NOT NULL DEFAULT CURRENT_TIMESTAMP ON UPDATE CURRENT_TIMESTAMP,
  `Person_ID_Create` int(10) unsigned DEFAULT NULL,
  `Table_Create` timestamp NOT NULL DEFAULT '0000-00-00 00:00:00',
  PRIMARY KEY (`ShopArticleItemGroup_ID`,`Language_Code`),
  KEY `ShopArticleItemGroup_Language_Language_Code` (`Language_Code`),
  KEY `IDX_ShopArticleItemGroup_Language2` (`ShopArticleItemGroup_ID`),
  KEY `IDX_Person_Person_ID_Edit` (`Person_ID_Edit`),
  KEY `IDX_Person_Person_ID_Create` (`Person_ID_Create`),
  CONSTRAINT `ShopArticleItemGroup_Language_ibfk_1` FOREIGN KEY (`Language_Code`) REFERENCES `Language` (`Language_Code`),
  CONSTRAINT `ShopArticleItemGroup_Language_ibfk_2` FOREIGN KEY (`ShopArticleItemGroup_ID`) REFERENCES `ShopArticleItemGroup` (`ShopArticleItemGroup_ID`) ON DELETE CASCADE,
  CONSTRAINT `ShopArticleItemGroup_Language_ibfk_3` FOREIGN KEY (`Person_ID_Edit`) REFERENCES `Person` (`Person_ID`) ON DELETE NO ACTION ON UPDATE NO ACTION,
  CONSTRAINT `ShopArticleItemGroup_Language_ibfk_4` FOREIGN KEY (`Person_ID_Create`) REFERENCES `Person` (`Person_ID`) ON DELETE NO ACTION ON UPDATE NO ACTION
) ENGINE=InnoDB DEFAULT CHARSET=utf8;

--
-- Dumping data for table `ShopArticleItemGroup_Language`
--


--
-- Table structure for table `ShopArticleItemType`
--

CREATE TABLE `ShopArticleItemType` (
  `ShopArticleItemType_Code` varchar(40) NOT NULL,
  `ShopArticleItemType_Order` int(11) NOT NULL,
  `ShopArticleItemType_Active` enum('true','false') NOT NULL DEFAULT 'false',
  `ShopArticleItemType_Bundle` enum('true','false') NOT NULL DEFAULT 'false',
  `ShopArticleItemType_Name` varchar(255) NOT NULL,
  `ShopArticleItemType_Group` enum('true','false') NOT NULL DEFAULT 'false',
  `Person_ID_Edit` int(10) unsigned DEFAULT NULL,
  `Table_Edit` timestamp NOT NULL DEFAULT CURRENT_TIMESTAMP ON UPDATE CURRENT_TIMESTAMP,
  `Person_ID_Create` int(10) unsigned DEFAULT NULL,
  `Table_Create` timestamp NOT NULL DEFAULT '0000-00-00 00:00:00',
  PRIMARY KEY (`ShopArticleItemType_Code`),
  KEY `IDX_ShopArticleItemType_Order` (`ShopArticleItemType_Order`),
  KEY `IDX_Person_Person_ID_Edit` (`Person_ID_Edit`),
  KEY `IDX_Person_Person_ID_Create` (`Person_ID_Create`),
  CONSTRAINT `ShopArticleItemType_ibfk_1` FOREIGN KEY (`Person_ID_Edit`) REFERENCES `Person` (`Person_ID`) ON DELETE NO ACTION ON UPDATE NO ACTION,
  CONSTRAINT `ShopArticleItemType_ibfk_2` FOREIGN KEY (`Person_ID_Create`) REFERENCES `Person` (`Person_ID`) ON DELETE NO ACTION ON UPDATE NO ACTION
) ENGINE=InnoDB DEFAULT CHARSET=utf8;

--
-- Dumping data for table `ShopArticleItemType`
--

INSERT INTO `ShopArticleItemType` VALUES ('bundle',2,'true','true','Bundle','false',NULL,'2010-04-21 11:30:04',NULL,'0000-00-00 00:00:00'),('bundle_changeable',3,'false','true','Bundle (Freie Wahl der Variantenanzahl)','false',NULL,'2010-04-21 11:30:04',NULL,'0000-00-00 00:00:00'),('standard',1,'true','false','Standard','false',NULL,'2010-04-21 11:30:04',NULL,'0000-00-00 00:00:00');

--
-- Table structure for table `ShopArticleItem_FieldData`
--

CREATE TABLE `ShopArticleItem_FieldData` (
  `ShopArticleItem_ID` int(10) unsigned NOT NULL,
  `FieldData_ID` int(11) NOT NULL,
  `Person_ID_Edit` int(10) unsigned DEFAULT NULL,
  `Table_Edit` timestamp NOT NULL DEFAULT CURRENT_TIMESTAMP ON UPDATE CURRENT_TIMESTAMP,
  `Person_ID_Create` int(10) unsigned DEFAULT NULL,
  `Table_Create` timestamp NOT NULL DEFAULT '0000-00-00 00:00:00',
  PRIMARY KEY (`ShopArticleItem_ID`,`FieldData_ID`),
  KEY `IDX_ShopArticleItem_FieldData_1` (`ShopArticleItem_ID`),
  KEY `IDX_ShopArticleItem_FieldData_2` (`FieldData_ID`),
  KEY `IDX_Person_Person_ID_Edit` (`Person_ID_Edit`),
  KEY `IDX_Person_Person_ID_Create` (`Person_ID_Create`),
  CONSTRAINT `FieldData_ShopArticleItem_FieldData_2` FOREIGN KEY (`FieldData_ID`) REFERENCES `FieldData` (`FieldData_ID`) ON DELETE CASCADE,
  CONSTRAINT `ShopArticleItem_FieldData_ibfk_1` FOREIGN KEY (`Person_ID_Edit`) REFERENCES `Person` (`Person_ID`) ON DELETE NO ACTION ON UPDATE NO ACTION,
  CONSTRAINT `ShopArticleItem_FieldData_ibfk_2` FOREIGN KEY (`Person_ID_Create`) REFERENCES `Person` (`Person_ID`) ON DELETE NO ACTION ON UPDATE NO ACTION,
  CONSTRAINT `ShopArticleItem_ShopArticleItem_FieldData_1` FOREIGN KEY (`ShopArticleItem_ID`) REFERENCES `ShopArticleItem` (`ShopArticleItem_ID`) ON DELETE CASCADE
) ENGINE=InnoDB DEFAULT CHARSET=utf8;

--
-- Dumping data for table `ShopArticleItem_FieldData`
--


--
-- Table structure for table `ShopArticleItem_Language`
--

CREATE TABLE `ShopArticleItem_Language` (
  `ShopArticleItem_ID` int(10) unsigned NOT NULL,
  `Language_Code` varchar(3) NOT NULL,
  `ShopArticleItem_Language_Title` varchar(255) DEFAULT NULL,
  `ShopArticleItem_Language_Search` varchar(255) DEFAULT NULL,
  `Person_ID_Edit` int(10) unsigned DEFAULT NULL,
  `Table_Edit` timestamp NOT NULL DEFAULT CURRENT_TIMESTAMP ON UPDATE CURRENT_TIMESTAMP,
  `Person_ID_Create` int(10) unsigned DEFAULT NULL,
  `Table_Create` timestamp NOT NULL DEFAULT '0000-00-00 00:00:00',
  PRIMARY KEY (`ShopArticleItem_ID`,`Language_Code`),
  KEY `ShopArticleItem_Language_Language_Code` (`Language_Code`),
  KEY `IDX_ShopArticleItem_Language2` (`ShopArticleItem_ID`),
  KEY `IDX_Person_Person_ID_Edit` (`Person_ID_Edit`),
  KEY `IDX_Person_Person_ID_Create` (`Person_ID_Create`),
  CONSTRAINT `ShopArticleItem_Language_ibfk_1` FOREIGN KEY (`Language_Code`) REFERENCES `Language` (`Language_Code`),
  CONSTRAINT `ShopArticleItem_Language_ibfk_2` FOREIGN KEY (`ShopArticleItem_ID`) REFERENCES `ShopArticleItem` (`ShopArticleItem_ID`) ON DELETE CASCADE,
  CONSTRAINT `ShopArticleItem_Language_ibfk_3` FOREIGN KEY (`Person_ID_Edit`) REFERENCES `Person` (`Person_ID`) ON DELETE NO ACTION ON UPDATE NO ACTION,
  CONSTRAINT `ShopArticleItem_Language_ibfk_4` FOREIGN KEY (`Person_ID_Create`) REFERENCES `Person` (`Person_ID`) ON DELETE NO ACTION ON UPDATE NO ACTION
) ENGINE=InnoDB DEFAULT CHARSET=utf8;

--
-- Dumping data for table `ShopArticleItem_Language`
--

INSERT INTO `ShopArticleItem_Language` VALUES (205,'de',NULL,NULL,2,'2016-03-03 08:34:58',2,'2015-10-12 10:05:04'),(211,'de','Silikon-Kleber 310 ml',NULL,9,'2018-10-08 17:22:56',2,'2016-02-10 15:07:48'),(212,'de','Küchenrückwand',NULL,2,'2016-02-17 15:03:13',2,'2016-02-17 14:29:02'),(220,'de','Zargen Beschlagsset mit Drücker',NULL,9,'2016-03-25 10:58:13',9,'2016-03-25 10:58:13'),(223,'de','Zargenband mit Anschraubplatte',NULL,9,'2016-03-25 12:24:41',9,'2016-03-25 12:24:41'),(224,'de','Überschub-Riegel für Fix- oder Seitenteil',NULL,9,'2016-03-25 12:31:15',9,'2016-03-25 12:31:15'),(225,'de','Gegenkasten für Doppeltüren oder Seitenteil',NULL,9,'2016-03-25 12:39:25',9,'2016-03-25 12:39:25'),(226,'de','Muschelgriff',NULL,9,'2016-03-25 12:52:19',9,'2016-03-25 12:52:19'),(227,'de','Griffstange',NULL,9,'2016-03-25 12:54:45',9,'2016-03-25 12:54:45'),(228,'de','Schiebesystem (Länge 2000 mm)',NULL,9,'2016-03-25 12:58:17',9,'2016-03-25 12:58:17'),(229,'de','Schiebesystem (Länge 3000 mm)',NULL,9,'2016-03-25 13:00:49',9,'2016-03-25 13:00:49'),(230,'de','Senk-Punktbefestigung Set',NULL,9,'2016-03-25 13:14:03',9,'2016-03-25 13:14:03'),(232,'de','Alu Dibond',NULL,2,'2016-09-02 17:38:35',2,'2016-09-02 17:38:35'),(233,'de','Klett-Punktbefestigung Set',NULL,2,'2016-09-20 13:07:51',2,'2016-09-20 13:07:51'),(234,'de','Alu Dibond JAF',NULL,2,'2016-10-17 12:15:39',2,'2016-10-17 12:15:28');

--
-- Table structure for table `ShopArticleItem_Picture`
--

CREATE TABLE `ShopArticleItem_Picture` (
  `ShopArticleItem_ID` int(10) unsigned NOT NULL,
  `Picture_ID` int(10) unsigned NOT NULL,
  `Person_ID_Edit` int(10) unsigned DEFAULT NULL,
  `Table_Edit` timestamp NOT NULL DEFAULT CURRENT_TIMESTAMP ON UPDATE CURRENT_TIMESTAMP,
  `Person_ID_Create` int(10) unsigned DEFAULT NULL,
  `Table_Create` timestamp NOT NULL DEFAULT '0000-00-00 00:00:00',
  PRIMARY KEY (`ShopArticleItem_ID`,`Picture_ID`),
  KEY `IDX_ShopArticleItem_Picture_1` (`ShopArticleItem_ID`),
  KEY `IDX_ShopArticleItem_Picture_2` (`Picture_ID`),
  KEY `IDX_Person_Person_ID_Edit` (`Person_ID_Edit`),
  KEY `IDX_Person_Person_ID_Create` (`Person_ID_Create`),
  CONSTRAINT `Picture_ShopArticleItem_Picture_2` FOREIGN KEY (`Picture_ID`) REFERENCES `Picture` (`Picture_ID`) ON DELETE CASCADE,
  CONSTRAINT `ShopArticleItem_Picture_ibfk_1` FOREIGN KEY (`Person_ID_Edit`) REFERENCES `Person` (`Person_ID`) ON DELETE NO ACTION ON UPDATE NO ACTION,
  CONSTRAINT `ShopArticleItem_Picture_ibfk_2` FOREIGN KEY (`Person_ID_Create`) REFERENCES `Person` (`Person_ID`) ON DELETE NO ACTION ON UPDATE NO ACTION,
  CONSTRAINT `ShopArticleItem_ShopArticleItem_Picture_1` FOREIGN KEY (`ShopArticleItem_ID`) REFERENCES `ShopArticleItem` (`ShopArticleItem_ID`) ON DELETE CASCADE
) ENGINE=InnoDB DEFAULT CHARSET=utf8;

--
-- Dumping data for table `ShopArticleItem_Picture`
--


--
-- Table structure for table `ShopArticleItem_ShopVariantAttribute`
--

CREATE TABLE `ShopArticleItem_ShopVariantAttribute` (
  `ShopArticleItem_ID` int(10) unsigned NOT NULL,
  `ShopVariantAttribute_ID` int(11) NOT NULL,
  `ShopArticleItem_ShopVariantAttribute_Text` varchar(255) DEFAULT NULL,
  `Person_ID_Edit` int(10) unsigned DEFAULT NULL,
  `Table_Edit` timestamp NOT NULL DEFAULT CURRENT_TIMESTAMP ON UPDATE CURRENT_TIMESTAMP,
  `Person_ID_Create` int(10) unsigned DEFAULT NULL,
  `Table_Create` timestamp NOT NULL DEFAULT '0000-00-00 00:00:00',
  PRIMARY KEY (`ShopArticleItem_ID`,`ShopVariantAttribute_ID`),
  KEY `IDX_ShopArticleItem_ShopVariantAttribute_1` (`ShopArticleItem_ID`),
  KEY `IDX_ShopArticleItem_ShopVariantAttribute_2` (`ShopVariantAttribute_ID`),
  KEY `IDX_Person_Person_ID_Edit` (`Person_ID_Edit`),
  KEY `IDX_Person_Person_ID_Create` (`Person_ID_Create`),
  CONSTRAINT `ShopArticleItem_ShopArticleItem_ShopVariantAttribute_1` FOREIGN KEY (`ShopArticleItem_ID`) REFERENCES `ShopArticleItem` (`ShopArticleItem_ID`) ON DELETE CASCADE,
  CONSTRAINT `ShopArticleItem_ShopVariantAttribute_ibfk_1` FOREIGN KEY (`Person_ID_Edit`) REFERENCES `Person` (`Person_ID`) ON DELETE NO ACTION ON UPDATE NO ACTION,
  CONSTRAINT `ShopArticleItem_ShopVariantAttribute_ibfk_2` FOREIGN KEY (`Person_ID_Create`) REFERENCES `Person` (`Person_ID`) ON DELETE NO ACTION ON UPDATE NO ACTION,
  CONSTRAINT `ShopVariantAttribute_ShopArticleItem_ShopVariantAttribute_2` FOREIGN KEY (`ShopVariantAttribute_ID`) REFERENCES `ShopVariantAttribute` (`ShopVariantAttribute_ID`) ON DELETE CASCADE
) ENGINE=InnoDB DEFAULT CHARSET=utf8;

--
-- Dumping data for table `ShopArticleItem_ShopVariantAttribute`
--


--
-- Table structure for table `ShopArticleType`
--

CREATE TABLE `ShopArticleType` (
  `ShopArticleType_ID` int(10) unsigned NOT NULL AUTO_INCREMENT,
  `ShopArticleType_Code` varchar(40) DEFAULT NULL,
  `ShopArticleType_Name` varchar(255) NOT NULL,
  `ShopArticleType_CssClass` varchar(255) DEFAULT NULL,
  `ShopArticleType_System` enum('true','false') NOT NULL DEFAULT 'false' COMMENT 'Flag to distinguish between system types and other ones.',
  `Person_ID_Edit` int(10) unsigned DEFAULT NULL,
  `Table_Edit` timestamp NOT NULL DEFAULT CURRENT_TIMESTAMP ON UPDATE CURRENT_TIMESTAMP,
  `Person_ID_Create` int(10) unsigned DEFAULT NULL,
  `Table_Create` timestamp NOT NULL DEFAULT '0000-00-00 00:00:00',
  PRIMARY KEY (`ShopArticleType_ID`),
  UNIQUE KEY `IDX_ShopArticleType_Code` (`ShopArticleType_Code`),
  KEY `IDX_Person_Person_ID_Edit` (`Person_ID_Edit`),
  KEY `IDX_Person_Person_ID_Create` (`Person_ID_Create`),
  CONSTRAINT `ShopArticleType_ibfk_1` FOREIGN KEY (`Person_ID_Edit`) REFERENCES `Person` (`Person_ID`) ON DELETE NO ACTION ON UPDATE NO ACTION,
  CONSTRAINT `ShopArticleType_ibfk_2` FOREIGN KEY (`Person_ID_Create`) REFERENCES `Person` (`Person_ID`) ON DELETE NO ACTION ON UPDATE NO ACTION
) ENGINE=InnoDB AUTO_INCREMENT=4 DEFAULT CHARSET=utf8;

--
-- Dumping data for table `ShopArticleType`
--

INSERT INTO `ShopArticleType` VALUES (1,'default','Standardartikel',NULL,'true',1,'2012-03-02 12:34:21',1,'2012-03-02 12:34:21'),(2,'sale','Aktionsartikel','sale','true',1,'2012-03-02 12:34:21',1,'2012-03-02 12:34:21'),(3,'new','Neu','new','true',1,'2012-03-02 12:34:21',1,'2012-03-02 12:34:21');

--
-- Table structure for table `ShopArticleType_Language`
--

CREATE TABLE `ShopArticleType_Language` (
  `ShopArticleType_ID` int(10) unsigned NOT NULL,
  `Language_Code` varchar(3) NOT NULL,
  `ShopArticleType_Language_Title` varchar(255) DEFAULT NULL,
  `Person_ID_Edit` int(10) unsigned DEFAULT NULL,
  `Table_Edit` timestamp NOT NULL DEFAULT CURRENT_TIMESTAMP ON UPDATE CURRENT_TIMESTAMP,
  `Person_ID_Create` int(10) unsigned DEFAULT NULL,
  `Table_Create` timestamp NOT NULL DEFAULT '0000-00-00 00:00:00',
  PRIMARY KEY (`ShopArticleType_ID`,`Language_Code`),
  KEY `ShopArticleType_Language_Language_Code` (`Language_Code`),
  KEY `IDX_ShopArticleType_Language2` (`ShopArticleType_ID`),
  KEY `IDX_Person_Person_ID_Edit` (`Person_ID_Edit`),
  KEY `IDX_Person_Person_ID_Create` (`Person_ID_Create`),
  CONSTRAINT `ShopArticleType_Language_ibfk_1` FOREIGN KEY (`Language_Code`) REFERENCES `Language` (`Language_Code`),
  CONSTRAINT `ShopArticleType_Language_ibfk_2` FOREIGN KEY (`ShopArticleType_ID`) REFERENCES `ShopArticleType` (`ShopArticleType_ID`) ON DELETE CASCADE,
  CONSTRAINT `ShopArticleType_Language_ibfk_3` FOREIGN KEY (`Person_ID_Edit`) REFERENCES `Person` (`Person_ID`) ON DELETE NO ACTION ON UPDATE NO ACTION,
  CONSTRAINT `ShopArticleType_Language_ibfk_4` FOREIGN KEY (`Person_ID_Create`) REFERENCES `Person` (`Person_ID`) ON DELETE NO ACTION ON UPDATE NO ACTION
) ENGINE=InnoDB DEFAULT CHARSET=utf8;

--
-- Dumping data for table `ShopArticleType_Language`
--

INSERT INTO `ShopArticleType_Language` VALUES (1,'de','',1,'2012-03-02 12:34:21',1,'2012-03-02 12:34:21'),(2,'de','Aktion',1,'2012-03-02 12:34:21',1,'2012-03-02 12:34:21'),(3,'de','',1,'2012-03-02 12:34:21',1,'2012-03-02 12:34:21');

--
-- Table structure for table `ShopArticle_ShopArticleGroup`
--

CREATE TABLE `ShopArticle_ShopArticleGroup` (
  `ShopArticleGroup_ID` int(11) NOT NULL,
  `ShopArticle_ID` int(10) unsigned NOT NULL,
  `ShopArticle_ShopArticleGroup_Order` int(11) NOT NULL,
  `Person_ID_Edit` int(10) unsigned DEFAULT NULL,
  `Table_Edit` timestamp NOT NULL DEFAULT CURRENT_TIMESTAMP ON UPDATE CURRENT_TIMESTAMP,
  `Person_ID_Create` int(10) unsigned DEFAULT NULL,
  `Table_Create` timestamp NOT NULL DEFAULT '0000-00-00 00:00:00',
  PRIMARY KEY (`ShopArticleGroup_ID`,`ShopArticle_ID`),
  KEY `IDX_ShopArticle_ShopArticleGroup_1` (`ShopArticleGroup_ID`),
  KEY `IDX_ShopArticle_ShopArticleGroup_2` (`ShopArticle_ID`),
  KEY `IDX_ShopArticle_ShopArticleGroup_Order` (`ShopArticleGroup_ID`,`ShopArticle_ShopArticleGroup_Order`),
  KEY `IDX_Person_Person_ID_Edit` (`Person_ID_Edit`),
  KEY `IDX_Person_Person_ID_Create` (`Person_ID_Create`),
  CONSTRAINT `ShopArticleGroup_ShopArticle_ShopArticleGroup_1` FOREIGN KEY (`ShopArticleGroup_ID`) REFERENCES `ShopArticleGroup` (`ShopArticleGroup_ID`) ON DELETE CASCADE,
  CONSTRAINT `ShopArticle_ShopArticleGroup_ibfk_1` FOREIGN KEY (`Person_ID_Edit`) REFERENCES `Person` (`Person_ID`) ON DELETE NO ACTION ON UPDATE NO ACTION,
  CONSTRAINT `ShopArticle_ShopArticleGroup_ibfk_2` FOREIGN KEY (`Person_ID_Create`) REFERENCES `Person` (`Person_ID`) ON DELETE NO ACTION ON UPDATE NO ACTION,
  CONSTRAINT `ShopArticle_ShopArticle_ShopArticleGroup_2` FOREIGN KEY (`ShopArticle_ID`) REFERENCES `ShopArticle` (`ShopArticle_ID`) ON DELETE CASCADE
) ENGINE=InnoDB DEFAULT CHARSET=utf8;

--
-- Dumping data for table `ShopArticle_ShopArticleGroup`
--


--
-- Table structure for table `ShopArticle_ShopCategory`
--

CREATE TABLE `ShopArticle_ShopCategory` (
  `ShopArticle_ShopCategory_ID` int(10) unsigned NOT NULL AUTO_INCREMENT,
  `ShopCategory_ID` int(11) NOT NULL,
  `ShopArticle_ID` int(10) unsigned NOT NULL,
  `ShopArticle_ShopCategoryType_Code` varchar(40) DEFAULT NULL,
  `ShopArticle_ShopCategory_Order` int(10) DEFAULT NULL,
  `Person_ID_Edit` int(10) unsigned DEFAULT NULL,
  `Table_Edit` timestamp NOT NULL DEFAULT CURRENT_TIMESTAMP ON UPDATE CURRENT_TIMESTAMP,
  `Person_ID_Create` int(10) unsigned DEFAULT NULL,
  `Table_Create` timestamp NOT NULL DEFAULT '0000-00-00 00:00:00',
  PRIMARY KEY (`ShopArticle_ShopCategory_ID`),
  KEY `ShopArticle_ShopCategory_FKIndex1` (`ShopCategory_ID`,`ShopArticle_ID`),
  KEY `IDX_ShopArticle_ShopCategory_Order` (`ShopCategory_ID`,`ShopArticle_ShopCategory_Order`),
  KEY `IDX_ShopArticle_ShopCategory_3` (`ShopCategory_ID`),
  KEY `IDX_ShopArticle_ShopCategory_4` (`ShopArticle_ID`),
  KEY `IDX_ShopArticle_ShopCategory_5` (`ShopArticle_ShopCategoryType_Code`),
  KEY `IDX_ShopArticle_ShopCategory_6` (`ShopArticle_ShopCategory_Order`),
  KEY `IDX_Person_Person_ID_Edit` (`Person_ID_Edit`),
  KEY `IDX_Person_Person_ID_Create` (`Person_ID_Create`),
  CONSTRAINT `ShopArticle_ShopArticle_ShopCategory_2` FOREIGN KEY (`ShopArticle_ID`) REFERENCES `ShopArticle` (`ShopArticle_ID`) ON DELETE CASCADE,
  CONSTRAINT `ShopArticle_ShopCategoryType_ShopArticle_ShopCategory_3` FOREIGN KEY (`ShopArticle_ShopCategoryType_Code`) REFERENCES `ShopArticle_ShopCategoryType` (`ShopArticle_ShopCategoryType_Code`) ON DELETE CASCADE,
  CONSTRAINT `ShopArticle_ShopCategory_ibfk_1` FOREIGN KEY (`Person_ID_Edit`) REFERENCES `Person` (`Person_ID`) ON DELETE NO ACTION ON UPDATE NO ACTION,
  CONSTRAINT `ShopArticle_ShopCategory_ibfk_2` FOREIGN KEY (`Person_ID_Create`) REFERENCES `Person` (`Person_ID`) ON DELETE NO ACTION ON UPDATE NO ACTION,
  CONSTRAINT `ShopCategory_ShopArticle_ShopCategory_1` FOREIGN KEY (`ShopCategory_ID`) REFERENCES `ShopCategory` (`ShopCategory_ID`) ON DELETE CASCADE
) ENGINE=InnoDB AUTO_INCREMENT=87 DEFAULT CHARSET=utf8;

--
-- Dumping data for table `ShopArticle_ShopCategory`
--

INSERT INTO `ShopArticle_ShopCategory` VALUES (49,13,48,'default',1,2,'2015-10-12 10:06:01',2,'2015-10-12 10:06:01'),(56,1,54,'default',6,2,'2016-02-10 15:07:17',2,'2016-02-10 15:07:17'),(57,13,55,'default',2,2,'2016-02-17 14:36:12',2,'2016-02-17 14:36:12'),(63,13,61,'default',3,2,'2016-02-25 15:25:30',2,'2016-02-25 15:25:30'),(64,1,62,'default',7,9,'2016-03-25 10:44:12',9,'2016-03-25 10:44:12'),(65,1,63,'default',8,9,'2016-03-25 10:58:21',9,'2016-03-25 10:58:21'),(66,1,64,'default',9,9,'2016-03-25 11:01:49',9,'2016-03-25 11:01:49'),(67,1,65,'default',10,9,'2016-03-25 12:16:11',9,'2016-03-25 12:16:11'),(68,1,66,'default',11,9,'2016-03-25 12:24:47',9,'2016-03-25 12:24:47'),(69,1,67,'default',12,9,'2016-03-25 12:30:55',9,'2016-03-25 12:30:55'),(70,1,68,'default',13,9,'2016-03-25 12:39:32',9,'2016-03-25 12:39:32'),(71,1,69,'default',14,9,'2016-03-25 12:52:06',9,'2016-03-25 12:52:06'),(72,1,70,'default',15,9,'2016-03-25 12:54:33',9,'2016-03-25 12:54:33'),(73,1,71,'default',16,9,'2016-03-25 12:58:02',9,'2016-03-25 12:58:02'),(74,1,72,'default',17,9,'2016-03-25 13:00:34',9,'2016-03-25 13:00:34'),(75,1,73,'default',18,9,'2016-03-25 13:14:06',9,'2016-03-25 13:14:06'),(76,13,74,'default',4,2,'2016-09-02 17:20:14',2,'2016-09-02 17:20:14'),(77,1,75,'default',19,2,'2016-09-20 13:07:58',2,'2016-09-20 13:07:58'),(78,1,76,'default',20,2,'2016-10-17 12:15:01',2,'2016-10-17 12:15:01'),(79,1,77,'default',21,2,'2017-05-18 05:12:58',2,'2017-05-18 05:12:58'),(81,1,82,'default',22,2,'2017-05-18 06:15:02',2,'2017-05-18 06:15:02'),(82,1,83,'default',23,2,'2017-05-18 06:15:18',2,'2017-05-18 06:15:18'),(84,1,81,'default',25,2,'2017-05-18 06:16:36',2,'2017-05-18 06:16:36'),(85,1,79,'default',26,2,'2017-05-18 06:16:53',2,'2017-05-18 06:16:53'),(86,1,80,'default',27,2,'2017-05-18 06:17:41',2,'2017-05-18 06:17:41');

--
-- Table structure for table `ShopArticle_ShopCategoryType`
--

CREATE TABLE `ShopArticle_ShopCategoryType` (
  `ShopArticle_ShopCategoryType_Code` varchar(40) NOT NULL,
  `ShopArticle_ShopCategoryType_Name` varchar(255) NOT NULL,
  `Person_ID_Edit` int(10) unsigned DEFAULT NULL,
  `Table_Edit` timestamp NOT NULL DEFAULT CURRENT_TIMESTAMP ON UPDATE CURRENT_TIMESTAMP,
  `Person_ID_Create` int(10) unsigned DEFAULT NULL,
  `Table_Create` timestamp NOT NULL DEFAULT '0000-00-00 00:00:00',
  PRIMARY KEY (`ShopArticle_ShopCategoryType_Code`),
  KEY `IDX_Person_Person_ID_Edit` (`Person_ID_Edit`),
  KEY `IDX_Person_Person_ID_Create` (`Person_ID_Create`),
  CONSTRAINT `ShopArticle_ShopCategoryType_ibfk_1` FOREIGN KEY (`Person_ID_Edit`) REFERENCES `Person` (`Person_ID`) ON DELETE NO ACTION ON UPDATE NO ACTION,
  CONSTRAINT `ShopArticle_ShopCategoryType_ibfk_2` FOREIGN KEY (`Person_ID_Create`) REFERENCES `Person` (`Person_ID`) ON DELETE NO ACTION ON UPDATE NO ACTION
) ENGINE=InnoDB DEFAULT CHARSET=utf8;

--
-- Dumping data for table `ShopArticle_ShopCategoryType`
--

INSERT INTO `ShopArticle_ShopCategoryType` VALUES ('default','Standard',1,'2011-07-01 13:52:34',1,'2011-07-01 13:52:34'),('startpage','Startseiten Artikel',NULL,'2010-04-21 11:30:04',NULL,'0000-00-00 00:00:00');

--
-- Table structure for table `ShopCategory`
--

CREATE TABLE `ShopCategory` (
  `ShopCategory_ID` int(11) NOT NULL AUTO_INCREMENT,
  `ArticleEntry_ID` int(10) unsigned NOT NULL,
  `ShopCategoryType_Code` varchar(40) DEFAULT NULL,
  `ShopArticleAttributeType_ID` int(10) unsigned DEFAULT NULL,
  `ShopCategory_ID_CopyFrom` int(11) DEFAULT NULL,
  `ShopArticleAttributeItem_ID` int(11) DEFAULT NULL,
  `ShopTrackingCode_ID` int(10) unsigned DEFAULT NULL,
  `ShopArticleType_ID` int(10) unsigned DEFAULT NULL COMMENT 'article ENGINE filter for dynamic categories',
  `ShopCategory_ID_Linked` int(11) DEFAULT NULL COMMENT 'Querverweis zu anderer Kategorie',
  `ShopCategory_Code` varchar(255) DEFAULT NULL,
  `ShopCategory_ID_Root` int(11) NOT NULL,
  `ShopCategory_Left` int(11) NOT NULL,
  `ShopCategory_Right` int(11) NOT NULL,
  `ShopCategory_Order` int(11) NOT NULL,
  `ShopCategory_Level` int(11) NOT NULL,
  `ShopCategory_Show` enum('true','false') NOT NULL DEFAULT 'true',
  `ShopCategory_Glassy` enum('true','false') NOT NULL DEFAULT 'false',
  `ShopCategory_Priority` int(11) DEFAULT NULL,
  `ShopCategory_IsDynamic` enum('true','false') NOT NULL DEFAULT 'false',
  `ShopCategory_IsCopied` enum('true','false') NOT NULL DEFAULT 'false',
  `ShopCategory_AddFilter` enum('true','false') NOT NULL DEFAULT 'false',
  `ShopCategory_CssClass` varchar(40) DEFAULT NULL,
  `ShopCategory_QualitycheckContent` enum('true','false') NOT NULL DEFAULT 'false',
  `ShopCategory_PerPageCount` int(10) unsigned DEFAULT NULL,
  `Person_ID_Edit` int(10) unsigned DEFAULT NULL,
  `Table_Edit` timestamp NOT NULL DEFAULT CURRENT_TIMESTAMP ON UPDATE CURRENT_TIMESTAMP,
  `Person_ID_Create` int(10) unsigned DEFAULT NULL,
  `Table_Create` timestamp NOT NULL DEFAULT '0000-00-00 00:00:00',
  PRIMARY KEY (`ShopCategory_ID`),
  UNIQUE KEY `IDX_ShopCategory_9` (`ShopCategory_Code`),
  KEY `ROOTID` (`ShopCategory_ID`),
  KEY `STREH` (`ShopCategory_Order`),
  KEY `l` (`ShopCategory_Left`),
  KEY `r` (`ShopCategory_Right`),
  KEY `SRLR` (`ShopCategory_ID`,`ShopCategory_ID_Root`,`ShopCategory_Left`,`ShopCategory_Right`),
  KEY `TREELEVEL` (`ShopCategory_Level`),
  KEY `IDX_ShopCategory_7` (`ArticleEntry_ID`),
  KEY `IDX_ShopCategory_8` (`ShopCategoryType_Code`),
  KEY `IDX_ShopCategory_10` (`ShopCategory_Priority`),
  KEY `IDX_ShopCategory_11` (`ShopCategory_ID_Root`,`ShopCategory_Level`,`ShopCategory_Left`,`ShopCategory_Right`,`ShopCategory_Show`),
  KEY `IDX_ShopCategory_12` (`ShopArticleAttributeType_ID`),
  KEY `IDX_ShopCategory_13` (`ShopCategory_ID_CopyFrom`),
  KEY `IDX_ShopCategory_14` (`ShopArticleAttributeItem_ID`),
  KEY `IDX_ShopCategory_15` (`ShopTrackingCode_ID`),
  KEY `IDX_ShopCategory_16` (`ShopArticleType_ID`),
  KEY `IDX_ShopCategory_Order` (`ShopCategory_Order`),
  KEY `IDX_ShopCategory_18` (`ShopCategory_ID_Linked`),
  KEY `IDX_Person_Person_ID_Edit` (`Person_ID_Edit`),
  KEY `IDX_Person_Person_ID_Create` (`Person_ID_Create`),
  CONSTRAINT `ArticleEntry_ShopCategory_1` FOREIGN KEY (`ArticleEntry_ID`) REFERENCES `ArticleEntry` (`ArticleEntry_ID`) ON DELETE CASCADE,
  CONSTRAINT `ShopArticleAttributeItem_ShopCategory_5` FOREIGN KEY (`ShopArticleAttributeItem_ID`) REFERENCES `ShopArticleAttributeItem` (`ShopArticleAttributeItem_ID`),
  CONSTRAINT `ShopArticleAttributeType_ShopCategory_3` FOREIGN KEY (`ShopArticleAttributeType_ID`) REFERENCES `ShopArticleAttributeType` (`ShopArticleAttributeType_ID`),
  CONSTRAINT `ShopArticleType_ShopCategory_7` FOREIGN KEY (`ShopArticleType_ID`) REFERENCES `ShopArticleType` (`ShopArticleType_ID`),
  CONSTRAINT `ShopCategoryType_ShopCategory_2` FOREIGN KEY (`ShopCategoryType_Code`) REFERENCES `ShopCategoryType` (`ShopCategoryType_Code`),
  CONSTRAINT `ShopCategory_ibfk_1` FOREIGN KEY (`Person_ID_Edit`) REFERENCES `Person` (`Person_ID`) ON DELETE NO ACTION ON UPDATE NO ACTION,
  CONSTRAINT `ShopCategory_ibfk_2` FOREIGN KEY (`Person_ID_Create`) REFERENCES `Person` (`Person_ID`) ON DELETE NO ACTION ON UPDATE NO ACTION,
  CONSTRAINT `ShopCategory_ShopCategory_4` FOREIGN KEY (`ShopCategory_ID_CopyFrom`) REFERENCES `ShopCategory` (`ShopCategory_ID`),
  CONSTRAINT `ShopCategory_ShopCategory_8` FOREIGN KEY (`ShopCategory_ID_Linked`) REFERENCES `ShopCategory` (`ShopCategory_ID`),
  CONSTRAINT `ShopTrackingCode_ShopCategory_6` FOREIGN KEY (`ShopTrackingCode_ID`) REFERENCES `ShopTrackingCode` (`ShopTrackingCode_ID`) ON DELETE SET NULL
) ENGINE=InnoDB AUTO_INCREMENT=14 DEFAULT CHARSET=utf8;

--
-- Dumping data for table `ShopCategory`
--

INSERT INTO `ShopCategory` VALUES (1,11,'standard',NULL,NULL,NULL,NULL,NULL,NULL,NULL,1,1,4,1,0,'true','true',0,'false','false','false',NULL,'false',NULL,2,'2016-01-27 11:54:51',1,'2010-04-21 11:02:24'),(2,12,'special',NULL,NULL,NULL,NULL,NULL,NULL,NULL,2,1,10,1,0,'true','false',0,'false','false','false',NULL,'false',0,2,'2015-09-30 12:20:36',1,'2010-04-21 11:02:24'),(3,13,'special',NULL,NULL,NULL,NULL,NULL,NULL,NULL,2,4,5,2,1,'true','false',0,'false','false','false',NULL,'false',NULL,1,'2015-09-17 06:03:44',1,'2011-02-14 10:03:02'),(4,14,'special',NULL,NULL,NULL,NULL,NULL,NULL,NULL,2,2,3,1,1,'true','false',0,'false','false','false',NULL,'false',NULL,9,'2015-09-17 06:03:44',1,'2011-02-14 10:03:17'),(5,15,'special',NULL,NULL,NULL,NULL,NULL,NULL,NULL,2,6,7,3,1,'true','false',0,'false','false','false',NULL,'false',NULL,1,'2015-09-17 06:03:44',1,'2011-02-14 10:03:30'),(6,16,'special',NULL,NULL,NULL,NULL,NULL,NULL,NULL,2,8,9,4,1,'true','false',0,'false','false','false',NULL,'false',NULL,1,'2015-09-17 06:03:44',1,'2011-02-14 10:04:04'),(11,92,'special',NULL,NULL,NULL,NULL,NULL,NULL,NULL,11,1,2,1,0,'true','false',0,'false','false','false',NULL,'false',0,2,'2015-09-29 13:52:38',1,'2010-04-21 11:02:24'),(12,93,'standard',NULL,NULL,NULL,NULL,NULL,NULL,NULL,12,1,2,1,0,'true','true',0,'false','false','false',NULL,'false',0,2,'2015-09-29 13:54:50',1,'2010-04-21 11:02:24'),(13,95,'standard',NULL,NULL,NULL,NULL,NULL,NULL,NULL,1,2,3,1,1,'true','true',0,'false','false','false',NULL,'false',NULL,2,'2015-10-12 10:05:42',2,'2015-10-12 10:05:42');

--
-- Table structure for table `ShopCategoryFunction`
--

CREATE TABLE `ShopCategoryFunction` (
  `ShopCategoryFunction_Code` varchar(40) NOT NULL,
  `ShopCategoryFunction_Name` varchar(255) DEFAULT NULL,
  `ShopCategoryFunction_Active` enum('true','false') NOT NULL DEFAULT 'false',
  `ShopCategoryFunction_Order` int(11) DEFAULT NULL,
  `Person_ID_Edit` int(10) unsigned DEFAULT NULL,
  `Table_Edit` timestamp NOT NULL DEFAULT CURRENT_TIMESTAMP ON UPDATE CURRENT_TIMESTAMP,
  `Person_ID_Create` int(10) unsigned DEFAULT NULL,
  `Table_Create` timestamp NOT NULL DEFAULT '0000-00-00 00:00:00',
  PRIMARY KEY (`ShopCategoryFunction_Code`),
  KEY `IDX_ShopCategoryFunction_Order` (`ShopCategoryFunction_Order`),
  KEY `IDX_Person_Person_ID_Edit` (`Person_ID_Edit`),
  KEY `IDX_Person_Person_ID_Create` (`Person_ID_Create`),
  CONSTRAINT `ShopCategoryFunction_ibfk_1` FOREIGN KEY (`Person_ID_Edit`) REFERENCES `Person` (`Person_ID`) ON DELETE NO ACTION ON UPDATE NO ACTION,
  CONSTRAINT `ShopCategoryFunction_ibfk_2` FOREIGN KEY (`Person_ID_Create`) REFERENCES `Person` (`Person_ID`) ON DELETE NO ACTION ON UPDATE NO ACTION
) ENGINE=InnoDB DEFAULT CHARSET=utf8;

--
-- Dumping data for table `ShopCategoryFunction`
--

INSERT INTO `ShopCategoryFunction` VALUES ('autofill_lastadded','Autobefüllung - Zuletzt hinzugefügt','true',2,NULL,'2010-04-21 11:30:04',NULL,'0000-00-00 00:00:00'),('autofill_new','Autobefüllung - Neue Artikel','true',4,NULL,'2011-08-25 14:17:00',NULL,'2011-08-25 14:17:00'),('autofill_special','Autobefüllung - Aktionsartikel','true',3,NULL,'2010-04-21 11:30:04',NULL,'0000-00-00 00:00:00'),('autofill_topseller','Autobefüllung - Topseller','true',1,NULL,'2010-04-21 11:30:04',NULL,'0000-00-00 00:00:00'),('setarticleitem_stockrestriction','Autom. alle Produkte auf Lagerstand einschränken','true',7,NULL,'2010-04-21 11:30:04',NULL,'0000-00-00 00:00:00'),('setarticletype_new','Autom. Produkttyp der Verkaufsartikel auf \"Neu\" setzen','true',5,NULL,'2010-04-21 11:30:04',NULL,'0000-00-00 00:00:00'),('setarticletype_special','Autom. Produkttyp der Verkaufsartikel auf \"Aktionsartikel\" setzen','true',6,NULL,'2010-04-21 11:30:04',NULL,'0000-00-00 00:00:00');

--
-- Table structure for table `ShopCategoryType`
--

CREATE TABLE `ShopCategoryType` (
  `ShopCategoryType_Code` varchar(40) NOT NULL,
  `ShopCategoryType_Name` varchar(255) NOT NULL,
  `Person_ID_Edit` int(10) unsigned DEFAULT NULL,
  `Table_Edit` timestamp NOT NULL DEFAULT CURRENT_TIMESTAMP ON UPDATE CURRENT_TIMESTAMP,
  `Person_ID_Create` int(10) unsigned DEFAULT NULL,
  `Table_Create` timestamp NOT NULL DEFAULT '0000-00-00 00:00:00',
  PRIMARY KEY (`ShopCategoryType_Code`),
  KEY `IDX_Person_Person_ID_Edit` (`Person_ID_Edit`),
  KEY `IDX_Person_Person_ID_Create` (`Person_ID_Create`),
  CONSTRAINT `ShopCategoryType_ibfk_1` FOREIGN KEY (`Person_ID_Edit`) REFERENCES `Person` (`Person_ID`) ON DELETE NO ACTION ON UPDATE NO ACTION,
  CONSTRAINT `ShopCategoryType_ibfk_2` FOREIGN KEY (`Person_ID_Create`) REFERENCES `Person` (`Person_ID`) ON DELETE NO ACTION ON UPDATE NO ACTION
) ENGINE=InnoDB DEFAULT CHARSET=utf8;

--
-- Dumping data for table `ShopCategoryType`
--

INSERT INTO `ShopCategoryType` VALUES ('special','System Kategorie',1,'2008-01-02 08:40:46',1,'0000-00-00 00:00:00'),('standard','Standard Kategorie',1,'2008-01-02 08:40:39',1,'0000-00-00 00:00:00'),('startpage','Startseite',1,'2008-01-02 08:40:46',1,'0000-00-00 00:00:00');

--
-- Table structure for table `ShopCategory_ShopArticleAttributeItem`
--

CREATE TABLE `ShopCategory_ShopArticleAttributeItem` (
  `ShopCategory_ShopArticleAttributeItem_ID` int(10) unsigned NOT NULL AUTO_INCREMENT,
  `ShopCategory_ID` int(11) NOT NULL,
  `ShopArticleAttributeItem_ID` int(11) NOT NULL,
  `ArticleEntry_ID` int(10) unsigned NOT NULL,
  `Person_ID_Edit` int(10) unsigned DEFAULT NULL,
  `Table_Edit` timestamp NOT NULL DEFAULT CURRENT_TIMESTAMP ON UPDATE CURRENT_TIMESTAMP,
  `Person_ID_Create` int(10) unsigned DEFAULT NULL,
  `Table_Create` timestamp NOT NULL DEFAULT '0000-00-00 00:00:00',
  PRIMARY KEY (`ShopCategory_ShopArticleAttributeItem_ID`),
  KEY `ShopCategory_ShopCategory_ShopArticleAttributeItem_1` (`ShopCategory_ID`),
  KEY `ShopArticleAttributeItem_ShopCategory_ShopArticleAttributeItem_2` (`ShopArticleAttributeItem_ID`),
  KEY `ArticleEntry_ShopCategory_ShopArticleAttributeItem_3` (`ArticleEntry_ID`),
  KEY `IDX_Person_Person_ID_Edit` (`Person_ID_Edit`),
  KEY `IDX_Person_Person_ID_Create` (`Person_ID_Create`),
  CONSTRAINT `ArticleEntry_ShopCategory_ShopArticleAttributeItem_3` FOREIGN KEY (`ArticleEntry_ID`) REFERENCES `ArticleEntry` (`ArticleEntry_ID`),
  CONSTRAINT `ShopArticleAttributeItem_ShopCategory_ShopArticleAttributeItem_2` FOREIGN KEY (`ShopArticleAttributeItem_ID`) REFERENCES `ShopArticleAttributeItem` (`ShopArticleAttributeItem_ID`),
  CONSTRAINT `ShopCategory_ShopArticleAttributeItem_ibfk_1` FOREIGN KEY (`Person_ID_Edit`) REFERENCES `Person` (`Person_ID`) ON DELETE NO ACTION ON UPDATE NO ACTION,
  CONSTRAINT `ShopCategory_ShopArticleAttributeItem_ibfk_2` FOREIGN KEY (`Person_ID_Create`) REFERENCES `Person` (`Person_ID`) ON DELETE NO ACTION ON UPDATE NO ACTION,
  CONSTRAINT `ShopCategory_ShopCategory_ShopArticleAttributeItem_1` FOREIGN KEY (`ShopCategory_ID`) REFERENCES `ShopCategory` (`ShopCategory_ID`)
) ENGINE=InnoDB DEFAULT CHARSET=utf8;

--
-- Dumping data for table `ShopCategory_ShopArticleAttributeItem`
--


--
-- Table structure for table `ShopCategory_ShopCategoryFunction`
--

CREATE TABLE `ShopCategory_ShopCategoryFunction` (
  `ShopCategory_ID` int(11) NOT NULL,
  `ShopCategoryFunction_Code` varchar(40) NOT NULL,
  `Person_ID_Edit` int(10) unsigned DEFAULT NULL,
  `Table_Edit` timestamp NOT NULL DEFAULT CURRENT_TIMESTAMP ON UPDATE CURRENT_TIMESTAMP,
  `Person_ID_Create` int(10) unsigned DEFAULT NULL,
  `Table_Create` timestamp NOT NULL DEFAULT '0000-00-00 00:00:00',
  PRIMARY KEY (`ShopCategory_ID`,`ShopCategoryFunction_Code`),
  KEY `IDX_ShopCategory_ShopCategoryFunction_1` (`ShopCategory_ID`),
  KEY `IDX_ShopCategory_ShopCategoryFunction_2` (`ShopCategoryFunction_Code`),
  KEY `IDX_Person_Person_ID_Edit` (`Person_ID_Edit`),
  KEY `IDX_Person_Person_ID_Create` (`Person_ID_Create`),
  CONSTRAINT `ShopCategoryFunction_ShopCategory_ShopCategoryFunction_2` FOREIGN KEY (`ShopCategoryFunction_Code`) REFERENCES `ShopCategoryFunction` (`ShopCategoryFunction_Code`) ON DELETE CASCADE,
  CONSTRAINT `ShopCategory_ShopCategoryFunction_ibfk_1` FOREIGN KEY (`Person_ID_Edit`) REFERENCES `Person` (`Person_ID`) ON DELETE NO ACTION ON UPDATE NO ACTION,
  CONSTRAINT `ShopCategory_ShopCategoryFunction_ibfk_2` FOREIGN KEY (`Person_ID_Create`) REFERENCES `Person` (`Person_ID`) ON DELETE NO ACTION ON UPDATE NO ACTION,
  CONSTRAINT `ShopCategory_ShopCategory_ShopCategoryFunction_1` FOREIGN KEY (`ShopCategory_ID`) REFERENCES `ShopCategory` (`ShopCategory_ID`) ON DELETE CASCADE
) ENGINE=InnoDB DEFAULT CHARSET=utf8;

--
-- Dumping data for table `ShopCategory_ShopCategoryFunction`
--


--
-- Table structure for table `ShopConfig`
--

CREATE TABLE `ShopConfig` (
  `ShopConfig_Code` varchar(40) NOT NULL,
  `ShopConfig_Name` varchar(255) NOT NULL,
  `ShopConfig_Order` int(11) NOT NULL,
  `ShopConfig_Critical` enum('true','false') NOT NULL DEFAULT 'false',
  `ShopConfig_Required` enum('true','false') NOT NULL DEFAULT 'false',
  `ShopConfig_Multiline` enum('true','false') NOT NULL DEFAULT 'false',
  `Person_ID_Edit` int(10) unsigned DEFAULT NULL,
  `Table_Edit` timestamp NOT NULL DEFAULT CURRENT_TIMESTAMP ON UPDATE CURRENT_TIMESTAMP,
  `Person_ID_Create` int(10) unsigned DEFAULT NULL,
  `Table_Create` timestamp NOT NULL DEFAULT '0000-00-00 00:00:00',
  PRIMARY KEY (`ShopConfig_Code`),
  KEY `IDX_ShopConfig_Order` (`ShopConfig_Order`),
  KEY `IDX_Person_Person_ID_Edit` (`Person_ID_Edit`),
  KEY `IDX_Person_Person_ID_Create` (`Person_ID_Create`),
  CONSTRAINT `ShopConfig_ibfk_1` FOREIGN KEY (`Person_ID_Edit`) REFERENCES `Person` (`Person_ID`) ON DELETE NO ACTION ON UPDATE NO ACTION,
  CONSTRAINT `ShopConfig_ibfk_2` FOREIGN KEY (`Person_ID_Create`) REFERENCES `Person` (`Person_ID`) ON DELETE NO ACTION ON UPDATE NO ACTION
) ENGINE=InnoDB DEFAULT CHARSET=utf8;

--
-- Dumping data for table `ShopConfig`
--

INSERT INTO `ShopConfig` VALUES ('bon_bottom_text','Bon Fußzeile',72,'false','false','true',NULL,'2010-04-21 11:31:13',NULL,'2010-04-21 11:31:13'),('bon_header_text','Bon Kopfzeile',64,'false','false','true',NULL,'2010-04-21 11:31:13',NULL,'2010-04-21 11:31:13'),('categoryroot_main','Kategorie (Wurzel) Allgemein',25,'true','true','false',1,'2008-02-25 07:42:56',1,'0000-00-00 00:00:00'),('categoryroot_products','Kategorie (Wurzel) Produkte',24,'true','true','false',1,'2008-02-25 07:42:50',1,'0000-00-00 00:00:00'),('category_brandnew','Kategorie \"Neu im Shop\"',31,'true','true','false',1,'2008-02-25 07:43:13',1,'0000-00-00 00:00:00'),('category_sale','Kategorie \"Aktionen\"',30,'true','true','false',1,'2008-02-25 07:43:13',1,'0000-00-00 00:00:00'),('category_startpage','Kategorie Startseite',27,'true','true','false',1,'2008-02-25 07:43:03',1,'0000-00-00 00:00:00'),('category_startpage_empfehlungen','Kategorie Startseite Empfehlungen',28,'true','true','false',1,'2008-02-25 07:43:06',1,'0000-00-00 00:00:00'),('category_startpage_topseller','Kategorie Startseite Topseller',29,'true','true','false',1,'2008-02-25 07:43:09',1,'0000-00-00 00:00:00'),('category_topseller','Kategorie Topseller',26,'true','true','false',1,'2008-02-25 07:42:59',1,'0000-00-00 00:00:00'),('citation','Grußformel',4,'true','true','false',1,'2008-02-09 15:36:30',1,'0000-00-00 00:00:00'),('cms_menu_root_id','CMS Root Menu ID',3,'true','true','false',1,'2013-07-25 13:35:49',1,'2013-07-25 13:35:49'),('company_address','Firmenanschrift',1,'false','true','false',NULL,'2008-02-11 14:26:36',NULL,'0000-00-00 00:00:00'),('company_city','Firmensitz (Ort)',45,'false','true','false',NULL,'2010-04-21 11:30:04',NULL,'0000-00-00 00:00:00'),('company_commercial_register_number','Firmenbuch Nummer',50,'false','false','false',NULL,'2010-04-21 11:31:13',NULL,'0000-00-00 00:00:00'),('company_fax','Firmen Fax',1,'false','false','false',NULL,'2008-02-11 14:27:05',NULL,'0000-00-00 00:00:00'),('company_hotline','Firmen Hotline',1,'false','false','false',NULL,'2008-02-11 14:26:47',NULL,'0000-00-00 00:00:00'),('company_name','Firmenname',1,'false','true','false',NULL,'2008-02-11 14:26:19',NULL,'0000-00-00 00:00:00'),('company_phone','Firmen Telefon',1,'false','false','false',NULL,'2008-02-11 14:26:47',NULL,'0000-00-00 00:00:00'),('company_vat_id','UID Nummer',50,'false','false','false',NULL,'2010-04-21 11:31:13',NULL,'0000-00-00 00:00:00'),('default_deliverytime','Default Lieferzeit (WAWI)',5,'true','true','false',1,'2008-02-09 15:40:13',1,'0000-00-00 00:00:00'),('default_vat','Default Steuersatz',6,'false','true','false',1,'2008-02-09 15:40:04',1,'0000-00-00 00:00:00'),('delivery_reply_address','Lieferung - Rücksendeadresse',23,'false','false','true',1,'2008-02-09 18:50:33',1,'0000-00-00 00:00:00'),('delivery_reply_address_dhl','Lieferung - Rücksendeadresse DHL',24,'false','false','true',NULL,'2010-04-21 11:31:13',NULL,'0000-00-00 00:00:00'),('email_address_internal','Email Adresse Intern',9,'false','false','false',1,'2008-02-09 15:39:16',1,'0000-00-00 00:00:00'),('email_address_internal_order','E-Mail Adresse Intern (Bestellungen)',9,'false','false','false',1,'2012-04-24 09:29:01',1,'2012-04-24 09:29:07'),('email_footer_impressum','E-Mail Impressum',13,'false','false','true',NULL,'2010-04-21 11:31:13',NULL,'0000-00-00 00:00:00'),('email_order_cancellation_policy','Rückgabebelehrung (E-Mail)',11,'true','false','false',NULL,'2010-04-21 11:31:13',NULL,'0000-00-00 00:00:00'),('google_analytics_id','Google Analytics ID',9,'false','false','false',1,'2008-02-09 15:39:16',1,'0000-00-00 00:00:00'),('home_title','Startseiten Titel',0,'false','true','false',1,'2013-10-28 13:53:42',1,'2013-10-28 13:53:42'),('invoice_company_delivery_address','Anschrift der Firma (html)',43,'false','false','true',NULL,'2008-02-28 10:03:46',NULL,'0000-00-00 00:00:00'),('invoice_company_info_text','Firmen Infotext',41,'false','false','true',NULL,'2008-02-28 09:00:58',NULL,'0000-00-00 00:00:00'),('invoice_customer_logo','Rechnung Kundenlogo',51,'true','false','false',NULL,'2010-04-21 11:31:13',NULL,'0000-00-00 00:00:00'),('invoice_default_payment_discount_period','Std. Zahlungsziel (mit Skonto)',37,'false','false','false',NULL,'2011-05-03 12:07:58',NULL,'2011-05-03 12:08:11'),('invoice_default_payment_discount_value','Std. Skonto',38,'false','false','false',NULL,'2011-05-03 12:07:58',NULL,'2011-05-03 12:08:11'),('invoice_default_payment_period','Std. Zahlungsziel (ohne Abzug)',36,'false','false','false',NULL,'2011-05-03 12:07:58',NULL,'2011-05-03 12:08:11'),('invoice_table_footer_text','Text in der Tabellenfußzeile',40,'false','false','false',NULL,'2008-02-28 08:55:00',NULL,'0000-00-00 00:00:00'),('logo_backend','Backend Logo (Icon)',9,'false','false','false',1,'2008-02-09 15:39:16',1,'0000-00-00 00:00:00'),('logo_path_and_filename','Logo Pfad und Dateiname',42,'false','false','false',NULL,'2008-02-28 09:10:02',NULL,'0000-00-00 00:00:00'),('name_short','Shop Kurzbezeichnung',0,'false','true','false',1,'2008-02-09 15:38:15',1,'0000-00-00 00:00:00'),('payment_cod_bank_accountname','Nachnahme Kontoinhaber',18,'false','true','false',1,'2008-02-09 18:34:35',1,'0000-00-00 00:00:00'),('payment_cod_bank_accountnumber','Nachnahme Kontonummer',17,'false','false','false',1,'2015-06-09 10:36:20',1,'0000-00-00 00:00:00'),('payment_cod_bank_bic','Nachnahme Bank BIC',22,'false','true','false',1,'2008-02-09 18:39:43',1,'0000-00-00 00:00:00'),('payment_cod_bank_iban','Nachnahme Bank IBAN',21,'false','true','false',1,'2008-02-09 18:39:32',1,'0000-00-00 00:00:00'),('payment_cod_bank_name','Nachnahme Bank Name',19,'false','true','false',1,'2008-02-09 18:35:01',1,'0000-00-00 00:00:00'),('payment_cod_bank_number','Nachnahme Bank BLZ',20,'false','false','false',1,'2015-06-09 10:38:42',1,'0000-00-00 00:00:00'),('payment_invoice_accountname','Rechnung Kontoinhaber',30,'false','false','false',1,'2008-03-04 16:44:31',1,'0000-00-00 00:00:00'),('payment_invoice_accountnumber','Rechnung Kontonummer',31,'false','false','false',1,'2008-03-04 16:48:45',1,'0000-00-00 00:00:00'),('payment_invoice_bank_bic','Rechnung Bank BIC',32,'false','false','false',1,'2008-03-04 16:49:38',1,'0000-00-00 00:00:00'),('payment_invoice_bank_iban','Rechnung Bank IBAN',33,'false','false','false',1,'2008-03-04 16:50:00',1,'0000-00-00 00:00:00'),('payment_invoice_bank_name','Rechnung Bank Name',34,'false','false','false',1,'2008-03-04 16:50:23',1,'0000-00-00 00:00:00'),('payment_invoice_bank_number','Rechnung Bank BLZ',35,'false','false','false',1,'2008-03-04 16:50:53',1,'0000-00-00 00:00:00'),('payment_prepayed_accountname','Vorauskasse Konteninhaber',11,'false','true','false',1,'2008-02-09 15:53:50',1,'0000-00-00 00:00:00'),('payment_prepayed_accountnumber','Vorauskasse Kontonummer',12,'false','false','false',1,'2015-06-09 10:37:34',1,'0000-00-00 00:00:00'),('payment_prepayed_bank_bic','Vorauskasse Bank BIC',13,'false','true','false',1,'2008-02-09 15:53:40',1,'0000-00-00 00:00:00'),('payment_prepayed_bank_iban','Vorauskasse Bank IBAN',14,'false','true','false',1,'2008-02-09 15:53:31',1,'0000-00-00 00:00:00'),('payment_prepayed_bank_name','Vorauskasse Bank Name',15,'false','true','false',1,'2008-02-09 15:53:26',1,'0000-00-00 00:00:00'),('payment_prepayed_bank_number','Vorauskasse Bank BLZ',16,'false','false','false',1,'2015-06-09 10:38:56',1,'0000-00-00 00:00:00'),('postaviso_customer_name','Postaviso Kundenname',56,'false','false','false',NULL,'2010-04-21 11:31:13',NULL,'0000-00-00 00:00:00'),('postaviso_debitor_number','Postaviso Debitor Auftraggeber',57,'false','false','false',NULL,'2010-04-21 11:31:13',NULL,'0000-00-00 00:00:00'),('postaviso_post_email','Postaviso Post Empfänger-Email',58,'false','false','false',NULL,'2010-04-21 11:31:13',NULL,'0000-00-00 00:00:00'),('postaviso_shipper_city','Postaviso Absender Ort',61,'false','false','false',NULL,'2010-04-21 11:31:13',NULL,'0000-00-00 00:00:00'),('postaviso_shipper_country','Postaviso Absenderland',59,'false','false','false',NULL,'2010-04-21 11:30:04',NULL,'0000-00-00 00:00:00'),('postaviso_shipper_housenumber','Postaviso Absender Hausnummer',63,'false','false','false',NULL,'2010-04-21 11:31:13',NULL,'0000-00-00 00:00:00'),('postaviso_shipper_street','Postaviso Absender Straße',62,'false','false','false',NULL,'2010-04-21 11:31:13',NULL,'0000-00-00 00:00:00'),('postaviso_shipper_zipcode','Postaviso Absender PLZ',60,'false','false','false',NULL,'2010-04-21 11:31:13',NULL,'0000-00-00 00:00:00'),('postlabel_customer_logo','Post-Label Kundenlogo',50,'true','false','false',NULL,'2010-04-21 11:31:13',NULL,'0000-00-00 00:00:00'),('postlist_contactperson','Postlisten Kontaktperson',53,'false','false','false',NULL,'2010-04-21 11:31:13',NULL,'0000-00-00 00:00:00'),('postlist_email','Postlisten Email',55,'false','false','false',NULL,'2010-04-21 11:31:13',NULL,'0000-00-00 00:00:00'),('postlist_phone','Postlisten Telefon',54,'false','false','false',NULL,'2010-04-21 11:31:13',NULL,'0000-00-00 00:00:00'),('postlist_sap_number','SAP-Kundennummer',52,'false','false','false',NULL,'2010-04-21 11:31:13',NULL,'0000-00-00 00:00:00'),('site_email','Emailadresse Absender',7,'false','true','false',1,'2008-02-09 15:54:22',1,'0000-00-00 00:00:00'),('site_email_from','Email Absender Name',8,'false','true','false',1,'2008-02-09 15:54:16',1,'0000-00-00 00:00:00'),('site_email_sender_address','Absender Email  Adresse',24,'false','true','false',NULL,'2008-02-11 14:07:12',NULL,'0000-00-00 00:00:00'),('site_email_sender_name','Absender Email Name',25,'false','true','false',NULL,'2010-04-21 11:31:13',NULL,'0000-00-00 00:00:00'),('title_logo','Logo Titel und Text',0,'false','true','false',NULL,'2012-03-14 11:07:19',NULL,'0000-00-00 00:00:00'),('trusted_shops_id','Trusted Shops ID',10,'true','false','false',NULL,'2012-03-14 11:07:19',NULL,'0000-00-00 00:00:00'),('user_number_prefix','Kundennummer Prefix',9,'false','false','false',1,'2008-02-09 15:39:16',1,'0000-00-00 00:00:00'),('view_theme','Theme',89,'true','false','false',1,'2015-04-25 13:35:49',1,'2015-04-25 13:35:49'),('website_domain','Webshop Domain',10,'true','true','false',1,'2008-02-09 15:54:12',1,'0000-00-00 00:00:00'),('website_domain_cdn','URL des CDN',11,'true','false','false',NULL,'2010-04-21 11:31:13',NULL,'0000-00-00 00:00:00');

--
-- Table structure for table `ShopCrossSelling`
--

CREATE TABLE `ShopCrossSelling` (
  `ShopCrossSelling_ID` int(10) unsigned NOT NULL AUTO_INCREMENT,
  `ShopCrossSellingType_Code` varchar(40) NOT NULL,
  `ShopArticle_ID` int(10) unsigned NOT NULL,
  `ShopArticle_ID_Parent` int(10) unsigned NOT NULL,
  `ShopCrossSelling_Order` int(11) NOT NULL,
  `Person_ID_Edit` int(10) unsigned DEFAULT NULL,
  `Table_Edit` timestamp NOT NULL DEFAULT CURRENT_TIMESTAMP ON UPDATE CURRENT_TIMESTAMP,
  `Person_ID_Create` int(10) unsigned DEFAULT NULL,
  `Table_Create` timestamp NOT NULL DEFAULT '0000-00-00 00:00:00',
  PRIMARY KEY (`ShopCrossSelling_ID`),
  UNIQUE KEY `IDX_ShopCrossSelling_Unique` (`ShopArticle_ID`,`ShopArticle_ID_Parent`,`ShopCrossSellingType_Code`),
  KEY `IDX_ShopCrossSelling_1` (`ShopArticle_ID_Parent`),
  KEY `IDX_ShopCrossSelling_2` (`ShopArticle_ID`),
  KEY `IDX_ShopCrossSelling_3` (`ShopCrossSellingType_Code`),
  KEY `IDX_ShopCrossSelling_Order` (`ShopArticle_ID_Parent`,`ShopCrossSellingType_Code`,`ShopCrossSelling_Order`),
  KEY `IDX_Person_Person_ID_Edit` (`Person_ID_Edit`),
  KEY `IDX_Person_Person_ID_Create` (`Person_ID_Create`),
  CONSTRAINT `ShopArticle_ShopCrossSelling_1` FOREIGN KEY (`ShopArticle_ID_Parent`) REFERENCES `ShopArticle` (`ShopArticle_ID`) ON DELETE CASCADE,
  CONSTRAINT `ShopArticle_ShopCrossSelling_3` FOREIGN KEY (`ShopArticle_ID`) REFERENCES `ShopArticle` (`ShopArticle_ID`) ON DELETE CASCADE,
  CONSTRAINT `ShopCrossSellingType_ShopCrossSelling_2` FOREIGN KEY (`ShopCrossSellingType_Code`) REFERENCES `ShopCrossSellingType` (`ShopCrossSellingType_Code`) ON UPDATE CASCADE,
  CONSTRAINT `ShopCrossSelling_ibfk_1` FOREIGN KEY (`Person_ID_Edit`) REFERENCES `Person` (`Person_ID`) ON DELETE NO ACTION ON UPDATE NO ACTION,
  CONSTRAINT `ShopCrossSelling_ibfk_2` FOREIGN KEY (`Person_ID_Create`) REFERENCES `Person` (`Person_ID`) ON DELETE NO ACTION ON UPDATE NO ACTION
) ENGINE=InnoDB AUTO_INCREMENT=146 DEFAULT CHARSET=utf8;

--
-- Dumping data for table `ShopCrossSelling`
--

INSERT INTO `ShopCrossSelling` VALUES (15,'similar',54,55,1,2,'2016-02-17 14:36:04',2,'2016-02-17 14:36:04'),(17,'similar',54,61,1,2,'2016-02-25 15:35:51',2,'2016-02-25 15:35:51'),(29,'similar',73,61,2,9,'2016-03-25 13:19:23',9,'2016-03-25 13:19:23'),(31,'similar',62,48,2,2,'2016-04-11 10:21:03',2,'2016-04-11 10:21:03'),(32,'similar',63,48,3,2,'2016-04-11 10:21:03',2,'2016-04-11 10:21:03'),(33,'similar',64,48,4,2,'2016-04-11 10:21:03',2,'2016-04-11 10:21:03'),(34,'similar',65,48,5,2,'2016-04-11 10:21:03',2,'2016-04-11 10:21:03'),(35,'similar',66,48,6,2,'2016-04-11 10:21:03',2,'2016-04-11 10:21:03'),(36,'similar',67,48,7,2,'2016-04-11 10:21:03',2,'2016-04-11 10:21:03'),(37,'similar',68,48,8,2,'2016-04-11 10:21:03',2,'2016-04-11 10:21:03'),(38,'similar',69,48,9,2,'2016-04-11 10:21:03',2,'2016-04-11 10:21:03'),(39,'similar',70,48,10,2,'2016-04-11 10:21:03',2,'2016-04-11 10:21:03'),(40,'similar',71,48,11,2,'2016-04-11 10:21:03',2,'2016-04-11 10:21:03'),(41,'similar',72,48,12,2,'2016-04-11 10:21:03',2,'2016-04-11 10:21:03'),(42,'similar',73,48,13,2,'2016-04-11 10:21:03',2,'2016-04-11 10:21:03'),(44,'similar',54,74,1,2,'2016-09-13 12:54:39',2,'2016-09-13 12:54:39'),(45,'similar',75,74,2,2,'2016-09-20 13:08:33',2,'2016-09-20 13:08:33'),(46,'similar',54,76,1,2,'2016-10-19 07:29:28',2,'2016-10-19 07:29:28'),(47,'similar',75,76,2,2,'2016-10-19 07:29:28',2,'2016-10-19 07:29:28'),(48,'accessory',54,74,1,2,'2017-05-18 06:29:24',2,'2017-05-18 06:29:24'),(60,'accessory',73,74,13,2,'2017-05-18 06:29:24',2,'2017-05-18 06:29:24'),(61,'accessory',77,74,19,2,'2017-05-18 06:29:43',2,'2017-05-18 06:29:24'),(65,'accessory',82,74,14,2,'2017-05-18 06:29:41',2,'2017-05-18 06:29:24'),(66,'accessory',83,74,18,2,'2017-05-18 06:29:43',2,'2017-05-18 06:29:24'),(67,'accessory',54,76,1,2,'2017-05-18 06:30:03',2,'2017-05-18 06:30:03'),(68,'accessory',62,76,2,2,'2017-05-18 06:30:03',2,'2017-05-18 06:30:03'),(69,'accessory',63,76,3,2,'2017-05-18 06:30:03',2,'2017-05-18 06:30:03'),(70,'accessory',64,76,4,2,'2017-05-18 06:30:03',2,'2017-05-18 06:30:03'),(71,'accessory',65,76,5,2,'2017-05-18 06:30:03',2,'2017-05-18 06:30:03'),(72,'accessory',66,76,6,2,'2017-05-18 06:30:03',2,'2017-05-18 06:30:03'),(73,'accessory',67,76,7,2,'2017-05-18 06:30:03',2,'2017-05-18 06:30:03'),(74,'accessory',68,76,8,2,'2017-05-18 06:30:03',2,'2017-05-18 06:30:03'),(75,'accessory',69,76,9,2,'2017-05-18 06:30:03',2,'2017-05-18 06:30:03'),(76,'accessory',70,76,10,2,'2017-05-18 06:30:03',2,'2017-05-18 06:30:03'),(77,'accessory',71,76,11,2,'2017-05-18 06:30:03',2,'2017-05-18 06:30:03'),(78,'accessory',72,76,12,2,'2017-05-18 06:30:03',2,'2017-05-18 06:30:03'),(79,'accessory',73,76,13,2,'2017-05-18 06:30:03',2,'2017-05-18 06:30:03'),(80,'accessory',77,76,19,2,'2017-05-18 06:30:21',2,'2017-05-18 06:30:03'),(84,'accessory',82,76,14,2,'2017-05-18 06:30:20',2,'2017-05-18 06:30:03'),(85,'accessory',83,76,18,2,'2017-05-18 06:30:21',2,'2017-05-18 06:30:03'),(87,'accessory',62,48,2,2,'2017-05-18 06:30:36',2,'2017-05-18 06:30:36'),(88,'accessory',63,48,3,2,'2017-05-18 06:30:36',2,'2017-05-18 06:30:36'),(89,'accessory',64,48,4,2,'2017-05-18 06:30:36',2,'2017-05-18 06:30:36'),(90,'accessory',65,48,5,2,'2017-05-18 06:30:36',2,'2017-05-18 06:30:36'),(91,'accessory',66,48,6,2,'2017-05-18 06:30:36',2,'2017-05-18 06:30:36'),(92,'accessory',67,48,7,2,'2017-05-18 06:30:36',2,'2017-05-18 06:30:36'),(93,'accessory',68,48,8,2,'2017-05-18 06:30:36',2,'2017-05-18 06:30:36'),(94,'accessory',69,48,9,2,'2017-05-18 06:30:36',2,'2017-05-18 06:30:36'),(95,'accessory',70,48,10,2,'2017-05-18 06:30:36',2,'2017-05-18 06:30:36'),(96,'accessory',71,48,11,2,'2017-05-18 06:30:36',2,'2017-05-18 06:30:36'),(97,'accessory',72,48,12,2,'2017-05-18 06:30:36',2,'2017-05-18 06:30:36'),(99,'accessory',77,48,20,2,'2017-05-18 06:51:35',2,'2017-05-18 06:30:36'),(103,'accessory',82,48,18,2,'2017-05-18 06:51:56',2,'2017-05-18 06:30:36'),(104,'accessory',83,48,19,2,'2017-05-18 06:51:51',2,'2017-05-18 06:30:36'),(107,'accessory',81,48,14,2,'2017-05-18 06:51:56',2,'2017-05-18 06:51:24'),(108,'accessory',54,55,1,2,'2017-05-18 06:52:08',2,'2017-05-18 06:52:08'),(121,'accessory',77,55,19,2,'2017-05-18 06:52:30',2,'2017-05-18 06:52:08'),(122,'accessory',79,55,14,2,'2017-05-18 06:52:25',2,'2017-05-18 06:52:08'),(125,'accessory',82,55,15,2,'2017-05-18 06:52:29',2,'2017-05-18 06:52:08'),(126,'accessory',83,55,18,2,'2017-05-18 06:52:30',2,'2017-05-18 06:52:08'),(127,'accessory',54,61,1,2,'2017-05-18 06:52:46',2,'2017-05-18 06:52:46'),(139,'accessory',73,61,13,2,'2017-05-18 06:52:46',2,'2017-05-18 06:52:46'),(140,'accessory',77,61,19,2,'2017-05-18 06:53:03',2,'2017-05-18 06:52:46'),(142,'accessory',80,61,14,2,'2017-05-18 06:53:00',2,'2017-05-18 06:52:46'),(144,'accessory',82,61,16,2,'2017-05-18 06:53:02',2,'2017-05-18 06:52:46'),(145,'accessory',83,61,18,2,'2017-05-18 06:53:03',2,'2017-05-18 06:52:46');

--
-- Table structure for table `ShopCrossSellingType`
--

CREATE TABLE `ShopCrossSellingType` (
  `ShopCrossSellingType_Code` varchar(40) NOT NULL,
  `ShopCrossSellingType_Name` varchar(255) NOT NULL,
  `ShopCrossSellingType_Show` enum('true','false') NOT NULL DEFAULT 'false',
  `ShopCrossSellingType_Order` int(11) NOT NULL,
  `Person_ID_Edit` int(10) unsigned DEFAULT NULL,
  `Table_Edit` timestamp NOT NULL DEFAULT CURRENT_TIMESTAMP ON UPDATE CURRENT_TIMESTAMP,
  `Person_ID_Create` int(10) unsigned DEFAULT NULL,
  `Table_Create` timestamp NOT NULL DEFAULT '0000-00-00 00:00:00',
  PRIMARY KEY (`ShopCrossSellingType_Code`),
  KEY `IDX_ShopCrossSellingType_Order` (`ShopCrossSellingType_Order`),
  KEY `IDX_Person_Person_ID_Edit` (`Person_ID_Edit`),
  KEY `IDX_Person_Person_ID_Create` (`Person_ID_Create`),
  CONSTRAINT `ShopCrossSellingType_ibfk_1` FOREIGN KEY (`Person_ID_Edit`) REFERENCES `Person` (`Person_ID`) ON DELETE NO ACTION ON UPDATE NO ACTION,
  CONSTRAINT `ShopCrossSellingType_ibfk_2` FOREIGN KEY (`Person_ID_Create`) REFERENCES `Person` (`Person_ID`) ON DELETE NO ACTION ON UPDATE NO ACTION
) ENGINE=InnoDB DEFAULT CHARSET=utf8;

--
-- Dumping data for table `ShopCrossSellingType`
--

INSERT INTO `ShopCrossSellingType` VALUES ('accessory','Zubehör','true',2,1,'2015-09-07 09:11:11',1,'2007-09-21 08:35:31'),('necessary','Erforderlich','false',3,1,'2012-03-12 08:28:52',1,'2012-03-12 08:28:52'),('similar','Ähnliche Produkte','true',1,1,'2007-09-21 08:35:52',1,'2007-09-21 08:35:51');

--
-- Table structure for table `ShopDelivery`
--

CREATE TABLE `ShopDelivery` (
  `ShopDelivery_ID` int(10) unsigned NOT NULL AUTO_INCREMENT,
  `Country_Code` char(2) DEFAULT NULL,
  `ShopPriceType_Code` varchar(40) DEFAULT NULL,
  `ShopWAWITax_Code` varchar(40) DEFAULT NULL,
  `ShopDelivery_CartExpense` double DEFAULT NULL,
  `ShopDelivery_DeliveryExpense` double NOT NULL,
  `ShopDelivery_Weight` double DEFAULT NULL,
  `Person_ID_Edit` int(10) unsigned DEFAULT NULL,
  `Table_Edit` timestamp NOT NULL DEFAULT CURRENT_TIMESTAMP ON UPDATE CURRENT_TIMESTAMP,
  `Person_ID_Create` int(10) unsigned DEFAULT NULL,
  `Table_Create` timestamp NOT NULL DEFAULT '0000-00-00 00:00:00',
  PRIMARY KEY (`ShopDelivery_ID`),
  KEY `IDX_ShopDelivery_1` (`Country_Code`),
  KEY `IDX_ShopDelivery_2` (`ShopPriceType_Code`),
  KEY `IDX_ShopDelivery_3` (`ShopWAWITax_Code`),
  KEY `IDX_Person_Person_ID_Edit` (`Person_ID_Edit`),
  KEY `IDX_Person_Person_ID_Create` (`Person_ID_Create`),
  CONSTRAINT `Country_ShopDelivery_1` FOREIGN KEY (`Country_Code`) REFERENCES `Country` (`Country_Code`),
  CONSTRAINT `ShopDelivery_ibfk_1` FOREIGN KEY (`Person_ID_Edit`) REFERENCES `Person` (`Person_ID`) ON DELETE NO ACTION ON UPDATE NO ACTION,
  CONSTRAINT `ShopDelivery_ibfk_2` FOREIGN KEY (`Person_ID_Create`) REFERENCES `Person` (`Person_ID`) ON DELETE NO ACTION ON UPDATE NO ACTION,
  CONSTRAINT `ShopPriceType_ShopDelivery_2` FOREIGN KEY (`ShopPriceType_Code`) REFERENCES `ShopPriceType` (`ShopPriceType_Code`),
  CONSTRAINT `ShopWAWITax_ShopDelivery_3` FOREIGN KEY (`ShopWAWITax_Code`) REFERENCES `ShopWAWITax` (`ShopWAWITax_Code`)
) ENGINE=InnoDB AUTO_INCREMENT=3 DEFAULT CHARSET=utf8;

--
-- Dumping data for table `ShopDelivery`
--

INSERT INTO `ShopDelivery` VALUES (1,'AT','netto','std',0,39,0,2,'2019-01-29 12:46:40',2,'2016-02-04 12:23:37'),(2,NULL,'netto','std',0,39,0,2,'2019-01-29 12:24:04',2,'2019-01-29 12:24:04');

--
-- Table structure for table `ShopDeliveryService`
--

CREATE TABLE `ShopDeliveryService` (
  `ShopDeliveryService_Code` varchar(40) NOT NULL,
  `ShopDeliveryService_Internal` varchar(255) DEFAULT NULL,
  `ShopDeliveryService_Selectable` enum('true','false') NOT NULL DEFAULT 'false',
  `ShopDeliveryService_URL` varchar(255) DEFAULT NULL,
  `ShopDeliveryService_URLSuffix` varchar(255) DEFAULT NULL,
  `ShopDeliveryService_ShowTrackingNumber` enum('true','false') NOT NULL DEFAULT 'false',
  `ShopDeliveryService_Order` int(11) DEFAULT NULL,
  `ShopDeliveryService_RangeFrom` int(11) DEFAULT NULL,
  `ShopDeliveryService_RangeTo` int(11) DEFAULT NULL,
  `ShopDeliveryService_CurrentNumber` int(11) DEFAULT NULL,
  `Person_ID_Edit` int(10) unsigned DEFAULT NULL,
  `Table_Edit` timestamp NOT NULL DEFAULT CURRENT_TIMESTAMP ON UPDATE CURRENT_TIMESTAMP,
  `Person_ID_Create` int(10) unsigned DEFAULT NULL,
  `Table_Create` timestamp NOT NULL DEFAULT '0000-00-00 00:00:00',
  PRIMARY KEY (`ShopDeliveryService_Code`),
  KEY `IDX_ShopDeliveryService_Order` (`ShopDeliveryService_Order`),
  KEY `IDX_Person_Person_ID_Edit` (`Person_ID_Edit`),
  KEY `IDX_Person_Person_ID_Create` (`Person_ID_Create`),
  CONSTRAINT `ShopDeliveryService_ibfk_1` FOREIGN KEY (`Person_ID_Edit`) REFERENCES `Person` (`Person_ID`) ON DELETE NO ACTION ON UPDATE NO ACTION,
  CONSTRAINT `ShopDeliveryService_ibfk_2` FOREIGN KEY (`Person_ID_Create`) REFERENCES `Person` (`Person_ID`) ON DELETE NO ACTION ON UPDATE NO ACTION
) ENGINE=InnoDB DEFAULT CHARSET=utf8;

--
-- Dumping data for table `ShopDeliveryService`
--

INSERT INTO `ShopDeliveryService` VALUES ('B','Post.at Brief','false',NULL,NULL,'false',1,NULL,NULL,NULL,NULL,'2010-04-21 11:30:04',NULL,'0000-00-00 00:00:00'),('BB','Post.at Business-Brief','false',NULL,NULL,'false',2,NULL,NULL,NULL,NULL,'2010-04-21 11:30:04',NULL,'0000-00-00 00:00:00'),('dhl','DHL','true','http://nolp.dhl.de/nextt-online-public/set_identcodes.do?lang=de&idc=',NULL,'false',9,NULL,NULL,359,9,'2019-09-03 14:14:09',NULL,'0000-00-00 00:00:00'),('dpd','DPD','false','http://www.dpd.de/cgi-bin/delistrack?typ=1&lang=de&pknr=',NULL,'false',7,NULL,NULL,NULL,NULL,'2011-04-21 11:30:04',NULL,'0000-00-00 00:00:00'),('dpd_cod','DPD Nachnahme','false','http://www.dpd-business.at/ttl.php?e=1&k=&sn=',NULL,'false',8,NULL,NULL,NULL,NULL,'2013-02-27 14:51:39',NULL,'0000-00-00 00:00:00'),('fedex','FedEx','false','http://www.fedex.com/Tracking?tracknumbers=','&cntry_code=de&language=german&clienttype=ivother','false',12,NULL,NULL,NULL,NULL,'2013-02-27 14:52:09',NULL,'0000-00-00 00:00:00'),('gls','GLS','false','http://www.gls-group.eu/276-I-PORTAL-WEB/content/GLS/NL99/EN/5004.htm?txtRefNo=',NULL,'false',4,NULL,NULL,NULL,NULL,'2010-04-21 11:30:04',NULL,'0000-00-00 00:00:00'),('go_express','GO! Express','false',NULL,NULL,'false',5,NULL,NULL,NULL,NULL,'2010-04-21 11:30:04',NULL,'0000-00-00 00:00:00'),('P','Post.at Paket','false','http://www.post.at/sendungsverfolgung.php?pnum1=',NULL,'false',3,NULL,NULL,NULL,NULL,'2010-04-21 11:30:04',NULL,'0000-00-00 00:00:00'),('postat','Post.at','true','http://www.post.at/sendungsverfolgung.php?pnum1=',NULL,'false',10,NULL,NULL,234,9,'2019-04-10 11:03:32',NULL,'0000-00-00 00:00:00'),('postde','Deutsche Post','false',NULL,NULL,'false',6,NULL,NULL,NULL,NULL,'2010-04-21 11:30:04',NULL,'0000-00-00 00:00:00'),('self','Selbstabholung','true',NULL,NULL,'false',11,NULL,NULL,119,9,'2019-06-13 06:48:21',NULL,'2013-02-27 14:52:06'),('spedition','Spedition','false',NULL,NULL,'false',14,NULL,NULL,NULL,NULL,'2013-02-27 14:52:17',NULL,'2013-02-27 14:52:17'),('tnt','TNT','false','http://www.tnt.com',NULL,'true',15,NULL,NULL,NULL,NULL,'2014-06-23 11:08:11',NULL,'2014-06-23 11:08:11'),('ups','UPS','false','http://wwwapps.ups.com/WebTracking/track?track.x=Status+ermitteln&loc=de_DE&trackNums=',NULL,'false',13,NULL,NULL,NULL,NULL,'2013-02-27 14:52:13',NULL,'2013-02-27 14:52:13');

--
-- Table structure for table `ShopDeliveryServiceOption`
--

CREATE TABLE `ShopDeliveryServiceOption` (
  `ShopDeliveryServiceOption_Code` varchar(40) NOT NULL,
  `ShopDeliveryService_Code` varchar(40) DEFAULT NULL,
  `ShopDeliveryServiceOption_Internal` varchar(255) DEFAULT NULL,
  `ShopDeliveryServiceOption_Order` int(11) DEFAULT NULL,
  `ShopDeliveryServiceOption_Show` enum('true','false') NOT NULL DEFAULT 'true',
  `Person_ID_Edit` int(10) unsigned DEFAULT NULL,
  `Table_Edit` timestamp NOT NULL DEFAULT CURRENT_TIMESTAMP ON UPDATE CURRENT_TIMESTAMP,
  `Person_ID_Create` int(10) unsigned DEFAULT NULL,
  `Table_Create` timestamp NOT NULL DEFAULT '0000-00-00 00:00:00',
  PRIMARY KEY (`ShopDeliveryServiceOption_Code`),
  KEY `IDX_ShopDeliveryServiceOption_1` (`ShopDeliveryService_Code`),
  KEY `IDX_ShopDeliveryServiceOption_Order` (`ShopDeliveryServiceOption_Order`),
  KEY `IDX_Person_Person_ID_Edit` (`Person_ID_Edit`),
  KEY `IDX_Person_Person_ID_Create` (`Person_ID_Create`),
  CONSTRAINT `ShopDeliveryServiceOption_ibfk_1` FOREIGN KEY (`Person_ID_Edit`) REFERENCES `Person` (`Person_ID`) ON DELETE NO ACTION ON UPDATE NO ACTION,
  CONSTRAINT `ShopDeliveryServiceOption_ibfk_2` FOREIGN KEY (`Person_ID_Create`) REFERENCES `Person` (`Person_ID`) ON DELETE NO ACTION ON UPDATE NO ACTION,
  CONSTRAINT `ShopDeliveryService_ShopDeliveryServiceOption_1` FOREIGN KEY (`ShopDeliveryService_Code`) REFERENCES `ShopDeliveryService` (`ShopDeliveryService_Code`)
) ENGINE=InnoDB DEFAULT CHARSET=utf8;

--
-- Dumping data for table `ShopDeliveryServiceOption`
--


--
-- Table structure for table `ShopDeliveryServiceOption_Language`
--

CREATE TABLE `ShopDeliveryServiceOption_Language` (
  `ShopDeliveryServiceOption_Code` varchar(40) NOT NULL,
  `Language_Code` varchar(3) NOT NULL,
  `ShopDeliveryServiceOption_Language_Title` varchar(255) DEFAULT NULL,
  `Person_ID_Edit` int(10) unsigned DEFAULT NULL,
  `Table_Edit` timestamp NOT NULL DEFAULT CURRENT_TIMESTAMP ON UPDATE CURRENT_TIMESTAMP,
  `Person_ID_Create` int(10) unsigned DEFAULT NULL,
  `Table_Create` timestamp NOT NULL DEFAULT '0000-00-00 00:00:00',
  PRIMARY KEY (`ShopDeliveryServiceOption_Code`,`Language_Code`),
  KEY `ShopDeliveryServiceOption_Language_Language_Code` (`Language_Code`),
  KEY `IDX_ShopDeliveryServiceOption_Language2` (`ShopDeliveryServiceOption_Code`),
  KEY `IDX_Person_Person_ID_Edit` (`Person_ID_Edit`),
  KEY `IDX_Person_Person_ID_Create` (`Person_ID_Create`),
  CONSTRAINT `ShopDeliveryServiceOption_Language_ibfk_1` FOREIGN KEY (`Language_Code`) REFERENCES `Language` (`Language_Code`),
  CONSTRAINT `ShopDeliveryServiceOption_Language_ibfk_2` FOREIGN KEY (`ShopDeliveryServiceOption_Code`) REFERENCES `ShopDeliveryServiceOption` (`ShopDeliveryServiceOption_Code`) ON DELETE CASCADE,
  CONSTRAINT `ShopDeliveryServiceOption_Language_ibfk_3` FOREIGN KEY (`Person_ID_Edit`) REFERENCES `Person` (`Person_ID`) ON DELETE NO ACTION ON UPDATE NO ACTION,
  CONSTRAINT `ShopDeliveryServiceOption_Language_ibfk_4` FOREIGN KEY (`Person_ID_Create`) REFERENCES `Person` (`Person_ID`) ON DELETE NO ACTION ON UPDATE NO ACTION
) ENGINE=InnoDB DEFAULT CHARSET=utf8;

--
-- Dumping data for table `ShopDeliveryServiceOption_Language`
--


--
-- Table structure for table `ShopDeliveryService_Language`
--

CREATE TABLE `ShopDeliveryService_Language` (
  `ShopDeliveryService_Code` varchar(40) NOT NULL,
  `Language_Code` varchar(3) NOT NULL,
  `ShopDeliveryService_Language_Name` varchar(255) DEFAULT NULL,
  `ShopDeliveryService_Language_Text` text,
  `ShopDeliveryService_Language_DeliveryInfo` text,
  `Person_ID_Edit` int(10) unsigned DEFAULT NULL,
  `Table_Edit` timestamp NOT NULL DEFAULT CURRENT_TIMESTAMP ON UPDATE CURRENT_TIMESTAMP,
  `Person_ID_Create` int(10) unsigned DEFAULT NULL,
  `Table_Create` timestamp NOT NULL DEFAULT '0000-00-00 00:00:00',
  PRIMARY KEY (`ShopDeliveryService_Code`,`Language_Code`),
  KEY `ShopDeliveryService_Language_Language_Code` (`Language_Code`),
  KEY `IDX_ShopDeliveryService_Language2` (`ShopDeliveryService_Code`),
  KEY `IDX_Person_Person_ID_Edit` (`Person_ID_Edit`),
  KEY `IDX_Person_Person_ID_Create` (`Person_ID_Create`),
  CONSTRAINT `ShopDeliveryService_Language_ibfk_1` FOREIGN KEY (`Language_Code`) REFERENCES `Language` (`Language_Code`),
  CONSTRAINT `ShopDeliveryService_Language_ibfk_2` FOREIGN KEY (`ShopDeliveryService_Code`) REFERENCES `ShopDeliveryService` (`ShopDeliveryService_Code`) ON DELETE CASCADE,
  CONSTRAINT `ShopDeliveryService_Language_ibfk_3` FOREIGN KEY (`Person_ID_Edit`) REFERENCES `Person` (`Person_ID`) ON DELETE NO ACTION ON UPDATE NO ACTION,
  CONSTRAINT `ShopDeliveryService_Language_ibfk_4` FOREIGN KEY (`Person_ID_Create`) REFERENCES `Person` (`Person_ID`) ON DELETE NO ACTION ON UPDATE NO ACTION
) ENGINE=InnoDB DEFAULT CHARSET=utf8;

--
-- Dumping data for table `ShopDeliveryService_Language`
--

INSERT INTO `ShopDeliveryService_Language` VALUES ('B','de','Brief',NULL,NULL,NULL,'2010-04-21 11:30:04',NULL,'0000-00-00 00:00:00'),('BB','de','Business Brief',NULL,NULL,NULL,'2010-04-21 11:30:04',NULL,'0000-00-00 00:00:00'),('dhl','de','DHL',NULL,NULL,9,'2019-09-03 14:14:09',NULL,'0000-00-00 00:00:00'),('dpd','de','DPD',NULL,NULL,NULL,'2010-04-21 11:30:04',NULL,'0000-00-00 00:00:00'),('dpd_cod','de','DPD Nachnahme',NULL,NULL,NULL,'2010-04-21 11:30:04',NULL,'0000-00-00 00:00:00'),('fedex','de','Fedex',NULL,NULL,NULL,'2010-04-21 11:30:04',NULL,'0000-00-00 00:00:00'),('gls','de','GLS',NULL,NULL,NULL,'2010-04-21 11:30:04',NULL,'0000-00-00 00:00:00'),('go_express','de','GO! Express',NULL,NULL,NULL,'2010-04-21 11:30:04',NULL,'0000-00-00 00:00:00'),('P','de','Paket',NULL,NULL,NULL,'2010-04-21 11:30:04',NULL,'0000-00-00 00:00:00'),('postat','de','Österreichische Post',NULL,NULL,9,'2019-04-10 11:03:32',NULL,'0000-00-00 00:00:00'),('postde','de','Deutsche Post',NULL,NULL,NULL,'2010-04-21 11:30:04',NULL,'0000-00-00 00:00:00'),('self','de','Selbstabholung',NULL,NULL,9,'2019-06-13 06:48:21',NULL,'0000-00-00 00:00:00'),('spedition','de','Spedition',NULL,NULL,NULL,'2010-04-21 11:30:04',NULL,'0000-00-00 00:00:00'),('ups','de','UPS',NULL,NULL,NULL,'2010-04-21 11:30:04',NULL,'0000-00-00 00:00:00');

--
-- Table structure for table `ShopDiscountItem`
--

CREATE TABLE `ShopDiscountItem` (
  `ShopDiscountItem_ID` int(11) NOT NULL AUTO_INCREMENT,
  `ShopDiscountList_ID` int(10) unsigned NOT NULL,
  `ShopPricelist_Code` varchar(40) DEFAULT NULL,
  `Person_ID` int(10) unsigned DEFAULT NULL,
  `ShopDiscountItem_Count` int(11) NOT NULL DEFAULT '1',
  `ShopDiscountItem_Value` double NOT NULL,
  `Person_ID_Edit` int(10) unsigned DEFAULT NULL,
  `Table_Edit` timestamp NOT NULL DEFAULT CURRENT_TIMESTAMP ON UPDATE CURRENT_TIMESTAMP,
  `Person_ID_Create` int(10) unsigned DEFAULT NULL,
  `Table_Create` timestamp NOT NULL DEFAULT '0000-00-00 00:00:00',
  PRIMARY KEY (`ShopDiscountItem_ID`),
  UNIQUE KEY `IDX_ShopDiscountItem1` (`ShopDiscountItem_Count`,`ShopDiscountList_ID`,`ShopPricelist_Code`,`Person_ID`),
  KEY `IDX_ShopDiscountItem_2` (`ShopDiscountList_ID`),
  KEY `IDX_ShopDiscountItem_3` (`ShopPricelist_Code`),
  KEY `IDX_ShopDiscountItem_4` (`Person_ID`),
  KEY `IDX_Person_Person_ID_Edit` (`Person_ID_Edit`),
  KEY `IDX_Person_Person_ID_Create` (`Person_ID_Create`),
  CONSTRAINT `Person_ShopDiscountItem_3` FOREIGN KEY (`Person_ID`) REFERENCES `Person` (`Person_ID`) ON DELETE CASCADE,
  CONSTRAINT `ShopDiscountItem_ibfk_1` FOREIGN KEY (`Person_ID_Edit`) REFERENCES `Person` (`Person_ID`) ON DELETE NO ACTION ON UPDATE NO ACTION,
  CONSTRAINT `ShopDiscountItem_ibfk_2` FOREIGN KEY (`Person_ID_Create`) REFERENCES `Person` (`Person_ID`) ON DELETE NO ACTION ON UPDATE NO ACTION,
  CONSTRAINT `ShopDiscountList_ShopDiscountItem_1` FOREIGN KEY (`ShopDiscountList_ID`) REFERENCES `ShopDiscountList` (`ShopDiscountList_ID`) ON DELETE CASCADE,
  CONSTRAINT `ShopPricelist_ShopDiscountItem_2` FOREIGN KEY (`ShopPricelist_Code`) REFERENCES `ShopPricelist` (`ShopPricelist_Code`) ON DELETE CASCADE
) ENGINE=InnoDB AUTO_INCREMENT=4 DEFAULT CHARSET=utf8;

--
-- Dumping data for table `ShopDiscountItem`
--

INSERT INTO `ShopDiscountItem` VALUES (2,1,'25',NULL,1,25,2,'2019-04-24 08:38:57',2,'2019-04-24 08:38:57'),(3,1,'Direktpreise',NULL,1,54.039,2,'2019-09-09 12:37:26',2,'2019-09-09 12:37:26');

--
-- Table structure for table `ShopDiscountList`
--

CREATE TABLE `ShopDiscountList` (
  `ShopDiscountList_ID` int(10) unsigned NOT NULL AUTO_INCREMENT,
  `ShopDiscountListType_Code` varchar(40) NOT NULL,
  `ShopDiscountList_Name` varchar(255) NOT NULL,
  `Person_ID_Edit` int(10) unsigned DEFAULT NULL,
  `Table_Edit` timestamp NOT NULL DEFAULT CURRENT_TIMESTAMP ON UPDATE CURRENT_TIMESTAMP,
  `Person_ID_Create` int(10) unsigned DEFAULT NULL,
  `Table_Create` timestamp NOT NULL DEFAULT '0000-00-00 00:00:00',
  PRIMARY KEY (`ShopDiscountList_ID`),
  KEY `IDX_ShopDiscountList1` (`ShopDiscountList_ID`,`ShopDiscountListType_Code`),
  KEY `IDX_ShopDiscountList_2` (`ShopDiscountListType_Code`),
  KEY `IDX_Person_Person_ID_Edit` (`Person_ID_Edit`),
  KEY `IDX_Person_Person_ID_Create` (`Person_ID_Create`),
  CONSTRAINT `ShopDiscountListType_ShopDiscountList_1` FOREIGN KEY (`ShopDiscountListType_Code`) REFERENCES `ShopDiscountListType` (`ShopDiscountListType_Code`) ON UPDATE CASCADE,
  CONSTRAINT `ShopDiscountList_ibfk_1` FOREIGN KEY (`Person_ID_Edit`) REFERENCES `Person` (`Person_ID`) ON DELETE NO ACTION ON UPDATE NO ACTION,
  CONSTRAINT `ShopDiscountList_ibfk_2` FOREIGN KEY (`Person_ID_Create`) REFERENCES `Person` (`Person_ID`) ON DELETE NO ACTION ON UPDATE NO ACTION
) ENGINE=InnoDB AUTO_INCREMENT=2 DEFAULT CHARSET=utf8;

--
-- Dumping data for table `ShopDiscountList`
--

INSERT INTO `ShopDiscountList` VALUES (1,'default','Standard',2,'2008-07-16 08:21:04',2,'2008-07-16 08:21:04');

--
-- Table structure for table `ShopDiscountListType`
--

CREATE TABLE `ShopDiscountListType` (
  `ShopDiscountListType_Code` varchar(40) NOT NULL,
  `ShopDiscountListType_Name` varchar(255) NOT NULL,
  `ShopDiscountListType_Order` int(11) DEFAULT NULL,
  `ShopDiscountListType_Show` enum('true','false') NOT NULL DEFAULT 'false',
  `ShopDiscountListType_Group` enum('true','false') NOT NULL DEFAULT 'false',
  `Person_ID_Edit` int(10) unsigned DEFAULT NULL,
  `Table_Edit` timestamp NOT NULL DEFAULT CURRENT_TIMESTAMP ON UPDATE CURRENT_TIMESTAMP,
  `Person_ID_Create` int(10) unsigned DEFAULT NULL,
  `Table_Create` timestamp NOT NULL DEFAULT '0000-00-00 00:00:00',
  PRIMARY KEY (`ShopDiscountListType_Code`),
  KEY `IDX_ShopDiscountListType_Order` (`ShopDiscountListType_Order`),
  KEY `IDX_Person_Person_ID_Edit` (`Person_ID_Edit`),
  KEY `IDX_Person_Person_ID_Create` (`Person_ID_Create`),
  CONSTRAINT `ShopDiscountListType_ibfk_1` FOREIGN KEY (`Person_ID_Edit`) REFERENCES `Person` (`Person_ID`) ON DELETE NO ACTION ON UPDATE NO ACTION,
  CONSTRAINT `ShopDiscountListType_ibfk_2` FOREIGN KEY (`Person_ID_Create`) REFERENCES `Person` (`Person_ID`) ON DELETE NO ACTION ON UPDATE NO ACTION
) ENGINE=InnoDB DEFAULT CHARSET=utf8;

--
-- Dumping data for table `ShopDiscountListType`
--

INSERT INTO `ShopDiscountListType` VALUES ('default','Mengenrabatt in %',NULL,'true','false',1,'2010-04-21 11:31:13',1,'2007-09-19 14:29:16'),('default_group','',1,'true','true',NULL,'2010-04-21 11:30:04',NULL,'0000-00-00 00:00:00');

--
-- Table structure for table `ShopDiscountList_Language`
--

CREATE TABLE `ShopDiscountList_Language` (
  `ShopDiscountList_ID` int(10) unsigned NOT NULL,
  `Language_Code` varchar(3) NOT NULL,
  `ShopDiscountList_Language_Title` varchar(255) DEFAULT NULL,
  `Person_ID_Edit` int(10) unsigned DEFAULT NULL,
  `Table_Edit` timestamp NOT NULL DEFAULT CURRENT_TIMESTAMP ON UPDATE CURRENT_TIMESTAMP,
  `Person_ID_Create` int(10) unsigned DEFAULT NULL,
  `Table_Create` timestamp NOT NULL DEFAULT '0000-00-00 00:00:00',
  PRIMARY KEY (`ShopDiscountList_ID`,`Language_Code`),
  KEY `ShopDiscountList_Language_Language_Code` (`Language_Code`),
  KEY `IDX_ShopDiscountList_Language2` (`ShopDiscountList_ID`),
  KEY `IDX_Person_Person_ID_Edit` (`Person_ID_Edit`),
  KEY `IDX_Person_Person_ID_Create` (`Person_ID_Create`),
  CONSTRAINT `ShopDiscountList_Language_ibfk_1` FOREIGN KEY (`Language_Code`) REFERENCES `Language` (`Language_Code`),
  CONSTRAINT `ShopDiscountList_Language_ibfk_2` FOREIGN KEY (`ShopDiscountList_ID`) REFERENCES `ShopDiscountList` (`ShopDiscountList_ID`) ON DELETE CASCADE,
  CONSTRAINT `ShopDiscountList_Language_ibfk_3` FOREIGN KEY (`Person_ID_Edit`) REFERENCES `Person` (`Person_ID`) ON DELETE NO ACTION ON UPDATE NO ACTION,
  CONSTRAINT `ShopDiscountList_Language_ibfk_4` FOREIGN KEY (`Person_ID_Create`) REFERENCES `Person` (`Person_ID`) ON DELETE NO ACTION ON UPDATE NO ACTION
) ENGINE=InnoDB DEFAULT CHARSET=utf8;

--
-- Dumping data for table `ShopDiscountList_Language`
--


--
-- Table structure for table `ShopFilterConfig`
--

CREATE TABLE `ShopFilterConfig` (
  `ShopFilterConfig_ID` int(11) NOT NULL AUTO_INCREMENT,
  `ShopArticleAttributeType_ID` int(10) unsigned NOT NULL,
  `ShopCategory_ID` int(11) DEFAULT NULL,
  `ShopFilterConfigType_Code` varchar(40) DEFAULT NULL,
  `Person_ID_Edit` int(10) unsigned DEFAULT NULL,
  `Table_Edit` timestamp NOT NULL DEFAULT CURRENT_TIMESTAMP ON UPDATE CURRENT_TIMESTAMP,
  `Person_ID_Create` int(10) unsigned DEFAULT NULL,
  `Table_Create` timestamp NOT NULL DEFAULT '0000-00-00 00:00:00',
  PRIMARY KEY (`ShopFilterConfig_ID`),
  KEY `IDX_ShopFilterConfig_1` (`ShopCategory_ID`),
  KEY `IDX_ShopFilterConfig_2` (`ShopArticleAttributeType_ID`),
  KEY `IDX_ShopFilterConfig_3` (`ShopFilterConfigType_Code`),
  KEY `IDX_Person_Person_ID_Edit` (`Person_ID_Edit`),
  KEY `IDX_Person_Person_ID_Create` (`Person_ID_Create`),
  CONSTRAINT `ShopArticleAttributeType_ShopFilterConfig_2` FOREIGN KEY (`ShopArticleAttributeType_ID`) REFERENCES `ShopArticleAttributeType` (`ShopArticleAttributeType_ID`) ON DELETE CASCADE,
  CONSTRAINT `ShopCategory_ShopFilterConfig_1` FOREIGN KEY (`ShopCategory_ID`) REFERENCES `ShopCategory` (`ShopCategory_ID`) ON DELETE CASCADE,
  CONSTRAINT `ShopFilterConfigType_ShopFilterConfig_3` FOREIGN KEY (`ShopFilterConfigType_Code`) REFERENCES `ShopFilterConfigType` (`ShopFilterConfigType_Code`),
  CONSTRAINT `ShopFilterConfig_ibfk_1` FOREIGN KEY (`Person_ID_Edit`) REFERENCES `Person` (`Person_ID`) ON DELETE NO ACTION ON UPDATE NO ACTION,
  CONSTRAINT `ShopFilterConfig_ibfk_2` FOREIGN KEY (`Person_ID_Create`) REFERENCES `Person` (`Person_ID`) ON DELETE NO ACTION ON UPDATE NO ACTION
) ENGINE=InnoDB DEFAULT CHARSET=utf8;

--
-- Dumping data for table `ShopFilterConfig`
--


--
-- Table structure for table `ShopFilterConfigType`
--

CREATE TABLE `ShopFilterConfigType` (
  `ShopFilterConfigType_Code` varchar(40) NOT NULL,
  `ShopFilterConfigType_Name` varchar(255) NOT NULL,
  `Person_ID_Edit` int(10) unsigned DEFAULT NULL,
  `Table_Edit` timestamp NOT NULL DEFAULT CURRENT_TIMESTAMP ON UPDATE CURRENT_TIMESTAMP,
  `Person_ID_Create` int(10) unsigned DEFAULT NULL,
  `Table_Create` timestamp NOT NULL DEFAULT '0000-00-00 00:00:00',
  PRIMARY KEY (`ShopFilterConfigType_Code`),
  KEY `IDX_Person_Person_ID_Edit` (`Person_ID_Edit`),
  KEY `IDX_Person_Person_ID_Create` (`Person_ID_Create`),
  CONSTRAINT `ShopFilterConfigType_ibfk_1` FOREIGN KEY (`Person_ID_Edit`) REFERENCES `Person` (`Person_ID`) ON DELETE NO ACTION ON UPDATE NO ACTION,
  CONSTRAINT `ShopFilterConfigType_ibfk_2` FOREIGN KEY (`Person_ID_Create`) REFERENCES `Person` (`Person_ID`) ON DELETE NO ACTION ON UPDATE NO ACTION
) ENGINE=InnoDB DEFAULT CHARSET=utf8;

--
-- Dumping data for table `ShopFilterConfigType`
--

INSERT INTO `ShopFilterConfigType` VALUES ('blank_filter','Filter nicht sichtbar',NULL,'2010-04-21 11:30:04',NULL,'0000-00-00 00:00:00');

--
-- Table structure for table `ShopOrder`
--

CREATE TABLE `ShopOrder` (
  `ShopOrder_ID` int(10) unsigned NOT NULL AUTO_INCREMENT,
  `ShopOrderSource_Code` varchar(40) NOT NULL,
  `ShopPaymentType_Code` varchar(50) NOT NULL,
  `ShopOrderPaymentState_Code` varchar(40) NOT NULL,
  `ShopOrderType_Code` varchar(40) NOT NULL,
  `Currency_Code` varchar(16) NOT NULL,
  `Shop_Code` varchar(40) DEFAULT NULL,
  `Person_ID_Partner` int(10) unsigned DEFAULT NULL,
  `ShopOrderState_Code` varchar(40) DEFAULT NULL,
  `ShopDeliveryService_Code` varchar(40) DEFAULT NULL,
  `ShopWAWISupplier_ID` int(11) DEFAULT NULL COMMENT 'Assignment to Drop-Shipper (Lieferant)',
  `ShopWAWIStock_ID` int(10) unsigned DEFAULT NULL COMMENT 'Assignment to Stock',
  `ShopOrder_OrderNumber` bigint(20) DEFAULT NULL,
  `ShopOrder_GrandTotalExcl` decimal(10,2) NOT NULL,
  `ShopOrder_GrandTotalIncl` decimal(10,2) NOT NULL,
  `ShopSalesPartner_DiscountCarpenter` double DEFAULT '0',
  `ShopSalesPartner_DiscountInnendienst` double DEFAULT '0',
  `ShopOrder_DeliveryDate` date DEFAULT NULL,
  `ShopOrder_NewDate` date DEFAULT NULL,
  `ShopOrder_ShowVAT` enum('true','false') NOT NULL DEFAULT 'false',
  `ShopOrder_Notice` text,
  `ShopOrder_ExchangeRate` float DEFAULT NULL,
  `ShopOrder_Import` varchar(255) DEFAULT NULL,
  `ShopOrder_TrackedExternal` enum('true','false') NOT NULL DEFAULT 'true',
  `ShopOrder_Hash` varchar(255) DEFAULT NULL,
  `ShopOrder_JAFOrderNumber` varchar(255) DEFAULT NULL,
  `ShopOrder_ComissionNumber` varchar(255) DEFAULT NULL,
  `ShopOrder_Released` tinyint(1) unsigned NOT NULL DEFAULT '0',
  `ShopOrder_Hidden` tinyint(1) unsigned NOT NULL DEFAULT '0',
  `ShopOrder_LockedBy` int(10) unsigned DEFAULT NULL,
  `ShopOrder_LockedAt` datetime DEFAULT NULL,
  `Person_ID_Edit` int(10) unsigned DEFAULT NULL,
  `Table_Edit` timestamp NOT NULL DEFAULT CURRENT_TIMESTAMP ON UPDATE CURRENT_TIMESTAMP,
  `Person_ID_Create` int(10) unsigned DEFAULT NULL,
  `Table_Create` timestamp NOT NULL DEFAULT '0000-00-00 00:00:00',
  PRIMARY KEY (`ShopOrder_ID`),
  UNIQUE KEY `IDX_ShopOrder_7` (`ShopOrder_OrderNumber`),
  KEY `IDX_ShopOrder_1` (`ShopPaymentType_Code`),
  KEY `IDX_ShopOrder_2` (`ShopOrderPaymentState_Code`),
  KEY `IDX_ShopOrder_3` (`ShopOrderType_Code`),
  KEY `IDX_ShopOrder_4` (`Currency_Code`),
  KEY `IDX_ShopOrder_5` (`Shop_Code`),
  KEY `IDX_ShopOrder_6` (`Person_ID_Partner`),
  KEY `IDX_ShopOrder_8` (`ShopOrderState_Code`),
  KEY `IDX_ShopOrder_9` (`ShopDeliveryService_Code`),
  KEY `IDX_ShopOrder_10` (`ShopOrderSource_Code`),
  KEY `ShopWAWISupplier_ShopOrder_10` (`ShopWAWISupplier_ID`),
  KEY `ShopWAWIStock_ShopOrder_11` (`ShopWAWIStock_ID`),
  KEY `IDX_Person_Person_ID_Edit` (`Person_ID_Edit`),
  KEY `IDX_Person_Person_ID_Create` (`Person_ID_Create`),
  KEY `Person_ShopOrder_LockedBy` (`ShopOrder_LockedBy`),
  CONSTRAINT `Currency_ShopOrder_4` FOREIGN KEY (`Currency_Code`) REFERENCES `Currency` (`Currency_Code`),
  CONSTRAINT `Person_ShopOrder_LockedBy` FOREIGN KEY (`ShopOrder_LockedBy`) REFERENCES `Person` (`Person_ID`) ON DELETE SET NULL ON UPDATE CASCADE,
  CONSTRAINT `ShopDeliveryService_ShopOrder_8` FOREIGN KEY (`ShopDeliveryService_Code`) REFERENCES `ShopDeliveryService` (`ShopDeliveryService_Code`),
  CONSTRAINT `ShopOrderPaymentState_ShopOrder_2` FOREIGN KEY (`ShopOrderPaymentState_Code`) REFERENCES `ShopOrderPaymentState` (`ShopOrderPaymentState_Code`) ON UPDATE CASCADE,
  CONSTRAINT `ShopOrderSource_ShopOrder_9` FOREIGN KEY (`ShopOrderSource_Code`) REFERENCES `ShopOrderSource` (`ShopOrderSource_Code`),
  CONSTRAINT `ShopOrderState_ShopOrder_7` FOREIGN KEY (`ShopOrderState_Code`) REFERENCES `ShopOrderState` (`ShopOrderState_Code`),
  CONSTRAINT `ShopOrderType_ShopOrder_3` FOREIGN KEY (`ShopOrderType_Code`) REFERENCES `ShopOrderType` (`ShopOrderType_Code`) ON UPDATE CASCADE,
  CONSTRAINT `ShopOrder_ibfk_1` FOREIGN KEY (`Person_ID_Edit`) REFERENCES `Person` (`Person_ID`) ON DELETE NO ACTION ON UPDATE NO ACTION,
  CONSTRAINT `ShopOrder_ibfk_2` FOREIGN KEY (`Person_ID_Create`) REFERENCES `Person` (`Person_ID`) ON DELETE NO ACTION ON UPDATE NO ACTION,
  CONSTRAINT `ShopPaymentType_ShopOrder_1` FOREIGN KEY (`ShopPaymentType_Code`) REFERENCES `ShopPaymentType` (`ShopPaymentType_Code`) ON UPDATE CASCADE,
  CONSTRAINT `ShopUser_ShopOrder_6` FOREIGN KEY (`Person_ID_Partner`) REFERENCES `ShopUser` (`Person_ID`),
  CONSTRAINT `ShopWAWIStock_ShopOrder_11` FOREIGN KEY (`ShopWAWIStock_ID`) REFERENCES `ShopWAWIStock` (`ShopWAWIStock_ID`),
  CONSTRAINT `ShopWAWISupplier_ShopOrder_10` FOREIGN KEY (`ShopWAWISupplier_ID`) REFERENCES `ShopWAWISupplier` (`ShopWAWISupplier_ID`),
  CONSTRAINT `Shop_ShopOrder_5` FOREIGN KEY (`Shop_Code`) REFERENCES `Shop` (`Shop_Code`)
) ENGINE=InnoDB AUTO_INCREMENT=2396 DEFAULT CHARSET=utf8;

--
-- Dumping data for table `ShopOrder`
--

INSERT INTO `ShopOrder` VALUES (1,'webshop','invoice','payed','offer','EUR','default',NULL,'new',NULL,NULL,NULL,1,0.00,0.00,0,58.3333334,NULL,'2016-04-20','true',NULL,NULL,NULL,'false','54a41d411590f144e5cf6b879a43cc03','z','z',0,0,62,'2016-04-27 10:24:10',1,'2016-07-18 07:49:51',34,'2016-04-20 10:01:58'),(2,'webshop','invoice','payed','offer','EUR','default',NULL,'new',NULL,NULL,NULL,2,928.60,1114.32,-140.0001,0,NULL,'2016-04-21','true','TEST 3',NULL,NULL,'false','4b90680c33249a2e1c0acb7b12ed8034','TEST 3','TEST 3',0,0,62,'2016-09-15 13:48:50',1,'2016-09-15 11:48:50',63,'2016-04-27 08:25:37'),(3,'webshop','invoice','payed','order','EUR','default',NULL,'delivered',NULL,NULL,NULL,3,560.02,672.03,-140.0001,0,NULL,'2016-06-10','true',NULL,NULL,NULL,'false','1008617194b3473a3ae793fa6174d3c9','1466553','Limbeck',0,0,NULL,NULL,9,'2016-07-18 11:10:40',145,'2016-05-06 06:27:06'),(4,'webshop','invoice','payed','offer','EUR','default',NULL,'new',NULL,NULL,NULL,4,708.80,850.56,-140.0001,0,NULL,'2016-05-24','true','xxx',NULL,NULL,'false','6bc780b8181a8a48fa9c96f96103b124','xxx','Test',0,0,141,'2016-04-26 09:33:02',9,'2016-07-18 10:32:02',141,'2016-04-22 05:17:15'),(5,'webshop','invoice','payed','offer','EUR','default',NULL,'new',NULL,NULL,NULL,5,0.00,0.00,0,58.3333334,NULL,'2016-04-28','true',NULL,NULL,NULL,'false','843a01c4bafa955401e27289f7222ed9','587698','Holzleiten',0,0,360,'2017-02-02 15:30:02',1,'0000-00-00 00:00:00',179,'0000-00-00 00:00:00'),(6,'webshop','invoice','payed','offer','EUR','default',NULL,'new',NULL,NULL,NULL,6,482.85,579.42,-140.0001,0,NULL,'2016-05-23','true','Angebot ',NULL,NULL,'false','caf187a1f8f294cd119bdeadfa1c0933',NULL,'Berger ',0,0,1697,'2018-02-05 15:52:41',1,'0000-00-00 00:00:00',125,'0000-00-00 00:00:00'),(7,'webshop','invoice','payed','offer','EUR','default',NULL,'new',NULL,NULL,NULL,7,0.00,0.00,0,58.3333334,NULL,'2016-05-19','true',NULL,NULL,NULL,'false','8b613d851157e4cfe7dbc4ac03afb729','test','test',0,0,185,'2016-09-07 09:35:55',1,'0000-00-00 00:00:00',146,'0000-00-00 00:00:00'),(8,'webshop','invoice','payed','offer','EUR','default',NULL,'new',NULL,NULL,NULL,8,327.83,393.40,-140.0001,0,NULL,'2016-04-28','true',NULL,NULL,NULL,'false','e928323bad6029eb2cb8020b8942bc34',NULL,'R-UM Tischlerei',1,0,143,'2016-10-04 08:52:20',1,'0000-00-00 00:00:00',107,'0000-00-00 00:00:00'),(9,'webshop','invoice','payed','offer','EUR','default',NULL,'new',NULL,NULL,NULL,9,0.00,0.00,0,58.3333334,NULL,'2016-06-24','true',NULL,NULL,NULL,'false','f412e2998add0f579ec3092d50481b8c',NULL,'HARING',0,0,143,'2016-04-27 15:03:05',9,'2016-07-18 07:49:51',120,'2016-04-26 12:59:30'),(10,'webshop','invoice','payed','offer','EUR','default',NULL,'new',NULL,NULL,NULL,10,0.00,0.00,0,58.3333334,NULL,'2016-04-29','true',NULL,NULL,NULL,'false','48de9f92cdca7fe4df7b300c2c1c4792',NULL,'sepp',0,0,183,'2016-11-13 10:07:05',1,'2016-11-13 09:07:05',177,'2016-04-27 07:47:59'),(11,'webshop','invoice','payed','order','EUR','default',NULL,'delivered',NULL,NULL,NULL,11,410.85,493.02,-140.0001,0,NULL,'2016-06-10','true','Bedruckte Seite an Wand, Vorderseite in einer Duschnische (Kundenwunsch: auf dieser Seite eine Antikalkbeschichtung)',NULL,NULL,'false','1e0a2496a48b2044bcda112d1d42fc78',NULL,'Hr. Scheinhart',0,0,NULL,NULL,9,'2016-07-18 11:11:15',143,'2016-05-02 11:45:35'),(12,'webshop','invoice','payed','order','EUR','default',NULL,'delivered',NULL,NULL,NULL,12,148.10,177.72,-140.0001,0,NULL,'2016-06-10','true',NULL,NULL,NULL,'false','40674b4d2d989eca926654baf9225c6b','1136980','Mayer',0,0,NULL,NULL,9,'2016-07-18 10:32:02',34,'2016-04-28 12:14:27'),(13,'webshop','invoice','payed','offer','EUR','default',NULL,'new',NULL,NULL,NULL,13,294.50,353.40,-140.0001,0,NULL,'2016-04-28','true','TEST 2',NULL,NULL,'false','e9d55a1270bd62f3ddc9aecad22edf4d','TEST 2','TEST 2',0,0,62,'2016-09-09 08:20:25',1,'2016-09-09 06:20:25',62,'2016-05-13 06:55:28'),(14,'webshop','invoice','payed','offer','EUR','default',NULL,'new',NULL,NULL,NULL,14,853.40,1024.08,-140.0001,0,NULL,'2016-06-24','true',NULL,NULL,NULL,'false','c2a66f38f9f7371211374213c36895f6',NULL,'Clemens Furtner',1,0,143,'2016-10-04 08:52:14',1,'0000-00-00 00:00:00',107,'0000-00-00 00:00:00'),(15,'webshop','invoice','payed','offer','EUR','default',NULL,'new',NULL,NULL,NULL,15,0.00,0.00,0,58.3333334,NULL,'2016-05-17','true',NULL,NULL,NULL,'false','be078d44a7157c710cca051a7ffd6362',NULL,'Muster',0,0,57,'2016-09-28 16:15:58',1,'2016-09-28 14:15:58',42,'2016-05-01 17:57:48'),(16,'webshop','invoice','payed','offer','EUR','default',NULL,'new',NULL,NULL,NULL,16,661.98,794.38,-140.0001,0,NULL,'2016-06-24','true',NULL,NULL,NULL,'false','25a18f343ca8ec1f5e1f17208d86520e',NULL,'Clemens Furtner',1,0,142,'2018-04-03 11:03:43',1,'2018-04-03 09:03:43',107,'0000-00-00 00:00:00'),(17,'webshop','invoice','payed','offer','EUR','default',NULL,'new',NULL,NULL,NULL,17,1002.80,1203.36,-140.0001,0,NULL,'2016-05-04','true',NULL,NULL,NULL,'false','5e7f079808924617f6dc6acef738fad9',NULL,'Test DK',0,0,26,'2017-06-07 08:23:56',1,'2017-06-07 06:23:56',26,'2016-06-21 13:45:50'),(18,'webshop','invoice','payed','order','EUR','default',NULL,'delivered',NULL,NULL,NULL,18,430.25,516.30,-140.0001,0,NULL,'2016-07-27','true',NULL,NULL,NULL,'false','be95358f12ead0acea5f416b502192ab','  589403','Hotel Lärchenhof',0,0,NULL,NULL,9,'2016-07-27 13:47:45',179,'2016-05-02 12:10:17'),(19,'webshop','invoice','payed','order','EUR','default',NULL,'delivered',NULL,NULL,NULL,19,244.06,292.87,-140.0001,0,NULL,'2016-06-10','true',NULL,NULL,NULL,'false','e22c4a009b841da2a46d2e68f2786a52',NULL,'Küche',1,0,NULL,NULL,9,'2016-07-18 10:32:02',42,'2016-05-04 09:09:14'),(20,'webshop','invoice','payed','offer','EUR','default',NULL,'new',NULL,NULL,NULL,20,734.88,881.86,-140.0001,0,NULL,'2016-09-08','true',NULL,NULL,NULL,'false','d13bef42f99453ef7cf0095292852400',NULL,'Steinböck',0,0,143,'2016-07-04 15:27:03',9,'0000-00-00 00:00:00',141,'0000-00-00 00:00:00'),(21,'webshop','invoice','payed','order','EUR','default',NULL,'delivered',NULL,NULL,NULL,21,252.99,303.59,-140.0001,0,NULL,'2017-06-23','true',NULL,NULL,NULL,'false','2adecb160d851aca730c6e171be12752',NULL,'Glasrückwand',0,0,NULL,NULL,9,'2017-06-23 08:23:18',721,'2016-05-25 12:54:34'),(22,'webshop','invoice','payed','offer','EUR','default',NULL,'new',NULL,NULL,NULL,22,0.00,0.00,0,58.3333334,NULL,'2016-05-12','true',NULL,NULL,NULL,'false','90943cf1bc4930c7ef85cc41f01656e7',NULL,'Steinböck',0,0,143,'2016-07-04 15:26:30',1,'0000-00-00 00:00:00',141,'0000-00-00 00:00:00'),(23,'webshop','invoice','payed','offer','EUR','default',NULL,'new',NULL,NULL,NULL,23,0.00,0.00,0,58.3333334,NULL,'2016-05-23','true','Anbot',NULL,NULL,'false','3cf71fa5daadda5f3ed637f9e3664ac7','1','TEAM STYRIA',0,0,49,'2017-12-05 07:59:12',1,'2017-12-05 06:59:12',35,'2016-05-04 09:32:44'),(24,'webshop','invoice','payed','offer','EUR','default',NULL,'new',NULL,NULL,NULL,24,745.90,895.08,-140.0001,0,NULL,'2016-05-04','true','TEST 1',NULL,NULL,'false','de5b264fa75ca7aefa07ca97e109a0ba','TEST 1','TEST 1',0,0,63,'2016-06-21 13:47:49',1,'2016-07-18 10:32:02',62,'2016-06-21 11:42:08'),(25,'webshop','invoice','payed','offer','EUR','default',NULL,'new',NULL,NULL,NULL,25,397.64,477.18,-140.0001,0,NULL,'2016-09-08','true',NULL,NULL,NULL,'false','80c316c1fcd840c121604b9c043fc8b0',NULL,'???',0,0,143,'2016-05-24 08:21:26',9,'0000-00-00 00:00:00',143,'0000-00-00 00:00:00'),(26,'webshop','invoice','payed','offer','EUR','default',NULL,'new',NULL,NULL,NULL,26,603.55,724.26,-140.0001,0,NULL,'2016-09-08','true',NULL,NULL,NULL,'false','54398dc5d297bd1dc0657e5a30c02929',NULL,'Alternative',0,0,143,'2016-05-04 15:26:49',9,'0000-00-00 00:00:00',143,'0000-00-00 00:00:00'),(27,'webshop','invoice','payed','offer','EUR','default',NULL,'new',NULL,NULL,NULL,27,93.72,112.47,-140.0001,0,NULL,'2016-09-21','true',NULL,NULL,NULL,'false','0beda044e920da7c60c53d7f398ebbdd',NULL,'Poisinger Thomas',0,0,NULL,NULL,1,'2019-05-14 10:46:22',143,'0000-00-00 00:00:00'),(28,'webshop','invoice','payed','order','EUR','default',NULL,'delivered',NULL,NULL,NULL,28,153.50,184.21,-140.0001,0,NULL,'2016-07-27','true','= Bestellung',NULL,NULL,'false','461a480d8ab0c8717dc0d9f7cad9ace0','1138756','Küchenrückwand',0,0,NULL,NULL,9,'2016-07-27 13:55:37',33,'2016-05-11 13:12:21'),(29,'webshop','invoice','payed','offer','EUR','default',NULL,'new',NULL,NULL,NULL,29,405.14,486.17,-140.0001,0,NULL,'2016-09-08','true',NULL,NULL,NULL,'false','e448c0895ea9e387910ee02aa81d6d3a',NULL,'WALLNER',0,0,655,'2016-05-11 14:19:36',9,'2016-09-08 08:59:03',655,'2016-05-09 13:34:57'),(30,'webshop','invoice','payed','offer','EUR','default',NULL,'new',NULL,NULL,NULL,30,401.04,481.25,-140.0001,0,NULL,'2016-05-11','true',NULL,NULL,NULL,'false','b8e2d10e4aa0897cee42b3fe603bc223',NULL,'Muster Angebot 1',0,0,108,'2016-07-11 15:56:19',1,'2016-07-18 11:30:47',115,'2016-07-11 16:20:46'),(31,'webshop','invoice','payed','offer','EUR','default',NULL,'new',NULL,NULL,NULL,31,0.00,0.00,0,58.3333334,NULL,'2016-06-27','true',NULL,NULL,NULL,'false','a1878d23c867cafb5c96e565daab179c',NULL,'Huth-Nirschl',0,0,32,'2016-06-20 15:02:07',9,'2016-07-18 07:49:51',104,'2016-05-10 13:02:39'),(32,'webshop','invoice','payed','offer','EUR','default',NULL,'new',NULL,NULL,NULL,32,0.00,0.00,0,58.3333334,NULL,'2016-05-17','true',NULL,NULL,NULL,'false','b8772d4e733f177430285be76150db95',NULL,'Penzinger',0,0,731,'2016-06-23 11:18:34',1,'2016-07-18 07:49:51',731,'2016-05-11 07:48:47'),(33,'webshop','invoice','payed','order','EUR','default',NULL,'delivered',NULL,NULL,NULL,33,199.45,239.34,-140.0001,0,NULL,'2017-06-23','true',NULL,NULL,NULL,'false','0dd302d849a9536a0010e7390df16092',NULL,'Penzinger',1,0,NULL,NULL,9,'2017-06-23 08:28:38',731,'2016-06-23 13:34:35'),(34,'webshop','invoice','payed','offer','EUR','default',NULL,'new',NULL,NULL,NULL,34,65.90,79.08,-140.0001,0,NULL,'2016-05-11','true',NULL,NULL,NULL,'false','92b251a4dd2cbb76438829a48b7e4421',NULL,'Muster Angebot 2',0,0,108,'2016-07-11 10:05:34',1,'2016-07-18 11:30:48',115,'2016-06-06 13:24:22'),(35,'webshop','invoice','payed','offer','EUR','default',NULL,'new',NULL,NULL,NULL,35,161.30,193.56,-140.0001,0,NULL,'2016-09-08','true',NULL,NULL,NULL,'false','fdd6c77cc3e8fa8869414e76fbc9d251',NULL,'Brockhaus',0,0,NULL,NULL,1,'0000-00-00 00:00:00',727,'0000-00-00 00:00:00'),(36,'webshop','invoice','payed','order','EUR','default',NULL,'delivered',NULL,NULL,NULL,36,275.27,330.32,-140.0001,0,NULL,'2017-06-23','true','Bitte um Korrektur des Bildes lt. Anhang Finales Bild. Produktion erst nach Freigabe des Kunden.',NULL,NULL,'false','96c3de2eaec9fc1ee355c5eba3f35f5c',NULL,'???',0,0,NULL,NULL,9,'2017-06-23 08:23:51',143,'2016-05-25 13:54:09'),(37,'webshop','invoice','payed','offer','EUR','default',NULL,'new',NULL,NULL,NULL,37,900.03,1080.03,-140.0001,0,NULL,'2016-09-08','true',NULL,NULL,NULL,'false','4538387101ae75d1028b27ee4f968b4f',NULL,'Mag. Ursula Lackner',0,0,734,'2016-06-23 17:18:26',9,'2016-09-08 08:59:03',120,'2016-06-21 12:36:16'),(38,'webshop','invoice','payed','order','EUR','default',NULL,'delivered',NULL,NULL,NULL,38,319.20,383.04,-140.0001,0,NULL,'2016-06-10','true',NULL,NULL,NULL,'false','dc08eaf4ceaf2f2ad82270e55619a30d','  591527','Kom.Gampelerhof',1,0,NULL,NULL,9,'2016-07-18 10:32:02',179,'2016-05-17 08:42:30'),(39,'webshop','invoice','payed','offer','EUR','default',NULL,'new',NULL,NULL,NULL,39,1527.54,1833.06,-140.0001,0,NULL,'2016-09-08','true',NULL,NULL,NULL,'false','7801f1ab3dbd37cdf17210b459ec22da',NULL,'Weinkultur',0,0,143,'2016-06-08 08:18:32',9,'0000-00-00 00:00:00',143,'0000-00-00 00:00:00'),(40,'webshop','invoice','payed','offer','EUR','default',NULL,'new',NULL,NULL,NULL,40,1548.15,1857.78,-140.0001,0,NULL,'2016-05-17','true',NULL,NULL,NULL,'false','f5b9ff47f176da63bedda9feeec58138','1111 Test','Test Schulung',1,0,733,'2016-07-05 14:32:22',1,'2016-07-18 10:32:02',732,'0000-00-00 00:00:00'),(41,'webshop','invoice','payed','order','EUR','default',NULL,'delivered',NULL,NULL,NULL,41,379.04,454.84,-140.0001,0,NULL,'2017-06-23','true',NULL,NULL,NULL,'false','730acb9ee48eedbddeee04a9ccc10090',NULL,'???',0,0,NULL,NULL,9,'2017-06-23 08:18:43',143,'2016-05-17 13:11:49'),(42,'webshop','invoice','payed','offer','EUR','default',NULL,'new',NULL,NULL,NULL,42,0.00,0.00,0,58.3333334,NULL,'2016-06-27','true',NULL,NULL,NULL,'false','197febf71338383ec06f75c9e7672572',NULL,'hauser',0,0,177,'2018-10-10 09:03:09',1,'2018-10-10 07:03:09',177,'2016-05-17 06:17:07'),(43,'webshop','invoice','payed','offer','EUR','default',NULL,'new',NULL,NULL,NULL,43,0.00,0.00,0,58.3333334,NULL,'2016-06-10','true',NULL,NULL,NULL,'false','b6e3b90713879c86254e343a742d454a',NULL,'Vogel',0,0,732,'2016-05-30 18:59:44',9,'2016-07-18 07:49:51',732,'2016-05-17 06:19:50'),(44,'webshop','invoice','payed','offer','EUR','default',NULL,'new',NULL,NULL,NULL,44,790.95,949.14,-140.0001,0,NULL,'2016-05-23','true',NULL,NULL,NULL,'false','d0acf2ed54d607c22ff38847f04f25c9','   62257','Eigenbedarf',0,0,179,'2016-09-12 15:01:42',1,'2016-09-12 13:01:42',179,'2016-05-17 09:14:32'),(45,'webshop','invoice','payed','offer','EUR','default',NULL,'new',NULL,NULL,NULL,45,0.00,0.00,0,58.3333334,NULL,'2016-06-27','true',NULL,NULL,NULL,'false','fc7b17f88bc0a2314d8306253b41f7ef',NULL,'Fam. Elsinger',0,0,143,'2016-06-24 09:27:27',9,'0000-00-00 00:00:00',143,'0000-00-00 00:00:00'),(46,'webshop','invoice','payed','order','EUR','default',NULL,'delivered',NULL,NULL,NULL,46,903.22,1083.86,-140.0001,0,NULL,'2017-06-23','true',NULL,NULL,NULL,'false','219d443a2b6ecc95f9409c27e3b17384',NULL,'Mariacher',1,0,NULL,NULL,9,'2017-06-23 08:24:09',177,'2016-05-30 07:17:05'),(47,'webshop','invoice','payed','offer','EUR','default',NULL,'new',NULL,NULL,NULL,47,0.00,0.00,0,58.3333334,NULL,'2016-05-23','true',NULL,NULL,NULL,'false','1362dca2e8cfad74a4dc099863b3a699',NULL,'Kkllll',0,0,183,'2016-11-13 10:07:13',1,'2016-11-13 09:07:13',183,'2016-05-18 05:50:36'),(48,'webshop','invoice','payed','offer','EUR','default',NULL,'new',NULL,NULL,NULL,48,0.00,0.00,0,58.3333334,NULL,'2016-06-01','true',NULL,NULL,NULL,'false','1054ff274249775da3ecdd8ef71058e7',NULL,'test',0,0,62,'2016-06-14 16:07:30',1,'2016-07-18 07:49:51',64,'2016-05-18 09:36:03'),(49,'webshop','invoice','payed','offer','EUR','default',NULL,'new',NULL,NULL,NULL,49,0.00,0.00,0,58.3333334,NULL,'2016-06-27','true',NULL,NULL,NULL,'false','9d34e55f45fe46160a25c584e6aa0b8f',NULL,'Cullidn',0,0,32,'2016-06-20 15:02:16',9,'2016-07-18 07:49:51',104,'2016-05-18 09:50:11'),(50,'webshop','invoice','payed','offer','EUR','default',NULL,'new',NULL,NULL,NULL,50,2152.31,2582.77,-140.0001,0,NULL,'2016-05-30','true','TEST',NULL,NULL,'false','53dc532a17d04b04a434cf5ee1b69c70','TEST','TEST SCHULUNG',0,0,38,'2018-08-29 09:26:22',1,'0000-00-00 00:00:00',37,'2018-08-29 07:26:29'),(51,'webshop','invoice','payed','order','EUR','default',NULL,'delivered',NULL,NULL,NULL,51,466.50,559.80,-140.0001,0,NULL,'2017-06-23','true',NULL,NULL,NULL,'false','4eb8bd15cadd5f339117203b3bfee44f','1030','Rassi',0,0,NULL,NULL,9,'2017-06-23 08:19:17',37,'2016-05-19 06:24:42'),(52,'webshop','invoice','payed','offer','EUR','default',NULL,'new',NULL,NULL,NULL,52,360.60,432.72,-140.0001,0,NULL,'2016-09-08','true','Wird abgeholt',NULL,NULL,'false','62fc4f6b29498ca0d87a17ab039d973e',NULL,'Neubauer',0,0,732,'2017-02-02 08:52:39',1,'2017-02-02 07:52:39',732,'2016-05-24 11:53:15'),(53,'webshop','invoice','payed','offer','EUR','default',NULL,'new',NULL,NULL,NULL,53,0.00,0.00,0,58.3333334,NULL,'2016-07-07','true','Nischenrückwand',NULL,NULL,'false','dd645d34da8e0c357683fa65f7ca8196','1050','Pfeiffer',0,0,NULL,NULL,1,'2016-08-08 05:57:45',36,'2016-05-19 06:29:28'),(54,'webshop','invoice','payed','order','EUR','default',NULL,'delivered',NULL,NULL,NULL,54,413.70,496.44,-140.0001,0,NULL,'2017-06-23','true',NULL,NULL,NULL,'false','379ce94cae2fbaa705bc97e59318e4f6','592238','NISCHENPLATTE KÜCHE',0,0,NULL,NULL,9,'2017-06-23 08:21:26',178,'2016-05-23 06:23:41'),(55,'webshop','invoice','payed','order','EUR','default',NULL,'delivered',NULL,NULL,NULL,55,163.60,196.32,-140.0001,0,NULL,'2017-06-23','true',NULL,NULL,NULL,'false','85ed75981b381b61263418dd4d989e96',NULL,'?',0,0,NULL,NULL,9,'2017-06-23 08:20:18',143,'2016-05-19 11:27:26'),(56,'webshop','invoice','payed','order','EUR','default',NULL,'delivered',NULL,NULL,NULL,56,191.34,229.61,-140.0001,0,NULL,'2017-06-23','true',NULL,NULL,NULL,'false','af2bb2b198ae8eb31ee5ceba74015baf',NULL,'Niederseer',1,0,NULL,NULL,9,'2017-06-23 08:25:53',721,'2016-06-06 12:18:06'),(57,'webshop','invoice','payed','offer','EUR','default',NULL,'new',NULL,NULL,NULL,57,0.00,0.00,0,58.3333334,NULL,'2016-06-27','true',NULL,NULL,NULL,'false','3094864bfd8b8ec9270dd316ad750463',NULL,'Scharf',0,0,104,'2017-04-10 09:12:23',1,'2017-04-10 07:12:23',104,'2016-05-20 09:58:53'),(58,'webshop','invoice','payed','offer','EUR','default',NULL,'new',NULL,NULL,NULL,58,0.00,0.00,0,58.3333334,NULL,'2016-06-06','true',NULL,NULL,NULL,'false','bbfd09a98e33ebf4adc45c5fb258e388',NULL,'as',0,0,655,'2016-09-16 10:16:27',1,'2016-09-16 08:16:27',721,'2016-05-20 10:23:02'),(59,'webshop','invoice','payed','offer','EUR','default',NULL,'new',NULL,NULL,NULL,59,0.00,0.00,0,58.3333334,NULL,'2016-06-09','true','Test',NULL,NULL,'false','0f06308297a5f76f7e8c87e62020e3a1',NULL,'wuggenig test',0,0,62,'2016-09-15 13:47:58',1,'2016-09-15 11:47:58',64,'2016-05-22 10:14:17'),(60,'webshop','invoice','payed','offer','EUR','default',NULL,'new',NULL,NULL,NULL,60,419.00,502.80,-140.0001,0,NULL,'2016-06-01','true',NULL,NULL,NULL,'false','0cf84a05a5d9dceafc957e6547c6b2b6',NULL,'Test pagitz',0,0,62,'2016-06-14 16:07:25',1,'2016-07-18 10:32:02',64,'2016-06-06 19:24:02'),(61,'webshop','invoice','payed','offer','EUR','default',NULL,'new',NULL,NULL,NULL,61,419.00,502.80,-140.0001,0,NULL,'2016-09-08','true',NULL,NULL,NULL,'false','34e8d7b56bff28fea8b63d6934971ce3',NULL,'Eigenbedarf',0,0,153,'2016-06-01 09:54:17',9,'0000-00-00 00:00:00',143,'0000-00-00 00:00:00'),(62,'webshop','invoice','payed','offer','EUR','default',NULL,'new',NULL,NULL,NULL,62,0.00,0.00,0,58.3333334,NULL,'2016-06-01','true',NULL,NULL,NULL,'false','277bb3de84c74fdd8bcf203c67d4ff3d',NULL,'Test Pagitz',0,0,62,'2016-09-09 08:21:19',1,'2016-09-09 06:21:19',64,'2016-05-23 10:32:44'),(63,'webshop','invoice','payed','offer','EUR','default',NULL,'new',NULL,NULL,NULL,63,0.00,0.00,0,58.3333334,NULL,'2016-06-01','true',NULL,NULL,NULL,'false','6ef8018cf74390c4f779f1fef475f312',NULL,'Test Pagitz',0,0,62,'2016-09-06 14:05:00',1,'2016-09-06 12:05:00',64,'2016-05-23 10:32:44'),(64,'webshop','invoice','payed','offer','EUR','default',NULL,'new',NULL,NULL,NULL,64,0.00,0.00,0,58.3333334,NULL,'2016-06-10','true',NULL,NULL,NULL,'false','1a956bf16723e0e17cd7d7b80de0f03a',NULL,'Fliesen Felbermaier',0,0,732,'2017-02-02 08:52:12',1,'2017-02-02 07:52:12',732,'2016-05-23 15:57:12'),(65,'webshop','invoice','payed','offer','EUR','default',NULL,'new',NULL,NULL,NULL,65,267.69,321.23,-140.0001,0,NULL,'2016-06-15','true','1.float eingeben nicht möglich\r\n2.extraweissglas transparent (art. 20006) eingeben nicht möglich\r\n3. ohne eingabe kein abschluss möglich (musste deshalb farb. weiss nehmen (20000)',NULL,NULL,'false','e9787648a1c72f7e7ab394c62cd60d42',NULL,'Test Krall',0,0,62,'2016-06-14 16:07:21',9,'2016-07-18 10:32:02',62,'2016-05-24 06:42:23'),(66,'webshop','invoice','payed','offer','EUR','default',NULL,'new',NULL,NULL,NULL,66,0.00,0.00,0,58.3333334,NULL,'2016-06-09','true','Wrann ',NULL,NULL,'false','f56c13a9a6b5bb49cc191991d16635a3',NULL,'Test ',0,0,62,'2016-06-20 11:48:07',1,'2016-07-18 07:49:51',64,'2016-05-24 06:06:24'),(67,'webshop','invoice','payed','offer','EUR','default',NULL,'new',NULL,NULL,NULL,67,375.42,450.50,-140.0001,0,NULL,'2016-09-08','true',NULL,NULL,NULL,'false','87db86be7956beb2cfc536ca102e3345',NULL,'AN16-013937',0,0,143,'2016-06-24 08:55:45',9,'0000-00-00 00:00:00',143,'0000-00-00 00:00:00'),(68,'webshop','invoice','payed','offer','EUR','default',NULL,'new',NULL,NULL,NULL,68,0.00,0.00,0,58.3333334,NULL,'2016-06-10','true',NULL,NULL,NULL,'false','e743c792323bb65ed8c77f711ae45a68',NULL,'Haas',0,0,733,'2016-07-08 14:39:38',1,'2016-07-18 07:49:51',732,'2016-05-24 10:51:16'),(69,'webshop','invoice','payed','order','EUR','default',NULL,'delivered',NULL,NULL,NULL,69,188.18,225.81,-140.0001,0,NULL,'2017-06-23','true',NULL,NULL,NULL,'false','022cbb2c20c3728091c3d0bdbed5c314',NULL,'Waniek',0,0,NULL,NULL,9,'2017-06-23 08:22:22',143,'2016-05-25 12:32:02'),(70,'webshop','invoice','payed','offer','EUR','default',NULL,'new',NULL,NULL,NULL,70,0.00,0.00,0,58.3333334,NULL,'2016-06-09','true','Test',NULL,NULL,'false','c3cc60fb559ae0ff5968b905a4007a24','123456','Test Opriessnig',0,0,64,'2016-06-16 15:27:57',1,'2016-07-18 07:49:51',62,'2016-05-27 06:11:19'),(71,'webshop','invoice','payed','offer','EUR','default',NULL,'new',NULL,NULL,NULL,71,1175.35,1410.42,-140.0001,0,NULL,'2016-05-30','true','TEST SCHULUNG',NULL,NULL,'false','32a1897103a084348899f13a93502e94','1000','TEST SCHULUNG',0,0,33,'2016-05-30 10:56:26',9,'2016-07-18 11:30:52',33,'2016-05-30 08:56:25'),(72,'webshop','invoice','payed','offer','EUR','default',NULL,'new',NULL,NULL,NULL,72,0.00,0.00,0,58.3333334,NULL,'2016-07-07','true',NULL,NULL,NULL,'false','756c14430ada1e9c60403d35d8f8c839',NULL,'lipp',0,0,104,'2016-07-26 16:54:04',1,'2016-07-26 14:54:04',104,'2016-05-30 09:51:50'),(73,'webshop','invoice','payed','order','EUR','default',NULL,'delivered',NULL,NULL,NULL,73,233.94,280.73,-140.0001,0,NULL,'2016-07-27','true',NULL,NULL,NULL,'false','26b969f7632e070dbec6fbf48fefd406',NULL,'Haas sen',0,0,NULL,NULL,9,'2016-07-27 14:12:52',732,'2016-06-03 09:53:13'),(74,'webshop','invoice','payed','offer','EUR','default',NULL,'new',NULL,NULL,NULL,74,433.00,519.60,-140.0001,0,NULL,'2016-09-08','true',NULL,NULL,NULL,'false','14edb3aea06dc76c6dffdf015790df9e',NULL,'test',0,0,185,'2016-09-07 09:37:17',9,'2016-09-08 08:59:03',185,'2016-05-31 05:37:15'),(75,'webshop','invoice','payed','offer','EUR','default',NULL,'new',NULL,NULL,NULL,75,807.40,968.88,-140.0001,0,NULL,'2016-09-08','true',NULL,NULL,NULL,'false','05f1dc0d62ed5775366dde08f77ca7a8',NULL,'12',0,0,185,'2016-09-07 09:37:29',9,'2016-09-08 08:59:03',185,'2016-06-08 11:02:59'),(76,'webshop','invoice','payed','order','EUR','default',NULL,'delivered',NULL,NULL,NULL,76,236.03,283.23,-140.0001,0,NULL,'2017-06-23','true',NULL,NULL,NULL,'false','fcc6967279720d01740c96321734fd65','  592055','PICHLER ERGÄNZUNG',1,0,NULL,NULL,9,'2017-06-23 08:24:47',655,'2016-05-31 14:07:04'),(77,'webshop','invoice','payed','order','EUR','default',NULL,'delivered',NULL,NULL,NULL,77,500.65,600.78,-140.0001,0,NULL,'2017-06-23','true',NULL,NULL,NULL,'false','422d3b576b0dfedfff764876f8b9553b',NULL,'Best Griesser',0,0,NULL,NULL,9,'2017-06-23 08:25:35',177,'2016-06-02 09:51:54'),(78,'webshop','invoice','payed','order','EUR','default',NULL,'delivered',NULL,NULL,NULL,78,354.19,425.02,-140.0001,0,NULL,'2017-06-23','true',NULL,NULL,NULL,'false','b83f2acf1afe22439179ff51da8b732e',NULL,'Matzhold',1,0,NULL,NULL,9,'2017-06-23 08:30:43',105,'2016-06-27 06:53:54'),(79,'webshop','invoice','payed','offer','EUR','default',NULL,'new',NULL,NULL,NULL,79,364.89,437.86,-140.0001,0,NULL,'2016-09-08','true',NULL,NULL,NULL,'false','bd0a3c979fba8f5907912740352c76e3',NULL,'???',0,0,143,'2016-06-01 11:38:59',9,'0000-00-00 00:00:00',143,'0000-00-00 00:00:00'),(80,'webshop','invoice','payed','offer','EUR','default',NULL,'new',NULL,NULL,NULL,80,0.00,0.00,0,58.3333334,NULL,'2016-06-09','true',NULL,NULL,NULL,'false','deb10f7b42c5384ecedcbb29efdbd6ab',NULL,'Wrann ',0,0,62,'2016-06-14 16:06:55',1,'2016-07-18 07:49:51',64,'2016-06-01 09:37:46'),(81,'webshop','invoice','payed','offer','EUR','default',NULL,'new',NULL,NULL,NULL,81,170.50,204.60,-140.0001,0,NULL,'2016-06-09','true',NULL,NULL,NULL,'false','1882884a323ff5350e6758919fdef717',NULL,'Test Wrann ',0,0,62,'2016-06-30 15:07:23',1,'2016-07-18 10:32:02',64,'2016-06-16 13:35:33'),(82,'webshop','invoice','payed','offer','EUR','default',NULL,'new',NULL,NULL,NULL,82,571.34,685.61,-140.0001,0,NULL,'2016-06-15','true',NULL,NULL,NULL,'false','9b99f7e30a93780ce8c2d865391adc76','Angebot','Zenkl/Krall',0,0,62,'2016-06-30 15:07:45',1,'2016-07-18 10:32:02',62,'2016-06-01 13:36:20'),(83,'webshop','invoice','payed','offer','EUR','default',NULL,'new',NULL,NULL,NULL,83,2885.00,3462.00,-140.0001,0,NULL,'2017-01-25','true','Achleit 43 b\r\nAngerberg',NULL,NULL,'false','06ae4c510908e1f668047258e4494bb8',NULL,'Kom: Stadler Norbert',0,0,183,'2016-11-28 21:35:26',1254,'2017-01-25 13:37:39',177,'2016-11-13 09:08:50'),(84,'webshop','invoice','payed','offer','EUR','default',NULL,'new',NULL,NULL,NULL,84,0.00,0.00,0,58.3333334,NULL,'2016-07-26','true',NULL,NULL,NULL,'false','f09a07b180c5612c2b4c559a22449e95',NULL,'DJMDFM',0,0,177,'2016-06-02 10:54:18',9,'2016-07-26 09:04:55',177,'2016-06-02 08:54:12'),(85,'webshop','invoice','payed','offer','EUR','default',NULL,'new',NULL,NULL,NULL,85,0.00,0.00,0,58.3333334,NULL,'2016-07-26','true',NULL,NULL,NULL,'false','d0b5f47eabf711ecbe1c792a6ca72907',NULL,'Pauli Franz',0,0,NULL,NULL,1,'0000-00-00 00:00:00',725,'0000-00-00 00:00:00'),(86,'webshop','invoice','payed','order','EUR','default',NULL,'delivered',NULL,NULL,NULL,86,399.39,479.26,-140.0001,0,NULL,'2017-06-23','true','Direktlieferung: \r\nPlanerei Tischlerei Wendl Günther\r\nKappellenweg 30\r\n4865 Nussdorf am Attersee',NULL,NULL,'false','140653d0188617ea0305aaff07b5c200','60305861','Dr. Schillinger',1,0,NULL,NULL,9,'2017-06-23 08:26:26',653,'2016-06-09 09:30:50'),(87,'webshop','invoice','payed','offer','EUR','default',NULL,'new',NULL,NULL,NULL,87,483.80,580.56,-140.0001,0,NULL,'2016-09-08','true',NULL,NULL,NULL,'false','852bb73b168a873c57d98fe326d3090e',NULL,'Asdf',0,0,185,'2016-09-07 09:38:06',9,'2016-09-08 08:59:03',185,'2016-06-02 14:00:28'),(88,'webshop','invoice','payed','offer','EUR','default',NULL,'new',NULL,NULL,NULL,88,0.00,0.00,0,58.3333334,NULL,'2016-06-09','true',NULL,NULL,NULL,'false','98507fee5ac21c239823cf1335e49b12',NULL,',',0,0,62,'2016-06-21 09:50:15',1,'2016-07-18 07:49:51',62,'2016-06-03 09:43:12'),(89,'webshop','invoice','payed','offer','EUR','default',NULL,'new',NULL,NULL,NULL,89,490.33,588.39,-140.0001,0,NULL,'2016-06-15','true',NULL,NULL,NULL,'false','2ba57460d0c84930f06d977c0b331809','Komm. Penz','Angebot/Penz',0,0,NULL,NULL,1,'2016-07-18 11:30:54',62,'2016-06-06 06:11:44'),(90,'webshop','invoice','payed','offer','EUR','default',NULL,'new',NULL,NULL,NULL,90,0.00,0.00,0,58.3333334,NULL,'2016-06-24','true',NULL,NULL,NULL,'false','b294df824513cda0f25bc15e49aafe44',NULL,'Küchenrückwand test1',0,0,108,'2016-07-11 10:05:36',1,'2016-07-18 07:49:51',115,'2016-06-06 14:21:34'),(91,'webshop','invoice','payed','offer','EUR','default',NULL,'new',NULL,NULL,NULL,91,627.82,753.38,-140.0001,0,NULL,'2016-07-07','true',NULL,NULL,NULL,'false','f7ba4ad9543af046f4cfa8e32875dca5',NULL,'Küchenrückwand test2',0,0,108,'2016-07-11 09:14:30',1,'2016-07-18 11:30:55',115,'2016-07-11 07:14:12'),(92,'webshop','invoice','payed','order','EUR','default',NULL,'delivered',NULL,NULL,NULL,92,216.74,260.08,-140.0001,0,NULL,'2017-06-23','true',NULL,NULL,NULL,'false','147610cda85364cb5686c958d99b3b89',NULL,'Ebner',1,0,NULL,NULL,9,'2017-06-23 08:26:51',43,'2016-06-13 09:24:37'),(93,'webshop','invoice','payed','offer','EUR','default',NULL,'new',NULL,NULL,NULL,93,0.00,0.00,0,58.3333334,NULL,'2016-06-15','true',NULL,NULL,NULL,'false','a0dac5811f7b670ff2c81e858ec8d68f',NULL,'Test Pagitz 2',0,0,62,'2016-09-15 13:47:55',1,'2016-09-15 11:47:55',64,'2016-06-07 11:14:51'),(94,'webshop','invoice','payed','offer','EUR','default',NULL,'new',NULL,NULL,NULL,94,0.00,0.00,0,58.3333334,NULL,'2016-07-26','true',NULL,NULL,NULL,'false','76dacd8989346e0f7c24fb35e7d2339b',NULL,'test',0,0,NULL,NULL,1,'2016-09-09 07:51:30',185,'2016-06-07 11:31:43'),(95,'webshop','invoice','payed','offer','EUR','default',NULL,'new',NULL,NULL,NULL,95,0.00,0.00,0,58.3333334,NULL,'2016-07-26','true',NULL,NULL,NULL,'false','c16eebac2295f59a4dc85d8cdac80b5f',NULL,'Sparber',0,0,292,'2018-06-14 07:41:11',1,'2018-06-14 05:41:11',292,'0000-00-00 00:00:00'),(96,'webshop','invoice','payed','order','EUR','default',NULL,'delivered',NULL,NULL,NULL,96,234.78,281.73,0,58.3333334,NULL,'2016-11-11','true','Eigenbedarf -50%',NULL,NULL,'false','40b389717f22e9cfbc695d4efdb31310','10082016','JAF Logo für Messe - Eigenbedarf',1,0,NULL,NULL,9,'2016-11-11 15:15:02',116,'2016-08-10 11:11:18'),(97,'webshop','invoice','returned','order','EUR','default',NULL,'delivered',NULL,NULL,NULL,97,248.35,298.02,-140.0001,58.3333334,'2016-08-11','2016-08-10','true',NULL,NULL,NULL,'false','7caffc31b9bee01595feb316c224df7d',NULL,'Chosensky',0,0,NULL,NULL,9,'2016-08-11 06:51:48',143,'2016-08-10 10:53:55'),(98,'webshop','invoice','payed','offer','EUR','default',NULL,'new',NULL,NULL,NULL,98,140.90,169.08,-140.0001,0,NULL,'2016-09-08','true','Glasrückwand',NULL,NULL,'false','c9c1ac3fd68273c650f66440f965857c',NULL,'Hubner Christiane',0,0,115,'2016-09-16 09:14:40',1,'0000-00-00 00:00:00',689,'0000-00-00 00:00:00'),(99,'webshop','invoice','payed','order','EUR','default',NULL,'delivered',NULL,NULL,NULL,99,1078.15,1293.77,-140.0001,58.3333334,NULL,'2016-12-06','true','Druck lt. Skizze (1425 x 800 Satinato Print, 1425 x 600 Bild-Druck bzw. 1425 x 715 Transparent)!',NULL,NULL,'false','cfbda3ade389302d5a9650cb9df20a92','TEST','Köppl Helene',1,0,NULL,NULL,9,'2016-12-06 13:57:34',43,'2016-10-03 12:23:06'),(100,'webshop','invoice','payed','offer','EUR','default',NULL,'new',NULL,NULL,NULL,100,0.00,0.00,0,58.3333334,NULL,'2016-09-08','true','....',NULL,NULL,'false','017935488c23faafa4f3241a13ae0379',NULL,'Dan Küchen',0,0,185,'2016-09-07 09:38:35',9,'2016-09-08 08:59:03',185,'2016-06-08 10:35:53'),(101,'webshop','invoice','payed','offer','EUR','default',NULL,'new',NULL,NULL,NULL,101,986.41,1183.69,-140.0001,0,NULL,'2016-06-08','true',NULL,NULL,NULL,'false','68dd987ee2c3e3bc34005657c9bc1f18','TEST Nummer','TEST',1,0,63,'2019-06-04 07:39:07',1,'2019-06-04 05:39:07',62,'2016-07-06 12:23:04'),(102,'webshop','invoice','payed','offer','EUR','default',NULL,'new',NULL,NULL,NULL,102,0.00,0.00,0,58.3333334,NULL,'2016-07-26','true',NULL,NULL,NULL,'false','b64f9c823cff32b0a8372061903208c3',NULL,'Test',0,0,32,'2016-06-20 15:02:55',9,'2016-07-26 09:04:55',46,'2016-06-08 18:41:15'),(103,'webshop','invoice','payed','order','EUR','default',NULL,'delivered',NULL,NULL,NULL,103,282.22,338.66,-140.0001,0,NULL,'2016-07-27','true',NULL,NULL,NULL,'false','21ef95b5d1e805c61cf07a9bfda056af',NULL,'Küchenrückwand',1,0,NULL,NULL,9,'2016-07-27 14:23:58',721,'2016-06-24 09:05:10'),(104,'webshop','invoice','payed','offer','EUR','default',NULL,'new',NULL,NULL,NULL,104,0.00,0.00,0,58.3333334,NULL,'2016-07-26','true',NULL,NULL,NULL,'false','36a2100d60c335ea26599382faca2dcb',NULL,'Test',0,0,183,'2016-11-28 21:36:36',1,'2016-11-28 20:36:36',513,'2016-06-09 16:18:29'),(105,'webshop','invoice','payed','offer','EUR','default',NULL,'new',NULL,NULL,NULL,105,72.94,87.53,0,58.3333334,NULL,'2016-06-24','true',NULL,NULL,NULL,'false','56d55cdf8b27a253254a480cb54d458e',NULL,'Test-Kupfer',0,0,143,'2017-11-09 09:16:16',1,'2017-11-09 08:16:16',153,'2017-11-09 06:52:02'),(106,'webshop','invoice','payed','offer','EUR','default',NULL,'new',NULL,NULL,NULL,106,0.00,0.00,0,58.3333334,NULL,'2016-06-24','true',NULL,NULL,NULL,'false','128bd4a5e78d8454bff1c9cb407c402e',NULL,'Convo',0,0,143,'2018-01-22 07:41:39',1,'2018-01-22 06:41:39',153,'0000-00-00 00:00:00'),(107,'webshop','invoice','payed','offer','EUR','default',NULL,'new',NULL,NULL,NULL,107,1604.12,1924.94,-140.0001,0,NULL,'2016-12-22','true',NULL,NULL,NULL,'false','e0ce9873a26aa625b1715a9d0849c6dc',NULL,'Lassnig',0,0,183,'2016-11-28 21:36:18',9,'2016-12-22 13:58:59',177,'2016-08-22 20:27:51'),(108,'webshop','invoice','payed','offer','EUR','default',NULL,'new',NULL,NULL,NULL,108,0.00,0.00,0,58.3333334,NULL,'2016-09-08','true',NULL,NULL,NULL,'false','945660cef0b5dabfc0ace41904d12bc1',NULL,'Tummerle Tanya',0,0,185,'2016-09-07 09:38:45',9,'2016-09-08 08:59:03',791,'2016-06-13 07:10:11'),(109,'webshop','invoice','payed','offer','EUR','default',NULL,'new',NULL,NULL,NULL,109,0.00,0.00,0,58.3333334,NULL,'2016-09-08','true',NULL,NULL,NULL,'false','35fca8b63cd346d87cea24a3041d622c',NULL,'reiter',0,0,115,'2016-07-01 08:57:00',9,'2016-09-08 08:59:03',792,'2016-06-13 08:11:41'),(110,'webshop','invoice','payed','offer','EUR','default',NULL,'new',NULL,NULL,NULL,110,0.00,0.00,0,58.3333334,NULL,'2016-06-24','true',NULL,NULL,NULL,'false','7a647061d2b36ff603c5c7b6cef23538',NULL,'reiterer',0,0,NULL,NULL,1,'2016-08-08 05:56:45',43,'2016-06-13 08:47:20'),(111,'webshop','invoice','payed','offer','EUR','default',NULL,'new',NULL,NULL,NULL,111,0.00,0.00,0,58.3333334,NULL,'2016-06-24','true',NULL,NULL,NULL,'false','4a04bcbf378fb0928864a714259c605f',NULL,'Muster ',0,0,32,'2016-06-20 15:03:07',9,'2016-07-18 07:49:51',41,'2016-06-13 10:01:38'),(112,'webshop','invoice','returned','order','EUR','default',NULL,'delivered',NULL,NULL,NULL,112,754.52,905.42,0,58.3333334,'2016-10-03','2016-09-30','true',NULL,NULL,NULL,'false','87122a9966a727fc0d405cb54fe7f708',NULL,'Köppl Helene',1,0,NULL,NULL,9,'2016-10-03 08:00:43',776,'2016-09-30 05:23:47'),(113,'webshop','invoice','payed','offer','EUR','default',NULL,'new',NULL,NULL,NULL,113,0.00,0.00,0,58.3333334,NULL,'2016-09-08','true',NULL,NULL,NULL,'false','330dd9f96fbd532dbbf72b9bebb2f0e8',NULL,'Dr. Diehl Kaltern',0,0,185,'2016-09-07 09:38:55',9,'2016-09-08 08:59:03',791,'2016-06-13 13:35:01'),(114,'webshop','invoice','payed','order','EUR','default',NULL,'delivered',NULL,NULL,NULL,114,648.87,778.64,-140.0001,0,NULL,'2017-06-23','true','die Rückwand 3187 x 546 bitte Spiegelverkehrt drucken, bitte vorab schicken',NULL,NULL,'false','552a5d8819e550b08ad8806a87cd21a4',NULL,'reiter',1,0,NULL,NULL,9,'2017-06-23 08:27:13',792,'2016-06-14 06:32:11'),(115,'webshop','invoice','payed','order','EUR','default',NULL,'delivered',NULL,NULL,NULL,115,222.68,267.22,-140.0001,0,NULL,'2017-06-23','true',NULL,NULL,NULL,'false','cd7e4655dfc0a4bab3287b45795892f9',NULL,'Marchhart Eva',0,0,NULL,NULL,9,'2017-06-23 08:31:33',143,'2016-06-28 07:06:59'),(116,'webshop','invoice','payed','offer','EUR','default',NULL,'new',NULL,NULL,NULL,116,6079.40,7295.23,-140.0001,0,NULL,'2016-12-22','true',NULL,NULL,NULL,'false','76d5b96c2affb2a400bd5291e9d90d8a',NULL,'Eigenbedarf',0,0,NULL,NULL,9,'0000-00-00 00:00:00',143,'0000-00-00 00:00:00'),(117,'webshop','invoice','payed','order','EUR','default',NULL,'delivered',NULL,NULL,NULL,117,518.83,622.60,-140.0001,0,NULL,'2017-06-23','true','DRUCKDATEI LT. ENTWURF (und nicht lt. Konfiguration!)',NULL,NULL,'false','7d00905fdbabc0cf7974be3085e79d35',NULL,'Beran',1,0,NULL,NULL,9,'2017-06-23 08:31:15',810,'2016-06-27 14:22:28'),(118,'webshop','invoice','payed','offer','EUR','default',NULL,'new',NULL,NULL,NULL,118,0.00,0.00,0,58.3333334,NULL,'2016-06-15','true',NULL,NULL,NULL,'false','91823f8e2b8c4aa7dd5f6980401afe2d','150616','Wohnkultur Mössler',0,0,62,'2016-09-15 13:48:04',1,'2016-09-15 11:48:04',62,'2016-06-15 08:46:08'),(119,'webshop','invoice','payed','offer','EUR','default',NULL,'new',NULL,NULL,NULL,119,243.75,292.50,-140.0001,0,NULL,'2016-06-15','true','Probe 1 Birgmann',NULL,NULL,'false','32066ba2f6d6c2df52e42feff5f0d862','012345','Test 1 Birgmann',0,0,659,'2016-07-26 16:35:45',1,'2016-07-26 14:35:45',115,'2016-06-15 09:12:48'),(120,'webshop','invoice','payed','offer','EUR','default',NULL,'new',NULL,NULL,NULL,120,0.00,0.00,0,58.3333334,NULL,'2016-09-08','true',NULL,NULL,NULL,'false','b3924f20b60dddbf71f25c319122e77c',NULL,'Ausstellung',0,0,780,'2016-06-15 11:19:38',9,'2016-09-08 08:59:03',780,'2016-06-15 09:09:26'),(121,'webshop','invoice','payed','offer','EUR','default',NULL,'new',NULL,NULL,NULL,121,244.93,293.92,-140.0001,0,NULL,'2016-09-08','true','Birgmann Probe',NULL,NULL,'false','f0e177be3dd7024ef9d2cc57e2f996e8',NULL,'Birgmann Probe',0,0,653,'2017-01-24 07:58:16',1,'2017-01-24 06:58:16',792,'2016-06-15 12:27:36'),(122,'webshop','invoice','payed','offer','EUR','default',NULL,'new',NULL,NULL,NULL,122,0.00,0.00,0,58.3333334,NULL,'2016-06-24','true',NULL,NULL,NULL,'false','47c4841d496a99c3424d4725fde8be4b',NULL,'Test',0,0,143,'2017-03-30 15:17:18',1,'0000-00-00 00:00:00',153,'0000-00-00 00:00:00'),(123,'webshop','invoice','payed','offer','EUR','default',NULL,'new',NULL,NULL,NULL,123,315.20,378.24,-140.0001,0,NULL,'2016-07-07','true','Angebot',NULL,NULL,'false','8e7712f2f338a8ee03f2f0db073b2821','160616','Paulitsch',0,0,62,'2016-06-16 15:01:28',9,'2016-07-18 11:30:57',62,'2016-06-16 13:03:12'),(124,'webshop','invoice','payed','order','EUR','default',NULL,'delivered',NULL,NULL,NULL,124,617.90,741.48,25,50,NULL,'2017-07-05','true',NULL,NULL,NULL,'false','dc65dfaf63e7ff827858c122d5febfd8',NULL,'Fruhmann',1,0,NULL,NULL,9,'2017-07-05 07:54:57',810,'2017-06-06 12:03:02'),(125,'webshop','invoice','payed','offer','EUR','default',NULL,'new',NULL,NULL,NULL,125,0.00,0.00,0,58.3333334,NULL,'2016-07-07','true','Angebot\r\n',NULL,NULL,'false','364eb4d414356812ac1cc9b7103d929d','160616','Schiffer Hansi und Eva',0,0,62,'2016-06-16 14:53:41',9,'2016-07-18 07:49:51',62,'2016-06-16 08:05:39'),(126,'webshop','invoice','payed','offer','EUR','default',NULL,'new',NULL,NULL,NULL,126,0.00,0.00,0,58.3333334,NULL,'2016-07-07','true',NULL,NULL,NULL,'false','6e181776a2f0c5b6fa4d03ace6b0ae42',NULL,'Test ',0,0,NULL,NULL,1,'0000-00-00 00:00:00',689,'0000-00-00 00:00:00'),(127,'webshop','invoice','payed','order','EUR','default',NULL,'delivered',NULL,NULL,NULL,127,258.12,309.74,-140.0001,0,NULL,'2017-06-23','true','Pos. des Bildes soll so zwischen den Steckdosen sein wie auf meiner Skizze. Bitte um Kontrolldruck.  Kontakt Martin Schwaighofer  (m.gamsjaeger@laserer.at) 0676 97 23 566',NULL,NULL,'false','6ee7e7beb6eac77727ddd1b2f7b95fac',NULL,'Hubner Christiane 16.06.16',1,0,115,'2016-07-05 09:38:41',9,'0000-00-00 00:00:00',689,'0000-00-00 00:00:00'),(128,'webshop','invoice','payed','offer','EUR','default',NULL,'new',NULL,NULL,NULL,128,0.00,0.00,0,58.3333334,NULL,'2016-07-07','true','Angebot',NULL,NULL,'false','cb42c77fd33584c008e0bf9c4688a435',NULL,'Angebot Polsinger',0,0,62,'2016-06-29 11:13:18',9,'2016-07-18 07:49:51',62,'2016-06-16 13:38:36'),(129,'webshop','invoice','payed','offer','EUR','default',NULL,'new',NULL,NULL,NULL,129,114.60,137.52,0,58.3333334,NULL,'2016-09-21','true',NULL,NULL,NULL,'false','1e9c35eb66daefa2a2c641c3dbb87c75',NULL,'Brotfrau',0,0,812,'2016-07-04 16:46:28',9,'2016-09-21 09:33:35',43,'2016-07-04 06:50:01'),(130,'webshop','invoice','payed','order','EUR','default',NULL,'delivered',NULL,NULL,NULL,130,217.44,260.93,-140.0001,0,NULL,'2017-06-23','true','Zustellung  ',NULL,NULL,'false','c8ad66d0c4ef912e86b90223c891c4cb',' 4251120','Haas/Pölzer',0,0,NULL,NULL,9,'2017-06-23 08:28:00',36,'2016-06-21 11:55:00'),(131,'webshop','invoice','payed','offer','EUR','default',NULL,'new',NULL,NULL,NULL,131,0.00,0.00,0,58.3333334,NULL,'2016-06-24','true',NULL,NULL,NULL,'false','b7b4fd19adebcc6a073b8b02afacbe85',NULL,'TEST',0,0,795,'2016-06-17 09:11:55',9,'2016-07-18 07:49:51',795,'2016-06-17 07:05:20'),(132,'webshop','invoice','payed','offer','EUR','default',NULL,'new',NULL,NULL,NULL,132,0.00,0.00,0,58.3333334,NULL,'2016-09-08','true','Test für Küche ',NULL,NULL,'false','6ac2d5a5092f4b007aa97dce8e2f91ec',NULL,'Benony/SM',0,0,689,'2016-07-15 09:51:06',9,'2016-09-08 08:59:03',689,'2016-06-17 09:05:33'),(133,'webshop','invoice','payed','offer','EUR','default',NULL,'new',NULL,NULL,NULL,133,0.00,0.00,0,58.3333334,NULL,'2016-06-24','true',NULL,NULL,NULL,'false','ceb26465aeb2e986dde6d33123c4038b',NULL,'Muster ',0,0,37,'2016-08-08 07:51:31',1,'2016-08-08 05:51:31',41,'2016-06-20 05:46:50'),(134,'webshop','invoice','payed','offer','EUR','default',NULL,'new',NULL,NULL,NULL,134,323.80,388.56,0,58.3333334,NULL,'2016-09-08','true','20.06.2016',NULL,NULL,'false','11e08f2ec68ea7591722fadc63871036',NULL,'Daller Test 1',0,0,655,'2016-06-29 09:49:06',9,'2016-09-08 08:59:02',108,'2016-06-28 11:29:25'),(135,'webshop','invoice','payed','offer','EUR','default',NULL,'new',NULL,NULL,NULL,135,448.91,538.69,0,58.3333334,NULL,'2016-09-08','true',NULL,NULL,NULL,'false','ec69a87a1c664fe76b652bdc8328a234',NULL,'LOHFEYER',0,0,655,'2016-06-29 09:47:06',9,'2016-09-08 08:59:03',655,'2016-06-23 11:35:20'),(136,'webshop','invoice','payed','order','EUR','default',NULL,'delivered',NULL,NULL,NULL,136,1527.44,1832.92,0,58.3333334,NULL,'2016-12-06','true','Hintergrundfarbe RAL 9001',NULL,NULL,'false','742c261cb4c6d1a0db5e69737280bed8',NULL,'Leitner Grams',1,0,654,'2016-10-19 11:55:17',9,'2016-12-06 14:07:08',704,'2016-10-19 09:55:13'),(137,'webshop','invoice','payed','offer','EUR','default',NULL,'new',NULL,NULL,NULL,137,0.00,0.00,0,58.3333334,NULL,'2016-09-08','true',NULL,NULL,NULL,'false','aa562b872e0e913263dcf19a6dc22d04',NULL,'test',0,0,688,'2016-06-20 10:07:46',9,'2016-09-08 08:59:03',688,'2016-06-20 08:07:39'),(138,'webshop','invoice','payed','offer','EUR','default',NULL,'new',NULL,NULL,NULL,138,0.00,0.00,0,58.3333334,NULL,'2016-09-08','true',NULL,NULL,NULL,'false','dc94cd6c5716b985054bd64766e34346',NULL,'Test',0,0,674,'2016-06-20 10:46:39',9,'0000-00-00 00:00:00',674,'0000-00-00 00:00:00'),(139,'webshop','invoice','payed','offer','EUR','default',NULL,'new',NULL,NULL,NULL,139,0.00,0.00,0,58.3333334,NULL,'2016-09-08','true',NULL,NULL,NULL,'false','3905631f0f959848cde661a0fbcc27ab',NULL,'Büro',0,0,58,'2016-08-09 22:14:23',9,'2016-09-08 08:59:03',58,'2016-06-20 08:53:31'),(140,'webshop','invoice','payed','offer','EUR','default',NULL,'new',NULL,NULL,NULL,140,0.00,0.00,0,58.3333334,NULL,'2016-09-08','true',NULL,NULL,NULL,'false','7b1f4296cb61b0cf21d34c46b3e16387',NULL,'test',0,0,115,'2016-06-27 10:32:23',9,'2016-09-08 08:59:03',677,'2016-06-20 09:16:36'),(141,'webshop','invoice','payed','offer','EUR','default',NULL,'new',NULL,NULL,NULL,141,0.00,0.00,0,58.3333334,NULL,'2016-09-08','true',NULL,NULL,NULL,'false','aff025e9911a41de9c0584fa78e638d2',NULL,'test',0,0,660,'2017-12-07 15:40:57',1,'2017-12-07 14:40:57',658,'2016-06-20 11:43:34'),(142,'webshop','invoice','payed','offer','EUR','default',NULL,'new',NULL,NULL,NULL,142,0.00,0.00,0,58.3333334,NULL,'2016-09-08','true',NULL,NULL,NULL,'false','b79e8b944a89f7ec19d3e7649d564e7d',NULL,'Huber',0,0,48,'2016-06-20 14:03:54',9,'2016-09-08 08:59:03',48,'2016-06-20 11:53:43'),(143,'webshop','invoice','payed','offer','EUR','default',NULL,'new',NULL,NULL,NULL,143,0.00,0.00,0,58.3333334,NULL,'2016-09-08','true',NULL,NULL,NULL,'false','5407cdc50ac5ca80cc4a634e607696d2',NULL,'Griesser Besteller',0,0,177,'2016-06-20 14:24:37',9,'2016-09-08 08:59:03',177,'2016-06-20 12:23:53'),(144,'webshop','invoice','payed','offer','EUR','default',NULL,'new',NULL,NULL,NULL,144,0.00,0.00,0,58.3333334,NULL,'2016-09-08','true',NULL,NULL,NULL,'false','7ee039579e5ed5248e2cb0e3711ee7e5',NULL,'Schön',0,0,817,'2016-11-10 10:31:33',1,'2016-11-10 09:31:33',817,'2016-06-20 12:31:24'),(145,'webshop','invoice','payed','order','EUR','default',NULL,'delivered',NULL,NULL,NULL,145,972.91,1167.49,0,58.3333334,NULL,'2017-01-12','true','Weiss Alexander\r\nNeubauerweg 42 c\r\n8052 Graz\r\n\r\n+ 16 Klett-Punkte für Montage!!!',NULL,NULL,'false','62fbc583b8cc54fb1f3c7d3222103560','Bearb: LABLER MARTIN!!!','Weiss Alexander',0,0,NULL,NULL,1254,'2017-01-12 14:20:43',32,'2016-12-19 14:38:26'),(146,'webshop','invoice','payed','offer','EUR','default',NULL,'new',NULL,NULL,NULL,146,0.00,0.00,0,58.3333334,NULL,'2016-06-24','true',NULL,NULL,NULL,'false','6488cf63deecbd9528e19f4379e81427',NULL,'0000 test',0,0,796,'2016-08-03 10:33:34',1,'2016-08-03 08:33:34',32,'2016-06-20 12:58:23'),(147,'webshop','invoice','payed','offer','EUR','default',NULL,'new',NULL,NULL,NULL,147,0.00,0.00,0,58.3333334,NULL,'2016-09-08','true',NULL,NULL,NULL,'false','6d144d995871d16e609e38727bdcc4dc',NULL,'test',0,0,676,'2016-06-20 15:21:27',9,'2016-09-08 08:59:03',676,'2016-06-20 13:21:21'),(148,'webshop','invoice','payed','offer','EUR','default',NULL,'new',NULL,NULL,NULL,148,0.00,0.00,0,58.3333334,NULL,'2016-09-08','true',NULL,NULL,NULL,'false','d683be77eedbd8199990f808584ea5d3',NULL,'test',0,0,673,'2019-01-28 07:37:20',1,'2019-01-28 06:37:21',673,'2016-06-20 14:32:15'),(149,'webshop','invoice','payed','offer','EUR','default',NULL,'new',NULL,NULL,NULL,149,687.48,824.97,0,58.3333334,NULL,'2016-09-08','true',NULL,NULL,NULL,'false','bfe531214e74eca33b3a986aae628408',NULL,'Test',0,0,660,'2018-02-13 07:19:26',1,'2018-02-13 06:19:26',658,'0000-00-00 00:00:00'),(150,'webshop','invoice','payed','offer','EUR','default',NULL,'new',NULL,NULL,NULL,150,0.00,0.00,0,58.3333334,NULL,'2016-09-08','true',NULL,NULL,NULL,'false','f89f7f1a08a007437908b60f5f4b5b6a',NULL,'TEST',0,0,726,'2016-06-21 08:51:26',9,'2016-09-08 08:59:03',726,'2016-06-21 06:51:19'),(151,'webshop','invoice','payed','offer','EUR','default',NULL,'new',NULL,NULL,NULL,151,663.48,796.18,0,58.3333334,NULL,'2017-05-22','true','etfgjmnetzn\r\nPROBE JAF SALZBURG',NULL,NULL,'false','ba8ed3e15cde8dd6b26634c27d8e4db3',NULL,'etzghjn',0,0,2485,'2019-06-12 07:10:14',1,'2019-06-12 05:10:14',678,'0000-00-00 00:00:00'),(152,'webshop','invoice','payed','offer','EUR','default',NULL,'new',NULL,NULL,NULL,152,0.00,0.00,0,58.3333334,NULL,'2016-09-08','true',NULL,NULL,NULL,'false','c1d540edd735d88048fda46bdacace57',NULL,'Test',0,0,666,'2016-07-15 09:39:46',9,'0000-00-00 00:00:00',666,'0000-00-00 00:00:00'),(153,'webshop','invoice','payed','offer','EUR','default',NULL,'new',NULL,NULL,NULL,153,1586.70,1904.04,0,58.3333334,NULL,'2016-09-08','true','afd',NULL,NULL,'false','6010a9cd351edd5d96b4634984b4099e',NULL,'asfdasf',0,0,27,'2017-12-07 11:54:25',1,'2017-12-07 10:54:25',27,'2017-02-08 15:18:47'),(154,'webshop','invoice','payed','offer','EUR','default',NULL,'new',NULL,NULL,NULL,154,0.00,0.00,0,58.3333334,NULL,'2016-09-08','true',NULL,NULL,NULL,'false','29051c17d45963772a7ecf021965a432',NULL,'Hauser Josef',0,0,183,'2016-11-28 21:36:45',1,'2016-11-28 20:36:45',177,'2016-06-21 13:36:48'),(155,'webshop','invoice','payed','offer','EUR','default',NULL,'new',NULL,NULL,NULL,155,0.00,0.00,0,58.3333334,NULL,'2016-09-08','true',NULL,NULL,NULL,'false','b0273f323d87aa5aa05eef08a3149a26',NULL,'Test',0,0,183,'2016-11-13 10:10:36',1,'2016-11-13 09:10:36',513,'2016-06-21 14:08:59'),(156,'webshop','invoice','payed','offer','EUR','default',NULL,'new',NULL,NULL,NULL,156,0.00,0.00,0,58.3333334,NULL,'2016-09-08','true',NULL,NULL,NULL,'false','1472ff4593957894201449b7e99d5e0e',NULL,'Test1',0,0,183,'2016-11-28 21:37:01',1,'2016-11-28 20:37:01',513,'2016-06-21 14:17:41'),(157,'webshop','invoice','payed','offer','EUR','default',NULL,'new',NULL,NULL,NULL,157,0.00,0.00,0,58.3333334,NULL,'2016-09-08','true',NULL,NULL,NULL,'false','d021a8d11caae26094fb415ac575d423',NULL,'00',0,0,177,'2016-08-09 13:13:52',9,'2016-09-08 08:59:03',177,'2016-06-22 06:30:16'),(158,'webshop','invoice','payed','offer','EUR','default',NULL,'new',NULL,NULL,NULL,158,0.00,0.00,0,58.3333334,NULL,'2016-09-08','true',NULL,NULL,NULL,'false','3e32198375e54bf0f43a3a09f7f452c4',NULL,'Test',0,0,683,'2016-11-08 13:46:48',1,'2016-11-08 12:46:48',683,'2016-06-22 07:29:55'),(159,'webshop','invoice','payed','offer','EUR','default',NULL,'new',NULL,NULL,NULL,159,0.00,0.00,0,58.3333334,NULL,'2016-09-08','true',NULL,NULL,NULL,'false','4c76a7761ffdf3b15259dbb979437493',NULL,'test',0,0,658,'2016-06-23 14:17:09',9,'2016-09-08 08:59:03',663,'2016-06-22 07:56:02'),(160,'webshop','invoice','payed','offer','EUR','default',NULL,'new',NULL,NULL,NULL,160,0.00,0.00,0,58.3333334,NULL,'2016-09-08','true',NULL,NULL,NULL,'false','7b2edd9d51604967659b9e82d27e73b8',NULL,'Glasrückwand Badezimmer',0,0,747,'2016-12-12 16:36:27',1,'2016-12-12 15:36:27',747,'2016-06-22 07:56:54'),(161,'webshop','invoice','payed','offer','EUR','default',NULL,'new',NULL,NULL,NULL,161,0.00,0.00,0,58.3333334,NULL,'2016-09-08','true',NULL,NULL,NULL,'false','d5a6021eaf3ead28f77b50115fa08ce2',NULL,'Schön',0,0,817,'2016-11-10 10:31:30',1,'0000-00-00 00:00:00',817,'0000-00-00 00:00:00'),(162,'webshop','invoice','payed','offer','EUR','default',NULL,'new',NULL,NULL,NULL,162,0.00,0.00,0,58.3333334,NULL,'2016-09-08','true',NULL,NULL,NULL,'false','10c9eea69a96a1ce9df0dde0cb3e1592',NULL,'Glasrückwand lt.Zeichnung',0,0,701,'2019-02-27 09:41:57',1,'2019-02-27 08:41:57',701,'2016-06-22 09:05:09'),(163,'webshop','invoice','payed','offer','EUR','default',NULL,'new',NULL,NULL,NULL,163,508.08,609.69,0,58.3333334,NULL,'2016-09-08','true',NULL,NULL,NULL,'false','0806b5b45c68c7bc888b21f08c01e1f7',NULL,'Altweger Test',0,0,704,'2019-09-04 14:01:09',1,'2019-09-04 12:01:09',115,'2016-06-22 10:20:45'),(164,'webshop','invoice','payed','offer','EUR','default',NULL,'new',NULL,NULL,NULL,164,0.00,0.00,0,58.3333334,NULL,'2016-09-08','true',NULL,NULL,NULL,'false','21a492b2fb42baaa3055cdfa2d790007',NULL,'Fuschlberger',0,0,701,'2016-06-23 13:55:56',9,'2016-09-08 08:59:03',701,'2016-06-22 09:51:00'),(165,'webshop','invoice','payed','offer','EUR','default',NULL,'new',NULL,NULL,NULL,165,0.00,0.00,0,58.3333334,NULL,'2016-09-08','true','Original Maß und Ausschnitt lautPlan per mail an Frau Lang ',NULL,NULL,'false','25ccc9a9b1dfa8f5c2a5f752d90629bb',NULL,'Schön RW 01',0,0,817,'2016-11-10 10:31:27',1,'0000-00-00 00:00:00',817,'0000-00-00 00:00:00'),(166,'webshop','invoice','payed','offer','EUR','default',NULL,'new',NULL,NULL,NULL,166,211.00,253.20,0,58.3333334,NULL,'2016-09-08','true','1 Stk. Nieschenrückwand \r\nDek. 20104\r\n',NULL,NULL,'false','eb5d25b7c41f027b432cff008e23617c','1030','Wratschko Heinrich',0,0,37,'2016-08-08 07:51:11',9,'2016-09-08 08:59:03',37,'2016-06-24 05:17:52'),(167,'webshop','invoice','payed','offer','EUR','default',NULL,'new',NULL,NULL,NULL,167,0.00,0.00,0,58.3333334,NULL,'2016-09-08','true',NULL,NULL,NULL,'false','d6eaf3a82e5f438cea0c52b902e192bc',NULL,'Muster',0,0,NULL,NULL,9,'2016-09-08 08:59:03',41,'2016-06-22 11:55:34'),(168,'webshop','invoice','payed','offer','EUR','default',NULL,'new',NULL,NULL,NULL,168,0.00,0.00,0,58.3333334,NULL,'2016-09-08','true','fff',NULL,NULL,'false','e3753a9e66d414ee7e743e6690f168e4',NULL,'Test ',0,0,742,'2016-06-22 14:32:33',9,'2016-09-08 08:59:03',742,'2016-06-22 12:26:23'),(169,'webshop','invoice','payed','offer','EUR','default',NULL,'new',NULL,NULL,NULL,169,0.00,0.00,0,58.3333334,NULL,'2016-09-08','true',NULL,NULL,NULL,'false','3c97baa147bfbd86d47c149e4a918f55',NULL,'glastür test',0,0,742,'2016-06-22 14:37:13',9,'2016-09-08 08:59:03',742,'2016-06-22 12:37:10'),(170,'webshop','invoice','payed','offer','EUR','default',NULL,'new',NULL,NULL,NULL,170,0.00,0.00,0,58.3333334,NULL,'2016-09-08','true',NULL,NULL,NULL,'false','b85f577a67dba6d93aa8d01176573ba8',NULL,'Fuschlberger neu',0,0,701,'2019-02-27 09:41:39',1,'2019-02-27 08:41:39',701,'2016-06-22 13:13:47'),(171,'webshop','invoice','payed','offer','EUR','default',NULL,'new',NULL,NULL,NULL,171,502.80,603.36,0,58.3333334,NULL,'2016-09-08','true',NULL,NULL,NULL,'false','80552625757994092b944eaff15b6bfc',NULL,'test',0,0,693,'2017-11-13 23:47:27',1,'2017-11-13 22:47:27',693,'2016-06-22 13:26:37'),(172,'webshop','invoice','payed','offer','EUR','default',NULL,'new',NULL,NULL,NULL,172,0.00,0.00,0,58.3333334,NULL,'2016-09-08','true',NULL,NULL,NULL,'false','4e67319843e7235bd84a5ddf1ba863e6',NULL,'Fuschlberger +',0,0,701,'2019-02-27 09:41:17',1,'2019-02-27 08:41:17',701,'2016-06-22 13:18:04'),(173,'webshop','invoice','payed','offer','EUR','default',NULL,'new',NULL,NULL,NULL,173,0.00,0.00,0,58.3333334,NULL,'2016-09-08','true',NULL,NULL,NULL,'false','2be1f8e915ab4ce92e7db8eb40a75787',NULL,'Krispler',0,0,674,'2017-11-27 15:57:07',1,'2017-11-27 14:57:07',674,'2016-06-22 13:24:57'),(174,'webshop','invoice','payed','offer','EUR','default',NULL,'new',NULL,NULL,NULL,174,368.35,442.02,-140.0001,0,NULL,'2016-06-24','true',NULL,NULL,NULL,'false','54067dadb0d95e181c9587a40f07ed04','1111','Schulung Linz',0,0,62,'2016-07-07 14:56:38',1,'2016-07-18 11:33:17',62,'2016-06-22 15:01:22'),(175,'webshop','invoice','payed','offer','EUR','default',NULL,'new',NULL,NULL,NULL,175,155.00,186.00,0,58.3333334,NULL,'2016-06-24','true',NULL,NULL,NULL,'false','e68781566e4f85d7971b857c54de533b',NULL,'Test',0,0,62,'2016-09-09 08:22:05',1,'2016-09-09 06:22:05',62,'2016-07-06 12:16:27'),(176,'webshop','invoice','payed','offer','EUR','default',NULL,'new',NULL,NULL,NULL,176,585.05,702.05,0,58.3333334,NULL,'2016-07-07','true',NULL,NULL,NULL,'false','8aebc09927321fe5325af498c546913e',NULL,'Hegedüs test Küchenrückwand',0,0,108,'2016-07-21 14:51:23',1,'2016-07-21 12:51:23',108,'2016-07-21 12:51:21'),(177,'webshop','invoice','payed','offer','EUR','default',NULL,'new',NULL,NULL,NULL,177,1032.89,1239.47,0,58.3333334,NULL,'2016-07-25','true','Erstellt von Austria Glas!',NULL,NULL,'false','2c50cd1defcd5210c37d539dfee4ed1b',NULL,'Glasrückwände Rieger',0,0,701,'2019-04-11 08:05:24',1,'2019-04-11 06:05:24',701,'2016-07-25 12:21:35'),(178,'webshop','invoice','payed','offer','EUR','default',NULL,'new',NULL,NULL,NULL,178,0.00,0.00,0,58.3333334,NULL,'2016-09-08','true',NULL,NULL,NULL,'false','c45b2c97036e997b308e5607f0f23544',NULL,'Test',0,0,824,'2016-10-25 14:19:06',1,'0000-00-00 00:00:00',824,'0000-00-00 00:00:00'),(179,'webshop','invoice','open','order','EUR','default',NULL,'processing',NULL,NULL,NULL,179,317.94,381.53,-140.0001,0,NULL,'2016-07-11','true','Bitte bis 14.7.2016 zum Kunden schicken',NULL,NULL,'false','f79e032b634a2fefdb9babab12ec08ea','601212','Hund Alexander',0,0,NULL,NULL,9,'2016-07-18 10:32:02',177,'2016-07-11 08:42:31'),(180,'webshop','invoice','payed','offer','EUR','default',NULL,'new',NULL,NULL,NULL,180,578.23,693.88,0,58.3333334,NULL,'2016-09-08','true','Von Austria Glas erstellt!',NULL,NULL,'false','1d056ef606a5aea5f53deee2729bf0cb',NULL,'Schön',0,0,817,'2016-11-10 10:31:24',1,'0000-00-00 00:00:00',32,'0000-00-00 00:00:00'),(181,'webshop','invoice','payed','offer','EUR','default',NULL,'new',NULL,NULL,NULL,181,175.28,210.34,0,58.3333334,NULL,'2016-09-21','true','4 Stk. Nieschenwand\r\n20104',NULL,NULL,'false','098bc5a155edc2292ffb46c410c70341','1030','Wratschko Heinrich 2',0,0,767,'2018-05-14 07:25:45',1,'2018-05-14 05:25:45',37,'2016-07-06 12:32:24'),(182,'webshop','invoice','payed','offer','EUR','default',NULL,'new',NULL,NULL,NULL,182,0.00,0.00,0,58.3333334,NULL,'2016-09-08','true',NULL,NULL,NULL,'false','0fa37211f6ada5054de5c9101a4bec37',NULL,'gfda',0,0,655,'2016-06-24 16:03:31',9,'2016-09-08 08:59:03',822,'2016-06-24 05:26:43'),(183,'webshop','invoice','payed','order','EUR','default',NULL,'delivered',NULL,NULL,NULL,183,401.51,481.81,-140.0001,0,NULL,'2017-06-23','true',NULL,NULL,NULL,'false','5feca7150d7bb5982f9e09a568233e4a',NULL,'Küchenrückwand Löffler',1,0,NULL,NULL,9,'2017-06-23 08:30:03',655,'2016-06-24 14:01:01'),(184,'webshop','invoice','payed','offer','EUR','default',NULL,'new',NULL,NULL,NULL,184,0.00,0.00,0,58.3333334,NULL,'2016-09-08','true',NULL,NULL,NULL,'false','4441b07b2847c292e844b84472dac303',NULL,'Probe',0,0,682,'2017-01-09 09:42:47',1,'2017-01-09 08:42:47',682,'2016-06-27 06:33:31'),(185,'webshop','invoice','payed','offer','EUR','default',NULL,'new',NULL,NULL,NULL,185,0.00,0.00,0,58.3333334,NULL,'2016-09-08','true',NULL,NULL,NULL,'false','a24903f2a81545db7d7b6cc1b138d0be',NULL,'Test',0,0,183,'2016-11-28 21:36:57',1,'2016-11-28 20:36:57',513,'2016-06-27 07:47:47'),(186,'webshop','invoice','payed','offer','EUR','default',NULL,'new',NULL,NULL,NULL,186,0.00,0.00,0,58.3333334,NULL,'2016-06-27','true',NULL,NULL,NULL,'false','cc7ca689ddc3995f64f023f05605fbc5',NULL,'RG2016116-20 HASLAUER KÜCHE',0,0,707,'2016-07-14 09:09:30',1,'2016-07-18 07:47:53',115,'2016-06-27 07:48:58'),(187,'webshop','invoice','payed','offer','EUR','default',NULL,'new',NULL,NULL,NULL,187,0.00,0.00,0,58.3333334,NULL,'2016-09-08','true',NULL,NULL,NULL,'false','16377ccb70917f182eb2c6d26475f9f1',NULL,'Gaugl',0,0,869,'2018-06-08 17:03:51',1,'0000-00-00 00:00:00',869,'0000-00-00 00:00:00'),(188,'webshop','invoice','payed','offer','EUR','default',NULL,'new',NULL,NULL,NULL,188,776.54,931.85,-140.0001,0,NULL,'2016-09-08','true','27062016',NULL,NULL,'false','915c9a950e9220e9e017c65204cfbb0a','27062016','Dettelbacher',1,0,116,'2018-08-14 08:57:21',1,'2018-08-14 06:57:21',839,'0000-00-00 00:00:00'),(189,'webshop','invoice','payed','offer','EUR','default',NULL,'new',NULL,NULL,NULL,189,0.00,0.00,0,58.3333334,NULL,'2016-09-08','true',NULL,NULL,NULL,'false','cc331d96845159985c18f9875113b87a',NULL,'test',0,0,679,'2016-06-27 14:32:59',9,'2016-09-08 08:59:03',679,'2016-06-27 12:24:49'),(190,'webshop','invoice','payed','offer','EUR','default',NULL,'new',NULL,NULL,NULL,190,0.00,0.00,0,58.3333334,NULL,'2016-09-08','true',NULL,NULL,NULL,'false','50e74ce944cbc576ce5507a5f48d61b3',NULL,'Wendl',0,0,773,'2018-05-02 16:20:03',1,'2018-05-02 14:20:03',653,'0000-00-00 00:00:00'),(191,'webshop','invoice','payed','offer','EUR','default',NULL,'new',NULL,NULL,NULL,191,213.88,256.66,-140.0001,0,NULL,'2016-09-08','true',NULL,NULL,NULL,'false','13748615bbd7917ff524c175b1d363bb',NULL,'Wendl',0,0,773,'2017-12-12 11:58:01',1,'2017-12-12 10:58:01',653,'2016-06-28 06:37:52'),(192,'webshop','invoice','payed','offer','EUR','default',NULL,'new',NULL,NULL,NULL,192,0.00,0.00,0,58.3333334,NULL,'2016-09-08','true',NULL,NULL,NULL,'false','c4cda34c3c2999b366bfef600133139c',NULL,'test',0,0,655,'2016-06-29 09:31:22',9,'2016-09-08 08:59:03',813,'2016-06-28 06:34:30'),(193,'webshop','invoice','payed','offer','EUR','default',NULL,'new',NULL,NULL,NULL,193,0.00,0.00,0,58.3333334,NULL,'2016-09-08','true',NULL,NULL,NULL,'false','62b120b36e6e4f01e2982081a429d3b7',NULL,'Aichhorn',0,0,773,'2016-10-25 11:23:57',1,'2016-10-25 09:23:57',773,'2016-06-28 06:46:59'),(194,'webshop','invoice','payed','offer','EUR','default',NULL,'new',NULL,NULL,NULL,194,0.00,0.00,0,58.3333334,NULL,'2016-09-08','true',NULL,NULL,NULL,'false','a94056be76bb983b5bdbb5c4dadd0d57',NULL,'Kuntscher',0,0,143,'2016-07-18 14:15:18',9,'2016-09-08 08:59:02',143,'2016-06-28 09:24:19'),(195,'webshop','invoice','payed','offer','EUR','default',NULL,'new',NULL,NULL,NULL,195,76.36,91.63,0,58.3333334,NULL,'2016-09-08','true',NULL,NULL,NULL,'false','83189d495eb133f6a007b1d863efb66b',NULL,'TEST',0,0,839,'2016-10-25 09:01:12',1,'2016-10-25 07:01:12',839,'2016-10-25 06:11:32'),(196,'webshop','invoice','payed','order','EUR','default',NULL,'delivered',NULL,NULL,NULL,196,1221.45,1465.74,0,58.3333334,NULL,'2016-09-02','true','Angebot\r\n',NULL,NULL,'false','7ef709e573f6d93b1ac4f3e5041d08e6','28062016','Dettelbacher',1,0,NULL,NULL,9,'2016-09-02 13:44:56',841,'2016-08-08 11:55:44'),(197,'webshop','invoice','payed','offer','EUR','default',NULL,'new',NULL,NULL,NULL,197,568.56,682.27,-140.0001,0,NULL,'2016-09-08','true',NULL,NULL,NULL,'false','a6d2f343f34f03b2b147f576a14c269a',NULL,'Probe Test Birgmann',0,0,721,'2016-09-29 14:49:40',1,'0000-00-00 00:00:00',115,'2016-09-29 12:51:10'),(198,'webshop','invoice','payed','offer','EUR','default',NULL,'new',NULL,NULL,NULL,198,37.20,44.64,0,58.3333334,NULL,'2016-09-21','true',NULL,NULL,NULL,'false','c711d49cca5f3c3f77c93306c756fb0b',NULL,'Hubner Koch ',0,0,NULL,NULL,1,'0000-00-00 00:00:00',689,'0000-00-00 00:00:00'),(199,'webshop','invoice','payed','offer','EUR','default',NULL,'new',NULL,NULL,NULL,199,0.00,0.00,0,58.3333334,NULL,'2016-09-08','true','Krall',NULL,NULL,'false','2c0db8b40feb9613863b65d6026cb10d',NULL,'Orlitsch',0,0,842,'2016-06-29 10:48:25',9,'2016-09-08 08:59:02',842,'2016-06-29 08:47:26'),(200,'webshop','invoice','payed','offer','EUR','default',NULL,'new',NULL,NULL,NULL,200,0.00,0.00,0,58.3333334,NULL,'2016-09-08','true',NULL,NULL,NULL,'false','c37a94ff2b8b7b69114f181f5abaf551',NULL,'Stebegg',0,0,780,'2016-06-29 11:20:35',9,'2016-09-08 08:59:02',780,'2016-06-29 09:20:30'),(201,'webshop','invoice','payed','offer','EUR','default',NULL,'new',NULL,NULL,NULL,201,0.00,0.00,0,58.3333334,NULL,'2016-09-08','true','Nischenrückwand ',NULL,NULL,'false','22481bb4eb8dae556d1456b74944468a',NULL,'Thaler',0,0,872,'2016-06-29 15:01:08',9,'2016-09-08 08:59:02',872,'2016-06-29 12:52:56'),(202,'webshop','invoice','payed','offer','EUR','default',NULL,'new',NULL,NULL,NULL,202,1085.38,1302.45,0,58.3333334,NULL,'2016-09-08','true',NULL,NULL,NULL,'false','29fce55f2cee39202f5067b9667a3730',NULL,'test',0,0,671,'2018-03-07 12:06:28',1,'2018-03-07 11:06:28',671,'2018-03-07 11:06:28'),(203,'webshop','invoice','payed','offer','EUR','default',NULL,'new',NULL,NULL,NULL,203,0.00,0.00,0,58.3333334,NULL,'2016-09-08','true',NULL,NULL,NULL,'false','276ee76699d98fb5c1a6e58ec0fb44de',NULL,'test',0,0,34,'2016-10-20 10:18:12',1,'2016-10-20 08:18:12',814,'2016-06-30 09:03:37'),(204,'webshop','invoice','payed','order','EUR','default',NULL,'delivered',NULL,NULL,NULL,204,789.80,947.75,-140.0001,0,NULL,'2017-06-23','true',NULL,NULL,NULL,'false','a41a64540bb53677e4a8973d59e46a69',NULL,'???',1,0,NULL,NULL,9,'2017-06-23 08:32:05',143,'2016-07-04 07:05:50'),(205,'webshop','invoice','returned','order','EUR','default',NULL,'delivered',NULL,NULL,NULL,205,541.61,649.93,-140.0001,0,'2016-07-04','2016-07-04','true',NULL,NULL,NULL,'false','591a0841556a61efda99c6aa7820191c','324','23423',1,0,NULL,NULL,2,'2016-07-18 10:32:02',26,'2016-07-04 14:14:13'),(206,'webshop','invoice','payed','offer','EUR','default',NULL,'new',NULL,NULL,NULL,206,274.74,329.69,0,58.3333334,NULL,'2016-09-08','true','Probe mit Birgmann Hannes',NULL,NULL,'false','8f7918b4b36066e7988571b9a81b54cb',NULL,'16001A_Test',0,0,695,'2016-07-04 16:50:21',9,'2016-09-08 08:59:02',695,'2016-06-30 14:28:00'),(207,'webshop','invoice','payed','offer','EUR','default',NULL,'new',NULL,NULL,NULL,207,152.85,183.43,-140.0001,0,NULL,'2016-09-08','true',NULL,NULL,NULL,'false','ed6f801b3550d159d4076f8a4e96aeb0',NULL,'Mösslacher/Unterwaditzer',0,0,839,'2016-11-21 13:35:11',1,'2016-11-21 12:35:11',842,'2016-06-30 14:55:06'),(208,'webshop','invoice','payed','offer','EUR','default',NULL,'new',NULL,NULL,NULL,208,0.00,0.00,0,58.3333334,NULL,'2016-09-21','true',NULL,NULL,NULL,'false','c1f42c28758564ae8d25aca70ab624e3',NULL,'test',0,0,688,'2016-07-01 09:52:48',9,'2016-09-21 09:33:35',688,'2016-07-01 07:39:34'),(209,'webshop','invoice','payed','offer','EUR','default',NULL,'new',NULL,NULL,NULL,209,0.00,0.00,0,58.3333334,NULL,'2016-09-21','true',NULL,NULL,NULL,'false','9bb9032d77d708b954be805d9665a611',NULL,'TEST',0,0,842,'2018-06-13 13:12:08',1,'2018-06-13 11:12:08',839,'2016-07-01 08:34:55'),(210,'webshop','invoice','payed','offer','EUR','default',NULL,'new',NULL,NULL,NULL,210,262.42,314.91,0,58.3333334,NULL,'2016-09-21','true',NULL,NULL,NULL,'false','055f4d31352bf8caca7b3226af47b762',NULL,'R16052 Martin',0,0,130,'2017-03-24 10:41:29',1,'2017-03-24 09:41:29',130,'2016-12-15 15:14:15'),(211,'webshop','invoice','payed','offer','EUR','default',NULL,'new',NULL,NULL,NULL,211,0.00,0.00,0,58.3333334,NULL,'2016-09-21','true',NULL,NULL,NULL,'false','4f4c26911001f3111be872ada04064ab',NULL,'test',0,0,671,'2019-05-09 09:04:19',1,'2019-05-09 07:04:19',671,'0000-00-00 00:00:00'),(212,'webshop','invoice','payed','offer','EUR','default',NULL,'new',NULL,NULL,NULL,212,990.96,1189.15,0,58.3333334,NULL,'2016-07-06','true',NULL,NULL,NULL,'false','481c388c46a1a7dd182fa616a6de3c15',NULL,'Test',0,0,62,'2016-08-11 13:09:10',1,'2016-08-11 11:09:10',62,'2016-07-07 14:32:39'),(213,'webshop','invoice','payed','offer','EUR','default',NULL,'new',NULL,NULL,NULL,213,242.40,290.88,-140.0001,0,NULL,'2016-09-21','true',NULL,NULL,NULL,'false','9c1bfe16ff2cadc27dd2fb76d8477f55',NULL,'test',0,0,823,'2016-07-04 16:45:38',9,'2016-09-21 09:33:35',823,'2016-07-04 07:23:34'),(214,'webshop','invoice','payed','order','EUR','default',NULL,'delivered',NULL,NULL,NULL,214,342.70,411.24,-140.0001,0,NULL,'2016-08-19','true','Auftrag wurde von Austria Glas erstellt! Selbstabholung!',NULL,NULL,'false','9fc6b7647dee37555fc01a47e004ec81',NULL,'Küchenrückwand Nowotnick',1,0,NULL,NULL,9,'2016-08-19 14:42:22',732,'2016-07-04 11:15:41'),(215,'webshop','invoice','payed','order','EUR','default',NULL,'delivered',NULL,NULL,NULL,215,387.49,464.98,25,50,NULL,'2017-08-11','true',NULL,NULL,NULL,'false','24e43c9e74999ae5dfc1028a1d899940',NULL,'Küchenrückwand',0,0,NULL,NULL,9,'2017-08-11 11:14:15',128,'2017-07-05 11:23:08'),(216,'webshop','invoice','payed','offer','EUR','default',NULL,'new',NULL,NULL,NULL,216,0.00,0.00,0,58.3333334,NULL,'2016-09-21','true','Lacobel Weiß',NULL,NULL,'false','5b9a70604d6688fcc85301d0885d747a',NULL,'Sturmann',0,0,879,'2016-09-16 07:18:52',9,'2016-09-21 09:33:35',879,'2016-07-04 09:56:42'),(217,'webshop','invoice','payed','order','EUR','default',NULL,'delivered',NULL,NULL,NULL,217,822.13,986.55,0,58.3333334,NULL,'2016-09-02','true',NULL,NULL,NULL,'false','2d1227f1674d2fa288bfc49dd65c4863',NULL,'Schlager',1,0,NULL,NULL,9,'0000-00-00 00:00:00',684,'0000-00-00 00:00:00'),(218,'webshop','invoice','payed','offer','EUR','default',NULL,'new',NULL,NULL,NULL,218,2132.97,2559.56,0,58.3333334,NULL,'2016-09-21','true',NULL,NULL,NULL,'false','745f3c65dab6d19281a61b4e259c590f','600409','Eigenbedarf',0,0,185,'2016-09-07 09:39:12',9,'2016-09-21 09:33:34',179,'2016-07-18 10:41:36'),(219,'webshop','invoice','payed','offer','EUR','default',NULL,'new',NULL,NULL,NULL,219,0.00,0.00,0,58.3333334,NULL,'2016-09-21','true',NULL,NULL,NULL,'false','3d4d4189ffd741798b275883b264e581',NULL,'Putz',0,0,36,'2017-06-23 09:22:55',1,'2017-06-23 07:22:55',769,'2016-07-05 12:39:09'),(220,'webshop','invoice','payed','offer','EUR','default',NULL,'new',NULL,NULL,NULL,220,0.00,0.00,0,58.3333334,NULL,'2016-09-21','true',NULL,NULL,NULL,'false','68ea69e56561e6571915e4cb89190630',NULL,'Muster',0,0,42,'2016-08-04 14:28:35',9,'2016-09-21 09:33:35',42,'2016-07-06 11:13:27'),(221,'webshop','invoice','payed','offer','EUR','default',NULL,'new',NULL,NULL,NULL,221,0.00,0.00,0,58.3333334,NULL,'2016-09-21','true',NULL,NULL,NULL,'false','00fcb01ba6de7c235e853b82647193ac',NULL,'EMS-Wood e. U.',0,0,36,'2017-06-23 09:23:03',1,'2017-06-23 07:23:03',41,'2016-07-06 14:27:30'),(222,'webshop','invoice','payed','order','EUR','default',NULL,'delivered',NULL,NULL,NULL,222,1020.31,1224.38,0,58.3333334,NULL,'2016-11-11','true',NULL,NULL,NULL,'false','d3e97cdbd72d0d8d35d285c58d540158',NULL,'Pölzer',1,0,NULL,NULL,9,'2016-11-11 15:04:32',41,'2016-10-10 13:42:45'),(223,'webshop','invoice','payed','offer','EUR','default',NULL,'new',NULL,NULL,NULL,223,1487.36,1784.83,0,58.3333334,NULL,'2016-09-21','true',NULL,NULL,NULL,'false','fcf62fa879875ab4b0cb6cda321d6e5a',NULL,'Wohnung Christina & Matthias',0,0,124,'2017-11-15 17:38:10',1,'2017-11-15 16:38:10',128,'2016-10-05 09:14:51'),(224,'webshop','invoice','payed','offer','EUR','default',NULL,'new',NULL,NULL,NULL,224,1308.16,1569.79,0,58.3333334,NULL,'2016-07-07','true',NULL,NULL,NULL,'false','a5875292e09c9a30ee50e10d475f98c9',NULL,'Test Rabattsystem',0,0,62,'2016-08-19 15:31:13',1,'2016-08-19 13:31:13',62,'2016-08-18 09:23:17'),(225,'webshop','invoice','payed','offer','EUR','default',NULL,'new',NULL,NULL,NULL,225,1770.80,2124.96,0,58.3333334,NULL,'2016-09-21','true','Eigenbedarf für Mitarbeiter',NULL,NULL,'false','b13201ee51db60017da05a90415bd785','070716','Eigenbedarf',0,0,842,'2018-06-13 13:12:01',1,'2018-06-13 11:12:01',839,'2016-07-07 13:29:19'),(226,'webshop','invoice','payed','order','EUR','default',NULL,'delivered',NULL,NULL,NULL,226,780.88,937.06,0,58.3333334,NULL,'2016-08-19','true','EIGENBEDARF (- 50 %)\r\nBitte -50% auf unseren EK wie abgesprochen',NULL,NULL,'false','295153ea42af91b2fc18c785aa9fbaa5',NULL,'Eigenbedarf Pichler Harald',0,0,NULL,NULL,9,'2016-08-19 14:50:44',839,'2016-07-15 09:39:05'),(227,'webshop','invoice','payed','offer','EUR','default',NULL,'new',NULL,NULL,NULL,227,656.92,788.31,0,58.3333334,NULL,'2016-09-21','true',NULL,NULL,NULL,'false','0d48f1496b9c4963d9a4bf82e084caca',NULL,'Calis',0,0,733,'2016-12-13 18:05:35',1,'2016-12-13 17:05:35',732,'2016-07-12 14:22:38'),(228,'webshop','invoice','payed','offer','EUR','default',NULL,'new',NULL,NULL,NULL,228,0.00,0.00,0,58.3333334,NULL,'2016-09-21','true',NULL,NULL,NULL,'false','1967ef06d229e7d1e3324745bcbfee41',NULL,'Test',0,0,46,'2016-07-08 13:49:37',9,'2016-09-21 09:33:35',46,'2016-07-08 11:41:49'),(229,'webshop','invoice','payed','order','EUR','default',NULL,'delivered',NULL,NULL,NULL,229,914.15,1096.98,0,58.3333334,NULL,'2016-08-19','true','Angebot - Zenkl',NULL,NULL,'false','d34fd162c21f2a9c0983c515f82f1edd','11072016','Angebot Zenkl',1,0,NULL,NULL,9,'2016-08-19 14:46:22',841,'2016-07-12 12:17:42'),(230,'webshop','invoice','payed','offer','EUR','default',NULL,'new',NULL,NULL,NULL,230,0.00,0.00,0,58.3333334,NULL,'2016-09-21','true',NULL,NULL,NULL,'false','02e38d5f2d32599734cd92ae1bba424b',NULL,'Test',0,0,662,'2016-07-11 07:58:13',9,'2016-09-21 09:33:34',662,'2016-07-11 05:53:19'),(231,'webshop','invoice','payed','order','EUR','default',NULL,'delivered',NULL,NULL,NULL,231,358.33,430.00,0,58.3333334,NULL,'2016-08-19','true',NULL,NULL,NULL,'false','2283c995506e2d457e8d61d92dc999ad',NULL,'Unterwaditzer',1,0,NULL,NULL,9,'2016-08-19 14:48:27',842,'2016-07-12 12:15:32'),(232,'webshop','invoice','payed','offer','EUR','default',NULL,'new',NULL,NULL,NULL,232,0.00,0.00,0,58.3333334,NULL,'2016-09-21','true',NULL,NULL,NULL,'false','a91593597377b77665ca73813307a624',NULL,'baumann',0,0,115,'2016-07-11 16:45:18',9,'2016-09-21 09:33:34',865,'2016-07-11 09:11:01'),(233,'webshop','invoice','payed','order','EUR','default',NULL,'delivered',NULL,NULL,NULL,233,728.06,873.67,0,58.3333334,NULL,'2017-06-23','true','Bitte bis 14.7.2016 zum Kunden schicken',NULL,NULL,'false','7f86c8f60a84156ab836365c9f917fb4','601212','Hund Alexander',0,0,NULL,NULL,9,'2017-06-23 08:32:47',177,'2016-07-11 09:54:36'),(234,'webshop','invoice','payed','offer','EUR','default',NULL,'new',NULL,NULL,NULL,234,887.30,1064.76,0,58.3333334,NULL,'2016-09-21','true','TEL ANFRAGE VOM\r\n11.07.2016',NULL,NULL,'false','67ce035e827e4004990cb176e7299dfd',NULL,'SCHMIDHAMMER/BAUMANN',0,0,115,'2016-07-12 08:40:42',9,'2016-09-21 09:33:34',115,'2016-07-12 06:39:05'),(235,'webshop','invoice','payed','order','EUR','default',NULL,'delivered',NULL,NULL,NULL,235,943.72,1132.46,0,58.3333334,NULL,'2016-08-19','true','RAL 3003 Farbe! ',NULL,NULL,'false','8f1c7d7fe342eee2f223288b4bc2e430',NULL,'Schuch',0,0,NULL,NULL,9,'2016-08-19 14:47:22',143,'2016-07-13 06:36:08'),(236,'webshop','invoice','payed','order','EUR','default',NULL,'delivered',NULL,NULL,NULL,236,537.90,645.48,0,58.3333334,NULL,'2016-08-19','true',NULL,NULL,NULL,'false','54a551dcc34247c7fa7bde073fdf5092',NULL,'Ausstellungsküche',0,0,NULL,NULL,9,'2016-08-19 14:47:44',143,'2016-07-13 06:35:41'),(237,'webshop','invoice','payed','offer','EUR','default',NULL,'new',NULL,NULL,NULL,237,0.00,0.00,0,58.3333334,NULL,'2016-09-21','true','Pendeltür',NULL,NULL,'false','8226b8fe2951f61f4698e7d2727b7eac',NULL,'Venus',0,0,758,'2016-07-13 08:20:14',9,'2016-09-21 09:33:34',758,'2016-07-13 06:15:50'),(238,'webshop','invoice','payed','order','EUR','default',NULL,'delivered',NULL,NULL,NULL,238,104.28,125.13,0,58.3333334,NULL,'2017-06-23','true','Lieferung prompt',NULL,NULL,'false','b69ac2e30e6e461f7fff7da169cc85e6',NULL,'Hubner Koch Elisabeth ',1,0,NULL,NULL,9,'0000-00-00 00:00:00',689,'0000-00-00 00:00:00'),(239,'webshop','invoice','payed','offer','EUR','default',NULL,'new',NULL,NULL,NULL,239,1247.04,1496.45,0,58.3333334,NULL,'2016-09-21','true','Hegedüs ',NULL,NULL,'false','40caebc7bf82ee6d86da406c75014cb1',NULL,'Test bitte Löschen ',0,0,108,'2016-07-13 10:54:50',9,'2016-09-21 09:33:34',108,'2016-07-13 08:52:24'),(240,'webshop','invoice','payed','offer','EUR','default',NULL,'new',NULL,NULL,NULL,240,409.20,491.04,0,58.3333334,NULL,'2016-09-21','true',NULL,NULL,NULL,'false','1b14c52dc5fb1844d818d98aa3b32e6a',NULL,'Test',0,0,669,'2016-07-13 11:00:05',9,'2016-09-21 09:33:34',669,'2016-07-13 09:00:04'),(241,'webshop','invoice','payed','order','EUR','default',NULL,'delivered',NULL,NULL,NULL,241,728.28,873.94,0,58.3333334,NULL,'2016-08-19','true','AB ZU HR. STABENTHEINER',NULL,NULL,'false','445cbfc028dc285cfb1f31747dd0ab30','602073','Kom. Wimmer',0,0,NULL,NULL,9,'2016-08-19 14:49:03',179,'2016-07-15 06:37:28'),(242,'webshop','invoice','payed','offer','EUR','default',NULL,'new',NULL,NULL,NULL,242,0.00,0.00,0,58.3333334,NULL,'2016-09-21','true',NULL,NULL,NULL,'false','53778b40e6df40b699b4533357bfaf55',NULL,'Test',0,0,886,'2016-09-19 09:31:50',9,'2016-09-21 09:33:34',884,'2016-07-14 10:54:35'),(243,'webshop','invoice','payed','offer','EUR','default',NULL,'new',NULL,NULL,NULL,243,1835.72,2202.87,0,58.3333334,NULL,'2016-12-22','true',NULL,NULL,NULL,'false','439a7aa3a9a2f0c44792571711d0340c',NULL,'Test',0,0,185,'2016-09-07 09:39:56',9,'0000-00-00 00:00:00',292,'0000-00-00 00:00:00'),(244,'webshop','invoice','payed','offer','EUR','default',NULL,'new',NULL,NULL,NULL,244,923.28,1107.93,0,58.3333334,NULL,'2016-09-21','true',NULL,NULL,NULL,'false','030b580eb79f0b311a407da5f78910e9',NULL,'Schöller Bleckmann',0,0,143,'2016-09-29 15:39:20',1,'2016-09-29 13:39:20',143,'2016-07-14 14:38:19'),(245,'webshop','invoice','payed','offer','EUR','default',NULL,'new',NULL,NULL,NULL,245,717.38,860.85,0,58.3333334,NULL,'2016-09-21','true','Glas',NULL,NULL,'false','f45a454c5a82340203417b7d905fcb31',NULL,'Brcina Angebot',0,0,666,'2016-07-15 10:39:29',9,'0000-00-00 00:00:00',666,'0000-00-00 00:00:00'),(246,'webshop','invoice','payed','offer','EUR','default',NULL,'new',NULL,NULL,NULL,246,0.00,0.00,0,58.3333334,NULL,'2016-09-21','true',NULL,NULL,NULL,'false','3ed04c3b26b6139e87db43ddf04eebe6',NULL,'Kom. Mayer',0,0,934,'2016-08-05 11:43:40',9,'0000-00-00 00:00:00',934,'0000-00-00 00:00:00'),(247,'webshop','invoice','payed','offer','EUR','default',NULL,'new',NULL,NULL,NULL,247,0.00,0.00,0,58.3333334,NULL,'2016-09-21','true',NULL,NULL,NULL,'false','030e25fde043c5fbd492aaed6f4440c6',NULL,'Schauraum',0,0,879,'2016-07-15 11:59:59',9,'2016-09-21 09:33:34',879,'2016-07-15 09:55:56'),(248,'webshop','invoice','payed','offer','EUR','default',NULL,'new',NULL,NULL,NULL,248,1416.68,1700.01,0,58.3333334,NULL,'2016-09-21','true','Eigenbedarf',NULL,NULL,'false','127da07c0aa358a6e1b4cad64177fee3',NULL,'TEST',0,0,839,'2016-10-05 14:42:01',1,'2016-10-05 12:42:01',839,'2016-07-18 06:18:54'),(249,'webshop','invoice','payed','offer','EUR','default',NULL,'new',NULL,NULL,NULL,249,0.00,0.00,0,58.3333334,NULL,'2016-09-21','true',NULL,NULL,NULL,'false','892ac1bb5f146a17cdac8652032320a7',NULL,'Hofer test',0,0,108,'2016-07-18 15:39:34',9,'2016-09-21 09:33:34',108,'2016-07-18 13:39:25'),(250,'webshop','invoice','payed','order','EUR','default',NULL,'delivered',NULL,NULL,NULL,250,1391.13,1669.36,0,58.3333334,NULL,'2016-08-19','true',NULL,NULL,NULL,'false','614f40099fcacc806110c3854fc0b73d',NULL,'Mayer',0,0,NULL,NULL,9,'2016-08-19 14:49:32',143,'2016-07-19 15:17:12'),(251,'webshop','invoice','payed','offer','EUR','default',NULL,'new',NULL,NULL,NULL,251,0.00,0.00,0,58.3333334,NULL,'2016-09-21','true',NULL,NULL,NULL,'false','a3c24c17d384a326f38652aef79872ae',NULL,'Leiner',0,0,704,'2016-10-19 11:39:20',1,'2016-10-19 09:39:20',704,'2016-07-19 07:12:33'),(252,'webshop','invoice','payed','offer','EUR','default',NULL,'new',NULL,NULL,NULL,252,412.56,495.07,0,58.3333334,NULL,'2016-09-15','true',NULL,NULL,NULL,'false','68dba57181cdebfa4a454cf1d5b355b5',NULL,'Silikon',0,0,62,'2016-08-10 20:43:53',9,'2016-09-15 09:57:25',62,'2016-08-10 18:42:43'),(253,'webshop','invoice','payed','offer','EUR','default',NULL,'new',NULL,NULL,NULL,253,503.11,603.73,0,58.3333334,NULL,'2016-09-21','true',NULL,NULL,NULL,'false','4f03a7b648d9f16d5cb0f262bbec7b9e',NULL,'EIGENBEDARF',0,0,655,'2016-09-16 10:15:21',9,'2016-09-21 09:33:34',655,'2016-07-19 11:40:44'),(254,'webshop','invoice','payed','offer','EUR','default',NULL,'new',NULL,NULL,NULL,254,0.00,0.00,0,58.3333334,NULL,'2016-09-21','true',NULL,NULL,NULL,'false','feef3ab83b797a0996a1c13ffb34ffe8',NULL,'Poßnitz',0,0,643,'2019-04-22 10:36:07',1,'2019-04-22 08:36:07',42,'2016-07-19 11:43:44'),(255,'webshop','invoice','payed','offer','EUR','default',NULL,'new',NULL,NULL,NULL,255,0.00,0.00,0,58.3333334,NULL,'2016-09-21','true',NULL,NULL,NULL,'false','c94fb0c46924817907d3e88a585b1c4e',NULL,'AUER FREILASSING',0,0,655,'2016-08-09 15:15:16',9,'2016-09-21 09:33:34',655,'2016-07-19 11:57:12'),(256,'webshop','invoice','payed','offer','EUR','default',NULL,'new',NULL,NULL,NULL,256,4423.80,5308.56,0,58.3333334,NULL,'2016-09-21','true','Preiskalkulation Glasschiebetür und Tür',NULL,NULL,'false','48df733bb1df34f018cd126b7b83be32',NULL,'Kalkulation DrPreis',0,0,34,'2016-08-09 11:53:14',9,'2016-09-21 09:33:34',872,'2016-07-19 12:17:04'),(257,'webshop','invoice','payed','offer','EUR','default',NULL,'new',NULL,NULL,NULL,257,1560.51,1872.62,0,58.3333334,NULL,'2016-09-21','true',NULL,NULL,NULL,'false','21072472ccfc9137b541c7e41886355c',NULL,'Studio Objektiv',0,0,143,'2016-07-26 10:01:47',9,'2016-09-21 09:33:34',143,'2016-07-26 07:57:51'),(258,'webshop','invoice','payed','order','EUR','default',NULL,'delivered',NULL,NULL,NULL,258,615.95,739.14,0,58.3333334,NULL,'2016-09-02','true','SCHRÄGE SEITE:\r\nHöhe links = 540 mm\r\nHöhe rechts = 560 mm\r\n\r\nEigenbedarf -50%',NULL,NULL,'false','5ea23e0f77086ac7992e42095714442a','21072016','Pichler Harald Eigenbedarf -50%',1,0,NULL,NULL,9,'2016-09-02 13:27:10',839,'2016-07-26 07:29:17'),(259,'webshop','invoice','payed','offer','EUR','default',NULL,'new',NULL,NULL,NULL,259,429.12,514.94,0,58.3333334,NULL,'2016-09-08','true',NULL,NULL,NULL,'false','20f4bcee597399dff04c2e33640a53f2',NULL,'TEST PREISE',1,0,63,'2019-06-04 07:39:02',1,'2019-06-04 05:39:02',63,'0000-00-00 00:00:00'),(260,'webshop','invoice','payed','offer','EUR','default',NULL,'new',NULL,NULL,NULL,260,0.00,0.00,0,58.3333334,NULL,'2016-09-21','true',NULL,NULL,NULL,'false','d8441c7d367d058b6146de479f724494',NULL,'test',0,0,711,'2016-08-13 08:56:27',9,'2016-09-21 09:33:34',711,'2016-07-21 12:53:22'),(261,'webshop','invoice','payed','order','EUR','default',NULL,'delivered',NULL,NULL,NULL,261,869.05,1042.87,0,58.3333334,NULL,'2016-10-03','true','Angebot für nicht angelegten \'Tischler',NULL,NULL,'false','61ec266990bc15974a102d958df13289','22072016','Angebot Tischlerei Holz',0,0,NULL,NULL,9,'2016-10-03 11:26:19',839,'2016-08-10 07:54:55'),(262,'webshop','invoice','payed','offer','EUR','default',NULL,'new',NULL,NULL,NULL,262,0.00,0.00,0,58.3333334,NULL,'2016-09-21','true',NULL,NULL,NULL,'false','edd7363d5abb1c477911c65f645ef993',NULL,'Test Teuschl',0,0,898,'2016-10-06 07:59:57',1,'2016-10-06 05:59:57',884,'2016-07-22 07:20:49'),(263,'webshop','invoice','payed','order','EUR','default',NULL,'delivered',NULL,NULL,NULL,263,178.23,213.87,0,58.3333334,NULL,'2016-09-02','true','Nachbestellung\r\n',NULL,NULL,'false','f041e03efb3217fdc837ed9619729841','22072016','Angebot Zenkl',1,0,NULL,NULL,9,'2016-09-02 13:28:54',841,'2016-07-26 08:33:34'),(264,'webshop','invoice','payed','offer','EUR','default',NULL,'new',NULL,NULL,NULL,264,390.60,468.72,0,58.3333334,NULL,'2016-09-21','true',NULL,NULL,NULL,'false','7059d72dd593ded6128ed4c3aa0a117e',NULL,'TEST',0,0,839,'2016-10-05 11:34:21',1,'2016-10-05 09:34:21',839,'2016-07-23 18:55:29'),(265,'webshop','invoice','payed','order','EUR','default',NULL,'delivered',NULL,NULL,NULL,265,866.79,1040.14,0,58.3333334,NULL,'2016-09-02','true',NULL,NULL,NULL,'false','a3517aaa248adc82cfcda3100be7203f','603452','Jenny´s Schlössl',0,0,NULL,NULL,9,'2016-09-02 13:26:24',179,'2016-07-25 09:40:48'),(266,'webshop','invoice','payed','order','EUR','default',NULL,'delivered',NULL,NULL,NULL,266,1102.89,1323.47,0,58.3333334,NULL,'2016-08-19','true','DIREKTLIEFERUNG ZUM KUNDEN \r\nRIEGER ANDREAS KRISPL 24 5425 KRISPL',NULL,NULL,'false','9d3268e9504dacaf90773a50d83b669d',NULL,'Glasrückwände Rieger',1,0,NULL,NULL,9,'0000-00-00 00:00:00',701,'0000-00-00 00:00:00'),(267,'webshop','invoice','payed','order','EUR','default',NULL,'delivered',NULL,NULL,NULL,267,1318.00,1581.60,0,58.3333334,NULL,'2016-10-03','true','EIGENBEDARF\r\n',NULL,NULL,'false','147ff5fcf76b1d30c5fe77971aa7a294',NULL,'LÖFFLER ALFRED ',1,0,NULL,NULL,9,'2016-10-03 13:06:18',655,'2016-08-16 07:03:54'),(268,'webshop','invoice','payed','order','EUR','default',NULL,'delivered',NULL,NULL,NULL,268,940.05,1128.06,0,58.3333334,NULL,'2016-09-02','true',NULL,NULL,NULL,'false','dfb8497cb2a7cfc8ae45d7f824b21081','603531','.Jenny´s Schlössl 2',0,0,NULL,NULL,9,'2016-09-02 13:29:45',179,'2016-07-26 09:00:55'),(269,'webshop','invoice','payed','order','EUR','default',NULL,'delivered',NULL,NULL,NULL,269,728.06,873.67,0,58.3333334,NULL,'2016-09-02','true','dringend',NULL,NULL,'false','d97ec0f69b0a9630cf626859265dce39','603595','Hund 2',0,0,NULL,NULL,9,'2016-09-02 13:30:04',179,'2016-07-26 09:06:01'),(270,'webshop','invoice','payed','offer','EUR','default',NULL,'new',NULL,NULL,NULL,270,654.14,784.97,0,58.3333334,NULL,'2016-09-21','true',NULL,NULL,NULL,'false','f65b0aff43e0a6e9061a797442d2a1dd','63897','Gollmayer',0,0,183,'2016-11-28 21:34:13',1,'2016-11-28 20:34:13',179,'2016-07-26 05:37:47'),(271,'webshop','invoice','payed','offer','EUR','default',NULL,'new',NULL,NULL,NULL,271,336.48,403.77,0,58.3333334,NULL,'2016-09-21','true',NULL,NULL,NULL,'false','6b4371483a3388d49d42ea91a8ea0ec4',NULL,'test',0,0,873,'2017-03-04 07:19:21',1,'2017-03-04 06:19:21',873,'2016-07-26 12:44:13'),(272,'webshop','invoice','payed','offer','EUR','default',NULL,'new',NULL,NULL,NULL,272,0.00,0.00,0,58.3333334,NULL,'2016-09-21','true',NULL,NULL,NULL,'false','4adffdbb7bdc62f2ff5ef34b0a399920',NULL,'Steurer',0,0,948,'2016-12-14 13:50:25',1,'0000-00-00 00:00:00',948,'0000-00-00 00:00:00'),(273,'webshop','invoice','payed','order','EUR','default',NULL,'delivered',NULL,NULL,NULL,273,1194.91,1433.90,0,58.3333334,NULL,'2016-09-02','true',NULL,NULL,NULL,'false','9fec4b5406e15e3cae6d3072d796b5ce',NULL,'Berghofer',1,0,NULL,NULL,9,'2016-09-02 13:39:36',950,'2016-08-03 05:14:22'),(274,'webshop','invoice','payed','order','EUR','default',NULL,'delivered',NULL,NULL,NULL,274,933.90,1120.68,0,58.3333334,NULL,'2016-09-02','true',NULL,NULL,NULL,'false','f928eadeef0aa8f82923e32ae8861d38',NULL,'Schöpp',1,0,NULL,NULL,9,'2016-09-02 13:31:31',931,'2016-07-29 07:51:56'),(275,'webshop','invoice','payed','order','EUR','default',NULL,'delivered',NULL,NULL,NULL,275,1396.97,1676.36,0,58.3333334,NULL,'2016-10-03','true',NULL,NULL,NULL,'false','c3efd7238e3c5ccb45d9179e17c588c8',NULL,'Steurer',1,0,NULL,NULL,9,'2016-10-03 12:45:20',948,'2016-08-17 11:24:26'),(276,'webshop','invoice','payed','offer','EUR','default',NULL,'new',NULL,NULL,NULL,276,0.00,0.00,0,58.3333334,NULL,'2016-09-21','true',NULL,NULL,NULL,'false','6e161a2e1e76ae85cfe981b4408329b9',NULL,'Wildschütz',0,0,655,'2016-11-03 10:09:30',1,'2016-11-03 09:09:30',813,'2016-07-27 12:28:35'),(277,'webshop','invoice','payed','offer','EUR','default',NULL,'new',NULL,NULL,NULL,277,423.24,507.89,0,58.3333334,NULL,'2016-09-21','true','Schablone wird direkt von der Fa. Austriaglas beim Kunden abgeholt.\r\nFarbmuster wird zu Austriaglas geschickt.',NULL,NULL,'false','80c040bd0c4c6aae78c92ed1881864d7',NULL,'Spezialnischenrückwand lt. Schablone',0,0,115,'2016-07-29 08:16:04',9,'2016-09-21 09:33:34',115,'2016-07-29 06:00:32'),(278,'webshop','invoice','payed','offer','EUR','default',NULL,'new',NULL,NULL,NULL,278,313.51,376.21,0,58.3333334,NULL,'2016-09-21','true','Angebot wurde von Austria Glas erstellt!',NULL,NULL,'false','1979e22a4323d486c0bd2c6db6609102',NULL,'Lagerhaus Großwillfersdorf',0,0,34,'2016-08-09 11:54:04',9,'2016-09-21 09:33:34',796,'2016-07-29 07:28:34'),(279,'webshop','invoice','payed','offer','EUR','default',NULL,'new',NULL,NULL,NULL,279,0.00,0.00,0,58.3333334,NULL,'2016-09-21','true',NULL,NULL,NULL,'false','e3a9acc41e00fb21fe0b7d3de287ddf0',NULL,'Waldl',0,0,951,'2016-11-10 15:56:53',1,'2016-11-10 14:56:53',951,'2016-07-29 06:02:51'),(280,'webshop','invoice','payed','offer','EUR','default',NULL,'new',NULL,NULL,NULL,280,2031.80,2438.16,0,58.3333334,NULL,'2016-12-22','true','Angebot Glasrückwand',NULL,NULL,'false','52f69e0e4b62cc54ce2b08ec7da839f6','29072016','Angebot Polsinger',0,0,952,'2017-12-14 13:42:42',1,'2017-12-14 12:42:42',839,'0000-00-00 00:00:00'),(281,'webshop','invoice','payed','order','EUR','default',NULL,'delivered',NULL,NULL,NULL,281,823.15,987.78,25,50,NULL,'2018-02-09','true','Lieferung per SPEDITION mit 18.01.2017!',NULL,NULL,'false','d9be1ebb5181b0749f0ccbfe4d8628ce',NULL,'Dusch-Trennwand',0,0,NULL,NULL,9,'2018-02-09 15:32:45',952,'2017-12-14 12:51:15'),(282,'webshop','invoice','payed','order','EUR','default',NULL,'delivered',NULL,NULL,NULL,282,505.56,606.67,0,58.3333334,NULL,'2016-09-02','true',NULL,NULL,NULL,'false','1798ed26ea58c8dd00e516bded50bd43',NULL,'Haas Franz (Binder Weiz)',0,0,NULL,NULL,9,'2016-09-02 13:39:04',767,'2016-07-29 08:45:32'),(283,'webshop','invoice','payed','offer','EUR','default',NULL,'new',NULL,NULL,NULL,283,0.00,0.00,0,58.3333334,NULL,'2016-12-22','true','Liefertermin KW 32',NULL,NULL,'false','251bb7aa23a0a21e3cbe2c91aca02ac2',NULL,'OS2015166-20 Höll Küche',0,0,653,'2016-08-31 14:39:30',9,'2016-12-22 13:59:00',653,'2016-08-01 05:40:01'),(284,'webshop','invoice','payed','offer','EUR','default',NULL,'new',NULL,NULL,NULL,284,568.56,682.27,0,58.3333334,NULL,'2016-12-22','true','Probe (nicht bestellen - Muster)',NULL,NULL,'false','bb146e55fc7558245594c2eecc29e05d',NULL,'loidhammer test1',0,0,690,'2016-08-01 10:41:30',9,'2016-12-22 13:59:00',690,'2016-08-01 08:40:46'),(285,'webshop','invoice','payed','offer','EUR','default',NULL,'new',NULL,NULL,NULL,285,0.00,0.00,0,58.3333334,NULL,'2016-12-22','true','Raumteiler',NULL,NULL,'false','023a9c9378d4e6003f914377e7c1726f',NULL,'Reichartseder',0,0,682,'2016-08-01 13:24:32',9,'2016-12-22 13:59:00',682,'2016-08-01 11:19:23'),(286,'webshop','invoice','payed','offer','EUR','default',NULL,'new',NULL,NULL,NULL,286,0.00,0.00,0,58.3333334,NULL,'2016-12-22','true',NULL,NULL,NULL,'false','8bb832bff9ae8c9c0ea2ff9bbcdfcbec',NULL,'Unterwaditzer',0,0,842,'2016-08-01 14:04:01',9,'2016-12-22 13:59:00',842,'2016-08-01 12:03:58'),(287,'webshop','invoice','payed','order','EUR','default',NULL,'delivered',NULL,NULL,NULL,287,851.38,1021.66,0,58.3333334,NULL,'2016-09-02','true',NULL,NULL,NULL,'false','d2730388d0992af3694927325f4520a4',NULL,'Winzer',0,0,NULL,NULL,9,'2016-09-02 13:35:14',653,'2016-08-02 06:50:57'),(288,'webshop','invoice','payed','order','EUR','default',NULL,'delivered',NULL,NULL,NULL,288,1487.60,1785.12,0,58.3333334,NULL,'2017-06-08','true','Linke Tür\r\nMuschelgriffbohrung V-406\r\n\r\nLieferung (Eigenzustellung) per LKW nach JAF Graz mit 19.04.2017!',NULL,NULL,'false','277872c1c86d423e97bdd8bb6e45b005','72208410','Wippel Josef',0,0,NULL,NULL,9,'2017-06-08 08:56:13',796,'2017-04-11 14:07:29'),(289,'webshop','invoice','payed','order','EUR','default',NULL,'delivered',NULL,NULL,NULL,289,434.90,521.88,0,58.3333334,NULL,'2016-09-02','true','Von Austria Glas erstellt!',NULL,NULL,'false','0c195d145f13a9497b975c66bb75836b',NULL,'DDR. Krenmayr',1,0,NULL,NULL,9,'2016-09-02 13:39:54',53,'2016-08-02 11:16:19'),(290,'webshop','invoice','payed','order','EUR','default',NULL,'delivered',NULL,NULL,NULL,290,690.20,828.24,0,58.3333334,NULL,'2016-10-17','true',NULL,NULL,NULL,'false','d259f33310ebc8220cd930048a9a8531',NULL,'HöllOS2015166-20',0,0,NULL,NULL,9,'2016-10-17 09:46:27',707,'2016-09-01 08:28:27'),(291,'webshop','invoice','payed','order','EUR','default',NULL,'delivered',NULL,NULL,NULL,291,504.99,605.99,0,58.3333334,NULL,'2017-06-16','true','Lieferung per Eigenzustellung (LKW) mit 24.05.2017 nach JAF Graz!',NULL,NULL,'false','a130a565ac8c36d286ef1587b4e43325',NULL,'Nachbarin',0,0,NULL,NULL,9,'2017-06-16 09:41:00',796,'2017-05-11 09:33:07'),(292,'webshop','invoice','payed','order','EUR','default',NULL,'delivered',NULL,NULL,NULL,292,1413.38,1696.05,0,58.3333334,NULL,'2016-09-02','true','Eigenbedarf, Selbstabholung',NULL,NULL,'false','ed0c41b4c785a65152adc1ec1c7046ce',NULL,'Thomas Lager',1,0,NULL,NULL,9,'2016-09-02 13:41:07',143,'2016-08-04 07:25:43'),(293,'webshop','invoice','payed','offer','EUR','default',NULL,'new',NULL,NULL,NULL,293,195.53,234.64,0,58.3333334,NULL,'2016-12-22','true',NULL,NULL,NULL,'false','7746f1ecef3aee2317e0168eaac711bd',NULL,'Komm.: Martinschitz',0,0,839,'2016-10-05 11:34:17',9,'2016-12-22 14:04:52',116,'2016-09-20 11:21:06'),(294,'webshop','invoice','payed','offer','EUR','default',NULL,'new',NULL,NULL,NULL,294,0.00,0.00,0,58.3333334,NULL,'2016-12-22','true',NULL,NULL,NULL,'false','7970b21fb88db76f44101b20a9126541',NULL,'Bock Glas Preis',0,0,948,'2016-12-14 13:50:22',9,'0000-00-00 00:00:00',948,'0000-00-00 00:00:00'),(295,'webshop','invoice','payed','offer','EUR','default',NULL,'new',NULL,NULL,NULL,295,500.11,600.13,0,58.3333334,NULL,'2016-12-22','true','Für SieMatic am Stauderplatz\r\nMoser Einrichtungs GmbH - 30%',NULL,NULL,'false','8e85eee08da1cf152fc94c68a6f38f64','070916','Kom. Jellen ',0,0,839,'2016-10-20 08:49:17',9,'2016-12-22 14:04:53',841,'2016-09-07 10:47:46'),(296,'webshop','invoice','payed','offer','EUR','default',NULL,'new',NULL,NULL,NULL,296,713.90,856.68,0,58.3333334,NULL,'2016-12-22','true',NULL,NULL,NULL,'false','89a904abfb25c5eb0a5716e033ea9084','Von Austria Glas erstellt!','Hausegger Roland',0,0,177,'2016-08-10 08:33:04',9,'2016-12-22 13:59:00',177,'2016-08-09 11:33:51'),(297,'webshop','invoice','payed','offer','EUR','default',NULL,'new',NULL,NULL,NULL,297,713.90,856.68,0,58.3333334,NULL,'2016-12-22','true','Glasbild 8 mm Extra Weissglas ESG',NULL,NULL,'false','2d13871f24961e158b51155cc4c915cf',NULL,'Hausegger Roland (Stube & Schlafzimmer)',0,0,177,'2016-09-07 16:10:59',9,'2016-12-22 13:59:00',177,'2016-08-05 07:12:04'),(298,'webshop','invoice','payed','order','EUR','default',NULL,'delivered',NULL,NULL,NULL,298,198.14,237.77,0,58.3333334,NULL,'2016-09-02','true','dringend',NULL,NULL,'false','a5fe2906f9eb4fca164f886af9516e5c','  605218','Hotel Tyrol',0,0,NULL,NULL,9,'2016-09-02 13:41:55',179,'2016-08-05 08:46:42'),(299,'webshop','invoice','payed','offer','EUR','default',NULL,'new',NULL,NULL,NULL,299,620.80,744.96,0,58.3333334,NULL,'2016-12-22','true','Von Austria Glas erstellt!',NULL,NULL,'false','463c3609ee1669cbe0d42b3631415d18',NULL,'Seidel',0,0,732,'2016-08-24 18:42:20',9,'2016-12-22 13:58:59',732,'2016-08-24 16:47:23'),(300,'webshop','invoice','payed','order','EUR','default',NULL,'delivered',NULL,NULL,NULL,300,399.94,479.92,0,58.3333334,NULL,'2016-09-02','true','+ 1Stk  Verglasung \r\nSatinato Plus ESG\r\n1379x484x6mm\r\n\r\nBitte um eine Auftragsbestätigung',NULL,NULL,'false','7046d85e1c5265ff5b721a799d60f5d6',NULL,'Mag.Georg Schrom',0,0,NULL,NULL,9,'2016-09-02 13:42:47',143,'2016-08-08 11:14:28'),(301,'webshop','invoice','payed','offer','EUR','default',NULL,'new',NULL,NULL,NULL,301,0.00,0.00,0,58.3333334,NULL,'2016-12-22','true',NULL,NULL,NULL,'false','e1d6a711c437813e0aea9667510117d6',NULL,'heschl',0,0,772,'2018-04-23 14:24:32',1,'0000-00-00 00:00:00',772,'0000-00-00 00:00:00'),(302,'webshop','invoice','payed','order','EUR','default',NULL,'delivered',NULL,NULL,NULL,302,476.73,572.07,0,58.3333334,NULL,'2016-10-03','true','Mitarbeiter Frischeis Stockerau\r\nBitte Mitarbeiter-Rabatt beachten.\r\nDas Bild bitte so aufteilen, das es wie im Katalog auf Seite 20 aussieht.',NULL,NULL,'false','8cf7be94a3b637bf716d96c2491bbe8a',NULL,'Herr Zellner',0,0,NULL,NULL,9,'2016-10-03 11:32:18',143,'2016-08-10 11:10:48'),(303,'webshop','invoice','payed','offer','EUR','default',NULL,'new',NULL,NULL,NULL,303,0.00,0.00,0,58.3333334,NULL,'2016-12-22','true',NULL,NULL,NULL,'false','a2d8176eaf50c83235c1db656151515e',NULL,'steurer',0,0,948,'2016-12-14 13:50:17',9,'0000-00-00 00:00:00',948,'0000-00-00 00:00:00'),(304,'webshop','invoice','payed','order','EUR','default',NULL,'delivered',NULL,NULL,NULL,304,577.95,693.54,0,58.3333334,NULL,'2016-10-12','true',NULL,NULL,NULL,'false','6ddf55564d59d88c9c6288d989f680ab',NULL,'Andres + Variante',0,0,NULL,NULL,9,'2016-10-12 09:20:45',958,'2016-09-16 08:06:50'),(305,'webshop','invoice','payed','offer','EUR','default',NULL,'new',NULL,NULL,NULL,305,1235.55,1482.66,0,58.3333334,NULL,'2016-12-22','true',NULL,NULL,NULL,'false','10de0ea32be22e0a3de233854e1e82fb',NULL,'Frauenschuh',0,0,721,'2016-08-30 14:37:21',9,'2016-12-22 13:58:59',721,'2016-08-30 08:20:58'),(306,'webshop','invoice','payed','order','EUR','default',NULL,'delivered',NULL,NULL,NULL,306,1400.54,1680.65,0,58.3333334,NULL,'2016-12-06','true','Eigenbedarf Bürogebäude \r\nSonderpreis bitte\r\nErst KW 34 anliefern',NULL,NULL,'false','f25903dc8182ba7d9c76db3910436571',NULL,'Eigenbedarf',0,0,NULL,NULL,9,'2016-12-06 13:55:40',179,'2016-08-11 13:56:22'),(307,'webshop','invoice','payed','offer','EUR','default',NULL,'new',NULL,NULL,NULL,307,713.90,856.68,0,58.3333334,NULL,'2016-12-22','true','NEU! Von Austria Glas erstellt!',NULL,NULL,'false','5d075d1681b46776365a60f4b3f5476e',NULL,'Hausegger Roland',0,0,177,'2016-09-07 16:10:48',9,'2016-12-22 13:59:00',177,'2016-08-09 12:51:04'),(308,'webshop','invoice','payed','order','EUR','default',NULL,'delivered',NULL,NULL,NULL,308,728.90,874.68,0,58.3333334,NULL,'2016-10-12','true','Original Bilddatei verwenden!!!',NULL,NULL,'false','dbe2fdc2f7799987efc7e88871b3a89b',NULL,'Hausegger Roland',1,0,NULL,NULL,9,'2016-10-12 14:37:36',177,'2016-08-16 07:13:19'),(309,'webshop','invoice','payed','offer','EUR','default',NULL,'new',NULL,NULL,NULL,309,0.00,0.00,0,58.3333334,NULL,'2016-12-22','true',NULL,NULL,NULL,'false','40df182902a8f3178874db8e48a25633',NULL,'heger',0,0,58,'2016-08-09 22:23:30',9,'2016-12-22 13:59:00',58,'2016-08-09 20:19:57'),(310,'webshop','invoice','payed','order','EUR','default',NULL,'delivered',NULL,NULL,NULL,310,561.05,673.25,0,58.3333334,NULL,'2016-10-03','true','Aktualisierung durch Austria Glas (Auftragserstellung erfolgte noch im nicht ordnungsgemäßen System!)',NULL,NULL,'false','e8dd337d8c48fe22e8b7d695fee36d87',NULL,'Chosensky',0,0,NULL,NULL,9,'2016-10-03 11:36:00',143,'2016-08-11 06:48:04'),(311,'webshop','invoice','payed','order','EUR','default',NULL,'delivered',NULL,NULL,NULL,311,615.95,739.14,0,58.3333334,NULL,'2016-11-11','true','NEU Bestellung ! ohne BOHRUNGEN\r\nEIGENBEDARF -50%\r\n\r\nSCHRÄGE SEITE: Höhe links = 540 mm Höhe rechts = 560 mm Eigenbedarf -50%',NULL,NULL,'false','aec7e26d67b60995e28de10e573eb789','11082016','Pichler Harald Eigenbedarf -50%',0,0,NULL,NULL,9,'2016-11-11 15:06:57',839,'2016-08-11 13:06:54'),(312,'webshop','invoice','payed','order','EUR','default',NULL,'delivered',NULL,NULL,NULL,312,77.93,93.52,0,58.3333334,NULL,'2016-10-03','true',NULL,NULL,NULL,'false','a7884d4f1336e5889db2fec724f3136a',NULL,'Scheichl',1,0,NULL,NULL,9,'2016-10-03 11:40:17',711,'2016-08-16 11:37:26'),(313,'webshop','invoice','payed','order','EUR','default',NULL,'delivered',NULL,NULL,NULL,313,374.80,449.76,0,58.3333334,NULL,'2016-10-03','true',NULL,NULL,NULL,'false','beb27c28115ca158e97dc2c8e97cc9b2','606257','Kom.Arnika',0,0,NULL,NULL,9,'2016-10-03 11:39:08',179,'2016-08-16 05:30:40'),(314,'webshop','invoice','payed','offer','EUR','default',NULL,'new',NULL,NULL,NULL,314,744.00,892.80,0,58.3333334,NULL,'2016-12-22','true',NULL,NULL,NULL,'false','03a15a1c5e435629992fe23b1d1f64b8',NULL,'ASDFGF',0,0,291,'2016-09-12 15:16:25',9,'2016-12-22 13:58:59',291,'2016-08-23 13:33:51'),(315,'webshop','invoice','payed','offer','EUR','default',NULL,'new',NULL,NULL,NULL,315,0.00,0.00,0,58.3333334,NULL,'2016-12-22','true',NULL,NULL,NULL,'false','af6b33fa321f706327fde3491e525f48',NULL,'Schick',0,0,655,'2016-08-31 11:08:34',9,'2016-12-22 13:59:00',960,'2016-08-16 08:06:02'),(316,'webshop','invoice','payed','offer','EUR','default',NULL,'new',NULL,NULL,NULL,316,0.00,0.00,0,58.3333334,NULL,'2016-12-22','true',NULL,NULL,NULL,'false','f63c453a2554bb5c3ea66d7eeb2ef3f3',NULL,'test2',0,0,884,'2016-12-16 11:54:01',9,'2016-12-22 13:59:00',884,'2016-08-16 11:18:17'),(317,'webshop','invoice','payed','order','EUR','default',NULL,'delivered',NULL,NULL,NULL,317,245.79,294.95,0,58.3333334,NULL,'2016-11-11','true','Abholung mit Montag, 22.08.2016!',NULL,NULL,'false','44988a982a67c7b26f3891df39c1f9b8',NULL,'Meszaros',1,0,NULL,NULL,9,'2016-11-11 15:03:16',732,'2016-08-16 13:49:52'),(318,'webshop','invoice','payed','offer','EUR','default',NULL,'new',NULL,NULL,NULL,318,0.00,0.00,0,58.3333334,NULL,'2016-12-22','true',NULL,NULL,NULL,'false','86ff5d8ca0681bee8028ded890710a9c',NULL,'Stocker',0,0,839,'2016-11-21 13:34:08',9,'2016-12-22 13:59:00',949,'2016-08-17 07:45:11'),(319,'webshop','invoice','payed','offer','EUR','default',NULL,'new',NULL,NULL,NULL,319,0.00,0.00,0,58.3333334,NULL,'2016-12-22','true',NULL,NULL,NULL,'false','90382054c9fa46d2897b475abd410bfa',NULL,'test50',0,0,884,'2016-09-22 10:21:16',9,'2016-12-22 13:59:00',884,'2016-08-17 11:07:31'),(320,'webshop','invoice','payed','order','EUR','default',NULL,'delivered',NULL,NULL,NULL,320,652.82,783.39,0,58.3333334,NULL,'2016-10-03','true','Glas soll transparent sein. Ohne Lack. Kunde lackiert Glas sleber',NULL,NULL,'false','bc9c1733e80cf675dc2132985608bdba',NULL,'RG2016270-50 - Haberfellner Küchen Ergänzung',0,0,NULL,NULL,9,'2016-10-03 13:07:29',653,'2016-08-17 15:00:08'),(321,'webshop','invoice','payed','offer','EUR','default',NULL,'new',NULL,NULL,NULL,321,767.00,920.40,0,58.3333334,NULL,'2016-12-22','true',NULL,NULL,NULL,'false','f4f45a2a7a32c9dfce3ebe478e002150',NULL,'test',0,0,655,'2016-10-03 15:38:54',9,'2016-12-22 13:59:00',652,'2016-08-18 07:54:44'),(322,'webshop','invoice','payed','offer','EUR','default',NULL,'new',NULL,NULL,NULL,322,474.53,569.43,0,58.3333334,NULL,'2016-12-22','true','Von Austria Glas erstellt! \r\nNach-Produktion!',NULL,NULL,'false','755861f957c55e87786d61cf9f084887',NULL,'Hubner Christine',0,0,115,'2016-09-16 09:14:22',9,'2016-12-22 14:04:52',652,'2016-09-16 07:13:08'),(323,'webshop','invoice','payed','offer','EUR','default',NULL,'new',NULL,NULL,NULL,323,0.00,0.00,0,58.3333334,NULL,'2016-12-22','true',NULL,NULL,NULL,'false','dc0c54eb863788e36f1276c872c5a1dd',NULL,'test',0,0,926,'2016-08-18 13:20:15',9,'2016-12-22 13:59:00',926,'2016-08-18 11:20:10'),(324,'webshop','invoice','payed','offer','EUR','default',NULL,'new',NULL,NULL,NULL,324,666.84,800.21,0,58.3333334,NULL,'2016-12-22','true','Von Austria Glas erstellt!',NULL,NULL,'false','efe7c74d88c60ac9eda04a748d11726e',NULL,'Lagerhaus Thermenland eGen',0,0,120,'2017-05-11 08:22:44',1,'2017-05-11 06:22:44',796,'2016-08-29 06:29:33'),(325,'webshop','invoice','payed','offer','EUR','default',NULL,'new',NULL,NULL,NULL,325,0.00,0.00,0,58.3333334,NULL,'2016-12-22','true',NULL,NULL,NULL,'false','54b69e053d497af190299e13ed97864f',NULL,'greinix',0,0,879,'2016-08-18 15:00:19',9,'2016-12-22 13:59:00',879,'2016-08-18 13:00:14'),(326,'webshop','invoice','payed','order','EUR','default',NULL,'delivered',NULL,NULL,NULL,326,917.63,1101.16,0,58.3333334,NULL,'2016-12-06','true',NULL,NULL,NULL,'false','bae771a3fd68b70894ecf4a6eb02ca23',NULL,'Pöschel',1,0,NULL,NULL,9,'0000-00-00 00:00:00',684,'0000-00-00 00:00:00'),(327,'webshop','invoice','payed','offer','EUR','default',NULL,'new',NULL,NULL,NULL,327,0.00,0.00,0,58.3333334,NULL,'2016-12-22','true',NULL,NULL,NULL,'false','e2a798eaed579cdf6a441b3f1c389146',NULL,'Test',0,0,886,'2017-01-30 14:57:13',1,'2017-01-30 13:57:13',888,'2016-08-19 06:41:28'),(328,'webshop','invoice','payed','offer','EUR','default',NULL,'new',NULL,NULL,NULL,328,553.92,664.70,0,58.3333334,NULL,'2016-12-22','true',NULL,NULL,NULL,'false','70710068b84d877bdb2f17b73b642a55',NULL,'Test',0,0,884,'2016-12-02 09:20:15',9,'2016-12-22 14:04:53',888,'2016-09-13 12:56:28'),(329,'webshop','invoice','payed','offer','EUR','default',NULL,'new',NULL,NULL,NULL,329,0.00,0.00,0,58.3333334,NULL,'2016-09-15','true',NULL,NULL,NULL,'false','cca609d01512d052b024e13228460554',NULL,'Test',0,0,62,'2016-08-19 15:31:40',9,'2016-09-15 09:57:25',62,'2016-08-19 13:31:38'),(330,'webshop','invoice','payed','offer','EUR','default',NULL,'new',NULL,NULL,NULL,330,0.00,0.00,0,58.3333334,NULL,'2016-12-22','true',NULL,NULL,NULL,'false','1b4bd5467d78d83ca8504f4ccaea0d81',NULL,'Gmundner',0,0,839,'2016-10-05 11:34:29',9,'2016-12-22 13:58:59',949,'2016-08-21 12:05:40'),(331,'webshop','invoice','payed','offer','EUR','default',NULL,'new',NULL,NULL,NULL,331,180.65,216.77,0,58.3333334,NULL,'2017-01-13','true',NULL,NULL,NULL,'false','b0bb782c9c0e73c1315316c853de9224','72217326','3379 - Wango Markus',0,0,767,'2017-08-07 14:45:44',1,'0000-00-00 00:00:00',43,'0000-00-00 00:00:00'),(332,'webshop','invoice','payed','offer','EUR','default',NULL,'new',NULL,NULL,NULL,332,0.00,0.00,0,58.3333334,NULL,'2016-12-22','true',NULL,NULL,NULL,'false','b4905b2028a19991bdc296591d1fb2ed',NULL,'Nicht',0,0,970,'2017-02-20 16:28:48',1,'2017-02-20 15:28:48',970,'2016-08-22 14:08:36'),(333,'webshop','invoice','payed','offer','EUR','default',NULL,'new',NULL,NULL,NULL,333,0.00,0.00,0,58.3333334,NULL,'2016-12-22','true',NULL,NULL,NULL,'false','5cc6c64d2c7e71470123c45b3e55b8e7',NULL,'Vögele',0,0,183,'2017-01-12 17:07:49',1,'2017-01-12 16:07:49',183,'2016-08-22 20:39:01'),(334,'webshop','invoice','payed','order','EUR','default',NULL,'delivered',NULL,NULL,NULL,334,1127.94,1353.52,0,58.3333334,NULL,'2016-10-03','true',NULL,NULL,NULL,'false','05a545fa8f3a96e233165d8fa9335cdd',NULL,'Kröll Johanna',1,0,NULL,NULL,9,'2016-10-03 13:11:37',177,'2016-08-29 13:10:45'),(335,'webshop','invoice','payed','offer','EUR','default',NULL,'new',NULL,NULL,NULL,335,0.00,0.00,0,58.3333334,NULL,'2016-12-22','true',NULL,NULL,NULL,'false','161185642af7ccf240edde905a532944',NULL,'test',0,0,961,'2016-08-24 14:08:24',9,'2016-12-22 13:58:59',961,'2016-08-24 12:08:14'),(336,'webshop','invoice','payed','order','EUR','default',NULL,'delivered',NULL,NULL,NULL,336,149.02,178.82,0,58.3333334,NULL,'2016-10-03','true',NULL,NULL,NULL,'false','a5b4ccd4a520f1cc8dc2aff799ce4dc5',NULL,'Meszaros',0,0,NULL,NULL,9,'2016-10-03 13:09:22',732,'2016-08-24 16:41:59'),(337,'webshop','invoice','payed','offer','EUR','default',NULL,'new',NULL,NULL,NULL,337,1144.52,1373.43,0,58.3333334,NULL,'2016-12-22','true',NULL,NULL,NULL,'false','f7dba92194ab109f7eef3a02c0134806',NULL,'Reikerstorfer ',0,0,965,'2018-09-19 15:58:28',1,'0000-00-00 00:00:00',965,'0000-00-00 00:00:00'),(338,'webshop','invoice','payed','order','EUR','default',NULL,'delivered',NULL,NULL,NULL,338,693.43,832.12,0,58.3333334,NULL,'2017-01-12','true','Auftragsnummer: A1607112\r\nMaße der Glasteile lt. Skizze (beigefügt)\r\n\r\nLieferadresse:\r\nRotleitenstraße 2\r\n8295 St. Johann',NULL,NULL,'false','ffe2fc314b593e6e135ded02f02e8fcb','A1607112','Schermann',1,0,NULL,NULL,1254,'2017-01-12 14:15:59',104,'2016-12-05 07:27:19'),(339,'webshop','invoice','payed','offer','EUR','default',NULL,'new',NULL,NULL,NULL,339,0.00,0.00,0,58.3333334,NULL,'2016-12-22','true',NULL,NULL,NULL,'false','1b4f1429cc185f1e4af6206bf639ddb2',NULL,'Nicht 2',0,0,NULL,NULL,1,'2017-03-12 16:33:41',970,'2016-08-27 19:37:46'),(340,'webshop','invoice','payed','offer','EUR','default',NULL,'new',NULL,NULL,NULL,340,651.88,782.25,0,58.3333334,NULL,'2016-12-22','true','Angebot für Tischlerei Zimmermann ',NULL,NULL,'false','c47d671efe673fc150c60509b86b07e1','29082016','Komm.: Köck',0,0,109,'2016-10-12 14:19:29',9,'2016-12-22 13:58:59',839,'2016-08-29 08:53:03'),(341,'webshop','invoice','payed','order','EUR','default',NULL,'delivered',NULL,NULL,NULL,341,628.42,754.11,0,58.3333334,NULL,'2016-10-17','true',NULL,NULL,NULL,'false','7cccb7730c3ff9ee2aa3ed2f80d32775',NULL,'Schwarzl',1,0,NULL,NULL,9,'2016-10-17 09:45:38',948,'2016-08-30 09:12:44'),(342,'webshop','invoice','payed','offer','EUR','default',NULL,'new',NULL,NULL,NULL,342,0.00,0.00,0,58.3333334,NULL,'2016-12-22','true',NULL,NULL,NULL,'false','86340d2aa836d621436b204a6dc5d7ca',NULL,'Test',0,0,973,'2016-08-29 10:37:46',9,'2016-12-22 13:58:59',973,'2016-08-29 08:37:41'),(343,'webshop','invoice','payed','order','EUR','default',NULL,'delivered',NULL,NULL,NULL,343,799.00,958.79,0,58.3333334,NULL,'2016-11-11','true',NULL,NULL,NULL,'false','041f22aa8ae31f10bb7e0466572d74ad',NULL,'Konecny',0,0,NULL,NULL,9,'2016-11-11 14:50:33',143,'2016-09-21 13:24:56'),(344,'webshop','invoice','payed','order','EUR','default',NULL,'delivered',NULL,NULL,NULL,344,698.98,838.77,0,58.3333334,NULL,'2016-10-03','true','Von Austria Glas eingegeben!',NULL,NULL,'false','da7e0049bc2a1f640b7d59e13f05c58b',NULL,'Romanelli',1,0,NULL,NULL,9,'2016-10-03 13:20:19',143,'2016-08-29 14:27:47'),(345,'webshop','invoice','payed','offer','EUR','default',NULL,'new',NULL,NULL,NULL,345,0.00,0.00,0,58.3333334,NULL,'2016-12-22','true',NULL,NULL,NULL,'false','ca4d0bf4baf1b61b91c2ec47c2508714',NULL,'Test',0,0,976,'2016-08-29 13:59:04',9,'2016-12-22 13:58:59',976,'2016-08-29 11:57:10'),(346,'webshop','invoice','payed','offer','EUR','default',NULL,'new',NULL,NULL,NULL,346,0.00,0.00,0,58.3333334,NULL,'2016-12-22','true',NULL,NULL,NULL,'false','7ef74cc121a5681f115a55d171b60a65',NULL,'Test',0,0,977,'2016-08-29 15:47:33',9,'2016-12-22 13:58:59',977,'2016-08-29 13:44:29'),(347,'webshop','invoice','payed','offer','EUR','default',NULL,'new',NULL,NULL,NULL,347,0.00,0.00,0,58.3333334,NULL,'2016-12-22','true',NULL,NULL,NULL,'false','fc74f400fa14415c852fe06a97219047',NULL,'Desigend for your life',0,0,NULL,NULL,9,'2016-12-22 13:58:59',884,'2016-08-30 10:43:30'),(348,'webshop','invoice','payed','offer','EUR','default',NULL,'new',NULL,NULL,NULL,348,0.00,0.00,0,58.3333334,NULL,'2016-12-22','true',NULL,NULL,NULL,'false','a1d29b21a27f4a4638c002796f59282a',NULL,'5554',0,0,177,'2016-08-30 15:52:03',9,'2016-12-22 13:58:59',177,'2016-08-30 13:46:03'),(349,'webshop','invoice','payed','offer','EUR','default',NULL,'new',NULL,NULL,NULL,349,1791.32,2149.58,0,35,NULL,'2016-12-22','true',NULL,NULL,NULL,'false','aa9f05f98e11d9f5e4aae64589b57045',NULL,'TEST',0,0,1067,'2016-10-11 15:16:26',9,'2016-12-22 13:58:59',988,'2016-08-31 07:50:01'),(350,'webshop','invoice','payed','order','EUR','default',NULL,'delivered',NULL,NULL,NULL,350,2127.29,2552.74,0,58.3333334,NULL,'2016-12-06','true',NULL,NULL,NULL,'false','d655691ef118f50c914d214fc0b44e50',NULL,'Gerhard',1,0,NULL,NULL,9,'2016-12-06 13:48:58',177,'2016-09-30 06:48:59'),(351,'webshop','invoice','payed','offer','EUR','default',NULL,'new',NULL,NULL,NULL,351,501.48,601.78,0,35,NULL,'2016-12-22','true',NULL,NULL,NULL,'false','f3d35b9305fa896b1b32842553c737df',NULL,'test',0,0,1067,'2016-10-04 09:23:38',9,'2016-12-22 13:58:59',988,'2016-08-31 08:52:42'),(352,'webshop','invoice','payed','offer','EUR','default',NULL,'new',NULL,NULL,NULL,352,488.92,586.70,0,35,NULL,'2016-09-15','true',NULL,NULL,NULL,'false','3c33f6f9c585a0b6670a3af7633fb18c',NULL,'000',0,0,62,'2016-09-01 08:21:39',9,'2016-09-15 09:57:25',62,'2016-08-31 08:52:18'),(353,'webshop','invoice','payed','offer','EUR','default',NULL,'new',NULL,NULL,NULL,353,1178.94,1414.73,0,58.3333334,NULL,'2016-12-22','true',NULL,NULL,NULL,'false','3ffa093fc7345ff959ff4bc3431b142a',NULL,'Schlager / in Firma',0,0,653,'2016-08-31 15:21:07',9,'2016-12-22 13:58:59',653,'2016-08-31 12:07:18'),(354,'webshop','invoice','payed','offer','EUR','default',NULL,'new',NULL,NULL,NULL,354,0.00,0.00,0,58.3333334,NULL,'2016-12-22','true',NULL,NULL,NULL,'false','0cfa341414436972544353ac227fe3b3',NULL,'Test',0,0,179,'2016-09-12 15:01:20',9,'2016-12-22 13:58:59',283,'2016-08-31 12:20:02'),(355,'webshop','invoice','payed','order','EUR','default',NULL,'delivered',NULL,NULL,NULL,355,538.76,646.51,0,58.3333334,NULL,'2016-10-17','true',NULL,NULL,NULL,'false','a103cc08934fc234029a17463ba44c9d',NULL,'Thalhammer',1,0,NULL,NULL,9,'0000-00-00 00:00:00',684,'0000-00-00 00:00:00'),(356,'webshop','invoice','payed','order','EUR','default',NULL,'delivered',NULL,NULL,NULL,356,605.00,726.00,0,58.3333334,NULL,'2016-10-03','true',NULL,NULL,NULL,'false','353f7de7c5669dd44632f885037b9ec3',NULL,'Hubner Christine',1,0,NULL,NULL,9,'2016-10-03 13:28:19',926,'2016-09-05 06:21:32'),(357,'webshop','invoice','payed','offer','EUR','default',NULL,'new',NULL,NULL,NULL,357,0.00,0.00,0,58.3333334,NULL,'2016-12-22','true',NULL,NULL,NULL,'false','05a8f6c03e2ab012720a7dadcbdcf8f6',NULL,'Wilhelm',0,0,684,'2017-08-07 16:56:40',1,'2017-08-07 14:56:40',684,'0000-00-00 00:00:00'),(358,'webshop','invoice','payed','offer','EUR','default',NULL,'new',NULL,NULL,NULL,358,588.48,706.17,0,35,NULL,'2016-09-15','true',NULL,NULL,NULL,'false','a96552d93c109ce2fa86e48f52107a21',NULL,'Test Schulung',0,0,62,'2016-09-02 08:51:46',9,'2016-09-15 09:57:25',62,'2016-09-01 07:45:11'),(359,'webshop','invoice','payed','offer','EUR','default',NULL,'new',NULL,NULL,NULL,359,402.94,483.53,0,58.3333334,NULL,'2016-12-22','true','Nur Probe',NULL,NULL,'false','160653c6afb3fa5a0078229fb4f33adb',NULL,'Plank Christian',0,0,278,'2016-09-16 11:02:37',9,'2016-12-22 14:04:52',278,'2016-09-16 09:00:34'),(360,'webshop','invoice','payed','offer','EUR','default',NULL,'new',NULL,NULL,NULL,360,0.00,0.00,0,58.3333334,NULL,'2016-12-22','true',NULL,NULL,NULL,'false','dabf497b368cd9e924b37b9c520a129f',NULL,'test',0,0,886,'2016-09-19 09:31:05',9,'2016-12-22 14:04:54',891,'2016-09-02 06:30:13'),(361,'webshop','invoice','payed','order','EUR','default',NULL,'delivered',NULL,NULL,NULL,361,324.46,389.35,0,58.3333334,NULL,'2016-10-12','true',NULL,NULL,NULL,'false','e94d8d3295c40e3061d9acbdc1e970db',NULL,'Komm.: Karl',1,0,NULL,NULL,9,'2016-10-12 08:43:29',652,'2016-09-12 08:08:14'),(362,'webshop','invoice','payed','offer','EUR','default',NULL,'new',NULL,NULL,NULL,362,0.00,0.00,0,58.3333334,NULL,'2016-12-22','true',NULL,NULL,NULL,'false','8e580f66e497e95cec57375672813752',NULL,'abc',0,0,886,'2016-09-16 10:31:53',9,'2016-12-22 14:04:54',891,'2016-09-02 07:02:21'),(363,'webshop','invoice','payed','order','EUR','default',NULL,'delivered',NULL,NULL,NULL,363,1142.81,1371.37,0,58.3333334,NULL,'2016-10-03','true','Von Austria Glas erstellt!',NULL,NULL,'false','34f21f637958e6a25a18b1b9b1febd95',NULL,'Dörfler',0,0,NULL,NULL,9,'2016-10-03 14:08:07',929,'2016-09-06 07:39:48'),(364,'webshop','invoice','payed','order','EUR','default',NULL,'delivered',NULL,NULL,NULL,364,375.94,451.13,35,35,NULL,'2016-12-06','true','Lieferung: KW 44',NULL,NULL,'false','18babc265a12f9336a15305af0d1790f','1','Schauraum Wohndesign Weber Johann',1,0,NULL,NULL,9,'2016-12-06 14:05:27',1002,'2016-10-06 07:26:47'),(365,'webshop','invoice','payed','offer','EUR','default',NULL,'new',NULL,NULL,NULL,365,0.00,0.00,0,35,NULL,'2016-12-22','true',NULL,NULL,NULL,'false','da76b4172dd3d72e39f815410b408e27',NULL,'MUSTER',0,0,1067,'2016-09-20 16:42:38',9,'2016-12-22 14:04:54',986,'2016-09-02 18:41:40'),(366,'webshop','invoice','payed','offer','EUR','default',NULL,'new',NULL,NULL,NULL,366,0.00,0.00,0,58.3333334,NULL,'2016-12-22','true',NULL,NULL,NULL,'false','a7b56de89f070ffa3306e84fd9286a5d',NULL,'dadadad',0,0,185,'2016-09-07 09:41:00',9,'2016-12-22 14:04:54',791,'2016-09-03 09:56:06'),(367,'webshop','invoice','payed','offer','EUR','default',NULL,'new',NULL,NULL,NULL,367,0.00,0.00,0,58.3333334,NULL,'2016-12-22','true',NULL,NULL,NULL,'false','a1d1ea6927f062322fa6f6b5bf3b2fae',NULL,'Nagele',0,0,NULL,NULL,9,'2016-12-22 14:04:54',58,'2016-09-03 10:12:29'),(368,'webshop','invoice','payed','offer','EUR','default',NULL,'new',NULL,NULL,NULL,368,0.00,0.00,0,58.3333334,NULL,'2016-12-22','true',NULL,NULL,NULL,'false','7088b1f4ccd5ee55b8cd0d5d8ebab7cb',NULL,'Nagele',0,0,58,'2016-09-03 12:19:45',9,'2016-12-22 14:04:54',58,'2016-09-03 10:19:21'),(369,'webshop','invoice','payed','offer','EUR','default',NULL,'new',NULL,NULL,NULL,369,0.00,0.00,0,58.3333334,NULL,'2016-12-22','true',NULL,NULL,NULL,'false','0c26b569217f95dd443c3bd6d53b2dc2',NULL,'rici',0,0,185,'2016-09-07 09:41:08',9,'2016-12-22 14:04:54',791,'2016-09-03 14:06:23'),(370,'webshop','invoice','payed','offer','EUR','default',NULL,'new',NULL,NULL,NULL,370,0.00,0.00,0,58.3333334,NULL,'2016-12-22','true',NULL,NULL,NULL,'false','4e075d0b3dbb6fdb3000b0408cd9a3e1',NULL,'rici',0,0,185,'2016-09-07 09:41:15',9,'2016-12-22 14:04:54',791,'2016-09-03 14:07:32'),(371,'webshop','invoice','payed','offer','EUR','default',NULL,'new',NULL,NULL,NULL,371,0.00,0.00,0,58.3333334,NULL,'2016-12-22','true',NULL,NULL,NULL,'false','6a42727f6543a265cbac4a2d3cbaabb5',NULL,'Test',0,0,886,'2016-09-19 09:31:13',9,'2016-12-22 14:04:54',886,'2016-09-05 07:47:48'),(372,'webshop','invoice','payed','offer','EUR','default',NULL,'new',NULL,NULL,NULL,372,970.70,1164.83,0,35,NULL,'2016-09-15','true',NULL,NULL,NULL,'false','e2272a308c36ce3f7c2d73a4f3c72206',NULL,'TEST 1',0,0,62,'2016-09-06 14:05:17',9,'2016-09-15 09:57:25',62,'2016-09-05 08:32:38'),(373,'webshop','invoice','payed','order','EUR','default',NULL,'delivered',NULL,NULL,NULL,373,1427.18,1712.62,0,58.3333334,NULL,'2016-11-11','true',NULL,NULL,NULL,'false','4d2574d12a42dbbbd796a7e0001c4546','607683','REITER PAUL PLAINFELD',1,0,NULL,NULL,9,'2016-11-11 15:06:06',721,'2016-10-07 09:22:39'),(374,'webshop','invoice','payed','offer','EUR','default',NULL,'new',NULL,NULL,NULL,374,476.16,571.40,0,58.3333334,NULL,'2016-12-22','true',NULL,NULL,NULL,'false','22f226357b175bf556dddf483adfb6b2',NULL,'Uhrmann',0,0,898,'2016-10-06 07:59:37',9,'2016-12-22 14:04:54',884,'2016-09-05 11:36:23'),(375,'webshop','invoice','payed','offer','EUR','default',NULL,'new',NULL,NULL,NULL,375,0.00,0.00,0,58.3333334,NULL,'2016-12-22','true',NULL,NULL,NULL,'false','64f98279dd4ec6392531cfc958156f3b',NULL,'Karl',0,0,884,'2016-09-05 14:46:15',9,'2016-12-22 14:04:54',884,'2016-09-05 12:38:49'),(376,'webshop','invoice','payed','order','EUR','default',NULL,'delivered',NULL,NULL,NULL,376,564.70,677.64,0,58.3333334,NULL,'2016-10-12','true',NULL,NULL,NULL,'false','909ec7ea4790d7b573fbb17dd9e29119',NULL,'Karl',1,0,NULL,NULL,9,'2016-10-12 08:46:18',884,'2016-09-13 06:03:18'),(377,'webshop','invoice','payed','offer','EUR','default',NULL,'new',NULL,NULL,NULL,377,0.00,0.00,0,58.3333334,NULL,'2016-12-22','true',NULL,NULL,NULL,'false','1fdd9f66d5e6e9e5502b27af53e139c6',NULL,'dsdsd',0,0,185,'2016-09-07 09:41:23',9,'2016-12-22 14:04:54',791,'2016-09-05 14:48:13'),(378,'webshop','invoice','payed','offer','EUR','default',NULL,'new',NULL,NULL,NULL,378,0.00,0.00,0,58.3333334,NULL,'2016-12-22','true',NULL,NULL,NULL,'false','394694cadc4ec6460affb938d3a47911',NULL,'sasdas',0,0,185,'2016-09-07 09:41:30',9,'2016-12-22 14:04:54',791,'2016-09-05 14:52:25'),(379,'webshop','invoice','payed','offer','EUR','default',NULL,'new',NULL,NULL,NULL,379,0.00,0.00,0,58.3333334,NULL,'2016-12-22','true',NULL,NULL,NULL,'false','1a79417c825cc41b0dddc1091a732ba3',NULL,'a',0,0,884,'2016-09-06 12:55:17',9,'2016-12-22 14:04:54',978,'2016-09-06 05:36:10'),(380,'webshop','invoice','payed','offer','EUR','default',NULL,'new',NULL,NULL,NULL,380,0.00,0.00,0,58.3333334,NULL,'2016-12-22','true',NULL,NULL,NULL,'false','a54506d15942950f1b04234346ec1006',NULL,'test michl',0,0,884,'2016-09-06 12:55:26',9,'2016-12-22 14:04:54',978,'2016-09-06 05:40:50'),(381,'webshop','invoice','payed','offer','EUR','default',NULL,'new',NULL,NULL,NULL,381,0.00,0.00,0,58.3333334,NULL,'2016-12-22','true',NULL,NULL,NULL,'false','6af49964ab8d68bc16592fd8f91b462c',NULL,'jj',0,0,884,'2016-09-06 12:55:29',9,'2016-12-22 14:04:53',978,'2016-09-06 05:51:41'),(382,'webshop','invoice','payed','order','EUR','default',NULL,'delivered',NULL,NULL,NULL,382,321.82,386.18,0,58.3333334,NULL,'2016-10-12','true','Bitte die Retouche Kosten streichen, Rückwand gehört für den Schauraum von unseren Kunden.',NULL,NULL,'false','8924f64912c82f8d38fee363812e7d52',NULL,'Gansch Markus/Schauraum',0,0,NULL,NULL,9,'2016-10-12 08:40:08',143,'2016-09-06 09:05:48'),(383,'webshop','invoice','payed','offer','EUR','default',NULL,'new',NULL,NULL,NULL,383,0.00,0.00,0,35,NULL,'2016-09-15','true',NULL,NULL,NULL,'false','9044ef7f148314b9bbdb7354e804f0ff',NULL,'Test',0,0,62,'2016-09-06 12:00:33',9,'2016-09-15 09:57:25',62,'2016-09-06 06:55:34'),(384,'webshop','invoice','payed','offer','EUR','default',NULL,'new',NULL,NULL,NULL,384,1142.98,1371.59,0,58.3333334,NULL,'2016-12-22','true',NULL,NULL,NULL,'false','948da6c3d113bdb01c9b37fcacf75cbf',NULL,'Bauer Roman',0,0,143,'2016-10-04 08:51:11',9,'2016-12-22 14:04:53',143,'2016-09-06 08:09:48'),(385,'webshop','invoice','payed','offer','EUR','default',NULL,'new',NULL,NULL,NULL,385,0.00,0.00,0,58.3333334,NULL,'2016-12-22','true',NULL,NULL,NULL,'false','61215072d4cb7ea386b9609bac2742c1',NULL,'prantl martin ötz',0,0,183,'2017-01-12 17:05:47',1,'2017-01-12 16:05:47',178,'2016-09-06 07:48:23'),(386,'webshop','invoice','payed','offer','EUR','default',NULL,'new',NULL,NULL,NULL,386,0.00,0.00,0,58.3333334,NULL,'2016-12-22','true',NULL,NULL,NULL,'false','539637f76b569b0bfe09740b71a8b96c',NULL,'Test',0,0,983,'2016-09-06 11:43:40',9,'0000-00-00 00:00:00',983,'0000-00-00 00:00:00'),(387,'webshop','invoice','payed','offer','EUR','default',NULL,'new',NULL,NULL,NULL,387,0.00,0.00,0,35,NULL,'2016-09-07','true',NULL,NULL,NULL,'false','ca4c6470a33f3be9b5ec9e41bb462529',NULL,'Test',0,0,62,'2016-09-06 12:01:04',9,'2016-09-07 09:24:00',62,'2016-09-06 10:00:56'),(388,'webshop','invoice','payed','offer','EUR','default',NULL,'new',NULL,NULL,NULL,388,0.00,0.00,0,35,NULL,'2016-09-07','true',NULL,NULL,NULL,'false','7855cebf47b6648ca0f912aa36b832e5',NULL,'Test',0,0,62,'2016-09-06 14:05:12',9,'2016-09-07 09:24:00',62,'2016-09-06 11:04:32'),(389,'webshop','invoice','payed','order','EUR','default',NULL,'delivered',NULL,NULL,NULL,389,431.57,517.89,0,58.3333334,NULL,'2016-10-12','true',NULL,NULL,NULL,'false','a14fefdf68e9dea8a37ab4d6ed80e4dc',NULL,'Folli',1,0,NULL,NULL,9,'2016-10-12 08:45:18',49,'2016-09-08 11:33:52'),(390,'webshop','invoice','payed','offer','EUR','default',NULL,'new',NULL,NULL,NULL,390,0.00,0.00,0,35,NULL,'2016-09-07','true',NULL,NULL,NULL,'false','e7a74203e0316cd23bea6c975e96769a',NULL,'Test',0,0,62,'2016-09-09 08:20:53',1,'2016-09-09 06:20:53',62,'2016-09-06 11:22:49'),(391,'webshop','invoice','payed','offer','EUR','default',NULL,'new',NULL,NULL,NULL,391,502.64,603.17,0,35,NULL,'2016-12-22','true',NULL,NULL,NULL,'false','138f17d015a1c5e90684522c241090d0',NULL,'Yasidi',0,0,997,'2016-09-21 14:46:33',9,'2016-12-22 14:04:53',996,'2016-09-06 12:16:52'),(392,'webshop','invoice','payed','offer','EUR','default',NULL,'new',NULL,NULL,NULL,392,784.56,941.47,0,35,NULL,'2016-09-07','true',NULL,NULL,NULL,'false','e5343731f405c525e86241630b474f9e',NULL,'000',0,0,62,'2016-09-07 15:39:34',1,'2016-09-07 13:39:34',62,'2016-09-06 12:17:11'),(393,'webshop','invoice','payed','offer','EUR','default',NULL,'new',NULL,NULL,NULL,393,0.00,0.00,0,35,NULL,'2016-09-07','true',NULL,NULL,NULL,'false','8b514106fa58d92fc816cec1db3d70e4',NULL,'Test',0,0,62,'2016-09-07 15:39:02',1,'2016-09-07 13:39:02',62,'2016-09-06 12:34:26'),(394,'webshop','invoice','payed','order','EUR','default',NULL,'delivered',NULL,NULL,NULL,394,662.34,794.81,0,58.3333334,NULL,'2016-12-06','true','Druck über ganze Platte ziehen!',NULL,NULL,'false','971b3fa3468a75fe8ec637230b40fbba',NULL,'Kristandl',1,0,NULL,NULL,9,'2016-12-06 14:35:00',57,'2016-11-02 08:29:17'),(395,'webshop','invoice','payed','offer','EUR','default',NULL,'new',NULL,NULL,NULL,395,0.00,0.00,0,35,NULL,'2016-09-07','true',NULL,NULL,NULL,'false','aeee7fd0fc36c040c22e821245153772',NULL,'Test',0,0,62,'2016-09-07 15:38:58',1,'2016-09-07 13:38:58',62,'2016-09-06 14:38:56'),(396,'webshop','invoice','payed','offer','EUR','default',NULL,'new',NULL,NULL,NULL,396,0.00,0.00,0,35,NULL,'2016-09-07','true',NULL,NULL,NULL,'false','68feeb3822bd7f9c755fdbfdc2ceab1e',NULL,'Test',0,0,62,'2016-09-15 13:47:49',1,'2016-09-15 11:47:49',62,'2016-09-06 14:40:12'),(397,'webshop','invoice','payed','offer','EUR','default',NULL,'new',NULL,NULL,NULL,397,0.00,0.00,0,35,NULL,'2016-09-07','true',NULL,NULL,NULL,'false','84668881392794e7fe9795cb39181352',NULL,'Test',0,0,62,'2016-09-07 15:39:00',1,'2016-09-07 13:39:00',62,'2016-09-07 06:39:17'),(398,'webshop','invoice','payed','offer','EUR','default',NULL,'new',NULL,NULL,NULL,398,0.00,0.00,0,35,NULL,'2016-09-07','true',NULL,NULL,NULL,'false','102e0f8fe3c4e6223c8aa73f9fc23e3e',NULL,'Test',0,0,62,'2017-07-12 10:30:41',1,'2017-07-12 08:30:41',62,'2016-09-07 06:47:58'),(399,'webshop','invoice','payed','offer','EUR','default',NULL,'new',NULL,NULL,NULL,399,1567.08,1880.50,0,58.3333334,NULL,'2016-12-22','true',NULL,NULL,NULL,'false','cc5c1e2099a7a1eeec00ec4ce46c16a5',NULL,'Gattermeyer',0,0,888,'2016-09-07 10:06:28',9,'2016-12-22 14:04:53',888,'2016-09-07 08:05:11'),(400,'webshop','invoice','payed','offer','EUR','default',NULL,'new',NULL,NULL,NULL,400,0.00,0.00,0,35,NULL,'2016-09-07','true',NULL,NULL,NULL,'false','980469ed314842b85f911056c440c926',NULL,'Test',0,0,62,'2017-07-12 10:30:45',1,'2017-07-12 08:30:45',62,'2016-09-07 09:22:47'),(401,'webshop','invoice','payed','order','EUR','default',NULL,'delivered',NULL,NULL,NULL,401,1089.71,1307.65,0,58.3333334,NULL,'2016-10-12','true',NULL,NULL,NULL,'false','bc31ae4120f4429fa020ce92ac62cfc5',NULL,'Mühlbauer',0,0,NULL,NULL,9,'2016-10-12 08:41:09',143,'2016-09-08 07:27:25'),(402,'webshop','invoice','payed','offer','EUR','default',NULL,'new',NULL,NULL,NULL,402,0.00,0.00,0,35,NULL,'2016-09-15','true',NULL,NULL,NULL,'false','999fd5cc37b0287453bbddda2298ae04',NULL,'Test',0,0,62,'2016-09-07 14:13:16',9,'2016-09-15 09:57:25',62,'2016-09-07 12:13:13'),(403,'webshop','invoice','payed','offer','EUR','default',NULL,'new',NULL,NULL,NULL,403,341.88,410.26,0,58.33,NULL,'2016-12-22','true','Von Austria Glas erstellt!',NULL,NULL,'false','c7fc471ed0e8e884a8099809d74f8af6',NULL,'Motiv 20108',0,0,109,'2016-09-22 10:32:03',9,'2016-12-22 14:04:52',839,'2016-09-22 08:33:54'),(404,'webshop','invoice','payed','order','EUR','default',NULL,'delivered',NULL,NULL,NULL,404,588.89,706.67,0,58.3333334,NULL,'2016-10-12','true',NULL,NULL,NULL,'false','8ee5898067c115ccbc844d3003c312c1',NULL,'Hinterseer Fred',0,0,NULL,NULL,9,'2016-10-12 08:42:49',655,'2016-09-07 13:54:16'),(405,'webshop','invoice','payed','offer','EUR','default',NULL,'new',NULL,NULL,NULL,405,0.00,0.00,0,35,NULL,'2016-09-14','true',NULL,NULL,NULL,'false','80a6ef8b5cfcb9fe6bc4eac65498ecd3',NULL,'Test',0,0,62,'2016-09-09 08:20:46',9,'2016-09-14 13:17:07',62,'2016-09-08 06:04:03'),(406,'webshop','invoice','payed','offer','EUR','default',NULL,'new',NULL,NULL,NULL,406,0.00,0.00,0,58.3333334,NULL,'2016-12-22','true',NULL,NULL,NULL,'false','59222bde8bf875609eb5fa7ec2dad728',NULL,'wost',0,0,183,'2017-01-12 17:08:20',1,'2017-01-12 16:08:20',177,'2016-09-08 06:06:44'),(407,'webshop','invoice','payed','offer','EUR','default',NULL,'new',NULL,NULL,NULL,407,0.00,0.00,0,58.3333334,NULL,'2016-12-22','true',NULL,NULL,NULL,'false','8ac550286b72982dd7333926f6cc5199',NULL,'Wost',0,0,183,'2017-01-13 18:41:02',1,'2017-01-13 17:41:02',183,'2016-09-08 06:10:34'),(408,'webshop','invoice','payed','offer','EUR','default',NULL,'new',NULL,NULL,NULL,408,2441.88,2930.26,0,35,NULL,'2016-12-22','true',NULL,NULL,NULL,'false','fde905f45274aa3440e2bb214c7fc31a',NULL,'Lamprecht',0,0,1067,'2016-09-15 08:49:20',9,'2016-12-22 14:04:53',1029,'2016-09-08 10:31:49'),(409,'webshop','invoice','payed','order','EUR','default',NULL,'delivered',NULL,NULL,NULL,409,1452.99,1743.58,0,58.3333334,NULL,'2016-10-12','true','Original-Druckdatei lt. Entwurf von Beate verwenden!!!',NULL,NULL,'false','55ca23cc99008994152956300804b93a',NULL,'???',0,0,NULL,NULL,9,'2016-10-12 09:05:10',143,'2016-09-15 07:09:17'),(410,'webshop','invoice','payed','offer','EUR','default',NULL,'new',NULL,NULL,NULL,410,2141.88,2570.26,0,35,NULL,'2016-12-22','true',NULL,NULL,NULL,'false','342c38afd9a027dfaa3e3b2b3e72fccc',NULL,'Pressl',0,0,1029,'2016-11-04 09:27:50',9,'2016-12-22 14:04:53',1029,'2016-09-08 11:56:29'),(411,'webshop','invoice','payed','order','EUR','default',NULL,'delivered',NULL,NULL,NULL,411,1445.66,1734.80,35,35,NULL,'2017-03-27','true','Glasplatten werden abgeholt!\r\nAchtung: Maße genau einhalten da diese verklebt werden!\r\nDie zweite Retouche ohne Verrechnung?',NULL,NULL,'false','bc805e89f1333adfdde945a5b23afd8d',NULL,'Köchl',0,0,NULL,NULL,9,'2017-03-27 11:16:35',1029,'2017-03-13 07:39:14'),(412,'webshop','invoice','payed','offer','EUR','default',NULL,'new',NULL,NULL,NULL,412,0.00,0.00,0,58.3333334,NULL,'2016-12-22','true',NULL,NULL,NULL,'false','a34075ede3bdd3adc2672a235785715c',NULL,'test',0,0,1003,'2016-09-08 16:33:29',9,'2016-12-22 14:04:53',1003,'2016-09-08 14:33:22'),(413,'webshop','invoice','payed','offer','EUR','default',NULL,'new',NULL,NULL,NULL,413,3104.52,3725.42,0,58.3333334,NULL,'2017-05-22','true',NULL,NULL,NULL,'false','f3f302ee07d22d0d5571a148e97d361a',NULL,'Wost neu',0,0,183,'2017-01-20 12:26:54',9,'2017-05-22 14:53:44',183,'2017-01-20 11:27:51'),(414,'webshop','invoice','payed','offer','EUR','default',NULL,'new',NULL,NULL,NULL,414,602.56,723.07,0,58.3333334,NULL,'2016-12-22','true',NULL,NULL,NULL,'false','24438e653ad42146051fa35893cf3524',NULL,'Test',0,0,896,'2016-09-30 10:51:51',9,'2016-12-22 14:04:53',886,'2016-09-09 07:42:53'),(415,'webshop','invoice','payed','offer','EUR','default',NULL,'new',NULL,NULL,NULL,415,0.00,0.00,0,58.3333334,NULL,'2016-12-22','true',NULL,NULL,NULL,'false','f9271fd61db36b04c4e190e914690dcc',NULL,'Schneeberg',0,0,2538,'2019-03-28 16:44:37',1,'2019-03-28 15:44:37',292,'0000-00-00 00:00:00'),(416,'webshop','invoice','payed','offer','EUR','default',NULL,'new',NULL,NULL,NULL,416,0.00,0.00,0,35,NULL,'2016-09-14','true',NULL,NULL,NULL,'false','6d59c18292233e8f36edbd9f2cad5587',NULL,'TEST',0,0,62,'2016-09-15 13:47:44',1,'2016-09-15 11:47:44',62,'2016-09-09 09:32:53'),(417,'webshop','invoice','payed','offer','EUR','default',NULL,'new',NULL,NULL,NULL,417,1888.38,2266.05,0,58.3333334,NULL,'2017-01-25','true',NULL,NULL,NULL,'false','4d3d4a739f281aeea0aaa94760201f88',NULL,'Haas',0,0,732,'2016-11-07 14:27:16',1254,'2017-01-25 13:37:39',732,'2016-11-07 13:26:54'),(418,'webshop','invoice','payed','offer','EUR','default',NULL,'new',NULL,NULL,NULL,418,416.38,499.66,0,58.3333334,NULL,'2016-12-22','true',NULL,NULL,NULL,'false','1b0ba8f0beb7297df3baa88270a3715d',NULL,'Adlgasser',0,0,34,'2016-09-12 08:36:45',9,'2016-12-22 14:04:53',34,'2016-09-12 06:36:28'),(419,'webshop','invoice','payed','order','EUR','default',NULL,'delivered',NULL,NULL,NULL,419,224.01,268.82,0,58.3333334,NULL,'2017-06-08','true','Farbe: QUARZGRAU RAL 7039!!!\r\nLieferung per Post mit 16.05.2017!',NULL,NULL,'false','cc6eefebdebdb68d100ee7aa49f706d4',NULL,'Tschernuth',1,0,NULL,NULL,9,'2017-06-08 08:53:47',1059,'2017-05-04 14:06:32'),(420,'webshop','invoice','payed','offer','EUR','default',NULL,'new',NULL,NULL,NULL,420,0.00,0.00,0,35,NULL,'2016-09-14','true',NULL,NULL,NULL,'false','d795a0093b5b79a5dc3e2167c0b82109',NULL,'Test 005',0,0,62,'2016-09-12 11:11:23',9,'2016-09-14 13:17:07',62,'2016-09-12 09:08:13'),(421,'webshop','invoice','payed','offer','EUR','default',NULL,'new',NULL,NULL,NULL,421,261.60,313.92,0,35,NULL,'2016-09-14','true','TEST',NULL,NULL,'false','6d52554d290e4fc67f7df9752a0b9394',NULL,'Test Alu-Dibond',0,0,62,'2016-09-14 15:03:54',9,'2016-09-14 13:17:07',62,'2016-09-12 09:32:55'),(422,'webshop','invoice','payed','offer','EUR','default',NULL,'new',NULL,NULL,NULL,422,167.10,200.52,0,58.3333334,NULL,'2016-09-14','true',NULL,NULL,NULL,'false','0801ecc94552c8427a85da72c3df2ccc',NULL,'TEST 04.07.2016',0,0,62,'2016-09-16 10:22:42',1,'2016-09-16 08:22:42',62,'2016-09-12 09:36:34'),(423,'webshop','invoice','payed','offer','EUR','default',NULL,'new',NULL,NULL,NULL,423,0.00,0.00,0,58.3333334,NULL,'2016-12-22','true',NULL,NULL,NULL,'false','51532abc7ff8474d4a9ed9b0887ebc2a',NULL,'Legenstein ',0,0,945,'2016-09-15 12:44:07',9,'2016-12-22 14:04:53',42,'2016-09-12 10:40:27'),(424,'webshop','invoice','payed','offer','EUR','default',NULL,'new',NULL,NULL,NULL,424,1314.74,1577.68,0,58.3333334,NULL,'2017-03-10','true',NULL,NULL,NULL,'false','1b0b6d896bf798c252470a8e31ab6a15',NULL,'xxx',0,0,143,'2016-12-16 11:24:58',9,'2017-03-10 15:18:59',143,'2016-12-16 09:48:40'),(425,'webshop','invoice','payed','order','EUR','default',NULL,'delivered',NULL,NULL,NULL,425,108.66,130.39,35,35,NULL,'2016-10-12','true','Eigenbedarf',NULL,NULL,'false','a2b07d0643537c231e9936eac323edde',NULL,'Hansl',1,0,NULL,NULL,9,'2016-10-12 09:01:25',1060,'2016-09-19 08:45:49'),(426,'webshop','invoice','payed','offer','EUR','default',NULL,'new',NULL,NULL,NULL,426,418.00,501.60,0,58.3333334,NULL,'2016-12-22','true',NULL,NULL,NULL,'false','8e3078f88a7873f70294f35eae5a4a68',NULL,'123',0,0,317,'2016-09-12 15:19:04',9,'2016-12-22 14:04:53',317,'2016-09-12 13:14:44'),(427,'webshop','invoice','payed','offer','EUR','default',NULL,'new',NULL,NULL,NULL,427,0.00,0.00,0,58.3333334,NULL,'2016-12-22','true',NULL,NULL,NULL,'false','466df29e8addfb5331bc16038306fa2a',NULL,'1111',0,0,179,'2016-09-12 15:01:05',9,'2016-12-22 14:04:53',179,'2016-09-12 13:00:38'),(428,'webshop','invoice','payed','offer','EUR','default',NULL,'new',NULL,NULL,NULL,428,418.00,501.60,0,58.3333334,NULL,'2016-12-22','true',NULL,NULL,NULL,'false','47f18095cc1a7f48b20cf253314f2c7a',NULL,'12',0,0,179,'2016-09-12 15:13:49',9,'2016-12-22 14:04:53',179,'2016-09-12 13:13:48'),(429,'webshop','invoice','payed','order','EUR','default',NULL,'delivered',NULL,NULL,NULL,429,143.11,171.73,0,35,NULL,'2016-10-12','true',NULL,NULL,NULL,'false','702350453129548678a5710c8ac94ce1',NULL,'Schauraum Küchenstudio Kaindorf',1,0,NULL,NULL,9,'2016-10-12 08:44:21',1042,'2016-09-12 14:28:36'),(430,'webshop','invoice','payed','offer','EUR','default',NULL,'new',NULL,NULL,NULL,430,0.00,0.00,0,58.3333334,NULL,'2016-12-22','true',NULL,NULL,NULL,'false','91bf6f6ddbc8822fcfb4ebe2b8a932b7',NULL,'2',0,0,317,'2016-09-12 15:32:00',9,'2016-12-22 14:04:53',317,'2016-09-12 13:21:48'),(431,'webshop','invoice','payed','order','EUR','default',NULL,'delivered',NULL,NULL,NULL,431,91.71,110.06,35,35,NULL,'2016-10-12','true',NULL,NULL,NULL,'false','70593f368c7f484d4e687ecbff61b19f',NULL,'Martetschläger',1,0,NULL,NULL,9,'2016-10-12 09:02:04',1060,'2016-09-19 08:45:23'),(432,'webshop','invoice','returned','order','EUR','default',NULL,'delivered',NULL,NULL,NULL,432,969.55,1163.46,30,30,'2017-06-27','2017-06-26','true','Lieferung: LKW 05.07.2017',NULL,NULL,'false','6e9feb38713950f5d5ef380c99d85fcf',NULL,'Ausstellung',0,0,NULL,NULL,9,'2017-06-27 06:53:52',1042,'2017-06-26 14:33:21'),(433,'webshop','invoice','payed','order','EUR','default',NULL,'delivered',NULL,NULL,NULL,433,998.93,1198.72,0,58.3333334,NULL,'2016-10-12','true',NULL,NULL,NULL,'false','b369629026dc0fc127fb05504c7f8112',NULL,'Legenstein ',1,0,NULL,NULL,9,'2016-10-12 09:19:58',42,'2016-09-15 10:57:35'),(434,'webshop','invoice','payed','offer','EUR','default',NULL,'new',NULL,NULL,NULL,434,4268.62,5122.34,0,35,NULL,'2016-12-22','true',NULL,NULL,NULL,'false','0f1b9de07e110fe96b452fc3eb489476',NULL,'Anfrage',0,0,1067,'2016-09-20 16:42:55',9,'2016-12-22 14:04:53',1063,'2016-09-13 06:58:38'),(435,'webshop','invoice','payed','offer','EUR','default',NULL,'new',NULL,NULL,NULL,435,755.96,907.15,0,35,NULL,'2016-12-22','true',NULL,NULL,NULL,'false','9facb2f4d79a0239b0d53e0ebd4ccc2f',NULL,'Elmer/Gabauer',0,0,1065,'2016-11-24 13:01:24',9,'2016-12-22 14:04:53',1065,'2016-09-13 07:28:44'),(436,'webshop','invoice','payed','offer','EUR','default',NULL,'new',NULL,NULL,NULL,436,0.00,0.00,0,35,NULL,'2016-12-22','true',NULL,NULL,NULL,'false','76df099958e64a651744d45c10fbd65e',NULL,'Hans und Margit Hönig',0,0,998,'2017-11-22 15:36:06',1,'2017-11-22 14:36:06',998,'2016-09-13 09:08:41'),(437,'webshop','invoice','payed','offer','EUR','default',NULL,'new',NULL,NULL,NULL,437,298.92,358.70,0,58.3333334,NULL,'2016-09-14','true',NULL,NULL,NULL,'false','ada2979f630041fae1eb36acc00ceb3a',NULL,'Test',0,0,62,'2016-09-13 11:17:14',9,'2016-09-14 13:17:07',62,'2016-09-13 09:17:14'),(438,'webshop','invoice','payed','offer','EUR','default',NULL,'new',NULL,NULL,NULL,438,0.00,0.00,0,58.3333334,NULL,'2016-12-22','true',NULL,NULL,NULL,'false','824a178012804cbad54b95fa8a9ecf65',NULL,'Test',0,0,819,'2016-09-13 11:19:53',9,'2016-12-22 14:04:53',819,'2016-09-13 09:19:44'),(439,'webshop','invoice','payed','order','EUR','default',NULL,'delivered',NULL,NULL,NULL,439,507.52,609.02,35,35,NULL,'2016-11-11','true','Glasfarbe RAL 9017 (Schwarz)!!!',NULL,NULL,'false','a2311483da3f46a3864317b1455b6beb',NULL,'Kronabitter',1,0,NULL,NULL,9,'2016-11-11 14:43:01',1044,'2016-09-15 16:17:43'),(440,'webshop','invoice','payed','offer','EUR','default',NULL,'new',NULL,NULL,NULL,440,847.64,1017.16,0,58.3333334,NULL,'2016-12-22','true',NULL,NULL,NULL,'false','8c3cae295a9a68c26f27e90d7c0ab828',NULL,'Kom. Reindl',0,0,886,'2016-09-19 14:45:59',9,'2016-12-22 14:04:52',1032,'2016-09-19 12:50:31'),(441,'webshop','invoice','payed','offer','EUR','default',NULL,'new',NULL,NULL,NULL,441,423.75,508.50,0,58.3333334,NULL,'2016-09-14','true',NULL,NULL,NULL,'false','b1fc10360bc5b57a2c204629c6417793',NULL,'Test Alu Dibond',0,0,62,'2016-11-10 16:31:49',1,'2016-11-10 15:31:49',62,'2016-09-14 13:06:56'),(442,'webshop','invoice','payed','offer','EUR','default',NULL,'new',NULL,NULL,NULL,442,0.00,0.00,35,35,NULL,'2016-12-22','true',NULL,NULL,NULL,'false','73ac083691e669770f0371095fa61fc9',NULL,'Just',0,0,1067,'2016-09-15 08:46:40',9,'2016-12-22 14:04:53',1072,'2016-09-14 13:12:31'),(443,'webshop','invoice','payed','offer','EUR','default',NULL,'new',NULL,NULL,NULL,443,0.00,0.00,35,35,NULL,'2016-12-22','true',NULL,NULL,NULL,'false','8b2815b9a55ba6ae5b41283a852e8794',NULL,'l',0,0,1067,'2016-10-11 15:17:13',9,'2016-12-22 14:04:53',1072,'2016-09-14 13:16:51'),(444,'webshop','invoice','returned','order','EUR','default',NULL,'delivered',NULL,NULL,NULL,444,637.56,765.07,35,35,'2016-09-20','2016-09-16','true',NULL,NULL,NULL,'false','f683ccc31893a8929ac3db35871db2a1',NULL,'Ausstellung Rosental',0,0,NULL,NULL,9,'2016-09-20 08:34:12',1074,'2016-09-16 13:11:40'),(445,'webshop','invoice','payed','offer','EUR','default',NULL,'new',NULL,NULL,NULL,445,0.00,0.00,0,58.3333334,NULL,'2016-09-15','true',NULL,NULL,NULL,'false','48e0f8f8ba75770e609bc3478e5ddc98',NULL,'Einschulung',0,0,62,'2016-09-15 13:08:01',1,'2016-09-15 11:08:01',62,'2016-09-14 13:26:38'),(446,'webshop','invoice','returned','order','EUR','default',NULL,'delivered',NULL,NULL,NULL,446,284.00,340.81,35,35,'2016-09-16','2016-09-16','true',NULL,NULL,NULL,'false','66992dcfe718dbc05be69fae26ea2ed3',NULL,'Ausstellung Rosental',1,0,NULL,NULL,9,'2016-09-16 13:20:42',1074,'2016-09-16 13:11:27'),(447,'webshop','invoice','returned','order','EUR','default',NULL,'delivered',NULL,NULL,NULL,447,637.56,765.07,35,35,'2016-09-20','2016-09-16','true',NULL,NULL,NULL,'false','0d45bf1a5e2c7d7918995aefc4c8131a',NULL,'Ausstellung Rosental',0,0,NULL,NULL,9,'2016-09-20 08:34:20',1074,'2016-09-16 13:11:49'),(448,'webshop','invoice','payed','offer','EUR','default',NULL,'new',NULL,NULL,NULL,448,0.00,0.00,35,35,NULL,'2016-12-22','true',NULL,NULL,NULL,'false','b64a41c90f35e1683c847cf8668bc7bd',NULL,'martetschläger',0,0,1059,'2017-12-13 08:51:39',1,'2017-12-13 07:51:39',1060,'2016-09-15 07:00:56'),(449,'webshop','invoice','payed','order','EUR','default',NULL,'delivered',NULL,NULL,NULL,449,1035.66,1242.78,0,58.3333334,NULL,'2016-12-06','true',NULL,NULL,NULL,'false','83dbb0d4c3e807b76a091da4aff3b246',NULL,'Kausl Josef',0,0,NULL,NULL,9,'2016-12-06 14:31:45',143,'2016-10-28 08:21:22'),(450,'webshop','invoice','payed','offer','EUR','default',NULL,'new',NULL,NULL,NULL,450,668.16,801.80,0,58.3333334,NULL,'2016-12-22','true',NULL,NULL,NULL,'false','0158582ccbabfc065469a9ea820d6563',NULL,'Breinesberger',0,0,973,'2016-09-15 10:09:04',9,'2016-12-22 14:04:53',973,'2016-09-15 08:08:14'),(451,'webshop','invoice','payed','order','EUR','default',NULL,'delivered',NULL,NULL,NULL,451,1901.04,2281.25,0,58.3333334,NULL,'2016-12-06','true','Den viereckigen Ausschnitt von Teil 1 bitte dennoch mitdrucken und mitgeben! Wird im Anschluss wieder eingesetzt (inkl. der Halb-Bohrung mittig links mit 10 mm Durchmesser)!!!',NULL,NULL,'false','805027090541b010c975eace82852bd5',NULL,'EMS Wood',1,0,NULL,NULL,9,'2016-12-06 14:33:35',795,'2016-11-09 14:05:16'),(452,'webshop','invoice','payed','offer','EUR','default',NULL,'new',NULL,NULL,NULL,452,0.00,0.00,35,35,NULL,'2016-12-22','true',NULL,NULL,NULL,'false','3a70db23877eac7f2d5d991ac7404aff',NULL,'muster',0,0,1002,'2016-09-25 19:25:12',9,'2016-12-22 14:04:53',1002,'2016-09-15 09:24:24'),(453,'webshop','invoice','payed','offer','EUR','default',NULL,'new',NULL,NULL,NULL,453,371.54,445.85,35,35,NULL,'2016-12-22','true',NULL,NULL,NULL,'false','57b678524ff266ab9d09a9a4b29aa10b',NULL,'Ausstellung',0,0,NULL,NULL,9,'2016-12-22 14:04:52',1082,'2016-09-16 07:14:02'),(454,'webshop','invoice','payed','offer','EUR','default',NULL,'new',NULL,NULL,NULL,454,0.00,0.00,0,58.3333334,NULL,'2016-12-22','true',NULL,NULL,NULL,'false','44f834f61ccdbcfc34a8c1cd4b6e8fc1',NULL,'000',0,0,62,'2016-09-22 15:48:02',9,'2016-12-22 14:04:53',62,'2016-09-15 12:14:14'),(455,'webshop','invoice','payed','offer','EUR','default',NULL,'new',NULL,NULL,NULL,455,320.38,384.45,35,35,NULL,'2016-12-22','true',NULL,NULL,NULL,'false','0d7805bf7eb7c9e918808fe741c0729b',NULL,'Angela Langthaler',0,0,1086,'2017-02-09 12:12:08',1,'2017-02-09 11:12:08',1086,'2016-09-15 13:07:40'),(456,'webshop','invoice','payed','offer','EUR','default',NULL,'new',NULL,NULL,NULL,456,0.00,0.00,35,35,NULL,'2016-12-22','true',NULL,NULL,NULL,'false','4fbacb1a4caae32cbc44570d09a99845',NULL,'test',0,0,1086,'2016-11-15 10:40:25',9,'2016-12-22 14:04:52',1086,'2016-09-15 13:46:56'),(457,'webshop','invoice','payed','offer','EUR','default',NULL,'new',NULL,NULL,NULL,457,0.00,0.00,35,35,NULL,'2016-12-22','true',NULL,NULL,NULL,'false','5a51fd5b584ea7c8fc1057b2e230f739',NULL,'test',0,0,1086,'2016-11-15 10:40:17',9,'2016-12-22 14:04:52',1086,'2016-09-15 14:01:17'),(458,'webshop','invoice','payed','offer','EUR','default',NULL,'new',NULL,NULL,NULL,458,599.00,718.80,0,58.3333334,NULL,'2016-12-22','true',NULL,NULL,NULL,'false','a3813f24c7ceed90e908f6d3c50f4bda',NULL,'Köller Einrichtungen',0,0,143,'2016-09-16 07:33:08',9,'2016-12-22 14:04:52',143,'2016-09-16 05:33:05'),(459,'webshop','invoice','payed','offer','EUR','default',NULL,'new',NULL,NULL,NULL,459,0.00,0.00,0,58.3333334,NULL,'2016-12-22','true',NULL,NULL,NULL,'false','58c090ca77036ffafdaa380e2887cdc2',NULL,'orfra',0,0,887,'2016-09-28 13:02:22',9,'2016-12-22 14:04:52',888,'2016-09-15 18:45:45'),(460,'webshop','invoice','payed','offer','EUR','default',NULL,'new',NULL,NULL,NULL,460,0.00,0.00,0,58.3333334,NULL,'2016-12-22','true','Forschung TQ',NULL,NULL,'false','147e4478af8d675b74c07cb48f81b775',NULL,'voestalpine',0,0,879,'2016-09-16 07:19:34',9,'2016-12-22 14:04:52',879,'2016-09-16 05:19:28'),(461,'webshop','invoice','payed','order','EUR','default',NULL,'delivered',NULL,NULL,NULL,461,546.35,655.61,35,35,NULL,'2016-11-11','true',NULL,NULL,NULL,'false','974440bde1e25e0733c54002ed003ef0',NULL,'Rosental',0,0,NULL,NULL,9,'2016-11-11 14:51:54',1074,'2016-09-19 10:48:33'),(462,'webshop','invoice','payed','offer','EUR','default',NULL,'new',NULL,NULL,NULL,462,0.00,0.00,35,35,NULL,'2016-12-22','true',NULL,NULL,NULL,'false','0ed241c0cc89a19e94d06dcc59ef52c0',NULL,'Karlseder',0,0,1059,'2017-12-13 08:51:37',1,'2017-12-13 07:51:37',1060,'2016-09-18 10:38:28'),(463,'webshop','invoice','payed','offer','EUR','default',NULL,'new',NULL,NULL,NULL,463,0.00,0.00,0,58.3333334,NULL,'2016-12-22','true',NULL,NULL,NULL,'false','1cc0c37d94c5bfb0d16c20f706f87e56',NULL,'Brandl',0,0,970,'2016-09-19 12:47:08',9,'2016-12-22 14:04:52',970,'2016-09-19 10:47:00'),(464,'webshop','invoice','payed','order','EUR','default',NULL,'delivered',NULL,NULL,NULL,464,641.04,769.25,35,35,NULL,'2016-11-11','true',NULL,NULL,NULL,'false','57f2c25fbdfdf31d630a41589e218618',NULL,'Ausstellung Rosental',0,0,NULL,NULL,9,'2016-11-11 14:44:42',1074,'2016-09-20 09:02:53'),(465,'webshop','invoice','payed','offer','EUR','default',NULL,'new',NULL,NULL,NULL,465,179.18,215.02,0,58.3333334,NULL,'2016-12-22','true',NULL,NULL,NULL,'false','bac726a69ac199015a14001f27126f59',NULL,'Karin ',0,0,817,'2016-11-10 10:31:22',9,'0000-00-00 00:00:00',817,'0000-00-00 00:00:00'),(466,'webshop','invoice','payed','offer','EUR','default',NULL,'new',NULL,NULL,NULL,466,369.54,443.45,35,35,NULL,'2016-12-22','true',NULL,NULL,NULL,'false','e9a8dfc344eda391a87862e30dc99332',NULL,'Ausstellung',0,0,1082,'2017-05-31 14:39:18',1,'2017-05-31 12:39:18',1082,'2016-09-20 12:05:13'),(467,'webshop','invoice','payed','order','EUR','default',NULL,'delivered',NULL,NULL,NULL,467,1275.12,1530.14,35,35,NULL,'2016-11-11','true',NULL,NULL,NULL,'false','cf5473bb8adf8735928378826d5da161',NULL,'Ausstellung Rosental',0,0,NULL,NULL,9,'2016-11-11 14:46:16',1074,'2016-09-20 12:30:53'),(468,'webshop','invoice','payed','offer','EUR','default',NULL,'new',NULL,NULL,NULL,468,1032.67,1239.21,0,58.3333334,NULL,'2016-12-22','true',NULL,NULL,NULL,'false','40783ec2381405bc1331a4c53535aa3d',NULL,'Neubauer im Haus',0,0,120,'2017-02-02 15:32:56',1,'2017-02-02 14:32:56',37,'2016-09-21 05:20:07'),(469,'webshop','invoice','payed','offer','EUR','default',NULL,'new',NULL,NULL,NULL,469,0.00,0.00,35,35,NULL,'2016-12-22','true',NULL,NULL,NULL,'false','64cc01ef72da08797fe5f38c55af063a',NULL,'TEST',0,0,NULL,NULL,9,'2016-12-22 14:04:52',986,'2016-09-21 09:06:17'),(470,'webshop','invoice','payed','order','EUR','default',NULL,'delivered',NULL,NULL,NULL,470,222.78,267.34,35,35,NULL,'2016-12-06','true','Alu-Dibond! Lieferung in KW 46 inkl. der Glas-Rückwand 000472!',NULL,NULL,'false','3c6bb908046e9a3cf2407f94711b1763',NULL,'Löffler Ivo',0,0,NULL,NULL,9,'2016-12-06 14:24:46',986,'2016-11-10 15:10:24'),(471,'webshop','invoice','payed','offer','EUR','default',NULL,'new',NULL,NULL,NULL,471,0.00,0.00,35,35,NULL,'2016-12-22','true',NULL,NULL,NULL,'false','2d7f9de177c5cca14f65d5e1e9ef585e',NULL,'AAAAAA',0,0,986,'2017-01-16 20:19:57',1,'2017-01-16 19:19:57',986,'2016-09-21 09:10:29'),(472,'webshop','invoice','payed','order','EUR','default',NULL,'delivered',NULL,NULL,NULL,472,574.39,689.26,35,35,NULL,'2016-12-06','true','Bitte Fixlieferung in KW 45 - 2016 - DANKE',NULL,NULL,'false','1f1ae1ede515e08953dd99c5c806ba22','KOM.LÖFFLER IVO','New York Skyline',1,0,NULL,NULL,9,'2016-12-06 14:02:15',1067,'2016-10-07 15:46:42'),(473,'webshop','invoice','payed','offer','EUR','default',NULL,'new',NULL,NULL,NULL,473,372.00,446.40,0,58.3333334,NULL,'2016-09-21','true',NULL,NULL,NULL,'false','e28ce516354d07988dd575e139bbd181',NULL,'TEST',0,0,62,'2016-09-28 08:56:47',1,'2016-09-28 06:56:47',62,'2016-09-22 06:47:39'),(474,'webshop','invoice','payed','offer','EUR','default',NULL,'new',NULL,NULL,NULL,474,0.00,0.00,35,35,NULL,'2016-12-22','true',NULL,NULL,NULL,'false','ae7f54f8e9797ed4ab64b8b3855eee71',NULL,'Test',0,0,1086,'2016-11-15 10:40:21',9,'2016-12-22 14:04:52',1067,'2016-09-21 12:02:28'),(475,'webshop','invoice','payed','order','EUR','default',NULL,'delivered',NULL,NULL,NULL,475,184.42,221.30,35,35,NULL,'2016-11-11','true',NULL,NULL,NULL,'false','abd4ae12e4b75782746b1f5325aadba0',NULL,'Sonnleitner',0,0,NULL,NULL,9,'2016-11-11 14:47:45',999,'2016-09-22 07:26:21'),(476,'webshop','invoice','payed','offer','EUR','default',NULL,'new',NULL,NULL,NULL,476,0.00,0.00,0,58.3333334,NULL,'2016-09-21','true',NULL,NULL,NULL,'false','009c22b502aab004cbe8bbeb527fd16c',NULL,'test',0,0,29,'2016-11-14 08:44:38',1,'2016-11-14 07:44:38',29,'2016-09-21 12:52:16'),(477,'webshop','invoice','payed','order','EUR','default',NULL,'delivered',NULL,NULL,NULL,477,250.93,301.12,0,58.33,NULL,'2017-07-05','true',NULL,NULL,NULL,'false','5a20d9bab01934a4306d15e9bd1edaf9','22092016','Stroj',0,0,NULL,NULL,9,'2017-07-05 09:04:50',839,'2017-05-12 07:04:18'),(478,'webshop','invoice','payed','offer','EUR','default',NULL,'new',NULL,NULL,NULL,478,0.00,0.00,35,35,NULL,'2016-12-22','true',NULL,NULL,NULL,'false','0fc033a0ed70ee93a58dd9369e289111',NULL,'Test',0,0,1086,'2017-07-02 21:01:29',1,'2017-07-02 19:01:29',1067,'2016-09-22 07:03:42'),(479,'webshop','invoice','payed','order','EUR','default',NULL,'delivered',NULL,NULL,NULL,479,195.81,234.97,35,35,NULL,'2016-11-11','true',NULL,NULL,NULL,'false','320ac2395321ba6640b1eaa2757d196e',NULL,'Darmann',0,0,NULL,NULL,9,'2016-11-11 14:54:52',1101,'2016-09-29 13:48:40'),(480,'webshop','invoice','payed','offer','EUR','default',NULL,'new',NULL,NULL,NULL,480,0.00,0.00,0,58.3333334,NULL,'2016-12-22','true',NULL,NULL,NULL,'false','4a43c3a296f4acb0a806159f1c44f6ce',NULL,'Test',0,0,966,'2016-09-22 10:36:30',9,'2016-12-22 14:04:52',966,'2016-09-22 08:23:03'),(481,'webshop','invoice','payed','offer','EUR','default',NULL,'new',NULL,NULL,NULL,481,0.00,0.00,35,35,NULL,'2016-12-22','true','Zur Übung 1',NULL,NULL,'false','8b3f2c5e3d1f7ca8ac0a74a722e75a2b','PROBE 1','PROBE 1',0,0,1067,'2016-09-28 15:50:26',9,'2016-12-22 14:04:52',1093,'2016-09-22 11:58:27'),(482,'webshop','invoice','payed','offer','EUR','default',NULL,'new',NULL,NULL,NULL,482,0.00,0.00,35,35,NULL,'2016-12-22','true',NULL,NULL,NULL,'false','5347b15d2353c468b95572d7e653cb79',NULL,'Test',0,0,1074,'2017-11-07 15:59:59',1,'2017-11-07 14:59:59',1074,'2016-09-22 13:23:32'),(483,'webshop','invoice','payed','offer','EUR','default',NULL,'new',NULL,NULL,NULL,483,0.00,0.00,0,58.3333334,NULL,'2016-12-22','true',NULL,NULL,NULL,'false','af77a532c2063d5213ec48016e701585',NULL,'Test1',0,0,963,'2016-09-22 16:16:41',9,'2016-12-22 14:04:52',963,'2016-09-22 14:16:34'),(484,'webshop','invoice','payed','offer','EUR','default',NULL,'new',NULL,NULL,NULL,484,0.00,0.00,0,58.3333334,NULL,'2016-12-22','true',NULL,NULL,NULL,'false','8eeef3ada32fd6fac1726215026860ea',NULL,'Breitwieser',0,0,888,'2016-10-03 18:15:36',9,'2016-12-22 14:04:52',1012,'2016-09-22 14:33:31'),(485,'webshop','invoice','payed','order','EUR','default',NULL,'delivered',NULL,NULL,NULL,485,505.14,606.17,35,35,NULL,'2016-12-21','true',NULL,NULL,NULL,'false','266b70d7e7f52dd31ec7d005f5bc5087','110079/1','Riener Barbara',0,0,NULL,NULL,9,'2016-12-21 15:32:07',1067,'2016-11-23 15:01:41'),(486,'webshop','invoice','payed','offer','EUR','default',NULL,'new',NULL,NULL,NULL,486,0.00,0.00,35,35,NULL,'2016-12-22','true',NULL,NULL,NULL,'false','d94622333f034aad95c8bf08e8c80f2f',NULL,'test',0,0,1067,'2016-09-27 09:37:17',9,'2016-12-22 14:04:52',1002,'2016-09-25 17:21:18'),(487,'webshop','invoice','payed','offer','EUR','default',NULL,'new',NULL,NULL,NULL,487,1150.30,1380.36,0,58.3333334,NULL,'2016-12-22','true',NULL,NULL,NULL,'false','1317e345baefb278e0cdabcd96ebbe21',NULL,'Candido/Sonderform',0,0,654,'2016-09-26 10:39:56',9,'2016-12-22 14:04:52',654,'2016-09-26 08:00:08'),(488,'webshop','invoice','payed','offer','EUR','default',NULL,'new',NULL,NULL,NULL,488,0.00,0.00,0,58.33,NULL,'2016-12-22','true',NULL,NULL,NULL,'false','2c4820cf32e3254ab0dd6a0d4b6d02a3',NULL,'Sandro',0,0,839,'2016-11-21 13:34:51',9,'2016-12-22 14:04:52',949,'2016-09-26 08:07:53'),(489,'webshop','invoice','payed','offer','EUR','default',NULL,'new',NULL,NULL,NULL,489,359.07,430.88,35,35,NULL,'2017-01-13','true','Druck lt. Muster (Weiß)!',NULL,NULL,'false','fcbcb58fea4fdc7966aa6d19a1514d22','1','Glasrückwand Suppan',0,0,1108,'2018-09-17 13:01:22',1,'0000-00-00 00:00:00',1108,'0000-00-00 00:00:00'),(490,'webshop','invoice','payed','offer','EUR','default',NULL,'new',NULL,NULL,NULL,490,598.66,718.39,35,35,NULL,'2016-12-22','true',NULL,NULL,NULL,'false','aec0a46f018439173fc6d0f8ccf9315b',NULL,'Beganovic',0,0,1067,'2016-09-28 15:54:06',9,'2016-12-22 14:04:52',1110,'2016-09-26 11:07:20'),(491,'webshop','invoice','payed','order','EUR','default',NULL,'delivered',NULL,NULL,NULL,491,189.80,227.75,35,35,NULL,'2016-11-11','true',NULL,NULL,NULL,'false','a378d6f2a05264f175f9e22303898eb8',NULL,'Eigenbedarf Schauraum',1,0,NULL,NULL,9,'2016-11-11 15:13:32',1112,'2016-10-12 10:07:32'),(492,'webshop','invoice','payed','offer','EUR','default',NULL,'new',NULL,NULL,NULL,492,0.00,0.00,0,58.3333334,NULL,'2016-09-26','true','2 Küchenrückwände',NULL,NULL,'false','e702e57a5c5e1f9c567c49aa238c58d9',NULL,'Hager',0,0,671,'2016-10-06 13:31:57',1,'0000-00-00 00:00:00',671,'0000-00-00 00:00:00'),(493,'webshop','invoice','payed','order','EUR','default',NULL,'delivered',NULL,NULL,NULL,493,944.14,1132.97,0,58.3333334,NULL,'2016-11-11','true',NULL,NULL,NULL,'false','5ef390c29c9aee3bdb0a7946beb6faa3',NULL,'Hager',1,0,NULL,NULL,9,'2016-11-11 14:53:40',654,'2016-09-28 09:29:40'),(494,'webshop','invoice','payed','order','EUR','default',NULL,'delivered',NULL,NULL,NULL,494,1211.23,1453.48,0,58.3333334,NULL,'2016-12-06','true',NULL,NULL,NULL,'false','f207e36a5329a099d58f4fab396e32d5',NULL,'Moser 2016432',1,0,NULL,NULL,9,'2016-12-06 13:43:55',653,'2016-09-30 07:08:09'),(495,'webshop','invoice','payed','offer','EUR','default',NULL,'new',NULL,NULL,NULL,495,340.61,408.73,35,35,NULL,'2016-12-22','true','Druck lt. Muster \r\n(Matt/Satinato RAL 7048 Perlmausgrau)',NULL,NULL,'false','1ccbdda23ba2bbc67ab68f1d252ef9df',NULL,'Grünfelder',0,0,1067,'2016-10-11 15:17:01',9,'2016-12-22 14:04:52',1084,'2016-09-27 07:03:49'),(496,'webshop','invoice','payed','offer','EUR','default',NULL,'new',NULL,NULL,NULL,496,300.96,361.15,0,58.3333334,NULL,'2016-12-22','true',NULL,NULL,NULL,'false','88728ecd0218d368e9a0e1c83a68e6b7',NULL,'Murrer',0,0,42,'2018-06-08 08:08:07',1,'2018-06-08 06:08:07',33,'2016-09-27 08:24:21'),(497,'webshop','invoice','payed','order','EUR','default',NULL,'delivered',NULL,NULL,NULL,497,721.04,865.25,0,58.3333334,NULL,'2016-11-11','true','Wegen Lieferkosten:\r\nLiefern mit Komm. Hagen zusammen und nur einmal Versandkosten verrechnen!!!\r\nAnsicht bei Skizze von vorne!!',NULL,NULL,'false','f499e24dce073026ecd669622ce24dc8',NULL,'Spahic',1,0,NULL,NULL,9,'2016-11-11 14:53:26',671,'2016-09-28 09:28:30'),(498,'webshop','invoice','payed','offer','EUR','default',NULL,'new',NULL,NULL,NULL,498,0.00,0.00,0,58.3333334,NULL,'2016-12-22','true',NULL,NULL,NULL,'false','238770f69d48dac3bb03cc43f1320ac9',NULL,'Hofer',0,0,898,'2016-10-06 07:59:30',9,'2016-12-22 14:04:52',906,'2016-09-27 12:13:18'),(499,'webshop','invoice','payed','order','EUR','default',NULL,'delivered',NULL,NULL,NULL,499,418.84,502.61,0,58.3333334,NULL,'2016-12-06','true','Küche',NULL,NULL,'false','800e4647a53d7f5646f0a19af5166d9e',NULL,'Höllwerth ',1,0,NULL,NULL,9,'2016-12-06 13:52:00',953,'2016-10-13 11:35:33'),(500,'webshop','invoice','payed','offer','EUR','default',NULL,'new',NULL,NULL,NULL,500,0.00,0.00,0,58.3333334,NULL,'2016-12-22','true',NULL,NULL,NULL,'false','1a1eb1d50f1ec0dea10a9cda7cfd1799',NULL,'Test',0,0,62,'2016-09-29 10:58:03',9,'2016-12-22 14:04:52',62,'2016-09-28 06:57:34'),(501,'webshop','invoice','payed','order','EUR','default',NULL,'delivered',NULL,NULL,NULL,501,2639.85,3167.83,25,50,NULL,'2017-11-15','true','Liefertermin: 14.06.2017 JAF Graz!\r\nACHTUNG: Motiv mit transparenten Löchern! Druckdatei von Beate!!!',NULL,NULL,'false','d0e7f47754fa717a4aa37f5dae4cdebd',NULL,'Eigenbedarf: Schauraum',0,0,NULL,NULL,9,'2017-11-15 09:50:12',143,'2017-06-08 07:12:58'),(502,'webshop','invoice','payed','order','EUR','default',NULL,'delivered',NULL,NULL,NULL,502,218.39,262.07,0,58.3333334,NULL,'2016-11-11','true',NULL,NULL,NULL,'false','e2d47b424e6e5e4ca7b36ef078ec6895',NULL,'Haas',0,0,NULL,NULL,9,'2016-11-11 15:16:39',732,'2016-09-29 13:24:20'),(503,'webshop','invoice','payed','offer','EUR','default',NULL,'new',NULL,NULL,NULL,503,30.27,36.32,0,58.3333334,NULL,'2016-12-22','true',NULL,NULL,NULL,'false','1f835d7d7b526397cf74014c3b4c2948',NULL,'Kührer',0,0,143,'2016-11-07 08:47:28',9,'2016-12-22 14:04:52',141,'2016-09-29 06:01:33'),(504,'webshop','invoice','payed','offer','EUR','default',NULL,'new',NULL,NULL,NULL,504,1567.16,1880.59,0,58.33,NULL,'2016-12-22','true','Angebot Mitarbeiter Sigrid Steiner',NULL,NULL,'false','69b1e9152e7a57620b23a03f50d65f90','290916','Sigrid Steiner',0,0,839,'2017-01-15 19:06:47',1,'2017-01-15 18:06:47',839,'2016-09-29 08:52:44'),(505,'webshop','invoice','payed','offer','EUR','default',NULL,'new',NULL,NULL,NULL,505,1330.75,1596.90,0,58.3333334,NULL,'2016-12-22','true','Exakte Skizze bei Bestellung notwendig!',NULL,NULL,'false','4391b45fbbd5aae424743175c5a35d5d',NULL,'Angebot Motiv Art. Nr. 40107',0,0,120,'2016-10-10 15:39:46',9,'2016-12-22 14:04:52',120,'2016-09-29 07:55:51'),(506,'webshop','invoice','payed','order','EUR','default',NULL,'delivered',NULL,NULL,NULL,506,1129.33,1355.20,0,58.3333334,NULL,'2016-11-11','true',NULL,NULL,NULL,'false','b106d3cf2c8725d73af705345f671632',NULL,'Pastoinegg',1,0,NULL,NULL,9,'2016-11-11 14:59:56',817,'2016-09-29 09:06:07'),(507,'webshop','invoice','payed','order','EUR','default',NULL,'delivered',NULL,NULL,NULL,507,192.04,230.45,35,35,NULL,'2017-03-30','true','Wird hinterleuchtet! \r\nDruck wie bei einem Leuchtbild! \r\nLD: 13.03.2017 per Post!',NULL,NULL,'false','dec78fa01e8549231ace87108cf3a63b',NULL,'Krapinger',0,0,NULL,NULL,9,'2017-03-30 14:52:37',1112,'2017-03-06 15:02:09'),(508,'webshop','invoice','payed','offer','EUR','default',NULL,'new',NULL,NULL,NULL,508,2306.19,2767.43,0,58.3333334,NULL,'2017-01-13','true',NULL,NULL,NULL,'false','7e2dc5f5fac5db2f3eff419b39a83f03',NULL,'Raphi Privat',0,0,62,'2016-10-24 13:12:03',1254,'2017-01-13 12:24:19',62,'2016-10-20 14:00:00'),(509,'webshop','invoice','payed','offer','EUR','default',NULL,'new',NULL,NULL,NULL,509,0.00,0.00,0,58.33,NULL,'2016-12-22','true',NULL,NULL,NULL,'false','f81964e338215d0f6681cafd8dd1f360',NULL,'Ganzglastüren 30003',0,0,839,'2017-01-15 19:06:41',1,'2017-01-15 18:06:41',839,'2016-09-29 13:23:58'),(510,'webshop','invoice','payed','order','EUR','default',NULL,'delivered',NULL,NULL,NULL,510,368.79,442.54,0,58.3333334,NULL,'2016-11-11','true',NULL,NULL,NULL,'false','cb3b8666baf0cd46e8351b64781c96ac',NULL,'Hauner Martin',0,0,NULL,NULL,9,'2016-11-11 14:58:30',143,'2016-09-29 14:03:45'),(511,'webshop','invoice','payed','order','EUR','default',NULL,'delivered',NULL,NULL,NULL,511,2387.82,2865.36,0,58.33,NULL,'2017-06-23','true',NULL,NULL,NULL,'false','b85ac453d07436f2a6ac22d4b4898771',NULL,'Schiffer Hans',0,0,NULL,NULL,9,'2017-06-23 09:18:40',839,'2016-10-04 09:28:39'),(512,'webshop','invoice','payed','offer','EUR','default',NULL,'new',NULL,NULL,NULL,512,0.00,0.00,35,35,NULL,'2016-12-22','true',NULL,NULL,NULL,'false','e6ecc94e8a2e873298e1648220a08da9',NULL,'kugler',0,0,1114,'2016-10-17 14:57:17',9,'2016-12-22 14:05:34',1115,'2016-10-03 07:19:08'),(513,'webshop','invoice','payed','offer','EUR','default',NULL,'new',NULL,NULL,NULL,513,0.00,0.00,0,58.3333334,NULL,'2017-01-13','true',NULL,NULL,NULL,'false','b00bf2fce22fb6e0f85b84b8d076cbe8',NULL,'SCHMIDT GERALD',0,0,887,'2016-12-12 11:32:41',1254,'2017-01-13 12:24:20',887,'2016-10-03 07:53:01'),(514,'webshop','invoice','payed','offer','EUR','default',NULL,'new',NULL,NULL,NULL,514,0.00,0.00,35,35,NULL,'2017-01-13','true',NULL,NULL,NULL,'false','310e45cd0b4cee5493774e264a8ecdda',NULL,'PROBE 2',0,0,1067,'2016-10-11 15:16:54',1254,'2017-01-13 12:24:20',1093,'2016-10-03 08:13:31'),(515,'webshop','invoice','payed','offer','EUR','default',NULL,'new',NULL,NULL,NULL,515,0.00,0.00,35,35,NULL,'2017-01-13','true',NULL,NULL,NULL,'false','3b45d7d84a605769db468f5e36895df3',NULL,'test 3',0,0,1067,'2016-10-11 15:16:50',1254,'2017-01-13 12:24:20',1093,'2016-10-03 08:22:56'),(516,'webshop','invoice','payed','order','EUR','default',NULL,'delivered',NULL,NULL,NULL,516,425.47,510.56,0,58.3333334,NULL,'2016-12-06','true','Küchenrückwand Var.2',NULL,NULL,'false','54552e72d492ac394ab011a375d4a337',NULL,'Brockhaus',1,0,767,'2016-10-17 07:31:05',9,'2016-12-06 14:01:04',727,'2016-10-17 05:29:42'),(517,'webshop','invoice','payed','offer','EUR','default',NULL,'new',NULL,NULL,NULL,517,418.00,501.60,0,58.3333334,NULL,'2017-01-13','true',NULL,NULL,NULL,'false','5d97fdfb4187afb73102d402328f5a4a',NULL,'Test',0,0,904,'2016-10-05 09:41:54',1254,'2017-01-13 12:24:20',888,'2016-10-05 07:38:34'),(518,'webshop','invoice','payed','order','EUR','default',NULL,'delivered',NULL,NULL,NULL,518,800.82,960.98,35,35,NULL,'2016-12-06','true',NULL,NULL,NULL,'false','079ec88c2fa033e3ca84a14b7791b639',NULL,'BV Otrosser',0,0,NULL,NULL,9,'2016-12-06 14:25:36',1067,'2016-11-10 10:14:10'),(519,'webshop','invoice','payed','offer','EUR','default',NULL,'new',NULL,NULL,NULL,519,0.00,0.00,0,58.3333334,NULL,'2017-01-13','true',NULL,NULL,NULL,'false','b7ae233a0d151c2a8e71d9f486520885',NULL,'Glas küche',0,0,1116,'2016-10-03 16:25:49',1254,'2017-01-13 12:24:20',1116,'2016-10-03 14:19:43'),(520,'webshop','invoice','payed','offer','EUR','default',NULL,'new',NULL,NULL,NULL,520,0.00,0.00,35,35,NULL,'2017-01-13','true',NULL,NULL,NULL,'false','b476ad8e95c2a04681e0b2dc9495bbec',NULL,'Krappinger',0,0,1112,'2017-03-06 17:25:13',1,'2017-03-06 16:25:13',1112,'2016-10-04 10:16:23'),(521,'webshop','invoice','payed','offer','EUR','default',NULL,'new',NULL,NULL,NULL,521,725.40,870.48,0,58.33,NULL,'2017-01-13','true','Angebot für Willroider\r\n-30%\r\n',NULL,NULL,'false','b9633667e80d9d4085af41d24915b5c3','04102016','Tischlerei Willroider',0,0,839,'2017-01-15 18:33:43',1,'2017-01-15 17:33:43',842,'2016-10-04 13:08:53'),(522,'webshop','invoice','returned','order','EUR','default',NULL,'delivered',NULL,NULL,NULL,522,1807.62,2169.15,0,58.3333334,'2016-11-02','2016-10-28','true',NULL,NULL,NULL,'false','b36b8fa7015bf4b60dffb8b3e865432c',NULL,'Lackner Küche',1,0,NULL,NULL,9,'2016-11-02 15:15:33',776,'2016-10-28 07:30:08'),(523,'webshop','invoice','payed','order','EUR','default',NULL,'delivered',NULL,NULL,NULL,523,1018.20,1221.84,0,58.3333334,NULL,'2016-11-11','true','Bohrung für Kunex-Zarge (Anschlag Links)!!!',NULL,NULL,'false','8c8daedcdcc02c84964dd16120df9b9d','60219061','Teigl Jürgen',1,0,NULL,NULL,9,'2016-11-11 15:04:48',904,'2016-10-06 14:39:05'),(524,'webshop','invoice','payed','offer','EUR','default',NULL,'new',NULL,NULL,NULL,524,760.55,912.66,0,58.33,NULL,'2017-01-13','true','Angebot Reinhard Krenn\r\n-30%',NULL,NULL,'false','b38b56e8e3ce05323970427fb48a5e1b','06102016','Angebot Reinhard Krenn',0,0,839,'2016-11-21 13:34:56',1254,'2017-01-13 12:24:20',839,'2016-10-06 11:57:21'),(525,'webshop','invoice','payed','order','EUR','default',NULL,'delivered',NULL,NULL,NULL,525,1449.70,1739.63,0,58.3333334,NULL,'2017-01-12','true',NULL,NULL,NULL,'false','59714a6a8720cc7242afb993e16039bc',NULL,'Pröll Karl - Küche',0,0,NULL,NULL,1254,'2017-01-12 13:42:00',887,'2016-12-15 09:49:48'),(526,'webshop','invoice','payed','offer','EUR','default',NULL,'new',NULL,NULL,NULL,526,0.00,0.00,0,58.3333334,NULL,'2017-01-13','true',NULL,NULL,NULL,'false','651ab5703b8b090575946f8d1c26fbdc',NULL,'Eschauer',0,0,983,'2016-10-05 21:34:21',1254,'0000-00-00 00:00:00',983,'0000-00-00 00:00:00'),(527,'webshop','invoice','payed','offer','EUR','default',NULL,'new',NULL,NULL,NULL,527,1241.52,1489.83,35,35,NULL,'2017-01-13','true','Druck = RAL 6018!!!',NULL,NULL,'false','c416ff7bdbe141c288fab0203b11a9bd',NULL,'Theissing Gradinger',0,0,1067,'2016-10-07 12:37:20',1254,'2017-01-13 12:24:20',1126,'2016-10-06 06:40:56'),(528,'webshop','invoice','payed','order','EUR','default',NULL,'delivered',NULL,NULL,NULL,528,1387.76,1665.31,0,58.3333334,NULL,'2017-01-12','true','Druck: RAL 9016 - Verkehrsweiss!!!',NULL,NULL,'false','9daccd86ee42dccc95c7aab1a200b085',NULL,'Burghart',1,0,885,'2016-12-01 15:53:19',1254,'2017-01-12 13:45:50',1120,'2016-12-01 14:53:02'),(529,'webshop','invoice','payed','offer','EUR','default',NULL,'new',NULL,NULL,NULL,529,721.00,865.20,0,58.3333334,NULL,'2017-01-13','true',NULL,NULL,NULL,'false','2b09fa35555970a91d98cb1944b5f5a5',NULL,'Test',0,0,62,'2017-03-02 09:57:47',1,'2017-03-02 08:57:47',62,'2016-10-18 08:51:09'),(530,'webshop','invoice','payed','offer','EUR','default',NULL,'new',NULL,NULL,NULL,530,0.00,0.00,0,58.3333334,NULL,'2017-01-13','true',NULL,NULL,NULL,'false','52fd3882def9b058b465e27cd5f0cbb7',NULL,'Stadlmair_Test',0,0,888,'2016-10-07 08:49:46',1254,'2017-01-13 12:24:20',888,'2016-10-07 06:49:42'),(531,'webshop','invoice','payed','order','EUR','default',NULL,'delivered',NULL,NULL,NULL,531,538.70,646.43,0,58.3333334,NULL,'2016-11-11','true','Druck: RAL 7044',NULL,NULL,'false','dc7a63c49f7cc6ff17600b20a8aae713',NULL,'Schulz',0,0,NULL,NULL,9,'2016-11-11 15:05:41',654,'2016-10-07 08:47:35'),(532,'webshop','invoice','payed','order','EUR','default',NULL,'delivered',NULL,NULL,NULL,532,1635.21,1962.25,0,58.3333334,NULL,'2017-01-12','true',NULL,NULL,NULL,'false','82046d15c99bee270bd58488899c4ea8',NULL,'Posch',1,0,NULL,NULL,1254,'2017-01-12 13:38:46',732,'2016-12-14 17:18:59'),(533,'webshop','invoice','payed','offer','EUR','default',NULL,'new',NULL,NULL,NULL,533,0.00,0.00,0,58.33,NULL,'2017-01-13','true',NULL,NULL,NULL,'false','45b1df79f41a45618b7a0dbbbf6e249e',NULL,'frank',0,0,839,'2016-10-17 08:13:13',1254,'2017-01-13 12:24:20',949,'2016-10-08 14:37:07'),(534,'webshop','invoice','payed','offer','EUR','default',NULL,'new',NULL,NULL,NULL,534,0.00,0.00,35,35,NULL,'2017-01-13','true',NULL,NULL,NULL,'false','70887843ff101b4fc320c66d82f622cc',NULL,'Fuhrmann',0,0,1112,'2016-11-17 12:12:58',1254,'2017-01-13 12:24:20',1112,'2016-10-10 05:45:29'),(535,'webshop','invoice','payed','order','EUR','default',NULL,'delivered',NULL,NULL,NULL,535,852.09,1022.50,0,58.3333334,NULL,'2016-11-11','true','Bvh.: Alberts Heimatglück',NULL,NULL,'false','056dddbaafe7493f143d7c12a82ffd15','  615792','Bvh.: Alberts Heimatglück',0,0,NULL,NULL,9,'2016-11-11 15:11:16',179,'2016-10-10 12:22:54'),(536,'webshop','invoice','payed','order','EUR','default',NULL,'delivered',NULL,NULL,NULL,536,767.61,921.13,0,58.3333334,NULL,'2016-12-06','true',NULL,NULL,NULL,'false','8d19d52aa08131d078cf66f42fd40425',NULL,'Putz',0,0,NULL,NULL,9,'2016-12-06 14:27:43',769,'2016-10-27 06:52:23'),(537,'webshop','invoice','payed','offer','EUR','default',NULL,'new',NULL,NULL,NULL,537,456.38,547.66,35,35,NULL,'2017-01-13','true',NULL,NULL,NULL,'false','81e3bd8ea2e314c5de6d064fcd40a02a',NULL,'Schellander',0,0,1112,'2017-03-15 14:15:49',1,'2017-03-15 13:15:49',1112,'2016-10-12 10:16:15'),(538,'webshop','invoice','payed','order','EUR','default',NULL,'delivered',NULL,NULL,NULL,538,348.14,417.77,0,58.3333334,NULL,'2016-12-06','true','kein Optiwhite Glas verwenden\r\nsoll Standartglas sein das grün\r\nschimmert.\r\nunbedingt Blickdicht.',NULL,NULL,'false','d19a7eac6267f36523cd29e7b5bf2bf6',NULL,'GELISSEN',1,0,NULL,NULL,9,'2016-12-06 13:52:21',655,'2016-10-10 13:07:35'),(539,'webshop','invoice','payed','offer','EUR','default',NULL,'new',NULL,NULL,NULL,539,0.00,0.00,35,35,NULL,'2017-01-13','true',NULL,NULL,NULL,'false','d63dc91b5cb17b225fb5548a596512c3',NULL,'test',0,0,1072,'2016-10-11 10:21:26',1254,'2017-01-13 12:24:20',1072,'2016-10-11 08:10:48'),(540,'webshop','invoice','payed','offer','EUR','default',NULL,'new',NULL,NULL,NULL,540,0.00,0.00,0,58.3333334,NULL,'2017-01-13','true',NULL,NULL,NULL,'false','70ab6c92994236bfeec7bbbad09a75c3',NULL,'test',0,0,1129,'2016-10-21 07:23:47',1254,'2017-01-13 12:24:20',1129,'2016-10-11 09:02:55'),(541,'webshop','invoice','payed','offer','EUR','default',NULL,'new',NULL,NULL,NULL,541,925.06,1110.07,0,58.3333334,NULL,'2017-01-13','true','Satinato-Print (leicht durchscheinend)!',NULL,NULL,'false','2d13247aae1df1a73caf555409064e7a',NULL,'Schiebetür',0,0,141,'2017-05-11 15:13:40',1,'2017-05-11 13:13:40',141,'2017-04-20 12:58:13'),(542,'webshop','invoice','payed','offer','EUR','default',NULL,'new',NULL,NULL,NULL,542,0.00,0.00,0,58.3333334,NULL,'2017-01-13','true',NULL,NULL,NULL,'false','43a3e941459b1aeb53d295138089d891',NULL,'test1',0,0,1129,'2016-10-11 12:11:28',1254,'2017-01-13 12:24:20',1129,'2016-10-11 10:06:15'),(543,'webshop','invoice','payed','offer','EUR','default',NULL,'new',NULL,NULL,NULL,543,0.00,0.00,35,35,NULL,'2017-01-13','true',NULL,NULL,NULL,'false','619e2533074ed03e52c11b6a767f0676',NULL,'test',0,0,1067,'2016-10-13 11:47:39',1254,'2017-01-13 12:24:20',1067,'2016-10-12 09:18:33'),(544,'webshop','invoice','payed','offer','EUR','default',NULL,'new',NULL,NULL,NULL,544,0.00,0.00,0,58.3333334,NULL,'2017-01-13','true',NULL,NULL,NULL,'false','aa6ca394b2b8d72239effbfa91336dd9',NULL,'Test',0,0,886,'2017-01-30 14:29:07',1,'2017-01-30 13:29:07',882,'2016-10-12 11:01:33'),(545,'webshop','invoice','payed','offer','EUR','default',NULL,'new',NULL,NULL,NULL,545,782.34,938.81,0,58.3333334,NULL,'2017-01-13','true',NULL,NULL,NULL,'false','aa6f04c567e4405ce3b4c2806d6a263a','123','Glas 1',0,0,179,'2016-10-13 08:56:03',1254,'0000-00-00 00:00:00',179,'0000-00-00 00:00:00'),(546,'webshop','invoice','payed','order','EUR','default',NULL,'delivered',NULL,NULL,NULL,546,1053.33,1263.99,0,58.33,NULL,'2016-12-06','true','Bei den Teilen 1560x530 (rechte Kante) & 220x530 (linke Kante) 45° Gehrung bzw. entgegengesetzt beim Teil 830x530 eine 45° Gehrung (geht 45° um´s Eck!)',NULL,NULL,'false','0024293184992c3e092f4f8896012d8c',NULL,'Gisig Martin',1,0,NULL,NULL,9,'2016-12-06 14:11:10',839,'2016-10-20 13:54:56'),(547,'webshop','invoice','payed','offer','EUR','default',NULL,'new',NULL,NULL,NULL,547,782.34,938.81,0,58.3333334,NULL,'2017-01-13','true',NULL,NULL,NULL,'false','298dc3ee71bf6459fc8be27c55bb3f2d','1233','1232',0,0,179,'2016-10-13 08:59:34',1254,'2017-01-13 12:24:20',179,'2016-10-13 06:59:34'),(548,'webshop','invoice','payed','offer','EUR','default',NULL,'new',NULL,NULL,NULL,548,0.00,0.00,0,58.3333334,NULL,'2017-01-13','true',NULL,NULL,NULL,'false','bc4f59d5f5ed7330e6deb0f7c7543b18',NULL,'test',0,0,1137,'2016-10-17 14:55:44',1254,'2017-01-13 12:24:19',1137,'2016-10-13 10:10:35'),(549,'webshop','invoice','payed','order','EUR','default',NULL,'delivered',NULL,NULL,NULL,549,300.21,360.25,0,58.3333334,NULL,'2016-12-07','true','Küchenrückwand',NULL,NULL,'false','e86b4a1b85fc0c2688c96421a430be28',NULL,'Höllerth',1,0,NULL,NULL,9,'2016-12-07 08:42:24',953,'2016-10-13 11:35:43'),(550,'webshop','invoice','payed','order','EUR','default',NULL,'delivered',NULL,NULL,NULL,550,543.12,651.74,0,58.3333334,NULL,'2016-11-11','true',NULL,NULL,NULL,'false','3686c31ba0422dc30420e27a7898c113','60121720','Tischlerwerkstätte Ing. Blauensteiner Marcus',1,0,NULL,NULL,9,'2016-11-11 15:08:07',142,'2016-10-13 14:46:33'),(551,'webshop','invoice','payed','offer','EUR','default',NULL,'new',NULL,NULL,NULL,551,0.00,0.00,35,35,NULL,'2017-01-13','true',NULL,NULL,NULL,'false','03843265d98985ea3dd44b000b3464a6',NULL,'Test',0,0,1067,'2016-10-14 08:22:41',1254,'2017-01-13 12:24:19',1067,'2016-10-14 06:20:48'),(552,'webshop','invoice','payed','order','EUR','default',NULL,'delivered',NULL,NULL,NULL,552,469.10,562.92,0,58.3333334,NULL,'2016-12-16','true','Bitte um Kurzen Rückruf wegen der Dosenbohrung Gruss Huber 0664 23 80 418',NULL,NULL,'false','c03ce08eedd4cc1f5b44986ffb8ab31d',NULL,'Gerner',1,0,NULL,NULL,9,'2016-12-16 11:00:14',951,'2016-11-18 11:50:46'),(553,'webshop','invoice','payed','offer','EUR','default',NULL,'new',NULL,NULL,NULL,553,2788.61,3346.33,35,35,NULL,'2017-01-13','true','Glas-Küchenrückwand mit Seiden/Matt Hintergrund und Jugendstil-Motiv!',NULL,NULL,'false','42693642c1765faa5289903ccccfdbfa',NULL,'Dr. Proske',0,0,1067,'2016-11-11 14:23:43',1254,'2017-01-13 12:24:19',1141,'2016-10-14 08:47:57'),(554,'webshop','invoice','payed','offer','EUR','default',NULL,'new',NULL,NULL,NULL,554,0.00,0.00,35,35,NULL,'2017-01-13','true',NULL,NULL,NULL,'false','ae0e0ed38c0fde9bf030a7c55d81398f','007','Test',0,0,1145,'2016-10-17 14:57:38',1254,'2017-01-13 12:24:19',1145,'2016-10-14 08:06:58'),(555,'webshop','invoice','payed','order','EUR','default',NULL,'delivered',NULL,NULL,NULL,555,623.05,747.66,0,58.3333334,NULL,'2017-06-23','true',NULL,NULL,NULL,'false','09b79747110b9ffa06d557cc339cdd99',NULL,'Ulreich',1,0,NULL,NULL,9,'2017-06-23 08:42:26',824,'2017-04-11 06:38:08'),(556,'webshop','invoice','payed','offer','EUR','default',NULL,'new',NULL,NULL,NULL,556,0.00,0.00,0,58.3333334,NULL,'2017-01-13','true',NULL,NULL,NULL,'false','b0f9237ff4ff58be08993cca688381e3',NULL,'Steiner',0,0,1128,'2016-10-14 11:47:38',1254,'2017-01-13 12:24:19',1128,'2016-10-14 08:22:18'),(557,'webshop','invoice','payed','order','EUR','default',NULL,'delivered',NULL,NULL,NULL,557,448.88,538.66,0,58.3333334,NULL,'2017-01-12','true',NULL,NULL,NULL,'false','fa5ab316430be4f68f3adb522dcbe5d2',NULL,'Damian',1,0,NULL,NULL,1254,'2017-01-12 13:44:08',992,'2016-12-02 11:18:43'),(558,'webshop','invoice','payed','offer','EUR','default',NULL,'new',NULL,NULL,NULL,558,0.00,0.00,0,58.3333334,NULL,'2017-01-13','true',NULL,NULL,NULL,'false','da9655bfefa6037a608dd0326b0b1651',NULL,'Mitterbuchner',0,0,1012,'2017-02-08 13:44:13',1,'2017-02-08 12:44:13',1012,'2016-10-14 09:31:48'),(559,'webshop','invoice','payed','offer','EUR','default',NULL,'new',NULL,NULL,NULL,559,0.00,0.00,35,35,NULL,'2017-01-13','true','Jugendstil',NULL,NULL,'false','fc77a76afda75be041284cbf76792831',NULL,'Dr. Proske',0,0,1067,'2016-11-10 10:33:42',1254,'2017-01-13 12:24:19',1141,'2016-10-14 09:43:59'),(560,'webshop','invoice','payed','order','EUR','default',NULL,'delivered',NULL,NULL,NULL,560,1174.52,1409.42,0,58.3333334,NULL,'2016-12-06','true',NULL,NULL,NULL,'false','9d9215e691e312e4fe9423721791195b',NULL,'GARNWEIDNER   ANJA + ALEX',1,0,NULL,NULL,9,'2016-12-06 14:13:04',115,'2016-10-31 13:50:13'),(561,'webshop','invoice','payed','offer','EUR','default',NULL,'new',NULL,NULL,NULL,561,1040.16,1248.19,0,58.33,NULL,'2017-01-13','true','duschwand\r\n',NULL,NULL,'false','701217b8ae8ddef1cfca7e8a6503279a',NULL,'pilz',0,0,952,'2017-12-14 13:41:33',1,'2017-12-14 12:41:33',952,'0000-00-00 00:00:00'),(562,'webshop','invoice','payed','order','EUR','default',NULL,'delivered',NULL,NULL,NULL,562,342.29,410.75,0,58.3333334,NULL,'2016-12-06','true',NULL,NULL,NULL,'false','9da16443e40df53452beb6524d5d87be',NULL,'Nicht Christian',1,0,NULL,NULL,9,'2016-12-06 14:00:49',970,'2016-10-17 08:18:48'),(563,'webshop','invoice','payed','order','EUR','default',NULL,'delivered',NULL,NULL,NULL,563,164.38,197.26,0,58.3333334,NULL,'2016-12-06','true',NULL,NULL,NULL,'false','b9bcf0a3fb13fa5411f7117700d78b7d',NULL,'Kom. Chrstian Nicht',1,0,NULL,NULL,9,'2016-12-06 14:00:34',970,'2016-10-17 08:20:16'),(564,'webshop','invoice','payed','order','EUR','default',NULL,'delivered',NULL,NULL,NULL,564,631.51,757.81,0,58.3333334,NULL,'2016-12-06','true','Glaswand Fotolia',NULL,NULL,'false','fbbb60bd6d12381396137455722a4e60','Lablerm','Jarc Siegi',0,0,NULL,NULL,9,'2016-12-06 14:28:47',37,'2016-10-21 05:01:10'),(565,'webshop','invoice','payed','offer','EUR','default',NULL,'new',NULL,NULL,NULL,565,369.12,442.95,0,58.3333334,NULL,'2017-01-13','true',NULL,NULL,NULL,'false','47cdf32bb2a5e206fa0254d91aaf28f1',NULL,'Putz im Haus',0,0,120,'2017-02-02 15:32:53',1,'2017-02-02 14:32:53',769,'2016-10-17 06:05:00'),(566,'webshop','invoice','payed','offer','EUR','default',NULL,'new',NULL,NULL,NULL,566,0.00,0.00,0,58.3333334,NULL,'2017-01-13','true',NULL,NULL,NULL,'false','d8f24321e9ca4fa382deff27d9ffc642',NULL,'Putz im haus Küche',0,0,120,'2017-02-02 15:32:51',1,'2017-02-02 14:32:51',769,'2016-10-17 06:06:15'),(567,'webshop','invoice','payed','offer','EUR','default',NULL,'new',NULL,NULL,NULL,567,0.00,0.00,0,58.3333334,NULL,'2017-01-13','true',NULL,NULL,NULL,'false','96b6d29e0a1e18ec99f9cb50124ad82a',NULL,'Hörhann',0,0,1027,'2016-10-17 10:42:56',1254,'2017-01-13 12:24:19',1027,'2016-10-17 08:42:48'),(568,'webshop','invoice','payed','order','EUR','default',NULL,'delivered',NULL,NULL,NULL,568,478.73,574.48,0,58.3333334,NULL,'2016-11-11','true',NULL,NULL,NULL,'false','02ca212c274a2f2ea0fda8f370c3ab8d','  617341','BVH.: Stäfeli Lech',0,0,NULL,NULL,9,'2016-11-11 15:15:51',179,'2016-10-17 11:39:32'),(569,'webshop','invoice','payed','offer','EUR','default',NULL,'new',NULL,NULL,NULL,569,0.00,0.00,0,58.3333334,NULL,'2017-01-13','true',NULL,NULL,NULL,'false','c17458fa5d23172a8da3b6cad881e461',NULL,'deischinger',0,0,884,'2016-10-19 16:02:42',1254,'2017-01-13 12:24:19',982,'2016-10-18 06:11:35'),(570,'webshop','invoice','payed','offer','EUR','default',NULL,'new',NULL,NULL,NULL,570,0.00,0.00,0,58.3333334,NULL,'2017-01-13','true',NULL,NULL,NULL,'false','0ed781bd6e62ba9f7d83899e4e556997',NULL,'Haas',0,0,732,'2016-10-18 08:30:17',1254,'2017-01-13 12:24:19',732,'2016-10-18 06:28:21'),(571,'webshop','invoice','payed','order','EUR','default',NULL,'delivered',NULL,NULL,NULL,571,917.80,1101.36,0,58.3333334,NULL,'2016-12-06','true','Freistehende Glaswand',NULL,NULL,'false','69619a90e545ca52510175aba0913142',NULL,'Müller Preding',0,0,NULL,NULL,9,'2016-12-06 14:35:27',37,'2016-10-18 06:36:06'),(572,'webshop','invoice','payed','order','EUR','default',NULL,'delivered',NULL,NULL,NULL,572,1781.09,2137.30,0,58.3333334,NULL,'2016-12-06','true','Bei Rückwand 2318 x 697 Ausschnittkante links und rechts nicht polieren. Radius 8mm innenecke. mittlere obere Knate schon.',NULL,NULL,'false','741314c65d04180e3d258e6347a23aba',NULL,'deischingek',1,0,NULL,NULL,9,'2016-12-06 14:09:04',982,'2016-10-19 09:46:44'),(573,'webshop','invoice','payed','offer','EUR','default',NULL,'new',NULL,NULL,NULL,573,344.42,413.30,0,58.3333334,NULL,'2017-01-13','true','Preisvergleich',NULL,NULL,'false','03a7f7df78d0cfd0062928bac8e5f9d5',NULL,'Testprojekt für Angebote',0,0,301,'2019-07-15 15:11:36',1,'2019-07-15 13:11:36',301,'2017-02-09 14:14:12'),(574,'webshop','invoice','payed','offer','EUR','default',NULL,'new',NULL,NULL,NULL,574,2267.71,2721.25,0,58.33,NULL,'2017-01-13','true',NULL,NULL,NULL,'false','716b50367ae59bf078389431dfa7c399',NULL,'Bad Pilz',0,0,952,'2017-12-14 13:41:28',1,'2017-12-14 12:41:28',839,'0000-00-00 00:00:00'),(575,'webshop','invoice','payed','offer','EUR','default',NULL,'new',NULL,NULL,NULL,575,121.20,145.44,0,58.3333334,NULL,'2017-01-13','true',NULL,NULL,NULL,'false','29ad882f63c4d779aac16b02f90b2158',NULL,'Krumböck',0,0,143,'2017-02-17 10:06:16',1,'2017-02-17 09:06:16',143,'2017-02-17 09:06:15'),(576,'webshop','invoice','payed','offer','EUR','default',NULL,'new',NULL,NULL,NULL,576,0.00,0.00,35,35,NULL,'2017-01-13','true','Test',NULL,NULL,'false','2364b3ce961bdbbba909568f4c416c02','Test','Test',0,0,1150,'2017-09-20 14:13:12',1,'2017-09-20 12:13:12',1150,'2016-10-18 15:36:55'),(577,'webshop','invoice','payed','offer','EUR','default',NULL,'new',NULL,NULL,NULL,577,639.48,767.38,0,58.3333334,NULL,'2017-01-13','true',NULL,NULL,NULL,'false','cd8bf1c562a8f5cf50a22bd25df815ff',NULL,'Prieschl',0,0,880,'2016-10-19 09:28:30',1254,'2017-01-13 12:24:19',880,'2016-10-19 07:09:50'),(578,'webshop','invoice','payed','order','EUR','default',NULL,'delivered',NULL,NULL,NULL,578,960.27,1152.33,0,58.3333334,NULL,'2016-12-06','true','dringend',NULL,NULL,'false','bebd067258fd784028cb77911e9b9e7a','  617903','BVH.: Almlust ',0,0,NULL,NULL,9,'2016-12-06 14:08:16',179,'2016-10-19 09:16:51'),(579,'webshop','invoice','payed','order','EUR','default',NULL,'delivered',NULL,NULL,NULL,579,802.71,963.26,0,58.3333334,NULL,'2016-12-06','true','Dringend\r\n',NULL,NULL,'false','1c61ef9d73a120958c245555bf21fedb','617909','BVH.: Erika ',0,0,NULL,NULL,9,'2016-12-06 14:07:57',179,'2016-10-19 09:20:19'),(580,'webshop','invoice','payed','offer','EUR','default',NULL,'new',NULL,NULL,NULL,580,1507.68,1809.22,0,58.33,NULL,'2017-01-13','true','Angebot Puschan ',NULL,NULL,'false','4a56be39621fbea5de8c51b107c500cc','19102016','Komm.: Sereinig',0,0,1136,'2018-06-18 13:29:17',1,'2018-06-18 11:29:17',839,'2018-06-18 11:28:22'),(581,'webshop','invoice','payed','offer','EUR','default',NULL,'new',NULL,NULL,NULL,581,0.00,0.00,35,35,NULL,'2017-01-13','true',NULL,NULL,NULL,'false','cca6b41bf8bc7c11a92ad7886bd9212d',NULL,'Zimmermann',0,0,1067,'2016-11-11 14:12:26',1254,'2017-01-13 12:24:19',1157,'2016-10-19 13:53:36'),(582,'webshop','invoice','payed','offer','EUR','default',NULL,'new',NULL,NULL,NULL,582,0.00,0.00,0,58.3333334,NULL,'2017-01-13','true',NULL,NULL,NULL,'false','41b7004a03637be710c69fa5e39fac77',NULL,'Zapfel Susi',0,0,NULL,NULL,1,'0000-00-00 00:00:00',824,'0000-00-00 00:00:00'),(583,'webshop','invoice','payed','offer','EUR','default',NULL,'new',NULL,NULL,NULL,583,0.00,0.00,0,58.3333334,NULL,'2017-01-13','true',NULL,NULL,NULL,'false','862e23a7ad888f77f18780500ed660ad',NULL,'Glasfront',0,0,185,'2016-10-25 11:19:02',1254,'2017-01-13 12:24:19',179,'2016-10-20 06:28:10'),(584,'webshop','invoice','payed','offer','EUR','default',NULL,'new',NULL,NULL,NULL,584,731.16,877.39,0,58.3333334,NULL,'2017-01-25','true',NULL,NULL,NULL,'false','2e866c04eb4bb21368da58d63aaeb9e3',NULL,'Art. Nr. 20087',0,0,183,'2017-01-13 18:39:43',1254,'2017-01-25 13:37:39',179,'2016-11-13 09:03:19'),(585,'webshop','invoice','payed','order','EUR','default',NULL,'delivered',NULL,NULL,NULL,585,193.63,232.36,35,35,NULL,'2016-12-06','true',NULL,NULL,NULL,'false','e23624eef0ec1667b6ce303718ff7ccb',NULL,'Apotheke LAndskron',1,0,NULL,NULL,9,'2016-12-06 14:12:00',1101,'2016-10-25 15:08:59'),(586,'webshop','invoice','payed','order','EUR','default',NULL,'delivered',NULL,NULL,NULL,586,528.19,633.83,35,35,NULL,'2016-12-16','true','Druckdatei lt. Austria Glas verwenden!',NULL,NULL,'false','20b0fe37d4dd62b5dbf402a41bbc07d7',NULL,'Scheidenberger',1,0,NULL,NULL,9,'2016-12-16 11:02:20',1101,'2016-11-14 10:57:30'),(587,'webshop','invoice','payed','offer','EUR','default',NULL,'new',NULL,NULL,NULL,587,191.54,229.85,35,35,NULL,'2017-01-13','true',NULL,NULL,NULL,'false','e50cc9b91a5e30206ec2d9db68c22bf6',NULL,'Apo Landskron Variante 3',0,0,1101,'2016-11-14 11:49:34',1254,'0000-00-00 00:00:00',1101,'0000-00-00 00:00:00'),(588,'webshop','invoice','payed','offer','EUR','default',NULL,'new',NULL,NULL,NULL,588,340.89,409.07,35,35,NULL,'2017-01-13','true',NULL,NULL,NULL,'false','84abf33a5b4d6f3a155e175c679b35b2',NULL,'Ausstellung ',0,0,1101,'2017-05-17 10:05:19',1,'0000-00-00 00:00:00',1101,'0000-00-00 00:00:00'),(589,'webshop','invoice','payed','order','EUR','default',NULL,'delivered',NULL,NULL,NULL,589,587.97,705.56,35,35,NULL,'2016-12-23','true','Bitte auf m.fleischlig@pintz.at senden',NULL,NULL,'false','ca0cd58e2255cfb64080421cbbb2d0da','1','Kadiera',1,0,1131,'2016-11-02 18:19:00',9,'2016-12-23 08:59:32',1131,'2016-11-02 17:18:53'),(590,'webshop','invoice','payed','offer','EUR','default',NULL,'new',NULL,NULL,NULL,590,0.00,0.00,0,58.3333334,NULL,'2017-01-13','true',NULL,NULL,NULL,'false','6f0ce17825b70ee396202c40a3593e05',NULL,'Test',0,0,888,'2016-10-20 12:00:59',1254,'2017-01-13 12:24:19',888,'2016-10-20 09:54:58'),(591,'webshop','invoice','payed','order','EUR','default',NULL,'delivered',NULL,NULL,NULL,591,869.60,1043.52,0,58.3333334,NULL,'2016-12-06','true','Lieferung KW 45/2016',NULL,NULL,'false','7f778127eb54a96e8a5f9fd1ef0ed612',NULL,'BEST4FORST',0,0,NULL,NULL,9,'2016-12-06 14:06:21',143,'2016-10-24 06:06:04'),(592,'webshop','invoice','payed','offer','EUR','default',NULL,'new',NULL,NULL,NULL,592,0.00,0.00,35,35,NULL,'2017-01-13','true',NULL,NULL,NULL,'false','aeb54ee43cbb449d44cdc509df3ad82b',NULL,'Korbut',0,0,1067,'2016-11-02 08:50:52',1254,'2017-01-13 12:24:19',1157,'2016-10-21 07:45:38'),(593,'webshop','invoice','payed','offer','EUR','default',NULL,'new',NULL,NULL,NULL,593,0.00,0.00,0,58.3333334,NULL,'2017-01-13','true',NULL,NULL,NULL,'false','288e4023d81b2e8193f4fce40f86c812',NULL,'TEST',0,0,63,'2016-11-03 15:03:06',1254,'2017-01-13 12:24:19',62,'2016-10-21 08:56:48'),(594,'webshop','invoice','payed','order','EUR','default',NULL,'delivered',NULL,NULL,NULL,594,696.62,835.95,0,58.3333334,NULL,'2016-12-06','true','IN RAL 2008 LACKIEREN\r\n',NULL,NULL,'false','d391c7f94b62500870a6d5b32cb9f1d5',NULL,'Pfeffer',1,0,NULL,NULL,9,'2016-12-06 14:13:33',992,'2016-11-03 09:02:07'),(595,'webshop','invoice','payed','offer','EUR','default',NULL,'new',NULL,NULL,NULL,595,1246.40,1495.68,0,58.3333334,NULL,'2017-01-25','true',NULL,NULL,NULL,'false','fc434de53b06b2d10f8c5356fc227014',NULL,'Kom Reiter',0,0,183,'2016-11-28 21:37:46',1254,'2017-01-25 13:37:39',177,'2016-11-13 09:12:47'),(596,'webshop','invoice','payed','order','EUR','default',NULL,'delivered',NULL,NULL,NULL,596,1208.41,1450.09,25,50,NULL,'2018-03-12','true',NULL,NULL,NULL,'false','f94241f1c0992321e594c99229b2fe74',NULL,'Leitner Alexander',1,0,NULL,NULL,9,'2018-03-12 14:18:10',773,'2018-02-08 08:50:55'),(597,'webshop','invoice','payed','offer','EUR','default',NULL,'new',NULL,NULL,NULL,597,0.00,0.00,0,58.3333334,NULL,'2017-01-13','true',NULL,NULL,NULL,'false','9cdc47f30165fcc8e4c162b65a8ef1ab',NULL,'Muster',0,0,891,'2016-10-27 07:20:10',1254,'2017-01-13 12:24:19',995,'2016-10-25 08:39:23'),(598,'webshop','invoice','payed','offer','EUR','default',NULL,'new',NULL,NULL,NULL,598,0.00,0.00,0,58.3333334,NULL,'2017-01-13','true',NULL,NULL,NULL,'false','2dca493fe6166f45bab45595542a46b7',NULL,'Leitner Alexander',0,0,773,'2018-02-22 08:35:35',1,'0000-00-00 00:00:00',773,'0000-00-00 00:00:00'),(599,'webshop','invoice','payed','offer','EUR','default',NULL,'new',NULL,NULL,NULL,599,0.00,0.00,0,58.3333334,NULL,'2017-01-13','true',NULL,NULL,NULL,'false','d70ec58bb59beac6b354978e778e7b72',NULL,'847.416',0,0,1162,'2016-10-27 07:59:20',1254,'2017-01-13 12:24:19',1162,'2016-10-27 05:54:00'),(600,'webshop','invoice','payed','offer','EUR','default',NULL,'new',NULL,NULL,NULL,600,979.20,1175.04,0,58.3333334,NULL,'2017-01-13','true',NULL,NULL,NULL,'false','bbbb6440f3e32f2623d5b156aaa1a2e9',NULL,'Test',0,0,1158,'2018-08-22 15:23:54',1,'2018-08-22 13:23:54',1158,'2016-10-27 07:33:51'),(601,'webshop','invoice','payed','offer','EUR','default',NULL,'new',NULL,NULL,NULL,601,0.00,0.00,35,35,NULL,'2017-01-13','true',NULL,NULL,NULL,'false','7a92f0ca0480e6dcc31f73b18c5fedfa',NULL,'Oswald',0,0,1067,'2016-11-10 13:42:39',1254,'0000-00-00 00:00:00',1044,'0000-00-00 00:00:00'),(602,'webshop','invoice','payed','order','EUR','default',NULL,'delivered',NULL,NULL,NULL,602,487.18,584.61,0,58.3333334,NULL,'2017-04-21','true',NULL,NULL,NULL,'false','73f9453d02ee8cf06b5bcf8f05337985',NULL,'Pichler',1,0,NULL,NULL,9,'2017-04-21 13:44:04',817,'2017-03-16 14:31:41'),(603,'webshop','invoice','payed','offer','EUR','default',NULL,'new',NULL,NULL,NULL,603,1003.56,1204.27,35,35,NULL,'2017-01-13','true',NULL,NULL,NULL,'false','ca9a515941e2a9907af34083bfa4c191',NULL,'Kohlhammer',0,0,1044,'2017-05-18 15:09:35',1,'0000-00-00 00:00:00',1044,'2017-05-18 13:09:39'),(604,'webshop','invoice','payed','offer','EUR','default',NULL,'new',NULL,NULL,NULL,604,0.00,0.00,0,58.3333334,NULL,'2017-01-13','true','Glasrückwände',NULL,NULL,'false','4adeb7af792f59eccebfa56472edeeb1',NULL,'Radlspäck',0,0,1113,'2016-10-28 09:52:01',1254,'2017-01-13 12:24:19',1113,'2016-10-28 07:46:04'),(605,'webshop','invoice','payed','offer','EUR','default',NULL,'new',NULL,NULL,NULL,605,0.00,0.00,0,58.3333334,NULL,'2017-01-13','true',NULL,NULL,NULL,'false','08ab7cee0f7ff80d8ccf9d51a8788e2e',NULL,'Radlspäck test',0,0,1113,'2016-10-28 10:35:31',1254,'2017-01-13 12:24:19',1113,'2016-10-28 08:35:28'),(606,'webshop','invoice','payed','offer','EUR','default',NULL,'new',NULL,NULL,NULL,606,0.00,0.00,0,58.3333334,NULL,'2017-01-13','true',NULL,NULL,NULL,'false','5cbe696250d2c5d180c41d050be99b5b',NULL,'Hotel Waldner',0,0,791,'2016-10-31 16:00:16',1254,'2017-01-13 12:24:18',791,'2016-10-31 14:58:52'),(607,'webshop','invoice','payed','offer','EUR','default',NULL,'new',NULL,NULL,NULL,607,512.19,614.62,35,35,NULL,'2017-01-25','true','NCS S3010Y70R (einfarbig)!!!\r\nVorab A4-Muster!!!',NULL,NULL,'false','c060480e3c9b33948a06e7bbbe6c4ff7',NULL,'Brandstätter',0,0,1067,'2016-11-08 13:16:44',1254,'2017-01-25 13:37:39',1165,'2016-11-02 09:44:40'),(608,'webshop','invoice','payed','offer','EUR','default',NULL,'new',NULL,NULL,NULL,608,224.88,269.85,35,35,NULL,'2017-01-25','true',NULL,NULL,NULL,'false','c04d5a676c39f74133fa8a64138d29e9',NULL,'TEST',0,0,1067,'2016-11-02 16:31:13',1254,'2017-01-25 13:37:39',1165,'2016-11-02 11:03:54'),(609,'webshop','invoice','payed','offer','EUR','default',NULL,'new',NULL,NULL,NULL,609,0.00,0.00,0,58.3333334,NULL,'2017-01-25','true',NULL,NULL,NULL,'false','818563985c2e36b2a566f1f6c79481fd',NULL,'Mitterer',0,0,732,'2016-11-07 14:16:01',1254,'2017-01-25 13:37:39',732,'2016-11-02 12:18:59'),(610,'webshop','invoice','payed','order','EUR','default',NULL,'delivered',NULL,NULL,NULL,610,264.66,317.59,35,35,NULL,'2017-02-10','true',NULL,NULL,NULL,'false','a64950c95f1ff29c071ccff96410b97c',NULL,'Kohler',1,0,NULL,NULL,1254,'2017-02-10 09:59:14',1044,'2016-12-09 14:53:00'),(611,'webshop','invoice','payed','offer','EUR','default',NULL,'new',NULL,NULL,NULL,611,0.00,0.00,0,58.3333334,NULL,'2017-01-25','true','Neu lt. Skizze!',NULL,NULL,'false','8d76a91d9633999b8459e8b6bf8efb03',NULL,'Lackner Küche',0,0,776,'2016-11-04 10:53:30',1254,'0000-00-00 00:00:00',767,'0000-00-00 00:00:00'),(612,'webshop','invoice','payed','order','EUR','default',NULL,'delivered',NULL,NULL,NULL,612,1119.37,1343.25,35,35,NULL,'2016-12-06','true','Personalküche , \r\nKondition wie mit Hr. Gausch vereinbart',NULL,NULL,'false','92b2728b041d7e6d276eb0023cc9d8ff',NULL,'Ausstellung',0,0,1131,'2016-11-02 18:16:53',9,'2016-12-06 14:20:34',1131,'2016-11-02 17:16:35'),(613,'webshop','invoice','payed','order','EUR','default',NULL,'delivered',NULL,NULL,NULL,613,780.10,936.12,0,58.3333334,NULL,'2016-12-06','true','Schauraum',NULL,NULL,'false','c8b93b0e2ef4e9d78d1fca2a1eed5a36','1050','Harg/Gerlza',0,0,NULL,NULL,9,'2016-12-06 14:28:17',36,'2016-11-07 12:08:46'),(614,'webshop','invoice','payed','order','EUR','default',NULL,'delivered',NULL,NULL,NULL,614,707.11,848.53,0,58.3333334,NULL,'2016-12-06','true','EIGENBILD',NULL,NULL,'false','0bb9a068bdc3f73353167c0039bd6904',NULL,'SCHÜTZINGER',1,0,NULL,NULL,9,'2016-12-06 14:23:50',655,'2016-11-04 08:06:13'),(615,'webshop','invoice','payed','order','EUR','default',NULL,'delivered',NULL,NULL,NULL,615,2133.78,2560.54,0,58.3333334,NULL,'2016-12-06','true',NULL,NULL,NULL,'false','1eac085698e6911fb8f2ee313902796b',NULL,'Lackner',1,0,NULL,NULL,9,'2016-12-06 14:34:33',767,'2016-11-04 10:08:10'),(616,'webshop','invoice','payed','order','EUR','default',NULL,'delivered',NULL,NULL,NULL,616,415.99,499.18,0,58.3333334,NULL,'2016-12-06','true',NULL,NULL,NULL,'false','837ecb3c8d04fab4619e73c15287fe66',NULL,'Friedörfler',1,0,NULL,NULL,9,'2016-12-06 14:34:04',970,'2016-11-07 06:15:40'),(617,'webshop','invoice','payed','offer','EUR','default',NULL,'new',NULL,NULL,NULL,617,477.04,572.45,0,58.3333334,NULL,'2017-01-25','true',NULL,NULL,NULL,'false','04add23c1f2137738b0c013512ce2920',NULL,'Machhart',0,0,143,'2016-11-11 08:40:12',1254,'2017-01-25 13:37:39',143,'2016-11-11 07:40:43'),(618,'webshop','invoice','payed','offer','EUR','default',NULL,'new',NULL,NULL,NULL,618,0.00,0.00,35,35,NULL,'2017-01-25','true',NULL,NULL,NULL,'false','8187805c35b33aae6e83863ae2334fc6',NULL,'Test',0,0,1175,'2016-11-07 12:45:47',1254,'2017-01-25 13:37:39',1175,'2016-11-07 11:39:41'),(619,'webshop','invoice','payed','order','EUR','default',NULL,'delivered',NULL,NULL,NULL,619,721.43,865.71,35,35,NULL,'2016-12-06','true','Lieferung: KW 46',NULL,NULL,'false','b541b62eb8206567a7482315d203e397','2447','Zahlbruckner',0,0,NULL,NULL,9,'2016-12-06 14:20:00',1131,'2016-11-14 12:15:42'),(620,'webshop','invoice','payed','order','EUR','default',NULL,'delivered',NULL,NULL,NULL,620,297.40,356.88,0,58.3333334,NULL,'2016-12-06','true',NULL,NULL,NULL,'false','7dd955880dd2f67805df342217f3f2cd',NULL,'Hansl',1,0,NULL,NULL,9,'2016-12-06 14:29:55',1059,'2016-11-07 15:57:51'),(621,'webshop','invoice','payed','order','EUR','default',NULL,'delivered',NULL,NULL,NULL,621,636.73,764.07,0,58.33,NULL,'2016-12-21','true','Bestellung\r\n',NULL,NULL,'false','25b63023dba78207d98b1f509d648a76','071116','Auftrag Stroj',1,0,NULL,NULL,9,'2016-12-21 15:28:23',839,'2016-11-08 08:37:29'),(622,'webshop','invoice','payed','order','EUR','default',NULL,'delivered',NULL,NULL,NULL,622,2310.63,2772.75,0,58.33,NULL,'2016-12-23','true',NULL,NULL,NULL,'false','b2b3ad81e06f93b1d9dc82b6c81db76f',NULL,'Obmann',1,0,NULL,NULL,9,'2016-12-23 08:52:48',839,'2016-11-17 08:01:37'),(623,'webshop','invoice','payed','order','EUR','default',NULL,'delivered',NULL,NULL,NULL,623,526.42,631.71,0,58.3333334,NULL,'2016-12-16','true','Bitte dringend versenden\r\n',NULL,NULL,'false','f673928995298dfa0ec415bf366b8f79','621152','Kom.Holiday',0,0,NULL,NULL,9,'2016-12-16 12:01:39',179,'2016-11-08 09:55:38'),(624,'webshop','invoice','payed','order','EUR','default',NULL,'delivered',NULL,NULL,NULL,624,833.77,1000.52,0,58.3333334,NULL,'2016-12-16','true','Bitte dringend versenden',NULL,NULL,'false','becd31abacc7c87192df1bf0f3170dff','  621161','Kom.Central',0,0,NULL,NULL,9,'2016-12-16 12:01:13',179,'2016-11-08 10:07:01'),(625,'webshop','invoice','payed','offer','EUR','default',NULL,'new',NULL,NULL,NULL,625,6843.23,8211.88,0,58.3333334,NULL,'2017-01-25','true',NULL,NULL,NULL,'false','8224477fc8bcc5fd11be597db743188f',NULL,'Test',0,0,62,'2017-01-19 15:47:19',1254,'2017-01-25 13:37:38',62,'2016-11-25 13:06:25'),(626,'webshop','invoice','payed','offer','EUR','default',NULL,'new',NULL,NULL,NULL,626,519.26,623.11,35,35,NULL,'2017-01-25','true','test',NULL,NULL,'false','bd1d8706f9c10c240efb52bf9bc99b4d','1','Test',0,0,1067,'2016-11-08 13:16:08',1254,'2017-01-25 13:37:39',1183,'2016-11-08 10:36:38'),(627,'webshop','invoice','returned','order','EUR','default',NULL,'delivered',NULL,NULL,NULL,627,702.13,842.55,25,50,'2017-08-08','2017-08-07','true',NULL,NULL,NULL,'false','f1d4e7c35cd550442384ca3500632c60',NULL,'Schimmerl',0,0,NULL,NULL,9,'0000-00-00 00:00:00',684,'0000-00-00 00:00:00'),(628,'webshop','invoice','payed','order','EUR','default',NULL,'delivered',NULL,NULL,NULL,628,1291.49,1549.78,0,58.3333334,NULL,'2016-12-16','true',NULL,NULL,NULL,'false','4f0043d9567a89c9743fb46328c13d17',NULL,'Leykauf',1,0,NULL,NULL,9,'2016-12-16 12:10:30',1187,'2016-11-16 13:21:31'),(629,'webshop','invoice','payed','offer','EUR','default',NULL,'new',NULL,NULL,NULL,629,0.00,0.00,35,35,NULL,'2017-01-25','true',NULL,NULL,NULL,'false','bb9024befcc5a925d51abbc1b4ee963f',NULL,'Test',0,0,1068,'2017-01-13 10:31:34',1254,'2017-01-25 13:37:39',1067,'2016-11-08 14:07:29'),(630,'webshop','invoice','payed','order','EUR','default',NULL,'delivered',NULL,NULL,NULL,630,1047.49,1256.99,35,35,NULL,'2016-12-06','true',NULL,NULL,NULL,'false','8ed4064dbfffb413342c5b0bb8c7d4c2',NULL,'Hubmann',1,0,NULL,NULL,9,'2016-12-06 14:22:49',1194,'2016-11-10 14:06:34'),(631,'webshop','invoice','payed','offer','EUR','default',NULL,'new',NULL,NULL,NULL,631,0.00,0.00,35,35,NULL,'2017-01-25','true',NULL,NULL,NULL,'false','a44c355eb9f4d07a7ac38d6143c87b65',NULL,'TEST',0,0,1086,'2017-02-09 12:12:26',1,'2017-02-09 11:12:26',1086,'2016-11-08 15:08:55'),(632,'webshop','invoice','payed','order','EUR','default',NULL,'delivered',NULL,NULL,NULL,632,1039.67,1247.60,0,58.3333334,NULL,'2016-12-16','true','Möbel-Glastüren',NULL,NULL,'false','c8211018767e0dfa96d7f6fd5afa9333',NULL,'Preindl',1,0,NULL,NULL,9,'2016-12-16 12:08:07',185,'2016-11-23 15:30:30'),(633,'webshop','invoice','payed','order','EUR','default',NULL,'delivered',NULL,NULL,NULL,633,1974.29,2369.15,0,58.3333334,NULL,'2016-12-23','true',NULL,NULL,NULL,'false','7a0ef6e9eb722c05448cca98151c1c69',NULL,'Vago',0,0,NULL,NULL,9,'2016-12-23 08:48:36',732,'2016-11-09 11:45:51'),(634,'webshop','invoice','returned','order','EUR','default',NULL,'delivered',NULL,NULL,NULL,634,814.65,977.58,0,58.3333334,'2016-11-09','2016-11-09','true','dringend',NULL,NULL,'false','f3087a01bf33ee367387141eb3e92bf3','  621429','Das Gerstl',0,0,NULL,NULL,9,'2016-11-09 10:34:48',179,'2016-11-09 10:23:36'),(635,'webshop','invoice','payed','order','EUR','default',NULL,'delivered',NULL,NULL,NULL,635,953.19,1143.81,0,58.3333334,NULL,'2016-12-16','true','Dringend',NULL,NULL,'false','da45cbe1e024721cbe93ed71dfc61eac','621429','Des Gerstl',0,0,NULL,NULL,9,'2016-12-16 12:02:15',179,'2016-11-10 10:08:28'),(636,'webshop','invoice','payed','offer','EUR','default',NULL,'new',NULL,NULL,NULL,636,1779.26,2135.11,0,58.3333334,NULL,'2017-01-25','true',NULL,NULL,NULL,'false','01beadb86fd3203089dd99fc74e5a5b5',NULL,'Vago',0,0,NULL,NULL,1254,'2017-01-25 13:37:39',732,'2016-11-09 12:30:47'),(637,'webshop','invoice','payed','offer','EUR','default',NULL,'new',NULL,NULL,NULL,637,0.00,0.00,0,58.3333334,NULL,'2017-01-25','true',NULL,NULL,NULL,'false','c6cf562e975f58f23f91f52164687b44',NULL,'Pauntzen',0,0,1158,'2016-11-09 15:08:32',1254,'2017-01-25 13:37:39',1158,'2016-11-09 14:06:38'),(638,'webshop','invoice','payed','offer','EUR','default',NULL,'new',NULL,NULL,NULL,638,0.00,0.00,0,58.3333334,NULL,'2017-01-25','true',NULL,NULL,NULL,'false','d9a961cf6574244a72b1269825712850',NULL,'Test 2',0,0,1158,'2016-11-10 07:36:15',1254,'2017-01-25 13:37:39',1158,'2016-11-09 14:12:57'),(639,'webshop','invoice','payed','order','EUR','default',NULL,'delivered',NULL,NULL,NULL,639,900.70,1080.84,0,58.3333334,NULL,'2017-01-12','true',NULL,NULL,NULL,'false','0cffbe9129a68e111b33d64f85982877',NULL,'Ableitinger',1,0,NULL,NULL,1254,'2017-01-12 13:45:14',948,'2016-12-06 06:52:08'),(640,'webshop','invoice','payed','offer','EUR','default',NULL,'new',NULL,NULL,NULL,640,0.00,0.00,35,35,NULL,'2017-01-25','true',NULL,NULL,NULL,'false','62a8072bb20c91d3bf27ca940f430cd2',NULL,'Rumpelmayr',0,0,1203,'2016-12-05 11:49:43',1254,'2017-01-25 13:37:39',1203,'2016-11-09 16:39:55'),(641,'webshop','invoice','payed','offer','EUR','default',NULL,'new',NULL,NULL,NULL,641,0.00,0.00,0,58.3333334,NULL,'2017-01-25','true',NULL,NULL,NULL,'false','1127d79b8f2fa99e9d29f294c23bc701',NULL,'1111',0,0,185,'2016-11-18 14:26:41',1254,'2017-01-25 13:37:39',179,'2016-11-10 09:07:21'),(642,'webshop','invoice','payed','order','EUR','default',NULL,'delivered',NULL,NULL,NULL,642,799.77,959.73,0,58.3333334,NULL,'2016-12-23','true',NULL,NULL,NULL,'false','3005efbc332e201f5f5e8a69f56968ae',NULL,'Bock',1,0,NULL,NULL,9,'2016-12-23 08:53:37',948,'2016-11-29 07:37:31'),(643,'webshop','invoice','payed','offer','EUR','default',NULL,'new',NULL,NULL,NULL,643,0.00,0.00,35,35,NULL,'2017-01-25','true',NULL,NULL,NULL,'false','cd89a3976f41c281fe9412514ff23a58',NULL,'Test',0,0,1067,'2016-11-10 10:26:10',1254,'2017-01-25 13:37:39',1067,'2016-11-10 09:26:06'),(644,'webshop','invoice','returned','order','EUR','default',NULL,'delivered',NULL,NULL,NULL,644,592.49,710.98,0,58.3333334,'2016-11-14','2016-11-14','true',NULL,NULL,NULL,'false','5288581f7436706f4e60ea0882768c0f',NULL,'Pastoinegg',1,0,NULL,NULL,9,'2016-11-14 12:32:23',817,'2016-11-14 07:17:34'),(645,'webshop','invoice','payed','offer','EUR','default',NULL,'new',NULL,NULL,NULL,645,1304.25,1565.10,35,35,NULL,'2017-01-25','true',NULL,NULL,NULL,'false','d48d7527f52d1a5b04c873075aa68cec',NULL,'Wiegert',0,0,NULL,NULL,1,'2017-03-10 09:12:28',1029,'2016-11-10 12:21:42'),(646,'webshop','invoice','payed','offer','EUR','default',NULL,'new',NULL,NULL,NULL,646,0.00,0.00,35,35,NULL,'2017-01-25','true',NULL,NULL,NULL,'false','427d8c736fd89eba66149a76ef0c222e',NULL,'Huber',0,0,1067,'2016-11-11 14:25:12',1254,'2017-01-25 13:37:39',1148,'2016-11-10 10:37:48'),(647,'webshop','invoice','payed','offer','EUR','default',NULL,'new',NULL,NULL,NULL,647,0.00,0.00,0,58.3333334,NULL,'2017-01-25','true',NULL,NULL,NULL,'false','0052505ee6cb8263d9f4f0718056487e',NULL,'00',0,0,185,'2016-11-18 14:27:17',1254,'2017-01-25 13:37:39',269,'2016-11-10 12:19:32'),(648,'webshop','invoice','payed','offer','EUR','default',NULL,'new',NULL,NULL,NULL,648,0.00,0.00,0,58.3333334,NULL,'2017-01-25','true',NULL,NULL,NULL,'false','f76cc3a07ea3b3289fac1d788effd4ac',NULL,'Brandstetter',0,0,1027,'2016-11-10 16:38:52',1254,'2017-01-25 13:37:39',1027,'2016-11-10 15:38:22'),(649,'webshop','invoice','payed','order','EUR','default',NULL,'delivered',NULL,NULL,NULL,649,954.49,1145.39,0,58.3333334,NULL,'2016-12-16','true',NULL,NULL,NULL,'false','dcc5808d56dc0072b44e1be99cd0f155',NULL,'Göttl',0,0,NULL,NULL,9,'2016-12-16 11:12:38',143,'2016-11-11 08:16:18'),(650,'webshop','invoice','payed','offer','EUR','default',NULL,'new',NULL,NULL,NULL,650,0.00,0.00,0,58.3333334,NULL,'2017-01-25','true',NULL,NULL,NULL,'false','8c6a511220f30758e23c9ca192eff3c3',NULL,'safdsafsaf',0,0,29,'2018-03-19 07:57:51',1,'2018-03-19 06:57:51',29,'2016-11-14 07:24:58'),(651,'webshop','invoice','payed','offer','EUR','default',NULL,'new',NULL,NULL,NULL,651,0.00,0.00,0,58.3333334,NULL,'2017-01-25','true','Ausstellung Bruneck',NULL,NULL,'false','9e0f940750163d1a0928453bd2f16072',NULL,'Lorenz',0,0,291,'2019-03-07 18:36:49',1,'2019-03-07 17:36:49',291,'2016-11-14 09:35:43'),(652,'webshop','invoice','payed','order','EUR','default',NULL,'delivered',NULL,NULL,NULL,652,1203.22,1443.87,0,58.3333334,NULL,'2016-12-16','true','Tel aviso: 0676/5083676',NULL,NULL,'false','ff9db39fe17fe124a7337fe76eec8ff5',NULL,'Ausstellung',0,0,NULL,NULL,9,'2016-12-16 11:12:52',143,'2016-11-16 12:16:34'),(653,'webshop','invoice','payed','order','EUR','default',NULL,'delivered',NULL,NULL,NULL,653,593.29,711.95,0,58.3333334,NULL,'2016-12-16','true','NEU',NULL,NULL,'false','2e90e97943d83dc91c2e2d5365c5996c',NULL,'Pastoinegg',1,0,NULL,NULL,9,'0000-00-00 00:00:00',817,'0000-00-00 00:00:00'),(654,'webshop','invoice','returned','order','EUR','default',NULL,'delivered',NULL,NULL,NULL,654,301.06,361.27,35,35,'2016-11-15','2016-11-15','true',NULL,NULL,NULL,'false','87b3c2c9161ccf17f2b610782d6c0363',NULL,'Fitzinger',0,0,NULL,NULL,9,'2016-11-15 12:43:18',1086,'2016-11-15 10:18:19'),(655,'webshop','invoice','payed','order','EUR','default',NULL,'delivered',NULL,NULL,NULL,655,530.99,637.18,0,58.3333334,NULL,'2016-12-16','true','Pastellblau',NULL,NULL,'false','1391af46313ffb435bdaee64f27d93bd','RAL','Weinhäupl/Ziegler',0,0,NULL,NULL,9,'2016-12-16 11:04:47',887,'2016-11-16 07:22:31'),(656,'webshop','invoice','payed','offer','EUR','default',NULL,'new',NULL,NULL,NULL,656,0.00,0.00,35,35,NULL,'2017-01-25','true',NULL,NULL,NULL,'false','d4a201c9a03a9a0790ae56f1ab0d4e68',NULL,'Test',0,0,1067,'2016-11-15 12:35:27',1254,'2017-01-25 13:37:39',1067,'2016-11-15 11:32:23'),(657,'webshop','invoice','payed','offer','EUR','default',NULL,'new',NULL,NULL,NULL,657,770.44,924.53,35,35,NULL,'2017-01-25','true',NULL,NULL,NULL,'false','ac8180da2a403cbb76983ab0ff52e627',NULL,'Gemeinde Hirschbach',0,0,1086,'2017-07-11 14:08:44',1,'2017-07-11 12:08:44',1086,'2017-04-11 12:15:16'),(658,'webshop','invoice','payed','order','EUR','default',NULL,'delivered',NULL,NULL,NULL,658,301.06,361.27,35,35,NULL,'2016-12-16','true',NULL,NULL,NULL,'false','a661ee368e69aa299f2715278a141df5',NULL,'Fitzinger',0,0,NULL,NULL,9,'2016-12-16 11:04:07',1086,'2016-11-15 12:44:02'),(659,'webshop','invoice','payed','order','EUR','default',NULL,'delivered',NULL,NULL,NULL,659,1794.43,2153.31,0,58.3333334,NULL,'2016-12-16','true','+3 Set´s Klettpunkte\r\n',NULL,NULL,'false','65a0e781cf0211b21e28cce7a8703fe6','  622563','Labercia',1,0,NULL,NULL,9,'2016-12-16 12:07:38',179,'2016-11-16 07:31:08'),(660,'webshop','invoice','payed','offer','EUR','default',NULL,'new',NULL,NULL,NULL,660,682.32,818.78,0,58.3333334,NULL,'2017-01-25','true',NULL,NULL,NULL,'false','4f38bb1fcd6481d401469b9a76b5260a',NULL,'Kroisleitner',0,0,1214,'2017-05-04 14:45:05',1,'2017-05-04 12:45:05',767,'2016-11-29 08:33:01'),(661,'webshop','invoice','payed','offer','EUR','default',NULL,'new',NULL,NULL,NULL,661,0.00,0.00,0,58.3333334,NULL,'2017-01-25','true',NULL,NULL,NULL,'false','b83cc074258c008471450ec5250e1964','Test ','Test - Daniel Wack',0,0,2482,'2019-03-13 10:40:44',1,'2019-03-13 09:40:44',34,'2016-11-15 14:08:13'),(662,'webshop','invoice','payed','offer','EUR','default',NULL,'new',NULL,NULL,NULL,662,0.00,0.00,0,58.3333334,NULL,'2017-01-25','true',NULL,NULL,NULL,'false','5cc4a317d0837758e1bb0061bd86e58a',NULL,'test',0,0,884,'2016-11-16 10:13:01',1254,'2017-01-25 13:37:39',884,'2016-11-16 09:04:26'),(663,'webshop','invoice','payed','offer','EUR','default',NULL,'new',NULL,NULL,NULL,663,0.00,0.00,0,58.3333334,NULL,'2017-01-25','true',NULL,NULL,NULL,'false','55dd140c2687f2b4cf19099cf8df3d0b',NULL,'Eggerwirt',0,0,660,'2016-11-16 10:23:52',1254,'2017-01-25 13:37:39',660,'2016-11-16 09:23:41'),(664,'webshop','invoice','payed','offer','EUR','default',NULL,'new',NULL,NULL,NULL,664,0.00,0.00,0,58.3333334,NULL,'2017-01-25','true',NULL,NULL,NULL,'false','0152adae185cd6c21ed2c94aba04b18d',NULL,'Test',0,0,1210,'2016-11-16 11:18:53',1254,'2017-01-25 13:37:39',1210,'2016-11-16 09:58:31'),(665,'webshop','invoice','payed','offer','EUR','default',NULL,'new',NULL,NULL,NULL,665,0.00,0.00,0,58.3333334,NULL,'2017-01-25','true',NULL,NULL,NULL,'false','e2b28fbc145827287e66a7e8c22f04e7',NULL,'Schaumberger ',0,0,NULL,NULL,1254,'2017-01-25 13:37:39',1210,'2016-11-16 13:11:38'),(666,'webshop','invoice','payed','offer','EUR','default',NULL,'new',NULL,NULL,NULL,666,0.00,0.00,0,58.3333334,NULL,'2017-01-25','true',NULL,NULL,NULL,'false','3ae107946dd893e9d7e950fdcb780eed',NULL,'privat',0,0,185,'2016-11-18 14:27:31',1254,'2017-01-25 13:37:39',1209,'2016-11-16 16:04:48'),(667,'webshop','invoice','payed','order','EUR','default',NULL,'delivered',NULL,NULL,NULL,667,777.52,933.03,35,35,NULL,'2016-12-16','true','RAL 7047 (Telegrau)',NULL,NULL,'false','5a80a62bad2c1146ad3e2abbb12695ac',NULL,'Fuhrmann',1,0,NULL,NULL,9,'2016-12-16 12:05:52',1112,'2016-11-17 11:12:39'),(668,'webshop','invoice','payed','offer','EUR','default',NULL,'new',NULL,NULL,NULL,668,0.00,0.00,0,58.3333334,NULL,'2017-01-25','true',NULL,NULL,NULL,'false','0bd699c2e0bf70fdd975acf7a8f8427a',NULL,'Grgur',0,0,NULL,NULL,1254,'2017-01-25 13:37:38',732,'2016-11-21 07:55:54'),(669,'webshop','invoice','payed','offer','EUR','default',NULL,'new',NULL,NULL,NULL,669,821.98,986.38,35,35,NULL,'2017-01-25','true','in der Angebotsphase',NULL,NULL,'false','e9b74b4c0b712eca24042b20e16fb314',NULL,'Vogel',0,0,1131,'2017-03-30 14:01:30',1,'2017-03-30 12:01:30',1131,'2016-11-21 14:41:40'),(670,'webshop','invoice','payed','order','EUR','default',NULL,'delivered',NULL,NULL,NULL,670,294.98,353.98,35,35,NULL,'2017-02-10','true','RAL 9017!',NULL,NULL,'false','56d72c6c1da00724c212be0dbfeb8500',NULL,'Kronabitter',1,0,NULL,NULL,1254,'2017-02-10 09:58:47',1044,'2016-11-22 10:11:05'),(671,'webshop','invoice','payed','offer','EUR','default',NULL,'new',NULL,NULL,NULL,671,1437.60,1725.12,0,58.33,NULL,'2017-01-25','true',NULL,NULL,NULL,'false','beb51e1de9f5dc402c734e964153aa11',NULL,'TEST',0,0,842,'2018-06-13 13:12:26',1,'2018-06-13 11:12:26',839,'2016-11-28 13:03:09'),(672,'webshop','invoice','payed','order','EUR','default',NULL,'delivered',NULL,NULL,NULL,672,941.97,1130.36,0,58.33,NULL,'2016-12-23','true','Angebot Pfeifhofer 0036\r\nper Email bestellt',NULL,NULL,'false','b22538210733f9869a116daffa27047f','21112016','Angebot Pfeifhofer',0,0,NULL,NULL,9,'2016-12-23 08:52:25',839,'2016-11-23 07:39:26'),(673,'webshop','invoice','payed','offer','EUR','default',NULL,'new',NULL,NULL,NULL,673,0.00,0.00,0,58.3333334,NULL,'2017-01-25','true','Dusch- sceibe',NULL,NULL,'false','a473ebc70db7a5539e3e27cca96c0a22',NULL,'Rungger alex',0,0,179,'2016-12-01 13:17:55',1254,'2017-01-25 13:37:38',1116,'2016-11-21 20:16:22'),(674,'webshop','invoice','payed','order','EUR','default',NULL,'delivered',NULL,NULL,NULL,674,648.47,778.16,35,35,NULL,'2016-12-23','true','Extra blickdicht drucken!!!\r\n- 25 % Ausstellungsrabatt!',NULL,NULL,'false','8c6d2e38643d229a3c2dea4df848a9c7',NULL,'Kadiera NEU',0,0,NULL,NULL,9,'2016-12-23 08:59:44',1131,'2016-11-22 12:24:20'),(675,'webshop','invoice','payed','order','EUR','default',NULL,'delivered',NULL,NULL,NULL,675,509.14,610.96,0,58.3333334,NULL,'2016-12-23','true',NULL,NULL,NULL,'false','1e3aa2a67f7a37d114b4e6af8e355e9d',NULL,'SCHMUCK',1,0,NULL,NULL,9,'2016-12-23 08:49:20',655,'2016-11-24 08:02:06'),(676,'webshop','invoice','payed','order','EUR','default',NULL,'delivered',NULL,NULL,NULL,676,580.60,696.72,58.3333334,58.3333334,NULL,'2016-12-16','true',NULL,NULL,NULL,'false','972a165aab28261cc9a0c43b90a44f6a','04583','Wurzer',1,0,NULL,NULL,9,'2016-12-16 11:01:38',1221,'2016-11-22 15:37:28'),(677,'webshop','invoice','payed','order','EUR','default',NULL,'delivered',NULL,NULL,NULL,677,132.35,158.83,35,35,NULL,'2016-12-23','true','Nachlieferung zur 000619!',NULL,NULL,'false','d57e63c0b34274aa72bc09fcae607b83','2447','Zahlbruckner Nachlieferung',0,0,NULL,NULL,9,'2016-12-23 08:59:55',1131,'2016-11-22 15:18:59'),(678,'webshop','invoice','payed','offer','EUR','default',NULL,'new',NULL,NULL,NULL,678,0.00,0.00,0,58.3333334,NULL,'2017-01-25','true',NULL,NULL,NULL,'false','7c63f9549db76645a7ad6995b2656031',NULL,'Brandstetter',0,0,1027,'2016-11-24 08:43:42',1254,'2017-01-25 13:37:38',1027,'2016-11-24 07:43:36'),(679,'webshop','invoice','payed','order','EUR','default',NULL,'delivered',NULL,NULL,NULL,679,383.50,460.20,0,58.3333334,NULL,'2016-12-23','true',NULL,NULL,NULL,'false','4594f19b792bad07ee8387d64e7f637d',NULL,'Porranzl R.',1,0,883,'2016-11-24 13:50:13',9,'2016-12-23 08:53:58',966,'2016-11-24 12:50:02'),(680,'webshop','invoice','payed','offer','EUR','default',NULL,'new',NULL,NULL,NULL,680,1496.90,1796.28,35,35,NULL,'2017-01-25','true',NULL,NULL,NULL,'false','b5358714d5bf581bd992801712b84a01','Fertigung nach Naturmaßen!','Elmer/Gabauer Küche',0,0,1067,'2016-11-25 08:58:43',1254,'2017-01-25 13:37:38',1065,'2016-11-24 12:10:38'),(681,'webshop','invoice','payed','order','EUR','default',NULL,'delivered',NULL,NULL,NULL,681,533.22,639.86,0,58.3333334,NULL,'2016-12-16','true','Druck lt. Skizze (Druckfläche = 1777 mm Breite x 500 mm Höhe - Rest TRANSPARENT)!',NULL,NULL,'false','e72406f3b564766a9cdcd10a3dbcbd22','60124870','Karpf Andreas',0,0,NULL,NULL,9,'2016-12-16 12:05:05',143,'2016-11-24 14:52:57'),(682,'webshop','invoice','payed','order','EUR','default',NULL,'delivered',NULL,NULL,NULL,682,344.76,413.70,0,58.3333334,NULL,'2016-12-16','true',NULL,NULL,NULL,'false','247454a717f0704c0a53735ed1a6412b',NULL,'Telefon-Anfrage',1,0,NULL,NULL,9,'2016-12-16 12:04:12',115,'2016-11-25 10:42:23'),(683,'webshop','invoice','payed','offer','EUR','default',NULL,'new',NULL,NULL,NULL,683,0.00,0.00,0,58.3333334,NULL,'2017-01-25','true',NULL,NULL,NULL,'false','b60f7fdee934238b30062c6148955ce0',NULL,'maier',0,0,888,'2016-11-28 09:44:12',1254,'2017-01-25 13:37:38',888,'2016-11-28 08:33:46'),(684,'webshop','invoice','payed','order','EUR','default',NULL,'delivered',NULL,NULL,NULL,684,1298.76,1558.50,0,58.3333334,NULL,'2017-01-12','true','DRUCKFARBE: RAL 9001',NULL,NULL,'false','dfdb5347056ae52de424a8fdba5992dd','BVK 2030','Haas Franz',0,0,NULL,NULL,1254,'2017-01-12 13:56:00',767,'2016-12-01 09:42:22'),(685,'webshop','invoice','payed','offer','EUR','default',NULL,'new',NULL,NULL,NULL,685,0.00,0.00,0,58.3333334,NULL,'2017-01-25','true',NULL,NULL,NULL,'false','0212dc22555aa786018870cbed96af02',NULL,'test',0,0,NULL,NULL,1254,'2017-01-25 13:37:38',1223,'2016-11-28 09:54:04'),(686,'webshop','invoice','payed','order','EUR','default',NULL,'delivered',NULL,NULL,NULL,686,873.18,1047.81,0,58.3333334,NULL,'2016-12-23','true','Art. Nr. 20055',NULL,NULL,'false','430dc78114071a0acf0195bcb5c08ef8',NULL,'Schöller-Bleckmann',0,0,NULL,NULL,9,'2016-12-23 08:50:21',142,'2016-11-28 12:03:42'),(687,'webshop','invoice','payed','offer','EUR','default',NULL,'new',NULL,NULL,NULL,687,0.00,0.00,0,58.3333334,NULL,'2017-01-25','true',NULL,NULL,NULL,'false','820236ace4bcb2fb5e4a59e98e4753ee',NULL,'Pfeiffer',0,0,888,'2016-12-18 10:19:24',1254,'2017-01-25 13:37:38',888,'2016-11-28 11:47:44'),(688,'webshop','invoice','payed','order','EUR','default',NULL,'delivered',NULL,NULL,NULL,688,500.95,601.14,0,58.3333334,NULL,'2017-01-12','true','Bitte Lcohbohrungsmaße mit \r\nSkizze überprüfen\r\n\r\nDanke',NULL,NULL,'false','601e47cdef5cc77d61fc80f7beb550ca',NULL,'Ties Stefan',0,0,NULL,NULL,1254,'2017-01-12 13:40:49',1057,'2016-12-07 07:19:19'),(689,'webshop','invoice','payed','offer','EUR','default',NULL,'new',NULL,NULL,NULL,689,0.00,0.00,58.3333334,58.3333334,NULL,'2017-01-25','true','heilige Familie',NULL,NULL,'false','d2cdcce4785634d873f214efc0d5b15e',NULL,'Prieler',0,0,NULL,NULL,1254,'2017-01-25 13:37:38',1221,'2016-11-29 06:58:58'),(690,'webshop','invoice','payed','offer','EUR','default',NULL,'new',NULL,NULL,NULL,690,0.00,0.00,0,58.3333334,NULL,'2017-01-25','true',NULL,NULL,NULL,'false','a2ba42368491b254e1a709e510887546',NULL,'Eppich',0,0,914,'2016-12-03 12:38:05',1254,'2017-01-25 13:37:38',914,'2016-11-29 07:26:19'),(691,'webshop','invoice','payed','offer','EUR','default',NULL,'new',NULL,NULL,NULL,691,0.00,0.00,0,58.3333334,NULL,'2017-01-25','true',NULL,NULL,NULL,'false','15d13f2787a1f1f30c2aceb180998d1b',NULL,'Polar',0,0,884,'2016-12-15 19:29:03',1254,'2017-01-25 13:37:38',1027,'2016-11-29 07:30:00'),(692,'webshop','invoice','payed','offer','EUR','default',NULL,'new',NULL,NULL,NULL,692,308.40,370.08,0,58.3333334,NULL,'2017-01-25','true',NULL,NULL,NULL,'false','dd9598483ec48eaed07e36ad5c9bb79e',NULL,'FENDT',0,0,655,'2016-11-29 09:45:12',1254,'2017-01-25 13:37:38',655,'2016-11-29 08:44:30'),(693,'webshop','invoice','payed','order','EUR','default',NULL,'delivered',NULL,NULL,NULL,693,2849.47,3419.36,0,58.3333334,NULL,'2017-01-12','true','Druck lt. Muster = 50 % Transparenz!',NULL,NULL,'false','3c7d5cdb9075a53b71bba17e037de603',NULL,'Leykauf',0,0,NULL,NULL,1254,'2017-01-12 13:51:30',33,'2016-11-29 11:00:42'),(694,'webshop','invoice','payed','offer','EUR','default',NULL,'new',NULL,NULL,NULL,694,0.00,0.00,35,35,NULL,'2017-01-25','true',NULL,NULL,NULL,'false','d5fc31c3c0adab327ca2ede22990e4da',NULL,'Hartinger',0,0,1086,'2017-07-02 21:01:19',1,'2017-07-02 19:01:19',1086,'2016-11-29 10:37:24'),(695,'webshop','invoice','payed','offer','EUR','default',NULL,'new',NULL,NULL,NULL,695,0.00,0.00,35,35,NULL,'2017-01-25','true',NULL,NULL,NULL,'false','46efcf9bed9cf9a6627d548f656e064b',NULL,'Baumgartner',0,0,1067,'2016-11-29 16:32:34',1254,'2017-01-25 13:37:38',1208,'2016-11-29 10:55:33'),(696,'webshop','invoice','payed','order','EUR','default',NULL,'delivered',NULL,NULL,NULL,696,695.35,834.42,35,35,NULL,'2017-01-12','true','SATINATO-PRINT!!!',NULL,NULL,'false','8cd89f381721949d65a38253ad575560',NULL,'HST / MP16089',0,0,NULL,NULL,1254,'2017-01-12 14:17:07',1216,'2016-11-29 12:30:53'),(697,'webshop','invoice','payed','offer','EUR','default',NULL,'new',NULL,NULL,NULL,697,931.20,1117.44,0,58.3333334,NULL,'2017-03-10','true','aber flott',NULL,NULL,'false','248f33fc80bcc569ad30746eb5be1343',NULL,'Test',0,0,179,'2017-02-09 15:44:41',9,'2017-03-10 15:19:00',339,'2016-12-01 12:16:47'),(698,'webshop','invoice','payed','offer','EUR','default',NULL,'new',NULL,NULL,NULL,698,0.00,0.00,0,58.3333334,NULL,'2017-01-25','true',NULL,NULL,NULL,'false','1ce314fdbc241036645d0d0a8ac6ece5',NULL,'Walter',0,0,948,'2016-12-14 13:48:26',1254,'0000-00-00 00:00:00',948,'0000-00-00 00:00:00'),(699,'webshop','invoice','payed','offer','EUR','default',NULL,'new',NULL,NULL,NULL,699,0.00,0.00,0,58.3333334,NULL,'2017-01-25','true',NULL,NULL,NULL,'false','f74f186b70cc7d4c6bbe01352bd5d334',NULL,'Wimberger',0,0,1031,'2016-11-30 13:24:03',1254,'2017-01-25 13:37:38',1031,'2016-11-30 12:21:58'),(700,'webshop','invoice','payed','offer','EUR','default',NULL,'new',NULL,NULL,NULL,700,0.00,0.00,0,58.3333334,NULL,'2017-01-25','true',NULL,NULL,NULL,'false','f0da60be348fc7e7a61ad5a4f562ea44',NULL,'Wimberger',0,0,1031,'2016-11-30 13:27:31',1254,'2017-01-25 13:37:38',1031,'2016-11-30 12:27:11'),(701,'webshop','invoice','payed','order','EUR','default',NULL,'delivered',NULL,NULL,NULL,701,1121.35,1345.61,0,58.3333334,NULL,'2017-04-13','true',NULL,NULL,NULL,'false','030784486ad7ecb5352d4b200d25e9e6',NULL,'Pinzgauer Holzkunst',1,0,NULL,NULL,9,'2017-04-13 14:20:48',125,'2017-03-14 07:07:40'),(702,'webshop','invoice','payed','offer','EUR','default',NULL,'new',NULL,NULL,NULL,702,0.00,0.00,35,35,NULL,'2017-03-10','true',NULL,NULL,NULL,'false','c07d39037ed4df0ea49610371e8bd816',NULL,'test',0,0,1067,'2016-12-01 08:58:09',9,'2017-03-10 15:19:00',1067,'2016-12-01 07:58:00'),(703,'webshop','invoice','payed','offer','EUR','default',NULL,'new',NULL,NULL,NULL,703,2467.59,2961.10,0,58.3333334,NULL,'2017-03-10','true',NULL,NULL,NULL,'false','c734973ce2265e4aea320c9a62c397ff',NULL,'Hinterleuchtete Rückwand',0,0,721,'2017-03-06 11:44:25',9,'2017-03-10 15:19:00',653,'2016-12-01 14:07:55'),(704,'webshop','invoice','payed','offer','EUR','default',NULL,'new',NULL,NULL,NULL,704,0.00,0.00,0,58.3333334,NULL,'2017-03-10','true',NULL,NULL,NULL,'false','8d91e9cf3db08bc0731fdddf5c97d067',NULL,'Test2',0,0,NULL,NULL,1,'2018-02-16 10:16:09',1120,'2016-12-01 14:07:11'),(705,'webshop','invoice','payed','order','EUR','default',NULL,'delivered',NULL,NULL,NULL,705,569.20,683.04,35,35,NULL,'2017-02-10','true',NULL,NULL,NULL,'false','a25594030668b4ef4ac7151f05110aed',NULL,'Graeger',1,0,NULL,NULL,1254,'2017-02-10 09:59:01',1044,'2016-12-02 07:04:44'),(706,'webshop','invoice','payed','order','EUR','default',NULL,'delivered',NULL,NULL,NULL,706,59.54,71.45,0,58.3333334,NULL,'2016-12-23','true',NULL,NULL,NULL,'false','a46f8964cc6b5dbaa4ce11da54405100',NULL,'xxx',0,0,NULL,NULL,9,'2016-12-23 08:51:45',143,'2016-12-05 08:41:00'),(707,'webshop','invoice','payed','offer','EUR','default',NULL,'new',NULL,NULL,NULL,707,0.00,0.00,0,58.3333334,NULL,'2017-03-10','true',NULL,NULL,NULL,'false','2a9cf877ea7aa256cd9ae045d83166fd',NULL,'Yy',0,0,52,'2016-12-02 09:37:22',9,'2017-03-10 15:19:00',52,'2016-12-02 08:31:52'),(708,'webshop','invoice','returned','order','EUR','default',NULL,'delivered',NULL,NULL,NULL,708,2178.63,2614.34,0,58.3333334,'2017-05-03','2017-04-28','true',NULL,NULL,NULL,'false','92fd940a3f3d8689210049411a63a38a',NULL,'Kielnofer',1,0,NULL,NULL,9,'2017-05-03 06:16:50',52,'2017-04-28 07:01:35'),(709,'webshop','invoice','payed','offer','EUR','default',NULL,'new',NULL,NULL,NULL,709,636.53,763.84,0,58.33,NULL,'2017-03-10','true',NULL,NULL,NULL,'false','4d1c863402449a4ee375c0c01068e6ba',NULL,'Nardoni',0,0,861,'2017-06-09 08:10:43',1,'2017-06-09 06:10:43',842,'2016-12-09 10:03:34'),(710,'webshop','invoice','payed','order','EUR','default',NULL,'delivered',NULL,NULL,NULL,710,55.92,67.10,0,58.3333334,NULL,'2017-01-12','true','MUSTER-SENDUNG: \r\n\r\nWeiss Alexander\r\nNeubauerweg 42 c\r\n8052 Graz',NULL,NULL,'false','167ab2dd289e2f67f096e02735b009a3','Labler Martin','Weiss Alexander',0,0,NULL,NULL,1254,'2017-01-12 13:56:42',37,'2016-12-02 10:45:15'),(711,'webshop','invoice','payed','order','EUR','default',NULL,'delivered',NULL,NULL,NULL,711,152.98,183.58,35,35,NULL,'2017-01-12','true',NULL,NULL,NULL,'false','fe5da002e7dfc251681be19366d847eb','0431137','Stilllleben',1,0,NULL,NULL,1254,'2017-01-12 13:32:21',1244,'2016-12-05 07:58:15'),(712,'webshop','invoice','payed','offer','EUR','default',NULL,'new',NULL,NULL,NULL,712,0.00,0.00,0,58.3333334,NULL,'2017-03-10','true',NULL,NULL,NULL,'false','e90867da35e5ccfc977f814428a8ab2e',NULL,'bruckmann',0,0,914,'2016-12-03 12:56:14',9,'2017-03-10 15:19:00',914,'2016-12-03 11:56:05'),(713,'webshop','invoice','payed','offer','EUR','default',NULL,'new',NULL,NULL,NULL,713,0.00,0.00,0,58.33,NULL,'2017-03-10','true',NULL,NULL,NULL,'false','bc9f3afb5d0dad820257479644bb8f0d',NULL,'Preiml',0,0,842,'2016-12-05 15:25:03',9,'2017-03-10 15:19:00',842,'2016-12-05 09:09:12'),(714,'webshop','invoice','payed','order','EUR','default',NULL,'delivered',NULL,NULL,NULL,714,819.73,983.67,0,58.3333334,NULL,'2017-01-17','true',NULL,NULL,NULL,'false','a889cbff7f9405f543246983bdc90eaf',NULL,'Antoniassi',1,0,NULL,NULL,1254,'2017-01-17 10:29:38',884,'2016-12-15 12:06:54'),(715,'webshop','invoice','payed','offer','EUR','default',NULL,'new',NULL,NULL,NULL,715,421.69,506.03,35,35,NULL,'2017-03-10','true',NULL,NULL,NULL,'false','3cf8d440475c7345acb95eaa23a085e8',NULL,'Engl',0,0,1203,'2017-01-10 15:11:25',9,'2017-03-10 15:19:00',1203,'2016-12-05 10:48:57'),(716,'webshop','invoice','payed','order','EUR','default',NULL,'delivered',NULL,NULL,NULL,716,151.92,182.31,35,35,NULL,'2017-04-28','true',NULL,NULL,NULL,'false','38a5ee57dc6cc6bdde7649c49c080e46','0433047','Musikkapelle Ehenbichl',1,0,NULL,NULL,9,'2017-04-28 11:22:42',1099,'2017-03-27 13:23:27'),(717,'webshop','invoice','payed','offer','EUR','default',NULL,'new',NULL,NULL,NULL,717,8063.66,9676.39,0,58.33,NULL,'2017-03-10','true',NULL,NULL,NULL,'false','f7495947a52c215f18eb788f2adc9933','Krall Markus','Alu-Dibond \"Sternenhimmel\"',0,0,839,'2017-01-15 19:05:52',9,'2017-03-10 15:18:59',842,'2016-12-05 14:22:44'),(718,'webshop','invoice','payed','offer','EUR','default',NULL,'new',NULL,NULL,NULL,718,0.00,0.00,0,58.3333334,NULL,'2017-03-10','true',NULL,NULL,NULL,'false','30528d4279581fa7ad415aa7329e1626',NULL,'Test',0,0,1242,'2019-03-25 16:00:13',1,'2019-03-25 15:00:13',1242,'2016-12-05 14:44:07'),(719,'webshop','invoice','payed','order','EUR','default',NULL,'delivered',NULL,NULL,NULL,719,360.07,432.08,0,58.3333334,NULL,'2017-04-04','true',NULL,NULL,NULL,'false','ffa84d2b39e8c9568e3b1020487d1286',NULL,'Ehrenhöfer',1,0,NULL,NULL,9,'2017-04-04 12:02:51',970,'2017-03-13 06:15:26'),(720,'webshop','invoice','payed','offer','EUR','default',NULL,'new',NULL,NULL,NULL,720,0.00,0.00,0,58.3333334,NULL,'2017-03-10','true',NULL,NULL,NULL,'false','360d53089fb1988f4148ba644eb25e6d','Ausstellung','Sochor',0,0,143,'2017-02-07 14:12:41',9,'2017-03-10 15:18:59',144,'2016-12-06 06:45:33'),(721,'webshop','invoice','payed','order','EUR','default',NULL,'delivered',NULL,NULL,NULL,721,514.03,616.83,0,58.3333334,NULL,'2017-01-12','true','Liefertermin: 16.12.2016 (Post)',NULL,NULL,'false','cdc03ba38fc33de94bceaa578811575e',NULL,'Art. Nr. 20065',1,0,NULL,NULL,1254,'2017-01-12 13:46:35',883,'2016-12-14 13:10:48'),(722,'webshop','invoice','payed','offer','EUR','default',NULL,'new',NULL,NULL,NULL,722,0.00,0.00,0,58.3333334,NULL,'2017-03-10','true',NULL,NULL,NULL,'false','b66ed7aa3a695fd51157d719b44933d8',NULL,'Kuhn',0,0,1158,'2016-12-06 15:07:41',9,'2017-03-10 15:18:59',1158,'2016-12-06 13:41:11'),(723,'webshop','invoice','payed','offer','EUR','default',NULL,'new',NULL,NULL,NULL,723,0.00,0.00,0,58.3333334,NULL,'2017-03-10','true',NULL,NULL,NULL,'false','109a04a71d317227bbfc063eef15f97f',NULL,'Ritzmaier',0,0,120,'2017-02-02 15:32:48',9,'2017-03-10 15:18:59',769,'2016-12-06 14:11:30'),(724,'webshop','invoice','payed','offer','EUR','default',NULL,'new',NULL,NULL,NULL,724,0.00,0.00,0,58.3333334,NULL,'2017-03-10','true',NULL,NULL,NULL,'false','5df83596db64c92e1f001994bcc548dc',NULL,'Erber',0,0,707,'2016-12-06 15:59:53',9,'2017-03-10 15:18:59',707,'2016-12-06 14:59:46'),(725,'webshop','invoice','payed','order','EUR','default',NULL,'delivered',NULL,NULL,NULL,725,384.60,461.52,58.3333334,58.3333334,NULL,'2017-01-12','true',NULL,NULL,NULL,'false','24fc8f8e1ad216105b82385a6762c125','04583','Wurzer',1,0,NULL,NULL,1254,'2017-01-12 13:33:20',1221,'2016-12-07 09:01:35'),(726,'webshop','invoice','payed','offer','EUR','default',NULL,'new',NULL,NULL,NULL,726,800.50,960.60,0,58.3333334,NULL,'2017-03-10','true','EK',NULL,NULL,'false','cb0fb45ba88c7653cb92b2d2a229cc43',NULL,'RIML',0,0,177,'2016-12-07 13:38:50',9,'2017-03-10 15:18:59',177,'2016-12-07 12:36:46'),(727,'webshop','invoice','payed','offer','EUR','default',NULL,'new',NULL,NULL,NULL,727,278.34,334.01,0,58.3333334,NULL,'2017-05-22','true','EK',NULL,NULL,'false','88ca9c79069480cae4af89f96b9d2331',NULL,'KOM. LASSNIG',0,0,179,'2017-01-25 13:06:26',9,'2017-05-22 14:53:45',177,'2017-01-13 17:39:12'),(728,'webshop','invoice','payed','offer','EUR','default',NULL,'new',NULL,NULL,NULL,728,558.06,669.68,35,35,NULL,'2017-03-10','true',NULL,NULL,NULL,'false','d5d900064de96b371171d3ae70f20ae4','RAL 1013 (Perlweiss)','Fliszar',0,0,1246,'2019-01-23 13:09:41',1,'2019-01-23 12:09:41',1247,'2016-12-07 13:18:27'),(729,'webshop','invoice','payed','order','EUR','default',NULL,'delivered',NULL,NULL,NULL,729,58.04,69.65,0,58.3333334,NULL,'2017-01-17','true',NULL,NULL,NULL,'false','a2dc967e6cae0ebf057318ea16abb6f5',NULL,'Clemens Zika',0,0,NULL,NULL,1254,'2017-01-17 10:28:56',143,'2016-12-09 08:13:52'),(730,'webshop','invoice','payed','offer','EUR','default',NULL,'new',NULL,NULL,NULL,730,553.58,664.29,0,58.33,NULL,'2017-03-10','true','Angebot Rückwand',NULL,NULL,'false','5b5e00e18ce6180ef601ead103d82e87','09122016','Tischlerei Kaltenegger Eligius',0,0,116,'2017-06-09 08:51:24',1,'2017-06-09 06:51:24',839,'2016-12-09 10:28:25'),(731,'webshop','invoice','payed','offer','EUR','default',NULL,'new',NULL,NULL,NULL,731,0.00,0.00,0,58.3333334,NULL,'2017-03-10','true',NULL,NULL,NULL,'false','55c1af892e6096aa8c9ebcd13f640836',NULL,'Freinberger',0,0,773,'2018-05-02 16:16:35',1,'2018-05-02 14:16:35',773,'0000-00-00 00:00:00'),(732,'webshop','invoice','payed','order','EUR','default',NULL,'delivered',NULL,NULL,NULL,732,483.09,579.71,0,58.3333334,NULL,'2017-01-12','true',NULL,NULL,NULL,'false','030fce68ef304cf1ecf8a18779c6031b',NULL,'Tischlerei Graf',0,0,NULL,NULL,1254,'2017-01-12 14:19:19',143,'2016-12-13 06:55:01'),(733,'webshop','invoice','payed','offer','EUR','default',NULL,'new',NULL,NULL,NULL,733,0.00,0.00,0,58.3333334,NULL,'2017-03-10','true',NULL,NULL,NULL,'false','7b78634982cf85d185a98e7f145c8346',NULL,'2120',0,0,183,'2017-01-13 18:38:27',9,'2017-03-10 15:18:59',177,'2016-12-13 09:05:45'),(734,'webshop','invoice','payed','order','EUR','default',NULL,'delivered',NULL,NULL,NULL,734,578.29,693.94,0,58.3333334,NULL,'2017-01-12','true','Duschwand',NULL,NULL,'false','bc1834556be05a67de514452d5a7f9a7',NULL,'Ortbauer PE 13215',1,0,NULL,NULL,1254,'2017-01-12 13:41:26',953,'2016-12-14 08:31:16'),(735,'webshop','invoice','payed','order','EUR','default',NULL,'delivered',NULL,NULL,NULL,735,1362.95,1635.54,0,58.33,NULL,'2017-01-12','true',NULL,NULL,NULL,'false','8fe8e94bc4f25714963b9561bafb506a',NULL,'Weißensteiner',0,0,NULL,NULL,1254,'2017-01-12 14:18:09',842,'2016-12-14 10:24:45'),(736,'webshop','invoice','payed','order','EUR','default',NULL,'delivered',NULL,NULL,NULL,736,75.32,90.39,0,58.3333334,NULL,'2017-01-12','true','Nachlieferung zur 000615 vom 05.11.2016! Druck lt. 000615 Teil 2!!!',NULL,NULL,'false','50831bda35ee4cd9f569e860082021dd',NULL,'Lackner',0,0,NULL,NULL,1254,'2017-01-12 14:20:12',767,'2016-12-14 14:15:40'),(737,'webshop','invoice','payed','offer','EUR','default',NULL,'new',NULL,NULL,NULL,737,1771.32,2125.58,35,35,NULL,'2017-03-10','true',NULL,NULL,NULL,'false','3153f6c7ff01374cf2fcb7d4e648f7e6',NULL,'BVH Reisch',0,0,1249,'2016-12-15 09:27:32',9,'2017-03-10 15:18:59',1249,'2016-12-14 14:27:39'),(738,'webshop','invoice','payed','offer','EUR','default',NULL,'new',NULL,NULL,NULL,738,1013.47,1216.16,0,58.3333334,NULL,'2017-03-10','true',NULL,NULL,NULL,'false','18a4a04f5ba93b58a9face6c5264ade3',NULL,'Rosiner',0,0,884,'2018-03-21 14:39:30',1,'2018-03-21 13:39:30',883,'2016-12-15 10:45:35'),(739,'webshop','invoice','payed','offer','EUR','default',NULL,'new','self',NULL,NULL,739,1437.60,1725.12,0,58.33,NULL,'2017-03-10','true','Wappen Druck - Rest Transparent!',NULL,NULL,'false','5ec7d2ff341631866ed67fda9d5f165c',NULL,'Wappen Kellersberg',0,0,1825,'2019-01-22 08:27:50',1,'2019-01-22 07:27:50',839,'2016-12-15 10:08:11'),(740,'webshop','invoice','payed','offer','EUR','default',NULL,'new',NULL,NULL,NULL,740,142.70,171.24,35,35,NULL,'2017-03-10','true',NULL,NULL,NULL,'false','b0e6b12ece5527087673d3e969df029a',NULL,'Riegler',0,0,1044,'2017-05-18 10:38:11',1,'0000-00-00 00:00:00',1044,'0000-00-00 00:00:00'),(741,'webshop','invoice','payed','offer','EUR','default',NULL,'new',NULL,NULL,NULL,741,86.80,104.16,35,35,NULL,'2017-03-10','true',NULL,NULL,NULL,'false','b2023e11e359557558e5c9a657ddab0c',NULL,'Ausstellung',0,0,1044,'2016-12-15 16:53:12',9,'2017-03-10 15:18:59',1044,'2016-12-15 15:53:33'),(742,'webshop','invoice','payed','offer','EUR','default',NULL,'new',NULL,NULL,NULL,742,1437.60,1725.12,0,58.33,NULL,'2017-03-10','true','Wappen-Druck - Rest Transparent!!!',NULL,NULL,'false','04b08fd4d851721c9e340d8d4e1f858b',NULL,'Wappen Kellersberg',0,0,1825,'2019-01-21 17:04:58',1,'2019-01-21 16:04:58',839,'2016-12-15 12:04:43'),(743,'webshop','invoice','payed','order','EUR','default',NULL,'delivered',NULL,NULL,NULL,743,1472.60,1767.12,0,58.33,NULL,'2017-03-21','true','Wappen - DRUCK I Rest - TRANSPARENT!!!',NULL,NULL,'false','edaa259aee4d3088861809f8fb4fda2b',NULL,'Wappen Kellersberg',1,0,NULL,NULL,9,'2017-03-21 12:19:38',839,'2016-12-20 12:22:48'),(744,'webshop','invoice','payed','offer','EUR','default',NULL,'new',NULL,NULL,NULL,744,0.00,0.00,0,58.3333334,NULL,'2017-03-10','true',NULL,NULL,NULL,'false','6cb5e131357e12c598e7e169464ee266',NULL,'Andi',0,0,NULL,NULL,1,'2017-03-24 09:39:36',871,'2016-12-15 15:08:33'),(745,'webshop','invoice','payed','offer','EUR','default',NULL,'new',NULL,NULL,NULL,745,0.00,0.00,0,58.3333334,NULL,'2017-03-10','true',NULL,NULL,NULL,'false','c88785b878471c1601648ccc040ffe9e',NULL,'dafds',0,0,104,'2016-12-16 06:40:50',9,'2017-03-10 15:18:59',104,'2016-12-16 05:40:45'),(746,'webshop','invoice','payed','offer','EUR','default',NULL,'new',NULL,NULL,NULL,746,352.59,423.11,35,35,NULL,'2017-05-22','true',NULL,NULL,NULL,'false','6b57088a295af6c9598608c6e0cf1d3f','7336','Wurm',0,0,1251,'2017-05-15 14:48:57',9,'2017-05-22 14:53:45',1251,'2017-01-12 07:44:01'),(747,'webshop','invoice','payed','offer','EUR','default',NULL,'new',NULL,NULL,NULL,747,786.88,944.25,0,58.3333334,NULL,'2017-03-10','true','Küche',NULL,NULL,'false','7403df6acd108d58eca11df2cabdbb89',NULL,'Lindner',0,0,822,'2016-12-19 10:31:00',9,'2017-03-10 15:18:59',822,'2016-12-19 09:31:20'),(748,'webshop','invoice','payed','offer','EUR','default',NULL,'new',NULL,NULL,NULL,748,908.54,1090.24,0,58.3333334,NULL,'2016-12-22','true','Falsche Bilddatei wurde verwendet!\r\nKom: Dr. Gabriele Gassner',NULL,NULL,'false','fd3ea86e39edfe37a72b0402c282086d','Nachlieferung zur 000449','Tischlerei Kausl Josef',1,0,143,'2017-01-09 13:37:44',1,'0000-00-00 00:00:00',142,'0000-00-00 00:00:00'),(749,'webshop','invoice','payed','offer','EUR','default',NULL,'new',NULL,NULL,NULL,749,0.00,0.00,0,58.3333334,NULL,'2017-03-10','true',NULL,NULL,NULL,'false','20bf8a68f4edd9aad85e6389381f741b',NULL,'Test',0,0,1146,'2016-12-20 15:11:04',9,'2017-03-10 15:18:59',1146,'2016-12-20 14:03:30'),(750,'webshop','invoice','payed','order','EUR','default',NULL,'delivered',NULL,NULL,NULL,750,168.10,201.72,0,58.3333334,NULL,'2017-02-10','true','Druckdatei von Auftrag 000338 verwenden!!!',NULL,NULL,'false','a37e26c17a2294d022b1a6d1937f7498','Nachlierferung zur 000338!','Schermann',0,0,NULL,NULL,1254,'2017-02-10 10:00:48',33,'2016-12-21 12:47:04'),(751,'webshop','invoice','payed','order','EUR','default',NULL,'delivered',NULL,NULL,NULL,751,1036.93,1244.31,0,58.3333334,NULL,'2017-02-28','true','+  Silikon-Kleber KOSTENLOS!!!',NULL,NULL,'false','e26a06975c10d9cad0858099db1b7183',NULL,'Lenz',1,0,NULL,NULL,1254,'2017-02-28 09:30:08',1253,'2017-01-31 10:28:17'),(752,'webshop','invoice','payed','offer','EUR','default',NULL,'new',NULL,NULL,NULL,752,408.36,490.03,35,35,NULL,'2017-03-10','true',NULL,NULL,NULL,'false','ad76bfcd0f055684aaf682ead00c0a88',NULL,'Simbürger',0,0,1203,'2017-01-12 16:19:59',9,'2017-03-10 15:18:59',1203,'2016-12-27 13:10:21'),(753,'webshop','invoice','payed','order','EUR','default',NULL,'delivered',NULL,NULL,NULL,753,435.28,522.33,35,35,NULL,'2017-02-21','true','Fotolia #71461754',NULL,NULL,'false','77b4717747a6a635b24c92f142d11737',NULL,'Simbürger',0,0,NULL,NULL,1254,'2017-02-21 14:10:45',1203,'2017-01-20 12:11:03'),(754,'webshop','invoice','payed','offer','EUR','default',NULL,'new',NULL,NULL,NULL,754,0.00,0.00,0,58.3333334,NULL,'2017-03-10','true',NULL,NULL,NULL,'false','6c28d0be2e2fda2031066e6e80cb6709',NULL,'genseberger',0,0,776,'2017-09-20 10:02:15',1,'0000-00-00 00:00:00',776,'0000-00-00 00:00:00'),(755,'webshop','invoice','payed','order','EUR','default',NULL,'delivered',NULL,NULL,NULL,755,761.48,913.77,0,58.3333334,NULL,'2017-02-03','true',NULL,NULL,NULL,'false','a5332e686df7901f67df0e0635e9c87d','  628430','Sporthotel Zugspitze',0,0,NULL,NULL,1254,'2017-02-03 12:46:29',179,'2017-01-09 13:41:03'),(756,'webshop','invoice','payed','order','EUR','default',NULL,'delivered',NULL,NULL,NULL,756,662.49,794.99,35,35,NULL,'2017-03-07','true','Lieferung: KW 9/2017',NULL,NULL,'false','79324b39942fddf2e3d96fca287ff70c','2016087','Griesbacher',1,0,NULL,NULL,9,'2017-03-07 14:20:23',1228,'2017-02-17 12:52:23'),(757,'webshop','invoice','payed','order','EUR','default',NULL,'delivered',NULL,NULL,NULL,757,453.16,543.79,0,58.3333334,NULL,'2017-02-03','true',NULL,NULL,NULL,'false','a8bcd561203315f56d3a3de3554ce6d3',NULL,'Schwöller FJ',0,0,NULL,NULL,1254,'2017-02-03 12:46:48',652,'2017-01-09 09:54:46'),(758,'webshop','invoice','payed','offer','EUR','default',NULL,'new',NULL,NULL,NULL,758,432.93,519.51,0,58.3333334,NULL,'2017-01-12','true',NULL,NULL,NULL,'false','9725b98ee0ae33835acf6e4eccbcd0ca',NULL,'Test',1,0,654,'2017-08-24 09:14:55',1,'0000-00-00 00:00:00',652,'0000-00-00 00:00:00'),(759,'webshop','invoice','payed','order','EUR','default',NULL,'delivered',NULL,NULL,NULL,759,967.41,1160.89,0,58.3333334,NULL,'2017-02-03','true','Fotolia #76069738',NULL,NULL,'false','e12fd4fd46e683477a388480a50536f7',NULL,'Enthammer Franz',1,0,NULL,NULL,1254,'2017-02-03 12:47:24',1255,'2017-01-13 09:34:36'),(760,'webshop','invoice','payed','offer','EUR','default',NULL,'new',NULL,NULL,NULL,760,2073.60,2488.32,0,58.3333334,NULL,'2017-05-22','true',NULL,NULL,NULL,'false','bd75e5c4eeb5d917accb2431ce927531','1030','Mayer Mario',0,0,37,'2017-01-24 08:35:34',9,'2017-05-22 14:53:45',37,'2017-01-10 12:09:38'),(761,'webshop','invoice','payed','order','EUR','default',NULL,'delivered',NULL,NULL,NULL,761,1087.58,1305.09,0,58.3333334,NULL,'2017-02-15','true','Motiv-Verlauf von Bestellung 000721 (14.12.2016) - Platte wird rechts dazu montiert!',NULL,NULL,'false','b9ebf951d397933988fc5670a66cd07e','0001','Wallner',1,0,NULL,NULL,1254,'2017-02-15 14:55:11',883,'2017-01-25 12:41:26'),(762,'webshop','invoice','payed','order','EUR','default',NULL,'delivered',NULL,NULL,NULL,762,892.01,1070.41,0,58.3333334,NULL,'2017-02-03','true',NULL,NULL,NULL,'false','7f823f65c86c38f80b7611da765cd1d8',NULL,'Liendlbauer Johannes',0,0,NULL,NULL,1254,'2017-02-03 12:43:41',888,'2017-01-13 12:08:50'),(763,'webshop','invoice','payed','offer','EUR','default',NULL,'new',NULL,NULL,NULL,763,0.00,0.00,0,58.3333334,NULL,'2017-05-22','true',NULL,NULL,NULL,'false','c84c95064757747e59eb5d3e44b14f82',NULL,'Test',0,0,884,'2017-02-02 12:55:00',9,'2017-05-22 14:53:45',906,'2017-01-11 06:54:12'),(764,'webshop','invoice','payed','order','EUR','default',NULL,'delivered',NULL,NULL,NULL,764,642.29,770.75,0,58.3333334,NULL,'2017-02-15','true',NULL,NULL,NULL,'false','43cc996573c8b2abbeaa23d54431f4b9',NULL,'Mayer',0,0,NULL,NULL,1254,'2017-02-15 14:50:04',143,'2017-01-16 08:20:30'),(765,'webshop','invoice','payed','order','EUR','default',NULL,'delivered',NULL,NULL,NULL,765,373.52,448.22,0,58.3333334,NULL,'2017-02-15','true','Küchenrückwand Art. Nr: 20 108',NULL,NULL,'false','22be6db6f6e0bf55ec0612046d45443e',NULL,'Tischlerei Koller Gerald',0,0,NULL,NULL,1254,'2017-02-15 14:52:06',767,'2017-01-17 12:50:58'),(766,'webshop','invoice','payed','order','EUR','default',NULL,'delivered',NULL,NULL,NULL,766,1437.29,1724.76,0,58.3333334,NULL,'2017-02-28','true',NULL,NULL,NULL,'false','649ade875491d92ac2042504c06ae010','631046','Zimmermann Wattens',0,0,NULL,NULL,1254,'2017-02-28 09:30:51',179,'2017-01-26 15:06:32'),(767,'webshop','invoice','payed','order','EUR','default',NULL,'delivered',NULL,NULL,NULL,767,122.59,147.11,35,35,NULL,'2017-02-15','true',NULL,NULL,NULL,'false','ba6c0423886a5f69ddc93d1bc7860094',NULL,'Weber',0,0,NULL,NULL,1254,'2017-02-15 14:49:12',1131,'2017-01-12 10:39:32'),(768,'webshop','invoice','payed','offer','EUR','default',NULL,'new',NULL,NULL,NULL,768,1977.32,2372.78,0,58.3333334,NULL,'2017-05-22','true',NULL,NULL,NULL,'false','a5f7b6960e65c2de7e50d9a97949884d',NULL,'Blume des Lebens',0,0,767,'2017-02-09 14:11:14',9,'2017-05-22 14:53:44',767,'2017-01-20 05:44:38'),(769,'webshop','invoice','payed','offer','EUR','default',NULL,'new',NULL,NULL,NULL,769,0.00,0.00,0,58.3333334,NULL,'2017-05-22','true',NULL,NULL,NULL,'false','76ceecd6e52c4dc27f113426ed715e9b',NULL,'Eder',0,0,888,'2017-01-12 15:11:01',9,'2017-05-22 14:53:45',888,'2017-01-12 10:57:47'),(770,'webshop','invoice','payed','offer','EUR','default',NULL,'new',NULL,NULL,NULL,770,1437.05,1724.46,0,58.3333334,NULL,'2017-05-22','true',NULL,NULL,NULL,'false','d4df635e51dddc3808dd5c3f4571c373',NULL,'Hofstätter',0,0,1245,'2018-06-18 08:54:22',1,'2018-06-18 06:54:22',883,'2018-05-29 12:44:53'),(771,'webshop','invoice','payed','offer','EUR','default',NULL,'new',NULL,NULL,NULL,771,0.00,0.00,0,58.3333334,NULL,'2017-05-22','true',NULL,NULL,NULL,'false','7025003e97c4c9427888b555f0bd4a5a',NULL,'DD',0,0,179,'2017-01-25 13:06:15',9,'2017-05-22 14:53:45',179,'2017-01-12 13:33:01'),(772,'webshop','invoice','payed','offer','EUR','default',NULL,'new',NULL,NULL,NULL,772,0.00,0.00,35,35,NULL,'2017-05-22','true',NULL,NULL,NULL,'false','c83ee51830dfa3dc0ab54ff1ad2bf43f',NULL,'Test 2',0,0,1068,'2017-01-13 10:32:46',9,'2017-05-22 14:53:45',1068,'2017-01-13 09:32:37'),(773,'webshop','invoice','payed','offer','EUR','default',NULL,'new',NULL,NULL,NULL,773,539.03,646.84,0,58.3333334,NULL,'2018-01-09','true',NULL,NULL,NULL,'false','ac8cf14d4fd445fd069dc5cc5dd95e18',NULL,'putz4',0,0,120,'2017-04-05 13:46:39',9,'2018-01-09 08:44:08',769,'2017-02-02 14:31:44'),(774,'webshop','invoice','payed','order','EUR','default',NULL,'delivered',NULL,NULL,NULL,774,399.71,479.65,35,35,NULL,'2017-02-21','true',NULL,NULL,NULL,'false','5983deb82afc2a4af9ab978464d6940f',NULL,'Hörhager',0,0,NULL,NULL,1254,'2017-02-21 14:09:33',1002,'2017-01-23 15:38:13'),(775,'webshop','invoice','payed','offer','EUR','default',NULL,'new',NULL,NULL,NULL,775,0.00,0.00,0,58.3333334,NULL,'2017-05-22','true',NULL,NULL,NULL,'false','ae25b37a97244997810b65b9a79e0718',NULL,'Krobath',0,0,970,'2017-01-15 09:29:42',9,'2017-05-22 14:53:45',970,'2017-01-15 08:28:38'),(776,'webshop','invoice','payed','offer','EUR','default',NULL,'new',NULL,NULL,NULL,776,43.09,51.71,0,58.33,NULL,'2017-05-22','true','Hahahhshs',NULL,NULL,'false','ff1efd523d9921336b42ffc55a3ca437','Jjjj','Test',0,0,842,'2018-06-13 13:12:37',1,'2018-06-13 11:12:37',839,'2017-01-15 18:12:26'),(777,'webshop','invoice','payed','offer','EUR','default',NULL,'new',NULL,NULL,NULL,777,290.00,348.01,35,35,NULL,'2017-05-22','true',NULL,NULL,NULL,'false','9f0f2665ff92be6e569f52e1140f9399',NULL,'YANIK',0,0,NULL,NULL,9,'2017-05-22 14:53:45',986,'2017-01-16 19:19:15'),(778,'webshop','invoice','payed','offer','EUR','default',NULL,'new',NULL,NULL,NULL,778,5736.86,6884.20,0,58.33,NULL,'2017-05-22','true','Angebot für Tischlerei Zitz Hartmut\r\n-30% Rabatt',NULL,NULL,'false','9aca5f4a11b766764fdc0f23f273483d','170117','Angebot Zitz',0,0,109,'2017-01-18 10:37:31',9,'2017-05-22 14:53:44',839,'2017-01-18 08:10:36'),(779,'webshop','invoice','payed','offer','EUR','default',NULL,'new',NULL,NULL,NULL,779,353.53,424.23,0,58.33,NULL,'2017-05-22','true','Angebot ',NULL,NULL,'false','58356aa2c802c501d8e1c9bf76081516','Eigenbedarf Mitarbeiter','Angebot Opriessnig',0,0,109,'2017-01-26 16:14:29',9,'2017-05-22 14:53:45',839,'2017-01-17 09:55:34'),(780,'webshop','invoice','payed','offer','EUR','default',NULL,'new',NULL,NULL,NULL,780,1567.00,1880.39,35,35,NULL,'2017-05-22','true',NULL,NULL,NULL,'false','b09e9fb5d36ffcfd5cc84e34af596bd0',NULL,'Küchenrückwand \"Safari\"',0,0,1226,'2017-01-17 16:31:50',9,'2017-05-22 14:53:45',1226,'2017-01-17 15:31:44'),(781,'webshop','invoice','payed','offer','EUR','default',NULL,'new',NULL,NULL,NULL,781,1623.38,1948.07,0,58.3333334,NULL,'2017-05-22','true','Bad Brause RW',NULL,NULL,'false','6b3144dabb44b7e70ef663efa47042b0',NULL,'Bauernhansl Walter',0,0,655,'2017-01-30 07:42:15',9,'2017-05-22 14:53:44',108,'2017-01-19 12:07:20'),(782,'webshop','invoice','payed','offer','EUR','default',NULL,'new',NULL,NULL,NULL,782,0.00,0.00,0,58.3333334,NULL,'2017-05-22','true','Angebot',NULL,NULL,'false','186fd6eef033015bef62236cb088aee2',NULL,'Überlacker',0,0,884,'2017-01-21 10:56:38',9,'2017-05-22 14:53:44',1210,'2017-01-18 07:23:38'),(783,'webshop','invoice','payed','order','EUR','default',NULL,'delivered',NULL,NULL,NULL,783,520.00,624.00,0,58.3333334,NULL,'2017-02-15','true',NULL,NULL,NULL,'false','8013026ec55cef953727d7cbb0bc7ba5','70300445','Enzinger Sepp',0,0,NULL,NULL,1254,'2017-02-15 14:53:26',654,'2017-01-24 10:05:02'),(784,'webshop','invoice','payed','order','EUR','default',NULL,'delivered',NULL,NULL,NULL,784,692.64,831.16,0,58.3333334,NULL,'2017-02-15','true','lt. Skizze, es wurden bei Pos. 2 10 mm abgezogen (6 mm Glas + ca. 4 mm Kleber)!\r\nBei Fragen 0664 455 02 38',NULL,NULL,'false','28745468f0701c8963a065d132050d1b',NULL,'Gann  Monika',1,0,NULL,NULL,1254,'0000-00-00 00:00:00',660,'0000-00-00 00:00:00'),(785,'webshop','invoice','payed','offer','EUR','default',NULL,'new',NULL,NULL,NULL,785,4233.28,5079.93,0,58.3333334,NULL,'2018-01-09','true',NULL,NULL,NULL,'false','a2a789f4814615aae6889752af01f936',NULL,'Luser Christian',0,0,767,'2017-02-09 14:13:08',9,'2018-01-09 08:44:08',767,'2017-02-08 13:49:46'),(786,'webshop','invoice','payed','order','EUR','default',NULL,'delivered',NULL,NULL,NULL,786,1327.12,1592.54,0,58.3333334,NULL,'2017-02-28','true','Bitte um Sonderpreis für Mitarbeiter JAF Kramsach',NULL,NULL,'false','0c33619689e0ab29a16efbad2a64ba52',NULL,'Wurzrainer Hubert',0,0,NULL,NULL,1254,'2017-02-28 09:31:11',179,'2017-01-25 08:53:57'),(787,'webshop','invoice','payed','offer','EUR','default',NULL,'new',NULL,NULL,NULL,787,0.00,0.00,0,58.3333334,NULL,'2017-05-22','true',NULL,NULL,NULL,'false','f3641f79446b8fd14de9b86ffa276adf','123','Test',0,0,62,'2017-03-02 09:57:36',9,'2017-05-22 14:53:44',62,'2017-01-19 14:50:41'),(788,'webshop','invoice','payed','offer','EUR','default',NULL,'new',NULL,NULL,NULL,788,642.81,771.37,0,58.3333334,NULL,'2018-01-09','true',NULL,NULL,NULL,'false','1b1c313c058242921d004a2e7d361fb5',NULL,'TEST',0,0,873,'2017-05-16 14:10:50',9,'2018-01-09 08:49:25',873,'2017-05-16 12:10:47'),(789,'webshop','invoice','payed','order','EUR','default',NULL,'delivered',NULL,NULL,NULL,789,494.38,593.26,0,58.3333334,NULL,'2017-04-03','true','Lieferung bitte in der KW 10!',NULL,NULL,'false','ca7151ab2ae4aebbe554352979299168',NULL,'Zapfel Susi und Willi',1,0,NULL,NULL,9,'2017-04-03 08:54:17',824,'2017-03-01 10:13:18'),(790,'webshop','invoice','payed','order','EUR','default',NULL,'delivered',NULL,NULL,NULL,790,539.54,647.44,35,35,NULL,'2017-03-06','true','Liefertermin prompt! Jedoch spätestens 31.01.\r\nGlasplatten m. Abstand übereinander liegend -> Motiv fortlaufend',NULL,NULL,'false','18adf86894616f9e6c42ba42d15a7b9a',NULL,'Ausstellung',1,0,NULL,NULL,9,'2017-03-06 07:20:11',1208,'2017-01-23 11:27:32'),(791,'webshop','invoice','payed','offer','EUR','default',NULL,'new',NULL,NULL,NULL,791,0.00,0.00,0,58.3333334,NULL,'2017-05-22','true',NULL,NULL,NULL,'false','b874db7fb049e9d3b5a0c78a3a14466b',NULL,'Lengauer',0,0,NULL,NULL,9,'2017-05-22 14:53:44',1055,'2017-01-23 07:34:56'),(792,'webshop','invoice','payed','offer','EUR','default',NULL,'new',NULL,NULL,NULL,792,1329.84,1595.81,0,58.3333334,NULL,'2017-05-22','true',NULL,NULL,NULL,'false','a823233b55839ef97fb5392358acd751',NULL,'Hölber',0,0,125,'2017-01-31 16:17:20',9,'2017-05-22 14:53:44',654,'2017-01-23 09:05:30'),(793,'webshop','invoice','payed','offer','EUR','default',NULL,'new',NULL,NULL,NULL,793,0.00,0.00,0,58.3333334,NULL,'2017-05-22','true',NULL,NULL,NULL,'false','63af93b4ab271c6f2f5c55a3c3964e46',NULL,'Test',0,0,62,'2017-03-02 09:57:32',9,'2017-05-22 14:53:44',62,'2017-01-23 10:47:46'),(794,'webshop','invoice','payed','order','EUR','default',NULL,'delivered',NULL,NULL,NULL,794,46.85,56.22,0,58.3333334,NULL,'2017-03-06','true',NULL,NULL,NULL,'false','8166d668f085e00d61898593f87c420e',NULL,'xxx',0,0,NULL,NULL,9,'2017-03-06 14:13:52',143,'2017-02-10 10:06:21'),(795,'webshop','invoice','payed','offer','EUR','default',NULL,'new',NULL,NULL,NULL,795,427.34,512.81,0,58.3333334,NULL,'2017-05-22','true',NULL,NULL,NULL,'false','6f457de24676a0d9307a9d393c4d05e4',NULL,'Karamanlian',0,0,143,'2017-10-05 15:28:05',1,'2017-10-05 13:28:05',143,'2017-01-23 13:55:25'),(796,'webshop','invoice','payed','order','EUR','default',NULL,'delivered',NULL,NULL,NULL,796,333.24,399.89,0,58.3333334,NULL,'2017-02-15','true',NULL,NULL,NULL,'false','b9d2f5c813a0e79b11e6055b1178cc74',NULL,'Gragger',1,0,NULL,NULL,1254,'2017-02-15 14:54:07',653,'2017-01-24 08:21:42'),(797,'webshop','invoice','payed','offer','EUR','default',NULL,'new',NULL,NULL,NULL,797,552.91,663.49,0,58.3333334,NULL,'2017-05-22','true','Angebot: 16MB040',NULL,NULL,'false','4d104547d553fe1e0e6dc74264c44080',NULL,'Joast GmbH',0,0,1158,'2017-01-24 10:03:15',9,'2017-05-22 14:53:44',1158,'2017-01-24 08:17:52'),(798,'webshop','invoice','payed','offer','EUR','default',NULL,'new',NULL,NULL,NULL,798,0.00,0.00,0,58.3333334,NULL,'2017-05-22','true',NULL,NULL,NULL,'false','738fa5680465e139748698da8d53504d',NULL,'Eigenbedarf',0,0,888,'2017-01-24 15:32:26',9,'2017-05-22 14:53:44',888,'2017-01-24 14:32:19'),(799,'webshop','invoice','payed','offer','EUR','default',NULL,'new',NULL,NULL,NULL,799,0.00,0.00,0,58.3333334,NULL,'2017-05-22','true',NULL,NULL,NULL,'false','742f3066d34d9eae8fc0e241b8330896',NULL,'Eigenbedarf',0,0,888,'2017-01-24 15:34:37',9,'2017-05-22 14:53:44',888,'2017-01-24 14:32:49'),(800,'webshop','invoice','payed','offer','EUR','default',NULL,'new',NULL,NULL,NULL,800,0.00,0.00,35,35,NULL,'2017-05-22','true',NULL,NULL,NULL,'false','8b3279f29cdc793785c799c3fbfc07cf',NULL,'Freyenschlag/MB',0,0,1208,'2017-01-25 08:17:04',9,'0000-00-00 00:00:00',1208,'0000-00-00 00:00:00'),(801,'webshop','invoice','payed','offer','EUR','default',NULL,'new',NULL,NULL,NULL,801,73.39,88.07,0,58.3333334,NULL,'2018-01-12','true',NULL,NULL,NULL,'false','30393de173b1d05921ef0e9c9a6f04a7',NULL,'Buchner',0,0,NULL,NULL,9,'2018-01-12 10:00:05',1267,'2017-06-27 06:27:10'),(802,'webshop','invoice','payed','offer','EUR','default',NULL,'new',NULL,NULL,NULL,802,0.00,0.00,0,58.3333334,NULL,'2017-05-22','true',NULL,NULL,NULL,'false','2f1d83b43eba8e8d61c191ae68806875',NULL,'Eigenbedarf',0,0,1031,'2017-01-25 13:52:05',9,'2017-05-22 14:53:44',1031,'2017-01-25 12:51:51'),(803,'webshop','invoice','payed','offer','EUR','default',NULL,'new',NULL,NULL,NULL,803,870.70,1044.84,0,58.3333334,NULL,'2017-05-22','true','Fotolia #87335557',NULL,NULL,'false','4aba167a776878efc55dad8a814fe491',NULL,'Glas WZ Verbau',0,0,891,'2017-01-26 07:51:31',9,'2017-05-22 14:53:44',889,'2017-01-25 13:20:59'),(804,'webshop','invoice','payed','offer','EUR','default',NULL,'new',NULL,NULL,NULL,804,1198.99,1438.79,0,58.3333334,NULL,'2017-05-22','true',NULL,NULL,NULL,'false','9ce93d97fe15c9246f8d092961c4bf97',NULL,'HTK',0,0,886,'2017-01-25 14:43:18',9,'2017-05-22 14:53:44',885,'2017-01-25 13:30:10'),(805,'webshop','invoice','payed','offer','EUR','default',NULL,'new',NULL,NULL,NULL,805,0.00,0.00,0,58.3333334,NULL,'2017-05-22','true',NULL,NULL,NULL,'false','08346ab52c19b22873584d55fe797413',NULL,'ANFRAGE SCHLAFZIMMERKASTEN',0,0,177,'2017-01-25 15:57:04',9,'2017-05-22 14:53:44',177,'2017-01-25 14:56:42'),(806,'webshop','invoice','payed','offer','EUR','default',NULL,'new',NULL,NULL,NULL,806,703.20,843.84,0,58.3333334,NULL,'2017-05-22','true',NULL,NULL,NULL,'false','74d9f0fb219897284dead953f830b5f8',NULL,'KOM. ZOLLER',0,0,175,'2017-05-30 15:02:47',1,'2017-05-30 13:02:47',177,'2017-01-26 08:19:27'),(807,'webshop','invoice','payed','offer','EUR','default',NULL,'new',NULL,NULL,NULL,807,0.00,0.00,0,58.3333334,NULL,'2017-05-22','true',NULL,NULL,NULL,'false','07e5e7b8bba21dc10c4ac83b2d80c28b',NULL,'Böck',0,0,732,'2017-01-28 12:57:33',9,'2017-05-22 14:53:44',732,'2017-01-26 08:23:17'),(808,'webshop','invoice','payed','offer','EUR','default',NULL,'new',NULL,NULL,NULL,808,544.40,653.28,0,58.3333334,NULL,'2017-05-22','true',NULL,NULL,NULL,'false','f830fd6f75a2df2de98fd8e0423b0589',NULL,'Niederleitner',0,0,1261,'2017-02-17 09:34:59',9,'2017-05-22 14:53:44',1261,'2017-01-26 09:27:21'),(809,'webshop','invoice','payed','offer','EUR','default',NULL,'new',NULL,NULL,NULL,809,1982.38,2378.85,0,58.3333334,NULL,'2017-05-22','true',NULL,NULL,NULL,'false','a4bb76e64e93d2194dfab29a095045da',NULL,'Konecny',0,0,143,'2017-01-26 13:58:18',9,'2017-05-22 14:53:44',143,'2017-01-26 10:18:33'),(810,'webshop','invoice','payed','offer','EUR','default',NULL,'new',NULL,NULL,NULL,810,944.23,1133.07,0,58.3333334,NULL,'2017-05-22','true',NULL,NULL,NULL,'false','6f9e36a63a4c294963302a2dd9911604',NULL,'test',0,0,1261,'2017-01-26 14:37:37',9,'2017-05-22 14:53:44',1261,'2017-01-26 13:37:37'),(811,'webshop','invoice','payed','order','EUR','default',NULL,'delivered',NULL,NULL,NULL,811,394.53,473.44,0,58.3333334,NULL,'2017-05-31','true','Lieferung per Spedition mit 03.05.2017!',NULL,NULL,'false','6a282712924bfeeb3f9027227f6613e3',NULL,'HR-Bauer',1,0,NULL,NULL,9,'2017-05-31 14:38:17',1059,'2017-04-25 12:44:55'),(812,'webshop','invoice','payed','offer','EUR','default',NULL,'new',NULL,NULL,NULL,812,0.00,0.00,0,58.3333334,NULL,'2017-05-22','true',NULL,NULL,NULL,'false','0d9d03a42949a6bf47f162e48469bcf4',NULL,'harrer',0,0,1059,'2017-12-13 08:51:35',1,'2017-12-13 07:51:35',1059,'2017-01-26 11:54:49'),(813,'webshop','invoice','payed','order','EUR','default',NULL,'delivered',NULL,NULL,NULL,813,174.60,209.52,0,58.3333334,NULL,'2017-02-20','true','Lieferung nach JAF Graz mit 01.02.2017!',NULL,NULL,'false','141b983c71afd898de2121423eb64549','70101523','Lager Thomas',0,0,NULL,NULL,1254,'2017-02-20 10:26:44',143,'2017-01-26 13:01:49'),(814,'webshop','invoice','payed','order','EUR','default',NULL,'delivered',NULL,NULL,NULL,814,799.86,959.83,0,58.3333334,NULL,'2017-03-17','true',NULL,NULL,NULL,'false','68faf3e223b10ad32588274e8f8ac4bf',NULL,'Eder Claudia (Kunden-Nummer: 1070)',1,0,NULL,NULL,9,'2017-03-17 09:39:38',887,'2017-02-14 13:33:39'),(815,'webshop','invoice','payed','order','EUR','default',NULL,'delivered',NULL,NULL,NULL,815,2072.97,2487.58,0,58.33,NULL,'2017-03-21','true','Angebot -30% Tischlerrabatt\r\n',NULL,NULL,'false','a1bec5726b3b32f591aeff8b013bba68','260117','Angebot Puschan',1,0,NULL,NULL,9,'2017-03-21 12:21:21',839,'2017-01-31 09:09:10'),(816,'webshop','invoice','payed','offer','EUR','default',NULL,'new',NULL,NULL,NULL,816,1383.03,1659.65,0,58.33,NULL,'2017-05-22','true','Anfrage Rückwand\r\n-30% Rabatt',NULL,NULL,'false','0356a07c8ab21b0dbb54535307ec39d7','260117','Zach Parkett',0,0,839,'2017-01-27 10:39:20',9,'2017-05-22 14:53:44',839,'2017-01-26 14:19:03'),(817,'webshop','invoice','payed','offer','EUR','default',NULL,'new',NULL,NULL,NULL,817,835.62,1002.75,0,58.3333334,NULL,'2017-05-22','true',NULL,NULL,NULL,'false','99fd35b09d2b9fa1d84f47c6ff6585fb',NULL,'Reiter Paul Brause',0,0,108,'2017-03-16 08:57:20',9,'2017-05-22 14:53:44',655,'2017-01-30 12:18:05'),(818,'webshop','invoice','payed','offer','EUR','default',NULL,'new',NULL,NULL,NULL,818,0.00,0.00,58.3333334,58.3333334,NULL,'2017-05-22','true',NULL,NULL,NULL,'false','fdad36fb25a8d7ed6050ebbc3adc5543',NULL,'Eigenbedarf',0,0,1221,'2018-03-28 14:06:06',1,'2018-03-28 12:06:06',1221,'2017-01-30 10:33:03'),(819,'webshop','invoice','payed','offer','EUR','default',NULL,'new',NULL,NULL,NULL,819,908.64,1090.37,0,58.3333334,NULL,'2018-01-09','true',NULL,NULL,NULL,'false','96c5a764cc8515107a2f0014949e41af',NULL,'Messe',1,0,885,'2017-08-23 11:38:33',9,'2018-01-09 08:44:09',1272,'0000-00-00 00:00:00'),(820,'webshop','invoice','payed','offer','EUR','default',NULL,'new',NULL,NULL,NULL,820,0.00,0.00,0,58.3333334,NULL,'2017-05-22','true',NULL,NULL,NULL,'false','20d3834370f2c0660c1f16fe022ea127',NULL,'Messe Glas',0,0,1272,'2017-02-06 14:40:23',9,'2017-05-22 14:53:44',1272,'2017-01-30 14:14:31'),(821,'webshop','invoice','payed','offer','EUR','default',NULL,'new',NULL,NULL,NULL,821,0.00,0.00,0,58.3333334,NULL,'2017-05-22','true',NULL,NULL,NULL,'false','793df417770b02a20c04d4228e5eebb4',NULL,'Ausstellung',0,0,1271,'2017-01-30 15:15:48',9,'2017-05-22 14:53:44',1271,'2017-01-30 14:15:48'),(822,'webshop','invoice','payed','offer','EUR','default',NULL,'new',NULL,NULL,NULL,822,275.31,330.37,0,58.3333334,NULL,'2018-01-09','true','ACHTUNG: Satinato-Druck lt. Skizze!!!',NULL,NULL,'false','4839dbf973b2fb4c90b2904098437586',NULL,'Niederleitner',0,0,1261,'2017-02-17 09:35:09',9,'2018-01-09 08:44:08',1261,'2017-02-01 07:44:17'),(823,'webshop','invoice','payed','order','EUR','default',NULL,'delivered',NULL,NULL,NULL,823,787.23,944.68,35,35,NULL,'2017-03-20','true','Vorab-Muster zur Freigabe!\r\n\r\nLIEFERUNG KW.07/2017',NULL,NULL,'false','00b1c738ec4e4626feaedbb52db3f781','MP16092','Hansmann-Fruhmann',1,0,NULL,NULL,1254,'2017-03-20 12:41:58',1216,'2017-02-02 09:38:31'),(824,'webshop','invoice','payed','offer','EUR','default',NULL,'new',NULL,NULL,NULL,824,1247.44,1496.93,0,58.3333334,NULL,'2017-05-22','true',NULL,NULL,NULL,'false','6f58a6190201401c91f5c4812ee3dcac','123','Stabentheiner',0,0,179,'2017-02-09 15:44:24',9,'2017-05-22 14:53:44',179,'2017-01-31 13:00:05'),(825,'webshop','invoice','payed','offer','EUR','default',NULL,'new',NULL,NULL,NULL,825,310.56,372.67,0,58.3333334,NULL,'2017-05-22','true',NULL,NULL,NULL,'false','e6383d89bbbc796f31b8291e632163a8',NULL,'Schernthaner GmbH',0,0,937,'2017-01-31 14:57:07',9,'2017-05-22 14:53:44',937,'2017-01-31 10:45:46'),(826,'webshop','invoice','payed','order','EUR','default',NULL,'delivered',NULL,NULL,NULL,826,706.78,848.13,0,58.3333334,NULL,'2017-02-28','true',NULL,NULL,NULL,'false','980365f161f873cd21b56c65d4a4a5f6',NULL,'Schernthaner',0,0,NULL,NULL,1254,'2017-02-28 09:29:26',125,'2017-02-06 13:02:30'),(827,'webshop','invoice','payed','offer','EUR','default',NULL,'new',NULL,NULL,NULL,827,675.55,810.66,0,58.3333334,NULL,'2018-01-09','true',NULL,NULL,NULL,'false','91575acaed9d0b808094d720ae61961b',NULL,'New York Skyline',0,0,1273,'2017-02-21 08:44:27',9,'2018-01-09 08:44:08',767,'2017-02-01 08:15:23'),(828,'webshop','invoice','payed','offer','EUR','default',NULL,'new',NULL,NULL,NULL,828,459.65,551.58,35,35,NULL,'2018-01-09','true',NULL,NULL,NULL,'false','e1378c2a05480b5a6903cd7c35f21f8a',NULL,'Wandverkleidung hinterleuchtet',0,0,1161,'2017-02-01 11:47:24',9,'2018-01-09 08:44:08',1161,'2017-02-01 07:54:32'),(829,'webshop','invoice','payed','offer','EUR','default',NULL,'new',NULL,NULL,NULL,829,0.00,0.00,0,58.3333334,NULL,'2018-01-09','true',NULL,NULL,NULL,'false','c29ad8b9d2812d2b4f7e04298068dfaa',NULL,'Feichtinger',0,0,1012,'2017-02-08 13:43:50',9,'2018-01-09 08:44:08',1012,'2017-02-01 07:53:38'),(830,'webshop','invoice','payed','offer','EUR','default',NULL,'new',NULL,NULL,NULL,830,0.00,0.00,0,58.3333334,NULL,'2018-01-09','true',NULL,NULL,NULL,'false','8039a686962dc1c9410160f0f79496ae',NULL,'Weiss',0,0,767,'2017-02-07 15:27:09',9,'2018-01-09 08:44:08',970,'2017-02-01 17:14:01'),(831,'webshop','invoice','payed','order','EUR','default',NULL,'delivered',NULL,NULL,NULL,831,842.41,1010.89,35,35,NULL,'2017-08-29','true','SATINATO-PRINT (blickdicht)!!!\r\nDruck wie bei 000696 (Kom: HTS)!\r\n\r\nLieferung: KW 28/2017',NULL,NULL,'false','ed5bcb7bcb037fffaff864f72168052a','MP17 013','Wehr',0,0,NULL,NULL,9,'0000-00-00 00:00:00',1216,'0000-00-00 00:00:00'),(832,'webshop','invoice','payed','offer','EUR','default',NULL,'new',NULL,NULL,NULL,832,0.00,0.00,0,58.3333334,NULL,'2018-01-09','true',NULL,NULL,NULL,'false','e624ccdaf8218696912bf5813417e7be',NULL,'test',0,0,NULL,NULL,1,'2019-04-10 13:15:12',967,'0000-00-00 00:00:00'),(833,'webshop','invoice','payed','offer','EUR','default',NULL,'new',NULL,NULL,NULL,833,1173.46,1408.15,0,58.3333334,NULL,'2018-01-09','true',NULL,NULL,NULL,'false','a74f4ed132025b0d351c68edcf652734',NULL,'Muralter Martin',0,0,62,'2017-02-23 14:34:26',9,'2018-01-09 08:44:07',62,'2017-02-23 13:31:36'),(834,'webshop','invoice','payed','order','EUR','default',NULL,'delivered',NULL,NULL,NULL,834,440.92,529.10,0,58.3333334,NULL,'2017-03-14','true',NULL,NULL,NULL,'false','b5afa8de4b78e23a49bf3b37ead518bd','70101967','Ausstellung \"Sochor-Logo\"',1,0,NULL,NULL,9,'2017-03-14 10:38:03',144,'2017-02-23 09:29:41'),(835,'webshop','invoice','payed','order','EUR','default',NULL,'delivered',NULL,NULL,NULL,835,362.08,434.49,0,58.3333334,NULL,'2017-03-21','true',NULL,NULL,NULL,'false','c4bd2b7a8c6153efc5d673436c7adbfc','631931','  Sporthotel Livingno',0,0,NULL,NULL,9,'2017-03-21 12:16:17',179,'2017-02-02 15:37:58'),(836,'webshop','invoice','payed','offer','EUR','default',NULL,'new',NULL,NULL,NULL,836,0.00,0.00,0,58.3333334,NULL,'2018-01-09','true',NULL,NULL,NULL,'false','675d048ceafcf6a0a6e05bd13fd90a5c',NULL,'Fuchs',0,0,992,'2017-04-24 10:29:28',9,'2018-01-09 08:44:08',992,'2017-02-03 09:19:12'),(837,'webshop','invoice','payed','offer','EUR','default',NULL,'new',NULL,NULL,NULL,837,0.00,0.00,0,58.3333334,NULL,'2018-01-09','true',NULL,NULL,NULL,'false','6540d51c7e01f320e83de8a56edf8d0f',NULL,'Werbung',0,0,732,'2017-02-03 14:50:02',9,'2018-01-09 08:44:08',732,'2017-02-03 13:26:50'),(838,'webshop','invoice','payed','offer','EUR','default',NULL,'new',NULL,NULL,NULL,838,184.93,221.91,0,58.3333334,NULL,'2018-01-09','true','Probe',NULL,NULL,'false','57f2709df631a35b7457550bbb89e9f2',NULL,'Winkler',0,0,884,'2017-02-20 19:58:52',9,'2018-01-09 08:44:08',1242,'2017-02-06 08:11:22'),(839,'webshop','invoice','payed','order','EUR','default',NULL,'delivered',NULL,NULL,NULL,839,2510.64,3012.76,0,58.3333334,NULL,'2017-03-14','true',NULL,NULL,NULL,'false','15c3e12f9d3f0f9e78f42f35513d218c',NULL,'L-Küchenblock',1,0,883,'2017-02-21 11:49:04',9,'2017-03-14 10:39:01',883,'2017-02-21 10:47:59'),(840,'webshop','invoice','payed','offer','EUR','default',NULL,'new',NULL,NULL,NULL,840,0.00,0.00,0,58.3333334,NULL,'2018-01-09','true',NULL,NULL,NULL,'false','804575ba178c90777c28a7945d4b2068',NULL,'Xy',0,0,886,'2017-02-06 13:54:59',9,'2018-01-09 08:44:08',886,'2017-02-06 12:53:20'),(841,'webshop','invoice','payed','offer','EUR','default',NULL,'new',NULL,NULL,NULL,841,0.00,0.00,0,58.3333334,NULL,'2018-01-09','true','Küchen',NULL,NULL,'false','6c9c72194ac8479c87133476903848b2',NULL,'Fragner Huber',0,0,1032,'2017-02-07 10:56:19',9,'2018-01-09 08:44:08',1032,'2017-02-06 15:58:16'),(842,'webshop','invoice','payed','offer','EUR','default',NULL,'new',NULL,NULL,NULL,842,0.00,0.00,0,58.3333334,NULL,'2018-01-09','true',NULL,NULL,NULL,'false','bc6f4ceeb02dd73850eaf3f7cd9eeffc',NULL,'marker',0,0,732,'2017-02-06 19:24:11',9,'2018-01-09 08:44:08',732,'2017-02-06 18:24:06'),(843,'webshop','invoice','payed','offer','EUR','default',NULL,'new',NULL,NULL,NULL,843,562.85,675.42,0,58.33,NULL,'2018-01-09','true',NULL,NULL,NULL,'false','4f596961b7486c52e35e18cdbf1a3873',NULL,'Blutorange',0,0,834,'2017-02-07 11:36:01',9,'2018-01-09 08:44:08',834,'2017-02-07 10:35:40'),(844,'webshop','invoice','payed','order','EUR','default',NULL,'delivered',NULL,NULL,NULL,844,653.75,784.50,0,58.3333334,NULL,'2017-03-06','true',NULL,NULL,NULL,'false','ca7f6736020603069f4a34b833bb163d',NULL,'Wittmann',0,0,NULL,NULL,9,'2017-03-06 07:19:39',143,'2017-02-09 14:14:13'),(845,'webshop','invoice','payed','offer','EUR','default',NULL,'new',NULL,NULL,NULL,845,0.00,0.00,0,58.3333334,NULL,'2018-01-09','true',NULL,NULL,NULL,'false','cf2cbf4718e69e45d83964648a546932',NULL,'GEMYSAG',0,0,810,'2017-02-08 08:39:40',9,'2018-01-09 08:44:08',810,'2017-02-08 06:54:54'),(846,'webshop','invoice','payed','offer','EUR','default',NULL,'new',NULL,NULL,NULL,846,0.00,0.00,0,58.3333334,NULL,'2018-01-09','true',NULL,NULL,NULL,'false','303fef633813bd3ee8abe0cfcf688de3',NULL,'Gemysag',0,0,810,'2017-02-08 13:42:50',9,'2018-01-09 08:44:08',810,'2017-02-08 07:43:00'),(847,'webshop','invoice','payed','offer','EUR','default',NULL,'new',NULL,NULL,NULL,847,0.00,0.00,0,58.3333334,NULL,'2018-01-09','true',NULL,NULL,NULL,'false','67412d338f059784b28cae21fff369e1',NULL,'Test',0,0,810,'2018-07-17 17:48:02',1,'2018-07-17 15:48:02',810,'2017-02-08 07:44:22'),(848,'webshop','invoice','payed','order','EUR','default',NULL,'delivered',NULL,NULL,NULL,848,901.50,1081.80,0,58.3333334,NULL,'2017-03-06','true',NULL,NULL,NULL,'false','0773a8ad67b9860d56802e6159ef6c3b',NULL,'Hallwang',0,0,NULL,NULL,9,'2017-03-06 07:20:50',654,'2017-02-08 10:52:57'),(849,'webshop','invoice','payed','offer','EUR','default',NULL,'new',NULL,NULL,NULL,849,0.00,0.00,0,58.3333334,NULL,'2018-01-09','true',NULL,NULL,NULL,'false','9afbd4b148b459513cfc7b86174c9a4d',NULL,'Gemysag',0,0,810,'2017-02-13 12:25:06',9,'2018-01-09 08:44:08',810,'2017-02-08 08:06:15'),(850,'webshop','invoice','payed','offer','EUR','default',NULL,'new',NULL,NULL,NULL,850,0.00,0.00,0,58.3333334,NULL,'2018-01-09','true',NULL,NULL,NULL,'false','5f7d33d51f4c1f67ed87fb0f6a7b410e',NULL,'Gemysag',0,0,810,'2017-02-13 12:08:31',9,'2018-01-09 08:44:08',810,'2017-02-08 08:06:50'),(851,'webshop','invoice','payed','offer','EUR','default',NULL,'new',NULL,NULL,NULL,851,0.00,0.00,0,58.3333334,NULL,'2018-01-09','true',NULL,NULL,NULL,'false','0ceba852fad1de1a27583635aa39d110',NULL,'Teinscherer',0,0,944,'2018-12-21 10:23:19',1,'2018-12-21 09:23:19',944,'0000-00-00 00:00:00'),(852,'webshop','invoice','payed','offer','EUR','default',NULL,'new',NULL,NULL,NULL,852,652.53,783.03,0,58.3333334,NULL,'2018-01-09','true','Küchenruckwand',NULL,NULL,'false','8300e2863c3cabd4e4b63ba3b244b7a1',NULL,'fragneer Huber',0,0,1032,'2017-02-08 11:31:01',9,'2018-01-09 08:44:08',1032,'2017-02-08 10:30:40'),(853,'webshop','invoice','payed','offer','EUR','default',NULL,'new',NULL,NULL,NULL,853,855.46,1026.55,0,58.3333334,NULL,'2018-01-09','true',NULL,NULL,NULL,'false','c9e80020db146e6350bc39b06c9c4153',NULL,'Schulung',0,0,62,'2017-05-18 16:59:40',9,'2018-01-09 08:49:25',62,'2017-05-18 14:59:39'),(854,'webshop','invoice','payed','offer','EUR','default',NULL,'new',NULL,NULL,NULL,854,0.00,0.00,0,58.3333334,NULL,'2018-01-09','true',NULL,NULL,NULL,'false','de9b88a8e26df4b3ab0e8b28e7040203',NULL,'emysag',0,0,810,'2017-02-10 12:43:38',9,'2018-01-09 08:44:08',810,'2017-02-08 12:44:32'),(855,'webshop','invoice','payed','order','EUR','default',NULL,'delivered',NULL,NULL,NULL,855,842.47,1010.96,0,58.3333334,NULL,'2017-03-10','true','BITTE NACH JAF KRAMSACH LIEFERN',NULL,NULL,'false','9742d9d7d08cdce5164296e38408e5cc','  632701','Kom. Dorfmann',0,0,NULL,NULL,9,'2017-03-10 12:28:15',179,'2017-02-08 14:48:10'),(856,'webshop','invoice','payed','offer','EUR','default',NULL,'new',NULL,NULL,NULL,856,311.28,373.53,0,58.3333334,NULL,'2018-01-09','true','ANFRAGE EDER RUPERT',NULL,NULL,'false','c412507845aab850b6c35b557b5de794',NULL,'DR. DEMOSER',0,0,655,'2017-02-09 12:06:43',9,'2018-01-09 08:44:08',655,'2017-02-09 11:05:38'),(857,'webshop','invoice','payed','offer','EUR','default',NULL,'new',NULL,NULL,NULL,857,1813.18,2175.82,0,58.3333334,NULL,'2018-01-09','true',NULL,NULL,NULL,'false','fe1d9029bcefbf931b1d47d628b10def',NULL,'Ganglas-Tür mit Druck',0,0,179,'2017-02-24 10:45:55',9,'2018-01-09 08:44:08',179,'2017-02-09 14:46:34'),(858,'webshop','invoice','payed','order','EUR','default',NULL,'delivered',NULL,NULL,NULL,858,222.35,266.82,0,58.3333334,NULL,'2017-04-28','true',NULL,NULL,NULL,'false','503c7ee7c707763db0aac7dbdc9c1a1a',NULL,'Steininger',1,0,NULL,NULL,9,'2017-04-28 11:21:42',1281,'2017-03-14 12:46:30'),(859,'webshop','invoice','payed','offer','EUR','default',NULL,'new',NULL,NULL,NULL,859,493.82,592.58,58.333333,58.333333,NULL,'2018-01-12','true',NULL,NULL,NULL,'false','6785c7878073e0e95eeea6f8e0cecf85',NULL,'Tischlerei Schellander',0,0,1316,'2017-06-29 10:22:11',9,'2018-01-12 10:00:04',1277,'2017-06-29 07:06:30'),(860,'webshop','invoice','payed','offer','EUR','default',NULL,'new',NULL,NULL,NULL,860,0.00,0.00,0,58.3333334,NULL,'2018-01-09','true',NULL,NULL,NULL,'false','6f0f90faf8ed411118af57dc849e83b2',NULL,'test1',0,0,1281,'2017-03-21 14:07:53',9,'2018-01-09 08:44:08',1281,'2017-02-10 14:33:27'),(861,'webshop','invoice','payed','order','EUR','default',NULL,'delivered',NULL,NULL,NULL,861,703.31,843.97,0,58.3333334,NULL,'2017-03-10','true','45° Gehrung lt. Skizze!',NULL,NULL,'false','ebabad1a3e0aece261fbbe563fc04360',NULL,'Widlroither-Schlager_3',0,0,NULL,NULL,9,'2017-03-10 12:29:44',721,'2017-02-14 09:44:03'),(862,'webshop','invoice','payed','order','EUR','default',NULL,'delivered',NULL,NULL,NULL,862,808.45,970.14,0,58.3333334,NULL,'2017-06-23','true',NULL,NULL,NULL,'false','4ff2ea5fb3cb4725b38931e7ab290f8e','70102748','Küchenrückwand',0,0,NULL,NULL,9,'2017-06-23 09:19:41',142,'2017-02-13 11:50:18'),(863,'webshop','invoice','payed','order','EUR','default',NULL,'delivered',NULL,NULL,NULL,863,118.32,141.98,0,58.3333334,NULL,'2017-04-03','true',NULL,NULL,NULL,'false','bc685274ce2c4675c88d2c520fda916e',NULL,'Fussi',1,0,NULL,NULL,9,'0000-00-00 00:00:00',879,'0000-00-00 00:00:00'),(864,'webshop','invoice','payed','offer','EUR','default',NULL,'new',NULL,NULL,NULL,864,602.85,723.42,0,58.33,NULL,'2018-01-09','true','öalkjf',NULL,NULL,'false','39cb7e9251d4c278a41de281f0158091','Test','Test',0,0,842,'2018-06-13 13:12:46',1,'2018-06-13 11:12:46',842,'2017-02-14 07:47:25'),(865,'webshop','invoice','payed','offer','EUR','default',NULL,'new',NULL,NULL,NULL,865,578.85,694.62,0,58.33,NULL,'2018-01-09','true','Kom. Schützelhofer Andreas',NULL,NULL,'false','eeb84849bb932f6bd15c4af41b2be681','69587','Wirnsberger Leo',0,0,842,'2017-05-12 09:27:27',9,'2018-01-09 08:44:08',842,'2017-02-14 08:34:23'),(866,'webshop','invoice','payed','offer','EUR','default',NULL,'new',NULL,NULL,NULL,866,0.00,0.00,0,58.3333334,NULL,'2018-01-09','true',NULL,NULL,NULL,'false','d0f510b01f2af3d8d958f9c91dee29d9',NULL,'Trondl',0,0,948,'2017-06-26 14:22:44',9,'0000-00-00 00:00:00',948,'0000-00-00 00:00:00'),(867,'webshop','invoice','payed','offer','EUR','default',NULL,'new',NULL,NULL,NULL,867,598.56,718.27,0,58.33,NULL,'2018-01-09','true','Kom. Köll',NULL,NULL,'false','e1049f09651ee38c04d51e82c7c3f101','69588','Wirnsberger Leo',0,0,842,'2017-05-12 09:27:12',9,'2018-01-09 08:44:08',842,'2017-02-14 08:42:09'),(868,'webshop','invoice','payed','offer','EUR','default',NULL,'new',NULL,NULL,NULL,868,0.00,0.00,0,58.33,NULL,'2018-01-09','true','Kom. Egger H',NULL,NULL,'false','2ed61196b2f6aafe6dcf7640cd35bd50','69595','Schneeberger Gerhard',0,0,839,'2017-02-15 07:35:31',9,'2018-01-09 08:44:07',842,'2017-02-14 09:35:52'),(869,'webshop','invoice','payed','order','EUR','default',NULL,'delivered',NULL,NULL,NULL,869,546.99,656.38,0,58.33,NULL,'2017-07-05','true',NULL,NULL,NULL,'false','41ef7235055a8575037fa4c0ecd1c10d','69588','Schützelhofer Köll',1,0,NULL,NULL,9,'2017-07-05 09:04:26',839,'2017-05-11 14:42:28'),(870,'webshop','invoice','payed','offer','EUR','default',NULL,'new',NULL,NULL,NULL,870,0.00,0.00,0,58.3333334,NULL,'2018-01-09','true',NULL,NULL,NULL,'false','04f63a0d0d8d2423b2119e207897d5e8',NULL,'Pichler A',0,0,2461,'2019-02-19 15:18:20',1,'2019-02-19 14:18:20',869,'2017-02-14 16:37:15'),(871,'webshop','invoice','payed','offer','EUR','default',NULL,'new',NULL,NULL,NULL,871,647.41,776.89,0,58.33,NULL,'2018-01-09','true','Bild muss erst ausgesucht werden !!!',NULL,NULL,'false','eba17d8dff7c60b345d8ef35a700b515',NULL,'Schützelhofer Andreas',0,0,855,'2017-02-28 09:41:33',9,'2018-01-09 08:44:07',839,'2017-02-28 08:39:29'),(872,'webshop','invoice','payed','offer','EUR','default',NULL,'new',NULL,NULL,NULL,872,610.20,732.24,0,58.33,NULL,'2018-01-09','true','Bohrlöcher sind noch nicht fix !!!',NULL,NULL,'false','cf32ccd2cf663ad7d60f68addde60070',NULL,'EGGER H',0,0,839,'2017-02-15 07:35:03',9,'2018-01-09 08:44:07',839,'2017-02-15 06:34:23'),(873,'webshop','invoice','payed','offer','EUR','default',NULL,'new',NULL,NULL,NULL,873,0.00,0.00,0,58.3333334,NULL,'2018-01-09','true',NULL,NULL,NULL,'false','2fc29907b19ac1a559a8d1a40f5441fe',NULL,'Lehner',0,0,1261,'2017-02-15 07:47:26',9,'2018-01-09 08:44:07',1261,'2017-02-15 06:47:14'),(874,'webshop','invoice','payed','offer','EUR','default',NULL,'new',NULL,NULL,NULL,874,0.00,0.00,0,58.3333334,NULL,'2018-01-09','true','test',NULL,NULL,'false','3fdf78d08c0e4ae9269428d19b011e98',NULL,'test',0,0,1010,'2017-02-15 14:02:08',9,'2018-01-09 08:44:07',1010,'2017-02-15 13:00:27'),(875,'webshop','invoice','payed','offer','EUR','default',NULL,'new',NULL,NULL,NULL,875,0.00,0.00,0,58.3333334,NULL,'2018-01-09','true','dfhdfh',NULL,NULL,'false','ac2249cb78496189210b7e4e8b4c6815',NULL,'test1',0,0,1010,'2017-02-15 14:08:29',9,'2018-01-09 08:44:07',1010,'2017-02-15 13:07:55'),(876,'webshop','invoice','payed','order','EUR','default',NULL,'delivered',NULL,NULL,NULL,876,1038.27,1245.92,0,58.3333334,NULL,'2017-05-31','true',NULL,NULL,NULL,'false','b45b075a2fef5da66e7dcedd99e3ffd1',NULL,'Ortner',0,0,NULL,NULL,9,'2017-05-31 14:35:51',125,'2017-04-26 08:13:49'),(877,'webshop','invoice','payed','offer','EUR','default',NULL,'new',NULL,NULL,NULL,877,0.00,0.00,0,58.3333334,NULL,'2018-01-09','true',NULL,NULL,NULL,'false','5b34e108fc5449c8e2f01e9efd51c861',NULL,'lutscha',0,0,177,'2018-10-10 09:03:57',1,'2018-10-10 07:03:57',177,'2017-02-16 15:45:19'),(878,'webshop','invoice','payed','offer','EUR','default',NULL,'new',NULL,NULL,NULL,878,0.00,0.00,58.3333334,58.3333334,NULL,'2018-01-09','true',NULL,NULL,NULL,'false','d79582eceb6535a41b7f393e2f6b5542',NULL,'Pessenbacher',0,0,1221,'2017-02-17 10:33:37',9,'2018-01-09 08:44:07',1221,'2017-02-17 09:11:40'),(879,'webshop','invoice','returned','order','EUR','default',NULL,'delivered',NULL,NULL,NULL,879,394.27,473.12,35,35,'2017-03-06','2017-03-06','true',NULL,NULL,NULL,'false','b0301fa4db876873b6e2b7ee88c918a6',NULL,'König Michaela',0,0,NULL,NULL,9,'2017-03-06 08:52:08',1229,'2017-03-06 08:08:28'),(880,'webshop','invoice','payed','order','EUR','default',NULL,'delivered',NULL,NULL,NULL,880,741.87,890.24,35,58.3333334,NULL,'2017-04-05','true',NULL,NULL,NULL,'false','e3b4aa8df40c38b044caf8086f5afb85',NULL,'Ertler Corina',1,0,1229,'2017-02-20 15:27:59',9,'2017-04-05 14:03:41',1229,'2017-02-20 14:26:15'),(881,'webshop','invoice','payed','order','EUR','default',NULL,'delivered',NULL,NULL,NULL,881,406.93,488.31,35,35,NULL,'2017-06-23','true','Bitte um einen Ausstellungsrabatt\r\nLieferadresse: Ringhofer\r\nHauptplatz 14\r\n8240 Friedberg',NULL,NULL,'false','877cf6b2a4cdcf322c84d2ff38d06ba3',NULL,'Schauraum: Eigenbedarf',1,0,NULL,NULL,9,'2017-06-23 08:34:43',1048,'2017-03-01 10:00:34'),(882,'webshop','invoice','payed','offer','EUR','default',NULL,'new',NULL,NULL,NULL,882,0.00,0.00,0,58.3333334,NULL,'2018-01-09','true',NULL,NULL,NULL,'false','064e677358cbdca11d0f91ff42b28487',NULL,'haberbauertest',0,0,1010,'2017-02-20 16:10:48',9,'2018-01-09 08:44:07',1010,'2017-02-20 15:05:32'),(883,'webshop','invoice','payed','offer','EUR','default',NULL,'new',NULL,NULL,NULL,883,0.00,0.00,0,58.3333334,NULL,'2018-01-09','true',NULL,NULL,NULL,'false','1e8edc9d68d2c9f456e1a0a644b51c87',NULL,'haberbauertest1',0,0,1010,'2017-02-20 16:10:35',9,'2018-01-09 08:44:07',1010,'2017-02-20 15:09:15'),(884,'webshop','invoice','payed','offer','EUR','default',NULL,'new',NULL,NULL,NULL,884,1303.61,1564.33,0,58.33,NULL,'2018-01-09','true',NULL,NULL,NULL,'false','526ee5006e8349605e82cf6b41f9f9e0',NULL,'Logistikleiter JAF Villach',0,0,839,'2017-07-27 14:21:18',9,'2018-01-09 08:44:07',834,'2017-02-23 07:19:08'),(885,'webshop','invoice','payed','offer','EUR','default',NULL,'new',NULL,NULL,NULL,885,1112.28,1334.74,0,58.3333334,NULL,'2018-01-09','true','RAL 9016 - blickdicht!\r\nEcken leicht gerundet!',NULL,NULL,'false','1caad137477ecf7c9b411c5dbf69fce8',NULL,'11/CC',0,0,1049,'2017-02-22 15:50:27',9,'2018-01-09 08:44:07',1049,'2017-02-22 14:50:21'),(886,'webshop','invoice','payed','offer','EUR','default',NULL,'new',NULL,NULL,NULL,886,1456.93,1748.32,0,58.3333334,NULL,'2018-01-09','true',NULL,NULL,NULL,'false','2b6477e3a0b63a3a1fc4830795ed19ab',NULL,'Magner',0,0,944,'2017-04-12 17:48:21',9,'2018-01-09 08:44:07',944,'2017-02-22 13:01:14'),(887,'webshop','invoice','payed','offer','EUR','default',NULL,'new',NULL,NULL,NULL,887,957.60,1149.11,0,58.3333334,NULL,'2018-01-09','true',NULL,NULL,NULL,'false','7985545cd7bf53dc471c139f113f24d8','O25308','Deutsch',0,0,128,'2017-03-06 14:02:02',9,'2018-01-09 08:49:27',128,'2017-03-06 12:57:55'),(888,'webshop','invoice','payed','offer','EUR','default',NULL,'new',NULL,NULL,NULL,888,0.00,0.00,0,58.3333334,NULL,'2018-01-09','true',NULL,NULL,NULL,'false','6f35357042acc8594027396c1c6a24f5',NULL,'Schauer_Lydia',0,0,1010,'2017-02-22 13:02:31',9,'2018-01-09 08:44:07',1010,'2017-02-22 12:02:27'),(889,'webshop','invoice','payed','offer','EUR','default',NULL,'new',NULL,NULL,NULL,889,360.21,432.25,0,58.3333334,NULL,'2018-01-09','true',NULL,NULL,NULL,'false','b6eff24cbb865901572565da48ae5e21',NULL,'Hofstadler',0,0,1031,'2017-02-22 13:43:29',9,'2018-01-09 08:44:07',1031,'2017-02-22 12:45:01'),(890,'webshop','invoice','payed','offer','EUR','default',NULL,'new',NULL,NULL,NULL,890,334.80,401.76,0,58.3333334,NULL,'2018-01-09','true',NULL,NULL,NULL,'false','f5f58b5488503dec76807036f112e1d5',NULL,'Tischlerei Stadler',0,0,143,'2017-02-23 10:02:43',9,'2018-01-09 08:44:07',143,'2017-02-23 08:54:24'),(891,'webshop','invoice','payed','offer','EUR','default',NULL,'new',NULL,NULL,NULL,891,479.08,574.89,0,58.3333334,NULL,'2018-01-09','true',NULL,NULL,NULL,'false','6d521d6dc7a409b27987c28fd712e6fa',NULL,'Deutsch 2',0,0,128,'2017-03-06 10:52:49',9,'2018-01-09 08:44:07',128,'2017-02-23 09:14:29'),(892,'webshop','invoice','payed','offer','EUR','default',NULL,'new',NULL,NULL,NULL,892,118.16,141.79,0,58.3333334,NULL,'2018-01-09','true',NULL,NULL,NULL,'false','24b15b53ffc9b1afdb97e27a5f22cfdb',NULL,'Sanatorium',0,0,2461,'2019-03-19 14:13:57',1,'2019-03-19 13:13:57',869,'2017-02-23 13:18:57'),(893,'webshop','invoice','open','offer','EUR','default',NULL,'new',NULL,NULL,NULL,893,978.15,1173.77,0,58.3333334,NULL,NULL,'true',NULL,NULL,NULL,'false','7badf2f27397202f93568d9fed1e5864',NULL,'Fischer',0,0,869,'2018-06-08 17:04:19',1,'2018-06-08 15:04:19',869,'2017-10-09 11:28:58'),(894,'webshop','invoice','payed','offer','EUR','default',NULL,'new',NULL,NULL,NULL,894,1059.64,1271.56,0,58.3333334,NULL,'2018-01-09','true',NULL,NULL,NULL,'false','0da81b4bf977971fa0b96c97202df0ab',NULL,'Fam. Moser',0,0,143,'2017-02-24 08:44:34',9,'2018-01-09 08:44:07',143,'2017-02-24 07:22:47'),(895,'webshop','invoice','payed','offer','EUR','default',NULL,'new',NULL,NULL,NULL,895,2109.63,2531.56,0,58.3333334,NULL,'2018-01-09','true',NULL,NULL,NULL,'false','df5fc315584fed5baa830c2b6f25d9d0',NULL,'Höllinger',0,0,887,'2017-02-28 09:10:03',9,'2018-01-09 08:44:07',887,'2017-02-24 09:05:08'),(896,'webshop','invoice','payed','order','EUR','default',NULL,'delivered',NULL,NULL,NULL,896,783.62,940.34,0,58.3333334,NULL,'2017-03-27','true','RAL 9016 - DRUCK!',NULL,NULL,'false','2cc3633c7f4c847734635515091cb053',NULL,'Möbalhaus Maier Schärding',0,0,NULL,NULL,9,'2017-03-27 11:15:05',887,'2017-02-24 10:43:19'),(897,'webshop','invoice','payed','order','EUR','default',NULL,'delivered',NULL,NULL,NULL,897,180.73,216.88,0,58.3333334,NULL,'2017-03-17','true','Lieferung JAF Kramsach',NULL,NULL,'false','872c12da0009ec1fd43eeb984285dc84','  635148','Ausstellung',0,0,NULL,NULL,9,'2017-03-17 09:38:59',179,'2017-02-27 08:22:13'),(898,'webshop','invoice','payed','offer','EUR','default',NULL,'new',NULL,NULL,NULL,898,1714.45,2057.34,0,58.3333334,NULL,'2018-01-09','true',NULL,NULL,NULL,'false','c354824c3a5e32719ea0a536a4bc173c',NULL,'Familie Sigmund',0,0,655,'2017-02-24 16:43:50',9,'2018-01-09 08:44:07',655,'2017-02-24 15:43:47'),(899,'webshop','invoice','payed','offer','EUR','default',NULL,'new',NULL,NULL,NULL,899,0.00,0.00,0,58.3333334,NULL,'2018-01-09','true',NULL,NULL,NULL,'false','89e0c0f0a3eacc94bb8c818625ffba2f',NULL,'H',0,0,1037,'2017-04-03 17:00:29',9,'2018-01-09 08:44:07',1037,'2017-02-24 18:51:24'),(900,'webshop','invoice','payed','offer','EUR','default',NULL,'new',NULL,NULL,NULL,900,0.00,0.00,0,58.3333334,NULL,'2018-01-09','true',NULL,NULL,NULL,'false','a872968c11d4f33b400a243f8ad162fb',NULL,'Wieser',0,0,179,'2017-02-27 09:21:08',9,'2018-01-09 08:44:07',791,'2017-02-26 10:16:50'),(901,'webshop','invoice','payed','offer','EUR','default',NULL,'new',NULL,NULL,NULL,901,1677.36,2012.83,0,58.3333334,NULL,'2018-01-09','true',NULL,NULL,NULL,'false','a4292d08c78e8807f16cbe5dbeb5734f',NULL,'Angebot',0,0,179,'2017-02-27 09:20:59',9,'2018-01-09 08:44:07',179,'2017-02-27 07:49:41'),(902,'webshop','invoice','payed','order','EUR','default',NULL,'delivered',NULL,NULL,NULL,902,588.75,706.49,35,35,NULL,'2017-04-05','true','Glasrückwand mit Artnr. 20053',NULL,NULL,'false','4ae3758e4e3d0b02436d3b3f3386927a','979','Kohl',0,0,NULL,NULL,9,'2017-04-05 14:01:45',1229,'2017-02-27 09:06:54'),(903,'webshop','invoice','payed','order','EUR','default',NULL,'delivered',NULL,NULL,NULL,903,531.43,637.71,35,35,NULL,'2017-03-27','true','NCS S1010-Y70R (wie Muster) von 12/2016!!!',NULL,NULL,'false','e90b9b70b78e08af14ce730db8bb46bf','0431166','Sonnweber Manfred',0,0,NULL,NULL,9,'2017-03-27 09:29:39',1244,'2017-02-27 08:46:06'),(904,'webshop','invoice','payed','offer','EUR','default',NULL,'new',NULL,NULL,NULL,904,192.81,231.37,0,58.3333334,NULL,'2018-01-09','true','Alu-Dibond',NULL,NULL,'false','31fee42aa69567b9dafe552b4ff8dd38',NULL,'Haas',0,0,1031,'2017-03-08 15:21:51',9,'2018-01-09 08:44:07',1031,'2017-02-28 07:26:42'),(905,'webshop','invoice','payed','offer','EUR','default',NULL,'new',NULL,NULL,NULL,905,1203.22,1443.86,0,58.3333334,NULL,'2018-01-09','true',NULL,NULL,NULL,'false','2ca22f6bf499d4f8a004d722d8a796a4','1050','Glettler',0,0,38,'2018-08-29 09:26:12',1,'2018-08-29 07:26:12',769,'2017-02-28 12:07:12'),(906,'webshop','invoice','payed','order','EUR','default',NULL,'delivered','self',NULL,NULL,906,245.18,294.22,30,30,NULL,'2017-10-18','true','Lieferung per POST mit 29.09.2017!',NULL,NULL,'false','6d670b94d5d4b937d0cfd5647b89bfb6','Nachlieferung zur 001282','Reiterer',0,0,NULL,NULL,9,'2017-10-18 09:13:24',1048,'2017-09-20 09:04:40'),(907,'webshop','invoice','payed','offer','EUR','default',NULL,'new',NULL,NULL,NULL,907,1545.64,1854.77,0,58.33,NULL,'2018-01-09','true',NULL,NULL,NULL,'false','cfa73dfeb9d9eef41ddedd4f5faaed39',NULL,'20072 in Pink',0,0,842,'2017-03-02 08:03:59',9,'2018-01-09 08:49:28',842,'2017-03-01 07:47:40'),(908,'webshop','invoice','payed','offer','EUR','default',NULL,'new',NULL,NULL,NULL,908,0.00,0.00,0,58.3333334,NULL,'2018-01-09','true',NULL,NULL,NULL,'false','afa7a276004180435a2ac9388aaac500',NULL,'Stressler',0,0,962,'2017-07-19 11:21:16',9,'2018-01-09 08:44:09',962,'0000-00-00 00:00:00'),(909,'webshop','invoice','payed','offer','EUR','default',NULL,'new',NULL,NULL,NULL,909,467.10,560.51,0,58.3333334,NULL,'2018-01-09','true',NULL,NULL,NULL,'false','7fd8139868fcaf82389d7f53d951e68b',NULL,'Glasrückwand Resch',0,0,1285,'2019-03-12 13:11:29',1,'2019-03-12 12:11:29',125,'2017-03-01 08:32:14'),(910,'webshop','invoice','payed','offer','EUR','default',NULL,'new',NULL,NULL,NULL,910,0.00,0.00,0,58.3333334,NULL,'2018-01-09','true',NULL,NULL,NULL,'false','e3be5ce5d26738d69b54bc02283f4f52',NULL,'schule_stroheim',0,0,1010,'2017-03-01 11:33:29',9,'2018-01-09 08:49:27',1010,'2017-03-01 10:24:25'),(911,'webshop','invoice','payed','order','EUR','default',NULL,'delivered',NULL,NULL,NULL,911,635.14,762.16,0,58.33,NULL,'2017-04-04','true',NULL,NULL,NULL,'false','f02a7d38f1c6663fe14d3e6c0e0ea889',NULL,'Konrad',0,0,NULL,NULL,9,'2017-04-04 11:59:37',842,'2017-03-01 13:50:54'),(912,'webshop','invoice','payed','offer','EUR','default',NULL,'new',NULL,NULL,NULL,912,0.00,0.00,0,58.33,NULL,'2018-01-09','true',NULL,NULL,NULL,'false','8b96e2397f827bf3e09e4e40d309b521',NULL,'Graier',0,0,839,'2017-03-01 14:15:18',9,'2018-01-09 08:49:27',839,'2017-03-01 13:15:14'),(913,'webshop','invoice','payed','offer','EUR','default',NULL,'new',NULL,NULL,NULL,913,426.56,511.87,0,58.3333334,NULL,'2018-01-09','true',NULL,NULL,NULL,'false','fcf54e163c4a52b543257aa82e504152',NULL,'Rapid Wappen',0,0,143,'2017-04-26 09:07:21',9,'0000-00-00 00:00:00',735,'0000-00-00 00:00:00'),(914,'webshop','invoice','payed','offer','EUR','default',NULL,'new',NULL,NULL,NULL,914,0.00,0.00,0,58.3333334,NULL,'2018-01-09','true',NULL,NULL,NULL,'false','84fdc4bd79a591ddfb1bacd361322340',NULL,'test2',0,0,1010,'2017-03-02 14:12:11',9,'2018-01-09 08:49:27',1010,'2017-03-02 13:12:05'),(915,'webshop','invoice','payed','order','EUR','default',NULL,'delivered',NULL,NULL,NULL,915,1913.40,2296.08,0,58.3333334,NULL,'2017-04-04','true',NULL,NULL,NULL,'false','4b2704b2a4e4e389ba66b07537940114',NULL,'Genuss am See 2016369',1,0,NULL,NULL,9,'2017-04-04 12:00:07',707,'2017-03-08 09:58:22'),(916,'webshop','invoice','payed','offer','EUR','default',NULL,'new',NULL,NULL,NULL,916,0.00,0.00,0,58.3333334,NULL,'2017-05-22','true',NULL,NULL,NULL,'false','bdc940943aa139b05c56782863a738da',NULL,'TEST',0,0,62,'2017-05-18 16:56:20',9,'2017-05-22 14:53:45',62,'0000-00-00 00:00:00'),(917,'webshop','invoice','payed','offer','EUR','default',NULL,'new',NULL,NULL,NULL,917,0.00,0.00,35,35,NULL,'2018-01-09','true',NULL,NULL,NULL,'false','d7c848662e1642cc00c5cc6eae456da9',NULL,'test',0,0,1287,'2017-03-02 16:47:08',9,'2018-01-09 08:49:27',1287,'2017-03-02 15:17:54'),(918,'webshop','invoice','payed','offer','EUR','default',NULL,'new',NULL,NULL,NULL,918,0.00,0.00,35,35,NULL,'2018-01-09','true',NULL,NULL,NULL,'false','46b71b834e2066eb63927a79b6de4a42',NULL,'test 2',0,0,1287,'2017-03-02 17:10:21',9,'2018-01-09 08:49:27',1287,'2017-03-02 15:47:41'),(919,'webshop','invoice','payed','offer','EUR','default',NULL,'new',NULL,NULL,NULL,919,0.00,0.00,0,58.3333334,NULL,'2018-01-09','true',NULL,NULL,NULL,'false','7008931b802a1ea586da154fe04dfcbd',NULL,'Fasching',0,0,1012,'2017-07-27 13:13:35',9,'2018-01-09 08:49:27',1012,'2017-03-05 14:41:41'),(920,'webshop','invoice','payed','order','EUR','default',NULL,'delivered',NULL,NULL,NULL,920,1140.81,1368.97,0,58.3333334,NULL,'2017-04-07','true',NULL,NULL,NULL,'false','335d5f1b3993e35569a20e2e2e22a072',NULL,'Ceipek',1,0,NULL,NULL,9,'2017-04-07 14:02:51',721,'2017-03-14 07:35:48'),(921,'webshop','invoice','payed','order','EUR','default',NULL,'delivered',NULL,NULL,NULL,921,680.16,816.19,0,58.3333334,NULL,'2017-04-04','true','Farbe: NCS S2005-Y40R',NULL,NULL,'false','598ef8075bc093379db295500c64a2db',NULL,'Hochegger',1,0,NULL,NULL,9,'2017-04-04 12:01:16',776,'2017-03-08 12:30:45'),(922,'webshop','invoice','payed','order','EUR','default',NULL,'delivered',NULL,NULL,NULL,922,207.66,249.18,35,35,NULL,'2017-05-12','true',NULL,NULL,NULL,'false','9112f767349e1d532e0d263a39fd224a','138479307','König Michaela',0,0,NULL,NULL,9,'2017-05-12 14:23:19',1229,'2017-03-06 08:51:53'),(923,'webshop','invoice','payed','order','EUR','default',NULL,'delivered',NULL,NULL,NULL,923,478.05,573.66,0,58.3333334,NULL,'2017-04-04','true',NULL,NULL,NULL,'false','d2533f037dac7bd7b77f705dab278c8e',NULL,'Deutsch',0,0,NULL,NULL,9,'2017-04-04 11:59:06',128,'2017-03-06 09:56:37'),(924,'webshop','invoice','payed','offer','EUR','default',NULL,'new',NULL,NULL,NULL,924,313.06,375.67,35,35,NULL,'2018-01-09','true',NULL,NULL,NULL,'false','ae2a173b0be76a1ec8f7e38cbc03cbc9','A17-0012','Mayer',0,0,1291,'2017-03-08 07:58:07',9,'2018-01-09 08:49:27',1291,'2017-03-06 10:19:20'),(925,'webshop','invoice','payed','order','EUR','default',NULL,'delivered',NULL,NULL,NULL,925,1671.16,2005.40,0,58.3333334,NULL,'2017-06-23','true','EXTRA EXTRA BLICKDICHT DRUCKEN!!!\r\n\r\nTelNr: 0664/4112308',NULL,NULL,'false','e7aca6380f0679c6282806978491982a',NULL,'Ernst Ferdinand',0,0,NULL,NULL,9,'2017-06-23 09:20:22',143,'2017-03-10 10:01:16'),(926,'webshop','invoice','payed','offer','EUR','default',NULL,'new',NULL,NULL,NULL,926,354.96,425.95,35,35,NULL,'2018-01-09','true','Test',NULL,NULL,'false','13f8cc70be9defc56ba632e8ad6b2235','Test','Test',0,0,1291,'2017-03-20 10:26:38',9,'2018-01-09 08:49:27',1291,'2017-03-20 09:25:43'),(927,'webshop','invoice','payed','offer','EUR','default',NULL,'new',NULL,NULL,NULL,927,988.20,1185.84,0,58.3333334,NULL,'2018-01-09','true',NULL,NULL,NULL,'false','9e6aa5b319fe46997194aa05b3ec3df9',NULL,'probe',0,0,263,'2017-03-06 16:27:55',9,'2018-01-09 08:49:27',263,'2017-03-06 15:30:15'),(928,'webshop','invoice','payed','offer','EUR','default',NULL,'new',NULL,NULL,NULL,928,0.00,0.00,0,58.3333334,NULL,'2018-01-09','true',NULL,NULL,NULL,'false','b21e3b5ba2658f28be0a825ef7be0a4a',NULL,'möbeltüren',0,0,263,'2017-03-06 16:35:29',9,'2018-01-09 08:49:27',263,'2017-03-06 15:35:16'),(929,'webshop','invoice','payed','offer','EUR','default',NULL,'new',NULL,NULL,NULL,929,0.00,0.00,0,58.3333334,NULL,'2018-01-09','true',NULL,NULL,NULL,'false','6a7e02f7d942930ecfe7613a5d2c1e6c',NULL,'möbel tür',0,0,263,'2017-03-06 16:37:53',9,'2018-01-09 08:49:27',263,'2017-03-06 15:37:41'),(930,'webshop','invoice','payed','offer','EUR','default',NULL,'new',NULL,NULL,NULL,930,0.00,0.00,0,58.3333334,NULL,'2018-01-09','true',NULL,NULL,NULL,'false','82ff40c1bf2a02e2f2bac1ef8c9f791e',NULL,'möbeltüren',0,0,263,'2017-03-06 16:38:44',9,'2018-01-09 08:49:27',263,'2017-03-06 15:38:27'),(931,'webshop','invoice','payed','order','EUR','default',NULL,'delivered',NULL,NULL,NULL,931,923.30,1107.96,25,50,NULL,'2018-11-09','true','Lieferung per SPEDITION mit 30.03.2018 (Abholung)!',NULL,NULL,'false','63f425ba8d23aa23fd1690d8c074280d',NULL,'Pichler 1',1,0,NULL,NULL,9,'2018-11-09 08:00:11',727,'2018-03-22 09:52:32'),(932,'webshop','invoice','payed','order','EUR','default',NULL,'delivered',NULL,NULL,NULL,932,513.55,616.26,0,58.3333334,NULL,'2017-03-27','true',NULL,NULL,NULL,'false','565e17474585dfad75821a0f81334ca4',NULL,'17012A FR',1,0,NULL,NULL,9,'2017-03-27 11:18:01',653,'2017-03-07 13:43:07'),(933,'webshop','invoice','payed','offer','EUR','default',NULL,'new',NULL,NULL,NULL,933,283.20,339.84,35,35,NULL,'2018-01-09','true',NULL,NULL,NULL,'false','10d96e4486545f86469d122adeaf2171','170302','170302 Kostenwein',0,0,1291,'2017-03-20 10:35:13',9,'2018-01-09 08:49:27',1291,'2017-03-08 07:20:48'),(934,'webshop','invoice','payed','order','EUR','default',NULL,'delivered',NULL,NULL,NULL,934,450.37,540.45,0,58.3333334,NULL,'2017-06-23','true','SELBSTABHOLUNG mit 12.04.2017!',NULL,NULL,'false','c8982c0e9fc9509e5fdea62eb7336f18',NULL,'Küchenrückwand',1,0,NULL,NULL,9,'2017-06-23 08:39:48',34,'2017-04-06 07:55:26'),(935,'webshop','invoice','payed','offer','EUR','default',NULL,'new',NULL,NULL,NULL,935,1710.11,2052.13,0,58.33,NULL,'2018-01-09','true','RAL 9010 im Hintergrund über alle Platten!',NULL,NULL,'false','e99d7d7f290c51a321dedeaeb665587d',NULL,'Graier',0,0,839,'2017-04-19 12:04:58',9,'2018-01-09 08:49:26',842,'2017-04-18 07:49:28'),(936,'webshop','invoice','payed','offer','EUR','default',NULL,'new',NULL,NULL,NULL,936,1122.08,1346.50,0,58.33,NULL,'2018-01-09','true','9010 RAL + Kirsch + Orange',NULL,NULL,'false','c2a729a432656b3abf44574a793e8c06',NULL,'Kom. Vilanek',0,0,839,'2017-07-27 14:21:23',9,'2018-01-09 08:49:27',839,'2017-03-08 12:58:12'),(937,'webshop','invoice','payed','order','EUR','default',NULL,'delivered',NULL,NULL,NULL,937,780.63,936.76,0,58.33,NULL,'2017-04-07','true',NULL,NULL,NULL,'false','f34c049be76fdb241108e47b11c137b2','Neubestellung','Weißensteiner',0,0,NULL,NULL,9,'2017-04-07 14:02:19',842,'2017-03-08 14:15:35'),(938,'webshop','invoice','returned','order','EUR','default',NULL,'delivered',NULL,NULL,NULL,938,265.34,318.41,25,50,'2017-08-23','2017-08-23','true','Lieferung per SPEDITION mit 01.09.2017!',NULL,NULL,'false','87f3d3888158153be50a1b82d2ed3948',NULL,'FCB-GmbH',1,0,NULL,NULL,9,'0000-00-00 00:00:00',1031,'0000-00-00 00:00:00'),(939,'webshop','invoice','payed','offer','EUR','default',NULL,'new',NULL,NULL,NULL,939,1003.00,1203.60,0,58.33,NULL,'2018-01-09','true',NULL,NULL,NULL,'false','7a9ad0819df9bd555add19585ab364cf',NULL,'Eigenbedarf Fr. Jakupovic',0,0,842,'2017-03-09 08:58:02',9,'2018-01-09 08:49:27',842,'2017-03-09 07:54:06'),(940,'webshop','invoice','payed','offer','EUR','default',NULL,'new',NULL,NULL,NULL,940,1157.67,1389.20,0,58.33,NULL,'2018-01-09','true',NULL,NULL,NULL,'false','cf93fa8ad8544c69876f83f7962755db',NULL,'Stone Jakupovic',0,0,842,'2017-03-09 09:07:24',9,'2018-01-09 08:49:27',842,'2017-03-09 08:04:23'),(941,'webshop','invoice','payed','order','EUR','default',NULL,'delivered',NULL,NULL,NULL,941,411.73,494.07,0,58.3333334,NULL,'2017-04-03','true','- 50 % Verrechnung!!! EILAUFTRAG!',NULL,NULL,'false','b9d4195001665f32552c5e2049f2c148',NULL,'A. Sochor & Co GmbH',0,0,NULL,NULL,9,'2017-04-03 08:56:04',144,'2017-03-10 09:26:35'),(942,'webshop','invoice','payed','offer','EUR','default',NULL,'new',NULL,NULL,NULL,942,0.00,0.00,35,35,NULL,'2018-01-09','true',NULL,NULL,NULL,'false','41b97b65d2c2b31132e6b3ae42e8e6c0',NULL,'Jungreithmeier',0,0,1208,'2017-04-24 11:28:50',9,'0000-00-00 00:00:00',1208,'0000-00-00 00:00:00'),(943,'webshop','invoice','payed','order','EUR','default',NULL,'delivered',NULL,NULL,NULL,943,515.86,619.04,35,35,NULL,'2017-05-17','true','Bitte vorab Retouche zusenden',NULL,NULL,'false','1b207cd24757d586fb504bbb93bf80b6','157','Mayr-Zinser',1,0,NULL,NULL,9,'2017-05-17 13:53:52',1082,'2017-04-24 07:35:21'),(944,'webshop','invoice','payed','order','EUR','default',NULL,'delivered','self',NULL,NULL,944,258.00,309.60,30,30,NULL,'2017-12-01','true','Lieferung per POST mit 24.11.2017! Keine Lieferkosten verrechnen!',NULL,NULL,'false','764fef40e6bc99e993421ff3d2be27ba',NULL,'Eigenbedarf MUSTER',0,0,NULL,NULL,9,'2017-12-01 10:36:37',1002,'2017-11-24 09:27:45'),(945,'webshop','invoice','payed','offer','EUR','default',NULL,'new',NULL,NULL,NULL,945,596.66,715.99,0,58.3333334,NULL,'2017-05-22','true',NULL,NULL,NULL,'false','1b6f36ca2d08ec8cad6a8a3cbb7550a3',NULL,'Kogler',0,0,748,'2017-05-23 08:28:44',1,'2017-05-23 06:28:44',748,'0000-00-00 00:00:00'),(946,'webshop','invoice','payed','order','EUR','default',NULL,'delivered',NULL,NULL,NULL,946,631.62,757.95,0,58.3333334,NULL,'2017-06-23','true','fix am 27.3.2017 anliefern.\r\ndanke\r\n',NULL,NULL,'false','6238c74b83269ac4304c4953f5fb1a54','  637730','Strobelhof',0,0,NULL,NULL,9,'2017-06-23 08:36:36',179,'2017-03-16 09:35:00'),(947,'webshop','invoice','payed','order','EUR','default',NULL,'delivered',NULL,NULL,NULL,947,363.75,436.50,35,35,NULL,'2017-05-12','true','Druck lt. 000823 (wie Vorab-Muster damals) - Magnolie Hochglanz\r\n\r\nLieferung: KW 18!',NULL,NULL,'false','529298685afc7af74b4e10bd8595aa6a',NULL,'Moitzi',0,0,NULL,NULL,9,'2017-05-12 14:25:27',1216,'2017-03-14 12:13:30'),(948,'webshop','invoice','payed','offer','EUR','default',NULL,'new',NULL,NULL,NULL,948,925.20,1110.24,0,58.3333334,NULL,'2018-01-09','true',NULL,NULL,NULL,'false','be1fae895b1dc1ce0d2ad830b90782ab',NULL,'Orchidee',0,0,1294,'2017-03-14 14:59:59',9,'2018-01-09 08:49:27',1294,'2017-03-14 13:59:19'),(949,'webshop','invoice','payed','offer','EUR','default',NULL,'new',NULL,NULL,NULL,949,0.00,0.00,35,35,NULL,'2018-01-09','true',NULL,NULL,NULL,'false','55e502dbfb047896739af547a3ae408e',NULL,'Immhof',0,0,1101,'2017-03-14 15:57:58',9,'0000-00-00 00:00:00',1101,'0000-00-00 00:00:00'),(950,'webshop','invoice','payed','offer','EUR','default',NULL,'new',NULL,NULL,NULL,950,550.31,660.37,35,35,NULL,'2018-01-09','true',NULL,NULL,NULL,'false','d10577d724ad34bf0c52a234b3572faa',NULL,'Immhof  ALU Cobond',0,0,1101,'2017-03-14 16:01:54',9,'0000-00-00 00:00:00',1101,'0000-00-00 00:00:00'),(951,'webshop','invoice','payed','offer','EUR','default',NULL,'new',NULL,NULL,NULL,951,756.54,907.84,0,58.3333334,NULL,'2018-01-09','true',NULL,NULL,NULL,'false','4eebee6314ff1a2a5a39c703cf4dd0e8',NULL,'Test',0,0,748,'2018-08-20 18:21:42',1,'2018-08-20 16:21:42',748,'0000-00-00 00:00:00'),(952,'webshop','invoice','payed','offer','EUR','default',NULL,'new',NULL,NULL,NULL,952,239.01,286.81,0,58.33,NULL,'2018-01-09','true','Weiss',NULL,NULL,'false','6bd40ccc4b83c43cc4a292fc42c80dbf',NULL,'Kom. Unterwaditzer',0,0,842,'2017-03-15 14:19:42',9,'2018-01-09 08:49:27',842,'2017-03-15 13:19:31'),(953,'webshop','invoice','payed','order','EUR','default',NULL,'delivered',NULL,NULL,NULL,953,824.46,989.35,35,35,NULL,'2017-04-13','true',NULL,NULL,NULL,'false','89c0901a2e1a3ae00bf151ae23fc57e3','001','Flaschberger',1,0,NULL,NULL,9,'2017-04-13 14:21:33',1112,'2017-03-15 13:20:33'),(954,'webshop','invoice','payed','offer','EUR','default',NULL,'new',NULL,NULL,NULL,954,1849.30,2219.16,0,58.33,NULL,'2018-01-09','true',NULL,NULL,NULL,'false','28a54b2f75b428d93ae43e9d555eb4c2',NULL,'Freitag/Wolf',0,0,1295,'2017-07-10 14:14:00',9,'2018-01-09 08:49:26',1295,'2017-04-14 09:04:25'),(955,'webshop','invoice','payed','offer','EUR','default',NULL,'new',NULL,NULL,NULL,955,195.19,234.22,0,58.3333334,NULL,'2018-01-09','true',NULL,NULL,NULL,'false','63b1ef2631e9c0da0a0969877473380b',NULL,'Naderer Leo',0,0,1031,'2017-03-15 18:47:56',9,'2018-01-09 08:49:27',1031,'2017-03-15 17:47:47'),(956,'webshop','invoice','payed','order','EUR','default',NULL,'delivered',NULL,NULL,NULL,956,995.43,1194.52,35,35,NULL,'2017-07-05','true','Farbe lt. DAN-Muster!!!',NULL,NULL,'false','98ed23eee2709c083a689fe7b12ad436',NULL,'Lerchner',0,0,NULL,NULL,9,'2017-07-05 08:35:57',1300,'2017-03-16 09:52:56'),(957,'webshop','invoice','payed','offer','EUR','default',NULL,'new',NULL,NULL,NULL,957,1370.89,1645.06,0,58.3333334,NULL,'2018-01-09','true',NULL,NULL,NULL,'false','ce61f27dc07be840e41b8a59d7c14e00',NULL,'FF Aich',0,0,932,'2017-03-20 09:26:43',9,'2018-01-09 08:49:27',653,'2017-03-20 08:28:14'),(958,'webshop','invoice','payed','order','EUR','default',NULL,'delivered',NULL,NULL,NULL,958,251.12,301.35,25,50,NULL,'2017-07-11','true','Liefertermin: 20.06.2017 - SPEDITION',NULL,NULL,'false','ef468d2a5299f076dc0761f097dfc777',NULL,'Biereder',1,0,NULL,NULL,9,'2017-07-11 08:09:25',1267,'2017-06-08 07:00:21'),(959,'webshop','invoice','payed','order','EUR','default',NULL,'delivered',NULL,NULL,NULL,959,269.30,323.16,0,58.3333334,NULL,'2017-04-28','true','Lieferung: KW 15 (Post: 11.04.2017)',NULL,NULL,'false','89b10a33c8fde611f598a62e55543cf3',NULL,'Wiesner Ort',1,0,NULL,NULL,9,'0000-00-00 00:00:00',887,'0000-00-00 00:00:00'),(960,'webshop','invoice','payed','order','EUR','default',NULL,'delivered',NULL,NULL,NULL,960,664.58,797.50,58.3333334,58.3333334,NULL,'2017-04-13','true',NULL,NULL,NULL,'false','e3788123c5d12f3f438f49d46587b316',NULL,'Bierbaumer',0,0,NULL,NULL,9,'2017-04-13 14:22:16',1221,'2017-03-16 15:37:22'),(961,'webshop','invoice','payed','offer','EUR','default',NULL,'new',NULL,NULL,NULL,961,0.00,0.00,35,35,NULL,'2018-01-09','true',NULL,NULL,NULL,'false','ae49ea562e784d028c01fdd225bebdd5',NULL,'Rechberger/MG',0,0,1086,'2017-04-20 10:07:39',9,'2018-01-09 08:49:27',1086,'2017-03-16 14:14:16'),(962,'webshop','invoice','payed','order','EUR','default',NULL,'delivered',NULL,NULL,NULL,962,424.04,508.85,0,58.3333334,NULL,'2017-04-21','true',NULL,NULL,NULL,'false','b9f63656bc6af16b9451cc20b2212297',NULL,'Eveline',0,0,NULL,NULL,9,'2017-04-21 13:43:42',37,'2017-03-22 08:09:51'),(963,'webshop','invoice','payed','order','EUR','default',NULL,'delivered',NULL,NULL,NULL,963,355.63,426.75,0,58.3333334,NULL,'2017-05-05','true',NULL,NULL,NULL,'false','492e5bb42e14f18e7bae9261c85ea65a',NULL,'heilmann',1,0,NULL,NULL,9,'2017-05-05 13:16:40',1059,'2017-04-06 07:53:28'),(964,'webshop','invoice','payed','order','EUR','default',NULL,'delivered',NULL,NULL,NULL,964,225.90,271.09,35,35,NULL,'2017-05-12','true','Rückwand Alu Dibond',NULL,NULL,'false','1a867f5c488b7178e383370695415629',NULL,'Prisching',0,0,NULL,NULL,9,'2017-05-12 14:24:55',1229,'2017-03-20 09:44:02'),(965,'webshop','invoice','payed','offer','EUR','default',NULL,'new',NULL,NULL,NULL,965,415.44,498.53,35,35,NULL,'2018-01-09','true',NULL,NULL,NULL,'false','121f1f5df79150b0bbfd62918fb71b8b','Krenn','Krenn',0,0,1291,'2017-03-22 06:34:45',9,'2018-01-09 08:49:27',1291,'2017-03-20 09:34:16'),(966,'webshop','invoice','payed','order','EUR','default',NULL,'delivered',NULL,NULL,NULL,966,464.45,557.34,0,58.3333334,NULL,'2017-06-08','true',NULL,NULL,NULL,'false','a984215d5b3bb38cbe8131dc722802cf',NULL,'Baierhofer',1,0,NULL,NULL,9,'2017-06-08 08:51:47',671,'2017-05-04 11:47:36'),(967,'webshop','invoice','payed','offer','EUR','default',NULL,'new',NULL,NULL,NULL,967,1006.66,1207.98,0,58.33,NULL,'2018-01-09','true',NULL,NULL,NULL,'false','21b900bc07da57ed71bf00971fc7f560',NULL,'Stockenboier Christian',0,0,839,'2017-07-27 14:20:53',9,'2018-01-09 08:49:27',842,'2017-03-21 06:34:38'),(968,'webshop','invoice','payed','offer','EUR','default',NULL,'new',NULL,NULL,NULL,968,0.00,0.00,35,35,NULL,'2018-01-09','true',NULL,NULL,NULL,'false','06e1844d886f7a8750eeb9ec333efaf4',NULL,'Ragger',0,0,1074,'2017-11-07 16:00:16',9,'2018-01-09 08:49:27',1074,'2017-03-21 06:32:44'),(969,'webshop','invoice','payed','offer','EUR','default',NULL,'new',NULL,NULL,NULL,969,669.41,803.29,0,58.3333334,NULL,'2018-01-09','true','Planilaque SGG02 - hell elfenbein',NULL,NULL,'false','c054788104eb1cd89ea36c3f1a268a06',NULL,'Küchenrückwand Hitzebeständig',0,0,126,'2017-03-21 15:13:08',9,'2018-01-09 08:49:27',126,'2017-03-21 10:38:20'),(970,'webshop','invoice','payed','offer','EUR','default',NULL,'new',NULL,NULL,NULL,970,0.00,0.00,0,58.3333334,NULL,'2018-01-09','true',NULL,NULL,NULL,'false','245566faff2c283e140ca949d58c57a6',NULL,'xyz',0,0,143,'2017-05-04 16:17:02',9,'2018-01-09 08:44:10',1281,'0000-00-00 00:00:00'),(971,'webshop','invoice','payed','offer','EUR','default',NULL,'new',NULL,NULL,NULL,971,0.00,0.00,35,35,NULL,'2018-01-09','true',NULL,NULL,NULL,'false','f8ecd305aa88eca904632595423fbdb8',NULL,'Schulung',0,0,1305,'2017-03-21 14:26:17',9,'2018-01-09 08:49:27',1305,'2017-03-21 13:26:17'),(972,'webshop','invoice','payed','offer','EUR','default',NULL,'new',NULL,NULL,NULL,972,656.94,788.32,35,35,NULL,'2018-01-09','true',NULL,NULL,NULL,'false','d328176062e6200fee9124c51068f7a7',NULL,'Schulung',0,0,1305,'2017-03-21 14:53:52',9,'2018-01-09 08:49:26',1305,'2017-03-21 13:43:54'),(973,'webshop','invoice','payed','order','EUR','default',NULL,'delivered',NULL,NULL,NULL,973,657.82,789.38,0,58.3333334,NULL,'2017-04-13','true',NULL,NULL,NULL,'false','87ec40baea7768f0f4b155adfac43227','70106129','Katzen',0,0,NULL,NULL,9,'2017-04-13 14:22:56',143,'2017-03-23 07:57:54'),(974,'webshop','invoice','payed','offer','EUR','default',NULL,'new',NULL,NULL,NULL,974,498.38,598.06,35,35,NULL,'2018-01-09','true','NCS S 2005 Y 50 R',NULL,NULL,'false','955b5705b1e16863937d9a53cf50feae','170312 Schager','170312 Schager',0,0,1291,'2017-03-22 06:44:04',9,'2018-01-09 08:49:26',1291,'2017-03-22 05:43:21'),(975,'webshop','invoice','payed','order','EUR','default',NULL,'delivered',NULL,NULL,NULL,975,855.06,1026.07,0,58.3333334,NULL,'2017-07-05','true','Bitte unbedingt darauf achten, dass das Motiv im Eck fortlaufend exact passt. Lt. Vorschau nach Retousche ist das noch nicht so.\r\nVielen Dank',NULL,NULL,'false','54b4dd2d0c9af97d0aa42f1a052f2580',NULL,'Kobald',1,0,NULL,NULL,9,'2017-07-05 08:39:56',992,'2017-04-07 09:42:48'),(976,'webshop','invoice','payed','order','EUR','default',NULL,'delivered',NULL,NULL,NULL,976,1323.66,1588.39,35,35,NULL,'2017-08-11','true','Unverbindliche Lieferung per Eigenzustellung voraussichtlich mit 04.04.2017!',NULL,NULL,'false','f7d61ebcddbb9831fa41cd922d74ab90',NULL,'Mahmud',1,0,NULL,NULL,9,'2017-08-11 11:29:08',1229,'2017-03-22 13:57:48'),(977,'webshop','invoice','payed','offer','EUR','default',NULL,'new','self',NULL,NULL,977,533.32,639.98,0,58.3333334,NULL,'2018-01-09','true',NULL,NULL,NULL,'false','0a2549884ed1b1426742a87d07b7f1ba',NULL,'Wollendorfer',0,0,1307,'2018-01-08 13:03:08',9,'2018-01-09 08:44:10',1307,'0000-00-00 00:00:00'),(978,'webshop','invoice','payed','order','EUR','default',NULL,'delivered',NULL,NULL,NULL,978,129.70,155.64,0,58.3333334,NULL,'2017-06-08','true','Lieferung: POST 19.05.2017!',NULL,NULL,'false','164317cb4f7c6919ed15b387a5f41ee8',NULL,'Preiser/Schmiedinger',1,0,NULL,NULL,9,'0000-00-00 00:00:00',660,'0000-00-00 00:00:00'),(979,'webshop','invoice','payed','order','EUR','default',NULL,'delivered',NULL,NULL,NULL,979,385.30,462.36,0,58.3333334,NULL,'2017-06-23','true',NULL,NULL,NULL,'false','798ce25639da92a52c79b506a47e7ce8',NULL,'Hackl-Lehner sg',1,0,880,'2017-03-30 15:32:11',9,'2017-06-23 08:38:37',1059,'2017-03-30 13:32:01'),(980,'webshop','invoice','payed','offer','EUR','default',NULL,'new',NULL,NULL,NULL,980,384.00,460.80,0,58.3333334,NULL,'2018-01-09','true',NULL,NULL,NULL,'false','6c565f9d5039c2a88ab97ddf66d85e0e',NULL,'Hofmann',0,0,992,'2017-04-25 09:17:48',9,'2018-01-09 08:44:10',992,'0000-00-00 00:00:00'),(981,'webshop','invoice','payed','order','EUR','default',NULL,'delivered',NULL,NULL,NULL,981,1455.10,1746.12,35,35,NULL,'2017-05-05','true',NULL,NULL,NULL,'false','72a148cba8f5e25a971b742dead2ed9a','2509','Vogel',1,0,NULL,NULL,9,'2017-05-05 13:18:18',1131,'2017-03-30 06:07:07'),(982,'webshop','invoice','payed','order','EUR','default',NULL,'delivered',NULL,NULL,NULL,982,358.03,429.64,25,50,NULL,'2017-09-28','true','Lieferung per POST mit 31.08.2017!',NULL,NULL,'false','d4ab28c972d45570db6b660a63d8587e',NULL,'Hofer Karl',1,0,NULL,NULL,9,'2017-09-28 12:25:08',1031,'2017-08-23 06:57:48'),(983,'webshop','invoice','payed','offer','EUR','default',NULL,'new',NULL,NULL,NULL,983,647.47,776.97,0,58.3333334,NULL,'2018-01-09','true',NULL,NULL,NULL,'false','96ffa7609dc023f6b28059a7ba149e34',NULL,'Pupp Tischlerei',0,0,175,'2017-03-23 14:25:38',9,'2018-01-09 08:49:26',175,'2017-03-23 13:06:36'),(984,'webshop','invoice','payed','offer','EUR','default',NULL,'new',NULL,NULL,NULL,984,0.00,0.00,0,58.3333334,NULL,'2018-01-09','true',NULL,NULL,NULL,'false','c43ce613bc5e0a9ecb44891e632448de',NULL,'Hofer Karl Glas',0,0,1031,'2017-08-23 07:36:43',9,'2018-01-09 08:49:26',1031,'2017-03-23 13:02:32'),(985,'webshop','invoice','payed','offer','EUR','default',NULL,'new',NULL,NULL,NULL,985,647.47,776.97,0,58.3333334,NULL,'2018-01-09','true',NULL,NULL,NULL,'false','86388c55fcac430527e12b66807b30f9',NULL,'111',0,0,339,'2017-03-23 14:09:01',9,'2018-01-09 08:49:26',339,'2017-03-23 13:09:00'),(986,'webshop','invoice','payed','order','EUR','default',NULL,'delivered',NULL,NULL,NULL,986,312.79,375.35,35,35,NULL,'2017-05-12','true','Selbstabholung mit 30.03.2017!',NULL,NULL,'false','cd12bd1989bcdc51cf39af1991ffcbd7',NULL,'Ertler Corina - Nachlieferung',0,0,NULL,NULL,9,'2017-05-12 14:22:31',1229,'2017-03-23 15:17:38'),(987,'webshop','invoice','payed','offer','EUR','default',NULL,'new',NULL,NULL,NULL,987,900.48,1080.57,0,58.3333334,NULL,'2018-01-09','true','TEIL 1 - 7 TRANSPARENT (ohne Druck)!!!',NULL,NULL,'false','497fcd4165a4a364817cb14faddfbb33',NULL,'Hofer Karin',0,0,125,'2017-08-11 08:06:06',9,'2018-01-09 08:49:26',125,'2017-03-23 15:34:31'),(988,'webshop','invoice','payed','offer','EUR','default',NULL,'new',NULL,NULL,NULL,988,1197.57,1437.07,0,58.33,NULL,'2018-01-09','true',NULL,NULL,NULL,'false','4f302930161253b027e06ad417f7e368','Dekor 20062','Kom. Schiberl Georg',0,0,839,'2017-07-27 14:20:39',9,'2018-01-09 08:49:26',842,'2017-03-24 07:05:44'),(989,'webshop','invoice','payed','offer','EUR','default',NULL,'new',NULL,NULL,NULL,989,0.00,0.00,0,58.3333334,NULL,'2018-01-09','true',NULL,NULL,NULL,'false','db424de9e89b06dd63b3e0e8a8d02866',NULL,'xxx',0,0,1308,'2017-03-24 08:52:21',9,'2018-01-09 08:49:26',1308,'2017-03-24 07:52:15'),(990,'webshop','invoice','payed','offer','EUR','default',NULL,'new',NULL,NULL,NULL,990,1247.04,1496.45,0,58.3333334,NULL,'2018-01-09','true',NULL,NULL,NULL,'false','5794892a59e81c8daa9889201a91565c',NULL,'test',0,0,26,'2017-06-07 08:24:19',9,'2018-01-09 08:49:26',26,'2017-03-28 06:52:21'),(991,'webshop','invoice','payed','offer','EUR','default',NULL,'new',NULL,NULL,NULL,991,0.00,0.00,0,58.3333334,NULL,'2018-01-09','true',NULL,NULL,NULL,'false','f99c7aede45e30dc2720a6821b1a4081',NULL,'Aichinger',0,0,964,'2017-03-25 08:03:51',9,'2018-01-09 08:44:10',964,'0000-00-00 00:00:00'),(992,'webshop','invoice','payed','offer','EUR','default',NULL,'new',NULL,NULL,NULL,992,0.00,0.00,35,35,NULL,'2018-01-09','true','Türen',NULL,NULL,'false','fc20a545a13b43ebc9d8c75d096ee94a',NULL,'Vetsch',0,0,1309,'2017-03-27 08:19:26',9,'2018-01-09 08:49:26',1309,'2017-03-25 08:11:47'),(993,'webshop','invoice','payed','order','EUR','default',NULL,'delivered',NULL,NULL,NULL,993,703.62,844.34,35,35,NULL,'2017-05-05','true','Rückwand Küche',NULL,NULL,'false','a2b1c5c718b4d6b62b5d4dc60783fdaf',NULL,'Heimpel Stefan',1,0,NULL,NULL,9,'2017-05-05 13:24:54',1309,'2017-04-11 07:03:14'),(994,'webshop','invoice','open','offer','EUR','default',NULL,'new','self',NULL,NULL,994,4301.85,5162.22,0,58.3333334,NULL,NULL,'true',NULL,NULL,NULL,'false','c06f3e545c821f8ffb2bee74a1fabc1a',NULL,'asfdsafsafdsa',0,0,27,'2019-04-24 10:45:12',1,'2019-04-24 08:45:12',26,'2018-03-06 15:51:04'),(995,'webshop','invoice','payed','offer','EUR','default',NULL,'new',NULL,NULL,NULL,995,0.00,0.00,35,35,NULL,'2018-01-09','true',NULL,NULL,NULL,'false','d00f5e03b1ab9af97eb06752060a096f',NULL,'Gradwohl',0,0,1305,'2017-03-27 15:25:57',9,'2018-01-09 08:49:26',1305,'2017-03-27 13:23:49'),(996,'webshop','invoice','payed','offer','EUR','default',NULL,'new',NULL,NULL,NULL,996,0.00,0.00,35,35,NULL,'2018-01-09','true',NULL,NULL,NULL,'false','dea4f9805c272d2bb45ba9b403053f74',NULL,'Muster',0,0,1305,'2017-03-27 19:31:58',9,'2018-01-09 08:49:26',1305,'2017-03-27 14:50:02'),(997,'webshop','invoice','payed','order','EUR','default',NULL,'delivered',NULL,NULL,NULL,997,114.06,136.88,0,58.3333334,NULL,'2017-06-23','true','FARBE NACH MUSTER!!!\r\nLiegt im Büro!!!',NULL,NULL,'false','de0f9ec05eb0fd4aad7edbd47a20ecfc',NULL,'Zink 2017170-50',1,0,NULL,NULL,9,'2017-06-23 08:42:09',707,'2017-04-10 12:15:56'),(998,'webshop','invoice','payed','offer','EUR','default',NULL,'new',NULL,NULL,NULL,998,0.00,0.00,0,58.3333334,NULL,'2018-01-09','true',NULL,NULL,NULL,'false','c7852ec1fc2e7261227c42e9ad8fcd74',NULL,'krul',0,0,143,'2017-05-04 16:16:57',9,'2018-01-09 08:44:10',1281,'0000-00-00 00:00:00'),(999,'webshop','invoice','payed','order','EUR','default',NULL,'delivered',NULL,NULL,NULL,999,216.39,259.66,0,58.3333334,NULL,'2017-04-21','true',NULL,NULL,NULL,'false','21614547d989bf20364ae29e46daf132',NULL,'Weiss',1,0,NULL,NULL,9,'2017-04-21 13:43:22',970,'2017-03-29 08:13:13'),(1000,'webshop','invoice','payed','offer','EUR','default',NULL,'new',NULL,NULL,NULL,1000,916.15,1099.37,0,58.33,NULL,'2018-01-09','true',NULL,NULL,NULL,'false','edd8d0ec36dd0ae6d538751e1b4d88e8',NULL,'Schulung',0,0,1303,'2017-09-21 14:24:21',9,'2018-01-09 08:49:26',1303,'2017-03-29 08:54:50'),(1001,'webshop','invoice','payed','offer','EUR','default',NULL,'new',NULL,NULL,NULL,1001,0.00,0.00,0,58.3333334,NULL,'2018-01-09','true',NULL,NULL,NULL,'false','1bd5cd61d825000b1b0f17d799f92efc',NULL,'ds',0,0,NULL,NULL,1,'2018-02-16 10:16:37',1120,'0000-00-00 00:00:00'),(1002,'webshop','invoice','payed','order','EUR','default',NULL,'delivered',NULL,NULL,NULL,1002,442.47,530.97,0,58.3333334,NULL,'2017-06-23','true',NULL,NULL,NULL,'false','80be074a7762f9774852f5dd29aba8e1',NULL,'Krobath',1,0,NULL,NULL,9,'2017-06-23 08:38:07',970,'2017-03-30 05:30:52'),(1003,'webshop','invoice','payed','order','EUR','default',NULL,'delivered',NULL,NULL,NULL,1003,254.28,305.13,35,35,NULL,'2017-05-31','true','- 40 % Ausstellungsrabatt!!!',NULL,NULL,'false','081b44044c64608b6d17c3aa2854b1ea',NULL,'Ausstellung Intern',0,0,NULL,NULL,9,'2017-05-31 14:37:01',1216,'2017-04-12 08:47:27'),(1004,'webshop','invoice','payed','offer','EUR','default',NULL,'new',NULL,NULL,NULL,1004,327.49,392.99,0,58.3333334,NULL,'2018-01-09','true',NULL,NULL,NULL,'false','e40ec11eccc0b0d630d25d6c2db3cf29',NULL,'Werner',0,0,1031,'2017-03-30 16:00:26',9,'2018-01-09 08:49:26',1031,'2017-03-30 13:58:19'),(1005,'webshop','invoice','payed','order','EUR','default',NULL,'delivered',NULL,NULL,NULL,1005,627.45,752.94,30,30,NULL,'2017-06-23','true','Lieferung: KW 20/2017!',NULL,NULL,'false','788fd2cb3762b1363f2d89359d96620b','MP17028','Prandstetter',0,0,NULL,NULL,9,'0000-00-00 00:00:00',1216,'0000-00-00 00:00:00'),(1006,'webshop','invoice','payed','order','EUR','default',NULL,'delivered',NULL,NULL,NULL,1006,757.14,908.57,0,58.33,NULL,'2017-07-05','true',NULL,NULL,NULL,'false','d1e726d776d93e7928c13a14799bd853',NULL,'Untermoser Willi',1,0,NULL,NULL,9,'2017-07-05 09:03:58',834,'2017-04-25 11:56:14'),(1007,'webshop','invoice','payed','order','EUR','default',NULL,'delivered',NULL,NULL,NULL,1007,121.08,145.30,35,35,NULL,'2017-05-12','true','Neuproduktion von 2 Teilen (fehlerhafte Skizze)!\r\n\r\nSelbstabholung mit 06.04.2017!',NULL,NULL,'false','2e5522d91a2c32260fa2794f85fe0e25',NULL,'Mahmud Nachlieferung',0,0,NULL,NULL,9,'2017-09-04 13:40:45',1229,'2017-03-30 14:35:02'),(1008,'webshop','invoice','payed','offer','EUR','default',NULL,'new',NULL,NULL,NULL,1008,2720.90,3265.08,0,58.3333334,NULL,'2018-01-09','true',NULL,NULL,NULL,'false','dfe4d969413b3657efadd0dccbbde432',NULL,'Familie Rudt',0,0,640,'2019-05-17 09:08:17',1,'2019-05-17 07:08:17',33,'2017-03-31 13:34:46'),(1009,'webshop','invoice','payed','offer','EUR','default',NULL,'new',NULL,NULL,NULL,1009,0.00,0.00,0,58.3333334,NULL,'2018-01-09','true',NULL,NULL,NULL,'false','059bd480d00c257592975bd3a07a0567',NULL,'Weiss',0,0,970,'2017-04-02 07:05:54',9,'2018-01-09 08:49:26',970,'2017-04-02 04:54:03'),(1010,'webshop','invoice','payed','order','EUR','default',NULL,'delivered',NULL,NULL,NULL,1010,1094.17,1313.01,35,35,NULL,'2017-06-23','true','Kom: Koller (Neumeister Reinhard)\r\n- 50 % Rabatt!\r\n\r\nWunsch-Liefertermin: 07.04.2017!',NULL,NULL,'false','b40b531d37d7880b26bda4ec382ec270',NULL,'Koller (Neumeister Reinahrd)',1,0,NULL,NULL,9,'2017-06-23 08:38:59',1229,'2017-04-03 11:17:41'),(1011,'webshop','invoice','payed','offer','EUR','default',NULL,'new',NULL,NULL,NULL,1011,545.89,655.06,0,58.3333334,NULL,'2018-01-09','true',NULL,NULL,NULL,'false','f9f0e5959ad0e2536ae59b82e8d1f0c4',NULL,'Scheuringer Top 2',0,0,NULL,NULL,1,'0000-00-00 00:00:00',671,'0000-00-00 00:00:00'),(1012,'webshop','invoice','payed','order','EUR','default',NULL,'delivered',NULL,NULL,NULL,1012,1954.76,2345.70,0,58.3333334,NULL,'2017-06-23','true','WICHTIG:\r\n45 Grad Gehrung bei den Teilen 2 & 3 lt. Skizze!!!!',NULL,NULL,'false','5f1739342f782129c94e7612556c589d',NULL,'Gumpenberger',1,0,NULL,NULL,9,'2017-06-23 08:40:44',883,'2017-04-07 07:43:51'),(1013,'webshop','invoice','payed','order','EUR','default',NULL,'delivered',NULL,NULL,NULL,1013,352.64,423.16,0,58.3333334,NULL,'2017-05-31','true',NULL,NULL,NULL,'false','9ddb5e0a126194e437dad5375ba25f31',NULL,'Baumgartner',1,0,NULL,NULL,9,'2017-05-31 14:36:20',735,'2017-04-26 07:09:21'),(1014,'webshop','invoice','payed','order','EUR','default',NULL,'delivered',NULL,NULL,NULL,1014,1651.45,1981.73,35,35,NULL,'2017-05-05','true','Lieferung: SPEDITION 14.04.2017!',NULL,NULL,'false','2594410692bf42bd201c66ede1eda610',NULL,'Lerchner',0,0,NULL,NULL,9,'2017-05-05 13:19:02',1300,'2017-04-06 09:19:38'),(1015,'webshop','invoice','payed','order','EUR','default',NULL,'delivered',NULL,NULL,NULL,1015,1762.64,2115.17,0,58.3333334,NULL,'2017-06-16','true','Lieferung: Eigenzustellung (LKW) mit 24.05.2017 nach JAF Graz!',NULL,NULL,'false','62de1e8b89c157de82fcd5ec7c1332f3',NULL,'Nordsee Strand',0,0,NULL,NULL,9,'2017-06-16 09:41:16',120,'2017-05-11 06:17:07'),(1016,'webshop','invoice','payed','order','EUR','default',NULL,'delivered',NULL,NULL,NULL,1016,259.91,311.89,35,35,NULL,'2017-07-05','true',NULL,NULL,NULL,'false','e04449949e9cf25d8d51c081fc9ffedc',NULL,'Kern',0,0,NULL,NULL,9,'2017-07-05 07:52:34',1229,'2017-04-12 10:06:49'),(1017,'webshop','invoice','returned','order','EUR','default',NULL,'delivered',NULL,NULL,NULL,1017,354.42,425.30,35,35,'2017-04-12','2017-04-10','true',NULL,NULL,NULL,'false','f9e1afcbac922d11307343060aa3386b','1009','Stübegger',0,0,NULL,NULL,9,'2017-04-12 11:38:06',1229,'2017-04-10 09:35:29'),(1018,'webshop','invoice','payed','offer','EUR','default',NULL,'new',NULL,NULL,NULL,1018,0.00,0.00,0,58.3333334,NULL,'2018-01-09','true',NULL,NULL,NULL,'false','0b82250d1adf58885d763dfef4af84ed',NULL,'Hofer Rudolf',0,0,NULL,NULL,1,'0000-00-00 00:00:00',292,'0000-00-00 00:00:00'),(1019,'webshop','invoice','payed','order','EUR','default',NULL,'delivered',NULL,NULL,NULL,1019,239.56,287.47,0,58.3333334,NULL,'2017-06-23','true',NULL,NULL,NULL,'false','fecc74d5d7bd6f23add0b956a6cc60c6',NULL,'Schubert',0,0,NULL,NULL,9,'2017-06-23 08:40:19',654,'2017-04-07 06:44:17'),(1020,'webshop','invoice','payed','order','EUR','default',NULL,'delivered','self',NULL,NULL,1020,594.34,713.21,30,30,NULL,'2017-09-05','true','Abholung mit 30.06.2017!\r\nBohrungen oben: 6 mm DM!',NULL,NULL,'false','2a0d169017b84074f080548fb2db8742',NULL,'Sattmann 1',0,0,NULL,NULL,9,'2017-09-05 09:45:36',1229,'2017-06-26 12:15:50'),(1021,'webshop','invoice','payed','order','EUR','default',NULL,'delivered',NULL,NULL,NULL,1021,260.67,312.80,35,35,NULL,'2017-07-05','true','Hase seitlich lt. Skizze\r\nBitte um Entwurf zur Ansicht',NULL,NULL,'false','baad3799c2a28f7da2185765346fcf06','925','Hirschmugl',0,0,NULL,NULL,9,'2017-07-05 07:50:46',1229,'2017-04-10 09:28:44'),(1022,'webshop','invoice','payed','offer','EUR','default',NULL,'new',NULL,NULL,NULL,1022,414.22,497.06,0,58.3333334,NULL,'2018-01-09','true',NULL,NULL,NULL,'false','a097710802831fe7e37b90011e8137c5',NULL,'Gusenbauer Hagenberg',0,0,1031,'2017-04-07 15:11:30',9,'2018-01-09 08:49:26',1031,'2017-04-07 13:11:30'),(1023,'webshop','invoice','payed','offer','EUR','default',NULL,'new',NULL,NULL,NULL,1023,0.00,0.00,0,58.3333334,NULL,'2018-01-09','true',NULL,NULL,NULL,'false','be0f17768d7cc09d112d3bb6cba3675b',NULL,'Kom Ambrosi',0,0,177,'2017-04-10 11:49:39',9,'2018-01-09 08:49:26',177,'2017-04-10 09:49:31'),(1024,'webshop','invoice','payed','offer','EUR','default',NULL,'new',NULL,NULL,NULL,1024,0.00,0.00,0,58.3333334,NULL,'2018-01-09','true',NULL,NULL,NULL,'false','d59f823ebd13f5d3d354d575a6bcc119',NULL,'Malissa',0,0,707,'2017-04-11 08:18:18',9,'2018-01-09 08:49:26',707,'2017-04-11 06:13:38'),(1025,'webshop','invoice','payed','order','EUR','default',NULL,'delivered',NULL,NULL,NULL,1025,147.75,177.30,35,35,NULL,'2017-07-05','true','Lieferung per EIGENZUSTELLUNG (BUS) mit 28.04.2017!',NULL,NULL,'false','f29321dea37e80b2bd379a71a1c8a74c',NULL,'Lampel',0,0,NULL,NULL,9,'2017-07-05 07:49:34',1229,'2017-04-20 11:46:59'),(1026,'webshop','invoice','payed','order','EUR','default',NULL,'delivered',NULL,NULL,NULL,1026,147.35,176.82,35,35,NULL,'2017-07-05','true',NULL,NULL,NULL,'false','c680c1bf641c2a114097c118b4c02376','1009','Stübegger',0,0,NULL,NULL,9,'2017-07-05 07:50:11',1229,'2017-04-11 08:59:59'),(1027,'webshop','invoice','payed','offer','EUR','default',NULL,'new',NULL,NULL,NULL,1027,0.00,0.00,0,58.3333334,NULL,'2018-01-09','true',NULL,NULL,NULL,'false','a7c55b0fbfbd569abe4aa1335ac12c50',NULL,'Test',0,0,115,'2017-04-12 16:53:37',9,'2018-01-09 08:49:26',115,'2017-04-11 09:37:58'),(1028,'webshop','invoice','payed','offer','EUR','default',NULL,'new',NULL,NULL,NULL,1028,836.88,1004.26,0,58.3333334,NULL,'2018-01-09','true','Druck: SCHWARZ - Blickdicht!!',NULL,NULL,'false','cb731c2e4dc642686d95855b7033996f',NULL,'Köller',0,0,143,'2017-04-26 09:07:56',9,'2018-01-09 08:49:26',145,'2017-04-11 14:01:17'),(1029,'webshop','invoice','payed','offer','EUR','default',NULL,'new',NULL,NULL,NULL,1029,10103.15,12123.77,0,58.3333334,NULL,'2018-01-09','true',NULL,NULL,NULL,'false','dea5beaf9e4c08d1a8ac2236546cf392',NULL,'Jugendhotel Weitenmoos',0,0,124,'2017-07-04 14:40:59',9,'2018-01-09 08:49:26',125,'2017-04-11 14:33:05'),(1030,'webshop','invoice','payed','order','EUR','default',NULL,'delivered',NULL,NULL,NULL,1030,78.64,94.37,0,58.3333334,NULL,'2017-06-23','true',NULL,NULL,NULL,'false','24feda1c2c17310b580a8d888822bc02','70107971','Muster',0,0,NULL,NULL,9,'2017-06-23 08:43:08',143,'2017-04-12 06:40:22'),(1031,'webshop','invoice','payed','offer','EUR','default',NULL,'new',NULL,NULL,NULL,1031,872.53,1047.04,0,58.3333334,NULL,'2018-01-09','true',NULL,NULL,NULL,'false','b5e989e0c4dad93d536550bd736e5cc0',NULL,'Dr. Weber',0,0,944,'2018-12-21 10:23:24',1,'2018-12-21 09:23:24',944,'2017-04-13 08:34:51'),(1032,'webshop','invoice','payed','offer','EUR','default',NULL,'new',NULL,NULL,NULL,1032,133.92,160.71,0,58.3333334,NULL,'2018-01-09','true',NULL,NULL,NULL,'false','70494d609d038ba76bfc03f37887f3f2',NULL,'pamperl',0,0,104,'2017-05-09 12:50:34',9,'2018-01-09 08:49:25',104,'2017-05-09 10:51:51'),(1033,'webshop','invoice','payed','offer','EUR','default',NULL,'new',NULL,NULL,NULL,1033,0.00,0.00,0,58.3333334,NULL,'2018-01-09','true',NULL,NULL,NULL,'false','7fef0f54b466f882a68e2b8079915cfd',NULL,'Haidenhofer',0,0,810,'2018-07-17 11:31:07',1,'2018-07-17 09:31:07',810,'0000-00-00 00:00:00'),(1034,'webshop','invoice','payed','order','EUR','default',NULL,'delivered',NULL,NULL,NULL,1034,966.87,1160.24,0,58.3333334,NULL,'2017-05-17','true','Druck: NCS S0502-G50Y\r\nSichtseite ist Druckseite!!!',NULL,NULL,'false','c5b1c1c235329f30133a33031d072e50',NULL,'Mitteregger Barbara',1,0,NULL,NULL,9,'2017-05-17 13:55:02',992,'2017-04-21 07:42:40'),(1035,'webshop','invoice','payed','offer','EUR','default',NULL,'new',NULL,NULL,NULL,1035,0.00,0.00,0,58.3333334,NULL,'2018-01-09','true',NULL,NULL,NULL,'false','d24aa5aeae089c3ce8e467b95b48f54d',NULL,'Pöchhacker',0,0,1010,'2017-04-14 07:31:15',9,'2018-01-09 08:49:26',1010,'2017-04-14 05:31:11'),(1036,'webshop','invoice','payed','offer','EUR','default',NULL,'new',NULL,NULL,NULL,1036,390.75,468.90,0,58.3333334,NULL,'2018-01-09','true','KRENN HELMUT TEST',NULL,NULL,'false','92f693f97a5c5477426498df851120d7','0815','TEST',0,0,655,'2017-09-29 14:57:06',9,'2018-01-09 08:49:26',115,'2017-04-14 06:22:35'),(1037,'webshop','invoice','payed','offer','EUR','default',NULL,'new',NULL,NULL,NULL,1037,564.90,677.88,0,58.3333334,NULL,'2018-03-21','true','TEST',NULL,NULL,'false','b20eda5b4bc4c5b5d2e42265529bd702','1700','BAUERNHANSL TEST',0,0,655,'2017-09-29 15:01:04',9,'2018-03-21 10:28:08',115,'2017-09-29 13:01:04'),(1038,'webshop','invoice','payed','order','EUR','default',NULL,'delivered',NULL,NULL,NULL,1038,531.78,638.14,35,35,NULL,'2017-07-05','true',NULL,NULL,NULL,'false','8b4f12ae22de6605c5963d05136b1058',NULL,'Theissl',0,0,NULL,NULL,9,'2017-07-05 07:53:18',1229,'2017-04-19 07:39:12'),(1039,'webshop','invoice','payed','offer','EUR','default',NULL,'new',NULL,NULL,NULL,1039,0.00,0.00,0,58.3333334,NULL,'2018-01-09','true',NULL,NULL,NULL,'false','ff003a67533a43fca29d4e627a65914b',NULL,'Haider',0,0,728,'2018-04-09 08:39:51',1,'2018-04-09 06:39:51',728,'2017-04-14 13:27:42'),(1040,'webshop','invoice','payed','order','EUR','default',NULL,'delivered',NULL,NULL,NULL,1040,78.23,93.88,0,58.3333334,NULL,'2017-05-31','true',NULL,NULL,NULL,'false','38b7d88a83996440b72ce66f0759da2f',NULL,'Ehrenhöfer',1,0,NULL,NULL,9,'2017-05-31 14:36:48',970,'2017-04-18 11:02:02'),(1041,'webshop','invoice','payed','order','EUR','default',NULL,'delivered',NULL,NULL,NULL,1041,68.30,81.95,0,58.3333334,NULL,'2017-05-31','true',NULL,NULL,NULL,'false','9e264c12b216dd95429ddb60e42792e1',NULL,'Ehrenhöfer',1,0,NULL,NULL,9,'2017-05-31 14:36:35',970,'2017-04-18 11:01:51'),(1042,'webshop','invoice','payed','order','EUR','default',NULL,'delivered',NULL,NULL,NULL,1042,712.80,855.36,0,58.3333334,NULL,'2017-05-17','true','ACHTUNG GLAS GEHT LINKS\r\n90° UM DAS ECK\r\n\r\nBITTE AUSSCHNITTE UND DOSENBOHRUNGEN NOCHMALS KONTROLLIEREN\r\n\r\nDANKE',NULL,NULL,'false','c0dcdb466d91d0e41fd0daba32ae3504','  643895','Gstrein Oswin',0,0,NULL,NULL,9,'2017-05-17 13:53:15',179,'2017-04-18 09:07:51'),(1043,'webshop','invoice','payed','offer','EUR','default',NULL,'new',NULL,NULL,NULL,1043,892.80,1071.36,0,58.3333334,NULL,'2018-01-09','true',NULL,NULL,NULL,'false','771579fd7e58581b75900d1a09c1873c',NULL,'Panorama: Texingtal',0,0,143,'2017-04-21 10:28:27',9,'2018-01-09 08:49:26',143,'2017-04-18 09:41:35'),(1044,'webshop','invoice','payed','offer','EUR','default',NULL,'new',NULL,NULL,NULL,1044,1930.72,2316.86,0,58.33,NULL,'2018-01-09','true',NULL,NULL,NULL,'false','f6e1c03181a742b55fb721a9bf8bb64e',NULL,'Vilanek',0,0,839,'2017-04-18 17:29:49',9,'2018-01-09 08:49:26',839,'2017-04-18 15:28:36'),(1045,'webshop','invoice','payed','offer','EUR','default',NULL,'new',NULL,NULL,NULL,1045,0.00,0.00,0,58.3333334,NULL,'2018-01-09','true',NULL,NULL,NULL,'false','d7f55312bfdada54546901ae1211aeaf',NULL,'Sonnleitner',0,0,104,'2017-04-19 09:36:44',9,'2018-01-09 08:49:26',104,'2017-04-19 07:36:41'),(1046,'webshop','invoice','payed','order','EUR','default',NULL,'delivered',NULL,NULL,NULL,1046,453.09,543.71,0,45,NULL,'2017-06-23','true','Aviso vor Lieferung 0664/181-16-70',NULL,NULL,'false','3006d6a9e7033039f85e0bae414acd1b',NULL,'Freitag/ Wolf Alternative',1,0,NULL,NULL,9,'2017-06-23 07:34:08',1295,'2017-05-19 09:39:38'),(1047,'webshop','invoice','payed','offer','EUR','default',NULL,'new',NULL,NULL,NULL,1047,1929.83,2315.79,0,58.33,NULL,'2018-01-09','true',NULL,NULL,NULL,'false','0656689a8dfb2adec1e84782e6109546',NULL,'Vilanek',0,0,1186,'2017-06-09 08:10:30',9,'2018-01-09 08:49:26',839,'2017-04-20 07:49:17'),(1048,'webshop','invoice','payed','offer','EUR','default',NULL,'new',NULL,NULL,NULL,1048,921.56,1105.87,0,58.33,NULL,'2017-05-22','true',NULL,NULL,NULL,'false','cb920f46d5bee59198f243f86bef2a65',NULL,'Test',0,0,1336,'2017-07-05 16:03:14',1,'2017-07-05 14:03:14',1295,'2017-06-07 08:54:58'),(1049,'webshop','invoice','payed','order','EUR','default',NULL,'delivered',NULL,NULL,NULL,1049,956.38,1147.66,0,58.3333334,NULL,'2017-05-17','true','Druck: NCS S0502-G50Y\r\nSichtseite ist Druckseite!!!\r\n',NULL,NULL,'false','1c5de3c58480db22d81f0768d2145b6c',NULL,'Mitteregger Martina',1,0,NULL,NULL,9,'2017-05-17 13:54:49',992,'2017-04-21 07:41:03'),(1050,'webshop','invoice','payed','order','EUR','default',NULL,'delivered',NULL,NULL,NULL,1050,1041.17,1249.40,35,35,NULL,'2017-11-10','true','DRUCKDATEI LT. KUNDEN-BILDDATEI (Druckdatei von Beate verwenden!)',NULL,NULL,'false','cba44e1b886ce8d4a4977006f7520bbb',NULL,'Eigner-Martinez',1,0,NULL,NULL,9,'2017-11-10 09:07:08',1318,'2017-05-05 12:19:24'),(1051,'webshop','invoice','payed','order','EUR','default',NULL,'delivered',NULL,NULL,NULL,1051,729.69,875.63,35,35,NULL,'2017-05-17','true','Lieferung per Spedition mit 03.05.2017!',NULL,NULL,'false','94bdb3addfdbe25c13041cee08a7e9e1','7525','Wilhelm',0,0,NULL,NULL,9,'2017-05-17 13:55:41',1251,'2017-04-20 09:45:38'),(1052,'webshop','invoice','payed','order','EUR','default',NULL,'delivered',NULL,NULL,NULL,1052,351.46,421.75,35,35,NULL,'2017-05-31','true','Lieferung: 26.04.2017 (POST)!',NULL,NULL,'false','bc988f1e2f1ed8cb8852224cf76ef0d1',NULL,'Leuchtbild',0,0,NULL,NULL,9,'2017-05-31 14:37:35',1269,'2017-04-21 09:51:04'),(1053,'webshop','invoice','payed','order','EUR','default',NULL,'delivered',NULL,NULL,NULL,1053,583.41,700.09,35,35,NULL,'2017-05-31','true','Lieferung mit 26.04.2017 (POST)!!!',NULL,NULL,'false','7e251025594a230f736c720f88401a6b',NULL,'Aludibond-Bild',0,0,NULL,NULL,9,'2017-05-31 14:37:21',1269,'2017-04-21 14:38:12'),(1054,'webshop','invoice','payed','order','EUR','default',NULL,'delivered',NULL,NULL,NULL,1054,688.63,826.35,0,58.3333334,NULL,'2017-06-16','true','Lieferung per POST mit 26.05.2017!',NULL,NULL,'false','9f329d86b7943da99e075a0149dc8323',NULL,'Lembäcker Max',1,0,NULL,NULL,9,'2017-06-16 09:42:59',120,'2017-05-17 06:44:06'),(1055,'webshop','invoice','payed','offer','EUR','default',NULL,'new',NULL,NULL,NULL,1055,0.00,0.00,0,58.3333334,NULL,'2018-01-09','true',NULL,NULL,NULL,'false','6d541c75f858bc545c76508f60aaee68',NULL,'Zitz',0,0,879,'2017-04-24 09:16:14',9,'2018-01-09 08:49:25',879,'2017-04-24 07:14:19'),(1056,'webshop','invoice','payed','offer','EUR','default',NULL,'new',NULL,NULL,NULL,1056,0.00,0.00,35,35,NULL,'2018-01-09','true','qwr',NULL,NULL,'false','06c9c37dda2293938154e7d68be3edba','serg','srtjht',0,0,1074,'2017-11-07 15:58:55',9,'2018-01-09 08:49:25',1074,'2017-04-24 11:02:54'),(1057,'webshop','invoice','payed','offer','EUR','default',NULL,'new',NULL,NULL,NULL,1057,623.68,748.41,0,58.3333334,NULL,'2018-01-09','true',NULL,NULL,NULL,'false','8275ea80f351816b8416ef39d4288fa2',NULL,'Meister',0,0,1319,'2017-04-25 08:10:22',9,'2018-01-09 08:49:25',1319,'2017-04-25 06:09:48'),(1058,'webshop','invoice','payed','offer','EUR','default',NULL,'new',NULL,NULL,NULL,1058,0.00,0.00,35,35,NULL,'2018-01-09','true',NULL,NULL,NULL,'false','5156fb18427a586e68fe425dbfededa7',NULL,'Tiro-Test',0,0,1278,'2017-04-25 09:17:02',9,'2018-01-09 08:49:25',1278,'2017-04-25 06:20:42'),(1059,'webshop','invoice','payed','order','EUR','default',NULL,'delivered',NULL,NULL,NULL,1059,1277.37,1532.84,35,35,NULL,'2017-05-31','true','Einfarbiger Druck lt. Muster-Stück (EWE Dekor Sand)!!! Rundungen bei Fräsung lt. Skizze!!!\r\n\r\nLieferung per Spedition mit 09.05.2017!',NULL,NULL,'false','6ea5ed3a2503afeef5ec261b54f35ac6','14K505','Gabauer',0,0,NULL,NULL,9,'2017-05-31 14:38:04',1065,'2017-04-25 12:34:50'),(1060,'webshop','invoice','payed','order','EUR','default',NULL,'delivered',NULL,NULL,NULL,1060,1632.09,1958.50,0,58.3333334,NULL,'2017-05-31','true','GLAS VON POS 3 SOLL DAS GLEICHE\r\nWEISS SEIN WIE GRUNDFARBE VON POS 10 !!!!!!!!!!!!!!!!!!',NULL,NULL,'false','1b037e7b8c90a487270225b5972363d4',NULL,'LOHFEYER',1,0,NULL,NULL,9,'2017-05-31 14:36:05',655,'2017-04-27 13:16:10'),(1061,'webshop','invoice','payed','order','EUR','default',NULL,'delivered',NULL,NULL,NULL,1061,155.86,187.04,35,35,NULL,'2017-09-15','true',NULL,NULL,NULL,'false','11f27c8690c3c9af16c5e59dcd76cd4d',NULL,'Schauraum',0,0,NULL,NULL,9,'2017-09-15 12:40:49',1229,'2017-04-26 08:19:09'),(1062,'webshop','invoice','payed','offer','EUR','default',NULL,'new',NULL,NULL,NULL,1062,0.00,0.00,0,58.3333334,NULL,'2018-01-09','true',NULL,NULL,NULL,'false','16e6de0a022868a16b974c68b03b6f91',NULL,'Pfeifenberger',0,0,2764,'2019-09-03 16:40:33',1,'2019-09-03 14:40:33',1293,'2017-04-26 11:50:07'),(1063,'webshop','invoice','payed','order','EUR','default',NULL,'delivered',NULL,NULL,NULL,1063,2001.20,2401.44,0,58.3333334,NULL,'2017-06-08','true',NULL,NULL,NULL,'false','7c0614bed62a8eab827ca3742293dd8c',NULL,'Ziegler',1,0,NULL,NULL,9,'2017-06-08 08:55:46',767,'2017-05-08 05:19:30'),(1064,'webshop','invoice','payed','order','EUR','default',NULL,'delivered',NULL,NULL,NULL,1064,525.70,630.83,35,35,NULL,'2017-05-31','true','Bitte vorab Retouche zusenden',NULL,NULL,'false','1bd2436c65c2224d5134fe63007661a2','157','Mayr-Zinser',1,0,NULL,NULL,9,'2017-05-31 14:37:50',1082,'2017-04-28 07:21:04'),(1065,'webshop','invoice','payed','order','EUR','default',NULL,'delivered',NULL,NULL,NULL,1065,151.11,181.33,25,50,NULL,'2017-08-11','true',NULL,NULL,NULL,'false','15e2bbf35727bdcb2d76f2ec5e1e523e',NULL,'sg - Wiesinger Friseur',1,0,NULL,NULL,9,'2017-08-11 11:15:36',1059,'2017-07-06 11:38:23'),(1066,'webshop','invoice','payed','offer','EUR','default',NULL,'new',NULL,NULL,NULL,1066,0.00,0.00,0,58.3333334,NULL,'2018-01-09','true',NULL,NULL,NULL,'false','2f468fb935fdc6062473fe63ac652f8e',NULL,'Geir Sabine',0,0,175,'2017-04-27 15:36:48',9,'2018-01-09 08:49:25',175,'2017-04-27 13:36:44'),(1067,'webshop','invoice','payed','offer','EUR','default',NULL,'new',NULL,NULL,NULL,1067,0.00,0.00,0,58.3333334,NULL,'2018-01-09','true',NULL,NULL,NULL,'false','da3c132ff64465b8a85abd8cd7261dca',NULL,'Test',0,0,1242,'2019-03-25 15:59:43',1,'2019-03-25 14:59:43',1242,'2017-04-27 13:37:18'),(1068,'webshop','invoice','payed','order','EUR','default',NULL,'delivered',NULL,NULL,NULL,1068,2131.53,2557.82,0,58.3333334,NULL,'2017-06-08','true','Lieferung: BUS 19.05.2017',NULL,NULL,'false','6cfbcf85900a11e52f93a6287b865bd1',NULL,'Kielnofer',0,0,NULL,NULL,9,'2017-06-08 08:55:24',46,'2017-05-04 07:27:26'),(1069,'webshop','invoice','payed','offer','EUR','default',NULL,'new',NULL,NULL,NULL,1069,0.00,0.00,58.3333334,58.3333334,NULL,'2018-01-09','true',NULL,NULL,NULL,'false','56c17c8595accd9f3f34553aa1030fc2',NULL,'Prasser',0,0,1221,'2017-04-29 09:16:04',9,'2018-01-09 08:49:25',1221,'2017-04-28 08:40:43'),(1070,'webshop','invoice','payed','order','EUR','default',NULL,'delivered',NULL,NULL,NULL,1070,350.76,420.92,0,58.3333334,NULL,'2017-06-08','true',NULL,NULL,NULL,'false','1fd97d4da9608b713e1ee5c368c723ab',NULL,'LÖFFLER',1,0,NULL,NULL,9,'2017-06-08 08:51:22',655,'2017-05-02 13:46:37'),(1071,'webshop','invoice','payed','offer','EUR','default',NULL,'new',NULL,NULL,NULL,1071,0.00,0.00,0,58.3333334,NULL,'2018-01-09','true',NULL,NULL,NULL,'false','a50d0edc93baf124b580646fc4d6384d',NULL,'123',0,0,115,'2017-05-17 09:38:50',9,'2018-01-09 08:49:25',721,'2017-04-28 18:44:34'),(1072,'webshop','invoice','payed','offer','EUR','default',NULL,'new',NULL,NULL,NULL,1072,0.00,0.00,0,58.3333334,NULL,'2018-01-09','true',NULL,NULL,NULL,'false','0b25f2fe0360903398d837606ed0ff4e',NULL,'Wald',0,0,143,'2017-05-15 11:10:22',9,'2018-01-09 08:49:25',153,'2017-05-01 17:03:19'),(1073,'webshop','invoice','payed','offer','EUR','default',NULL,'new',NULL,NULL,NULL,1073,510.60,612.72,0,58.3333334,NULL,'2018-01-09','true',NULL,NULL,NULL,'false','b983f0433bbd3337a1a77b6557bc5846',NULL,'Steinmann',0,0,767,'2017-06-22 10:15:25',9,'2018-01-09 08:49:25',767,'2017-05-02 08:25:16'),(1074,'webshop','invoice','payed','offer','EUR','default',NULL,'new',NULL,NULL,NULL,1074,612.00,734.40,0,58.3333334,NULL,'2018-01-09','true','ANFRAGE',NULL,NULL,'false','81533fe8446b470907750533f76e1328',NULL,'Obi',0,0,141,'2017-06-06 16:01:23',9,'2018-01-09 08:49:25',144,'2017-05-02 11:49:56'),(1075,'webshop','invoice','payed','offer','EUR','default',NULL,'new',NULL,NULL,NULL,1075,820.38,984.45,0,30,NULL,'2018-01-09','true',NULL,NULL,NULL,'false','6c1258d1add6f6539f7fc3757bb2ece5','!','SCHULUNG',0,0,1295,'2017-06-14 15:25:46',9,'2018-01-09 08:49:25',1295,'2017-05-02 16:18:50'),(1076,'webshop','invoice','payed','offer','EUR','default',NULL,'new',NULL,NULL,NULL,1076,412.35,494.82,0,58.3333334,NULL,'2018-01-09','true',NULL,NULL,NULL,'false','9dd866bebddf0b4a41e0e49aaaf1fb79',NULL,'Schmidhofer',0,0,992,'2017-05-03 11:48:58',9,'2018-01-09 08:49:25',992,'2017-05-03 09:48:17'),(1077,'webshop','invoice','payed','offer','EUR','default',NULL,'new',NULL,NULL,NULL,1077,0.00,0.00,0,58.3333334,NULL,'2018-01-09','true',NULL,NULL,NULL,'false','8d961ac61849e2e85738f58e6675add9',NULL,'hauser',0,0,177,'2017-05-03 11:48:21',9,'2018-01-09 08:49:25',177,'2017-05-03 09:42:08'),(1078,'webshop','invoice','payed','offer','EUR','default',NULL,'new',NULL,NULL,NULL,1078,23.86,28.64,0,58.3333334,NULL,'2018-01-09','true',NULL,NULL,NULL,'false','ff17bb1f7981e328e87ace1bbc667f2d',NULL,'Schmidhofer 1',0,0,992,'2017-05-03 11:47:13',9,'2018-01-09 08:49:25',992,'2017-05-03 09:47:13'),(1079,'webshop','invoice','payed','offer','EUR','default',NULL,'new',NULL,NULL,NULL,1079,0.00,0.00,0,58.3333334,NULL,'2018-01-09','true',NULL,NULL,NULL,'false','fc1780eac7a9eb6b2bfebb2f68545d4b',NULL,'Eder',0,0,888,'2017-05-03 14:17:19',9,'2018-01-09 08:49:25',888,'2017-05-03 12:15:33'),(1080,'webshop','invoice','payed','offer','EUR','default',NULL,'new',NULL,NULL,NULL,1080,292.30,350.76,35,35,NULL,'2018-01-09','true',NULL,NULL,NULL,'false','a6c55401e235cca1d28d9935f513ab96',NULL,'Art. Nr. 20000',0,0,1323,'2017-11-22 11:33:27',9,'2018-01-09 08:49:25',1323,'2017-05-03 13:16:17'),(1081,'webshop','invoice','payed','order','EUR','default',NULL,'delivered',NULL,NULL,NULL,1081,597.76,717.31,30,30,NULL,'2017-07-25','true',NULL,NULL,NULL,'false','557d4b47a4e1e08c1e510543926ff295',NULL,'Rohner',0,0,NULL,NULL,9,'2017-07-25 13:15:25',1321,'2017-05-18 12:03:18'),(1082,'webshop','invoice','payed','order','EUR','default',NULL,'delivered',NULL,NULL,NULL,1082,726.40,871.68,0,58.3333334,NULL,'2017-06-23','true',NULL,NULL,NULL,'false','f5317084f4f6674d1b3ec699420532cd',NULL,'Glasfront',0,0,NULL,NULL,9,'2017-06-23 07:35:01',1325,'2017-05-03 13:45:23'),(1083,'webshop','invoice','payed','offer','EUR','default',NULL,'new',NULL,NULL,NULL,1083,764.45,917.34,0,58.3333334,NULL,'2018-01-09','true',NULL,NULL,NULL,'false','969f9709af9bd928d267740399b7f04a','40121','Angebot',0,0,37,'2017-10-18 15:47:42',9,'2018-01-09 08:49:25',37,'2017-05-23 14:12:43'),(1084,'webshop','invoice','payed','order','EUR','default',NULL,'delivered',NULL,NULL,NULL,1084,572.15,686.58,0,58.3333334,NULL,'2017-06-23','true',NULL,NULL,NULL,'false','0b1e612411dca377c45b507bb0ea9abb',NULL,'Tavernaro - FW2',1,0,NULL,NULL,9,'2017-06-23 07:38:35',301,'2017-05-08 07:28:05'),(1085,'webshop','invoice','payed','order','EUR','default',NULL,'delivered',NULL,NULL,NULL,1085,226.20,271.44,0,58.3333334,NULL,'2017-06-08','true','Lieferung per POST mit 17.05.2017!',NULL,NULL,'false','3a5bacedaf18766f2f7701c84c6a029f','2534','Lackner',0,0,NULL,NULL,9,'2017-06-08 08:55:08',767,'2017-05-05 09:10:12'),(1086,'webshop','invoice','payed','order','EUR','default',NULL,'delivered',NULL,NULL,NULL,1086,571.95,686.33,35,35,NULL,'2017-07-25','true','DRUCK: SATINATO-PRINT!!!\r\nLieferung per BUS mit 19.05.2017!',NULL,NULL,'false','4da4afdb32893c5a58596f237122d70e','MP17038','Breiner',0,0,NULL,NULL,9,'2017-07-25 13:02:53',1216,'2017-05-05 09:23:40'),(1087,'webshop','invoice','payed','order','EUR','default',NULL,'delivered',NULL,NULL,NULL,1087,572.15,686.58,0,58.3333334,NULL,'2017-06-23','true','LIEFERUNG NACH JAF KRAMSACH',NULL,NULL,'false','98c9402c4a3b3b35daa21e0172d5f9b6',NULL,'Tavernaro - FW3',1,0,NULL,NULL,9,'2017-06-23 07:38:57',301,'2017-05-08 07:27:29'),(1088,'webshop','invoice','payed','order','EUR','default',NULL,'delivered',NULL,NULL,NULL,1088,572.15,686.58,0,58.3333334,NULL,'2017-06-23','true',NULL,NULL,NULL,'false','834481f7ec30fdb39637470ebf3c9cdf',NULL,'Tavernaro - FW4',1,0,NULL,NULL,9,'2017-06-23 07:39:29',301,'2017-05-08 07:27:50'),(1089,'webshop','invoice','payed','order','EUR','default',NULL,'delivered',NULL,NULL,NULL,1089,570.04,684.05,0,58.3333334,NULL,'2017-06-16','true','LIEFERUNG NACH JAF KRAMSACH',NULL,NULL,'false','245e6ede4766a6a978d8739a6663bfcd',NULL,'Tavernaro - FW5',1,0,NULL,NULL,9,'0000-00-00 00:00:00',301,'0000-00-00 00:00:00'),(1090,'webshop','invoice','payed','order','EUR','default',NULL,'delivered',NULL,NULL,NULL,1090,370.24,444.29,0,58.3333334,NULL,'2017-06-08','true',NULL,NULL,NULL,'false','2bedbeb094b0af1c2e85d2be4718962a',NULL,'Salhofer',1,0,NULL,NULL,9,'2017-06-08 08:52:12',721,'2017-05-08 09:53:58'),(1091,'webshop','invoice','payed','offer','EUR','default',NULL,'new',NULL,NULL,NULL,1091,784.56,941.47,0,58.3333334,NULL,'2018-01-09','true',NULL,NULL,NULL,'false','ec85c2ecf77abe0d544ec414a2073575',NULL,'ÖAG Bädercenter',0,0,48,'2017-05-08 15:25:08',9,'2018-01-09 08:49:25',48,'2017-05-08 13:23:49'),(1092,'webshop','invoice','payed','order','EUR','default',NULL,'delivered',NULL,NULL,NULL,1092,812.53,975.04,25,50,NULL,'2017-06-23','true',NULL,NULL,NULL,'false','07d9509098ca2ac61c7caa9ead5c71c2',NULL,'Trieb 2016483 Wein',1,0,NULL,NULL,9,'2017-06-23 08:04:18',707,'2017-05-18 12:11:22'),(1093,'webshop','invoice','payed','offer','EUR','default',NULL,'new',NULL,NULL,NULL,1093,581.60,697.92,0,58.3333334,NULL,'2018-01-12','true',NULL,NULL,NULL,'false','c9ec3debb2138879aaf6ddb90fdad244',NULL,'Trieb 2016483 Kaffee',0,0,707,'2017-10-11 10:39:24',9,'2018-01-12 10:00:05',707,'2017-06-26 08:34:05'),(1094,'webshop','invoice','payed','order','EUR','default',NULL,'delivered',NULL,NULL,NULL,1094,573.00,687.60,30,30,NULL,'2017-08-21','true','Lieferung mit 29.06.2017 per SPEDITION!',NULL,NULL,'false','a16d6690470977e8193ff8f8c7c06bae',NULL,'Küchenrückwand o. Bohrung!',0,0,NULL,NULL,9,'2017-08-21 14:52:20',1328,'2017-06-22 08:26:18'),(1095,'webshop','invoice','payed','offer','EUR','default',NULL,'new',NULL,NULL,NULL,1095,0.00,0.00,0,58.3333334,NULL,'2018-01-09','true',NULL,NULL,NULL,'false','7ec04fcac0f6b4d6f471fa6ad6512c23',NULL,'pamperl',0,0,104,'2017-05-09 12:52:21',9,'2018-01-09 08:49:25',104,'2017-05-09 10:52:18'),(1096,'webshop','invoice','returned','order','EUR','default',NULL,'delivered',NULL,NULL,NULL,1096,454.60,545.52,0,58.3333334,NULL,'2017-11-16','true','Selbstabholung mit 24.05.2017!',NULL,NULL,'false','65df4aa22ce5330644b7e15748e91a29',NULL,'Recker Josef',1,0,NULL,NULL,9,'2017-11-16 15:28:30',34,'2017-05-16 11:40:00'),(1097,'webshop','invoice','payed','offer','EUR','default',NULL,'new',NULL,NULL,NULL,1097,6222.60,7467.12,0,58.3333334,NULL,'2018-01-09','true',NULL,NULL,NULL,'false','876807520cc917459e154e92309f2c15',NULL,'Goertz',0,0,707,'2017-06-21 10:33:26',9,'2018-01-09 08:49:25',707,'2017-05-11 10:07:54'),(1098,'webshop','invoice','payed','order','EUR','default',NULL,'delivered',NULL,NULL,NULL,1098,2694.18,3233.02,25,50,NULL,'2017-06-23','true','Lieferung per Eigenzustellung (LKW) mit 06.06.2017 an Grill &  Ronacher OG!',NULL,NULL,'false','be160955fde9757be3cea58490b54e8c','2015228-20','Goertz Alexandra',0,0,NULL,NULL,9,'2017-06-23 07:53:16',707,'2017-05-22 08:48:16'),(1099,'webshop','invoice','payed','order','EUR','default',NULL,'delivered',NULL,NULL,NULL,1099,202.74,243.28,35,35,NULL,'2017-09-01','true','Lieferung per POST mit 25.05.2017!',NULL,NULL,'false','7ae54cc0fd943e97098e987770a34fe1',NULL,'Ploder',0,0,NULL,NULL,9,'2017-09-01 06:56:19',1044,'2017-05-15 07:37:59'),(1100,'webshop','invoice','payed','offer','EUR','default',NULL,'new',NULL,NULL,NULL,1100,699.39,839.27,0,58.3333334,NULL,'2018-01-09','true',NULL,NULL,NULL,'false','fab52552c855f38bdbe8ad420969c825',NULL,'Gemeinede HT Test',0,0,143,'2017-06-13 14:16:57',9,'0000-00-00 00:00:00',735,'0000-00-00 00:00:00'),(1101,'webshop','invoice','payed','order','EUR','default',NULL,'delivered',NULL,NULL,NULL,1101,1613.97,1936.76,30,30,NULL,'2018-01-09','true','Lieferung per SPEDITION mit 20.12.2017!!!',NULL,NULL,'false','1912e4201f0a4c409dd57f750dba0276',NULL,'Glasschiebetür',0,0,NULL,NULL,9,'2018-01-09 10:04:51',1251,'2017-12-13 09:15:04'),(1102,'webshop','invoice','payed','order','EUR','default',NULL,'delivered',NULL,NULL,NULL,1102,641.24,769.48,25,50,NULL,'2017-06-23','true',NULL,NULL,NULL,'false','2c1113843aa6450fa6b60f49f59eb413',NULL,'Eberhard/Berger',0,0,NULL,NULL,9,'2017-06-23 07:36:31',143,'2017-05-23 07:19:46'),(1103,'webshop','invoice','payed','order','EUR','default',NULL,'delivered',NULL,NULL,NULL,1103,998.01,1197.61,0,58.3333334,NULL,'2017-06-23','true',NULL,NULL,NULL,'false','70491d2a40c80cc7d192b1816c266b0b',NULL,'Strobl & Steininger',0,0,NULL,NULL,9,'2017-06-23 07:56:05',721,'2017-05-16 14:48:39'),(1104,'webshop','invoice','payed','order','EUR','default',NULL,'delivered',NULL,NULL,NULL,1104,732.13,878.56,0,58.3333334,NULL,'2017-06-23','true','SEHR DRINGEND !!!',NULL,NULL,'false','8df299e68639746d6a14c4114f22859e',NULL,'Baierhofer',1,0,NULL,NULL,9,'2017-06-23 07:55:39',671,'2017-05-17 07:17:55'),(1105,'webshop','invoice','payed','order','EUR','default',NULL,'delivered',NULL,NULL,NULL,1105,1676.26,2011.51,25,50,NULL,'2017-07-11','true','Schrägschnitte lt. Skizze!!!',NULL,NULL,'false','8ab6e1cdaa72277d8b6e553c30a22be6',NULL,'Trondl',1,0,NULL,NULL,9,'2017-07-11 08:09:50',948,'2017-06-08 11:56:58'),(1106,'webshop','invoice','payed','offer','EUR','default',NULL,'new',NULL,NULL,NULL,1106,0.00,0.00,0,58.3333334,NULL,'2018-01-09','true',NULL,NULL,NULL,'false','8625573d7a19fccff0664c7135672193',NULL,'Anglberger',0,0,655,'2017-05-26 10:22:15',9,'2018-01-09 08:49:25',721,'2017-05-16 09:07:56'),(1107,'webshop','invoice','payed','offer','EUR','default',NULL,'new',NULL,NULL,NULL,1107,1985.66,2382.79,0,58.3333334,NULL,'2018-01-09','true',NULL,NULL,NULL,'false','63c60540602f5356993e5f61ec026552',NULL,'Steinber Hubert',0,0,124,'2017-11-15 17:37:30',9,'2018-01-09 08:49:25',125,'2017-05-16 11:20:08'),(1108,'webshop','invoice','payed','order','EUR','default',NULL,'delivered',NULL,NULL,NULL,1108,790.21,948.25,25,50,NULL,'2017-06-23','true',NULL,NULL,NULL,'false','ba547ec53b20b629ee8ffd8f7e86f93c',NULL,'Trieb 2016483 Kaffee NEU',1,0,NULL,NULL,9,'2017-06-23 07:54:08',707,'2017-05-18 12:11:05'),(1109,'webshop','invoice','payed','offer','EUR','default',NULL,'new',NULL,NULL,NULL,1109,1565.02,1878.02,35,35,NULL,'2018-01-09','true',NULL,NULL,NULL,'false','2246ba555df26036991c170b471318dd',NULL,'Klingenberg',0,0,1067,'2017-05-18 16:47:10',9,'0000-00-00 00:00:00',1101,'0000-00-00 00:00:00'),(1110,'webshop','invoice','payed','offer','EUR','default',NULL,'new',NULL,NULL,NULL,1110,829.87,995.84,0,58.33,NULL,'2018-01-09','true',NULL,NULL,NULL,'false','ee1e1c53f47bab3f251b290077e1f9ee','20007','Seifter Michaela',0,0,839,'2017-07-27 14:21:30',9,'2018-01-09 08:49:25',842,'2017-05-17 11:47:02'),(1111,'webshop','invoice','payed','order','EUR','default',NULL,'delivered',NULL,NULL,NULL,1111,1426.90,1712.28,25,50,NULL,'2017-06-23','true','ACHTUNG EUROWOOD MUSCHELGTRIFFFRÄSUNG !!!! ',NULL,NULL,'false','ec386877f17b222ba5abc8097d3d21b6','Pugnali Daniel','70305508',1,0,NULL,NULL,9,'2017-06-23 07:54:31',654,'2017-05-22 13:05:34'),(1112,'webshop','invoice','payed','offer','EUR','default',NULL,'new',NULL,NULL,NULL,1112,764.45,917.34,25,50,NULL,'2018-01-09','true',NULL,NULL,NULL,'false','f19766748e82447f913fddf2368a4e57',NULL,'Gimpel',1,0,42,'2018-07-26 15:57:46',1,'2018-07-26 13:57:46',42,'0000-00-00 00:00:00'),(1113,'webshop','invoice','payed','offer','EUR','default',NULL,'new',NULL,NULL,NULL,1113,522.56,627.07,25,50,NULL,'2018-01-09','true',NULL,NULL,NULL,'false','1b4e02112a8e7678bb1f564d549b83b8',NULL,'Test Rabattsystem',0,0,1067,'2017-05-18 16:50:14',9,'2018-01-09 08:49:25',1067,'2017-05-18 14:50:14'),(1114,'webshop','invoice','payed','order','EUR','default',NULL,'delivered',NULL,NULL,NULL,1114,1368.80,1642.55,25,50,NULL,'2017-06-23','true',NULL,NULL,NULL,'false','1ed9fb1e3918be03c4f44e70010c5236',NULL,'LÖFFLER',0,0,NULL,NULL,9,'2017-06-23 07:54:54',115,'2017-05-22 10:15:53'),(1115,'webshop','invoice','payed','order','EUR','default',NULL,'delivered',NULL,NULL,NULL,1115,1214.03,1456.83,25,50,NULL,'2017-06-29','true',NULL,NULL,NULL,'false','d7de85aefeb7f5c5002c3f6f1c669d30',NULL,'Kogler',1,0,NULL,NULL,9,'2017-06-29 12:40:36',748,'2017-05-24 07:59:47'),(1116,'webshop','invoice','payed','offer','EUR','default',NULL,'new',NULL,NULL,NULL,1116,409.17,491.00,25,50,NULL,'2018-01-09','true',NULL,NULL,NULL,'false','74b222b4e55a19e993b1983626b7300b',NULL,'Groschufer',0,0,1338,'2017-05-31 11:55:20',9,'2018-01-09 08:49:25',1338,'2017-05-24 06:53:09'),(1117,'webshop','invoice','payed','order','EUR','default',NULL,'delivered',NULL,NULL,NULL,1117,1333.27,1599.93,25,50,NULL,'2017-06-29','true',NULL,NULL,NULL,'false','27dc231fc4b6f2df719da1867148b8c8',NULL,'DETTENDORFER',0,0,NULL,NULL,9,'2017-06-29 12:43:02',937,'2017-05-29 07:40:47'),(1118,'webshop','invoice','payed','order','EUR','default',NULL,'delivered',NULL,NULL,NULL,1118,854.87,1025.84,25,50,NULL,'2017-06-23','true',NULL,NULL,NULL,'false','a6428fa141811aa51487726c8df12e51',NULL,'BRAUN KOM: X170166',1,0,NULL,NULL,9,'2017-08-11 07:35:47',655,'2017-05-23 09:00:10'),(1119,'webshop','invoice','payed','offer','EUR','default',NULL,'new',NULL,NULL,NULL,1119,409.17,491.00,25,50,NULL,'2018-01-09','true',NULL,NULL,NULL,'false','a05b0b1bf0de62e0779a4976c9f4c00d',NULL,'Gruschof Variante ',0,0,NULL,NULL,9,'2018-01-09 08:49:25',1338,'2017-05-24 06:30:31'),(1120,'webshop','invoice','payed','order','EUR','default',NULL,'delivered',NULL,NULL,NULL,1120,711.58,853.89,25,50,NULL,'2017-06-23','true','Lieferung mit 06.06.2017 (LKW)!',NULL,NULL,'false','dd0c4c815690995b860d259a7675952a',NULL,'Ketter FJ',0,0,NULL,NULL,9,'2017-06-23 07:53:39',652,'2017-05-24 07:47:31'),(1121,'webshop','invoice','payed','offer','EUR','default',NULL,'new',NULL,NULL,NULL,1121,190.89,229.07,25,50,NULL,'2018-01-09','true','Liefertermin: KW 33',NULL,NULL,'false','34785eee36cafaecfb91ef7a028441a5',NULL,'Hofer Karl',0,0,1031,'2017-08-23 07:36:12',9,'2018-01-09 08:49:25',1031,'2017-05-24 09:03:10'),(1122,'webshop','invoice','payed','offer','EUR','default',NULL,'new',NULL,NULL,NULL,1122,0.00,0.00,30,30,NULL,'2018-01-09','true',NULL,NULL,NULL,'false','1cff371a6cc5a20bfcc44bf3100c3f0d',NULL,'Fleischanderl',0,0,1208,'2017-05-29 07:22:49',9,'0000-00-00 00:00:00',1208,'0000-00-00 00:00:00'),(1123,'webshop','invoice','payed','order','EUR','default',NULL,'delivered',NULL,NULL,NULL,1123,1663.33,1995.99,25,50,NULL,'2017-08-11','true','Lieferung per SPEDITION mit 19.07.2017!\r\nLieferadresse:\r\nTischlerei Stöckl\r\nGrießenweg 7d\r\n6341 Ebbs\r\n',NULL,NULL,'false','832fb25165b5fb5f6121ffb467ff7367','Mitarbeiterin Funierzentrale','CASSANDRA FERRIS GÓMEZ',0,0,NULL,NULL,9,'2017-08-29 08:31:46',937,'2017-07-11 08:56:55'),(1124,'webshop','invoice','payed','order','EUR','default',NULL,'delivered',NULL,NULL,NULL,1124,366.89,440.27,25,50,NULL,'2017-10-03','true','Lieferung per POST mit 08.09.2017!',NULL,NULL,'false','64f4a01027a31f362c2da03f6ed05728',NULL,'Pürstinger',1,0,NULL,NULL,9,'2017-10-03 15:14:57',1258,'2017-08-30 14:37:58'),(1125,'webshop','invoice','payed','order','EUR','default',NULL,'delivered',NULL,NULL,NULL,1125,301.16,361.39,30,30,NULL,'2017-07-25','true','Farbe lt. Bestellung 000823 & 000947 (gab damals ein Muster) - Magnolie!\r\n\r\nLieferung POST mit 09.06.2017!!!',NULL,NULL,'false','f34effdef08845af59118a29e13a0f6d',NULL,'Moitzi - 2',0,0,NULL,NULL,9,'0000-00-00 00:00:00',1216,'0000-00-00 00:00:00'),(1126,'webshop','invoice','payed','offer','EUR','default',NULL,'new',NULL,NULL,NULL,1126,0.00,0.00,25,50,NULL,'2018-01-09','true',NULL,NULL,NULL,'false','f27c076976873fe6ccf0bb300228fec5',NULL,'May',0,0,1118,'2017-05-30 07:17:00',9,'2018-01-09 08:49:24',1118,'2017-05-30 05:14:19'),(1127,'webshop','invoice','payed','offer','EUR','default',NULL,'new',NULL,NULL,NULL,1127,155.53,186.63,30,30,NULL,'2018-01-09','true',NULL,NULL,NULL,'false','60df8dc1427888aec1b75d41008fa464',NULL,'HERKO Verk.SPIRK NORMAN',0,0,986,'2017-05-30 11:35:13',9,'2018-01-09 08:49:24',986,'2017-05-30 09:34:29'),(1128,'webshop','invoice','payed','offer','EUR','default',NULL,'new',NULL,NULL,NULL,1128,485.03,582.03,25,50,NULL,'2018-01-09','true','Bilder für Kabinen',NULL,NULL,'false','8f32866784c5af135d13330e160cd359','651729','01',0,0,177,'2017-05-31 09:59:04',9,'2018-01-09 08:49:24',177,'2017-05-30 13:16:35'),(1129,'webshop','invoice','payed','offer','EUR','default',NULL,'new',NULL,NULL,NULL,1129,1220.83,1464.99,25,50,NULL,'2018-01-12','true',NULL,NULL,NULL,'false','b7609010499b281af33fd9ab4a5c7324','Gerlza Harald','Lindner/Leinholz',0,0,37,'2017-10-18 15:47:29',9,'2018-01-12 10:00:05',36,'2017-06-01 09:22:41'),(1130,'webshop','invoice','payed','order','EUR','default',NULL,'delivered',NULL,NULL,NULL,1130,790.78,948.93,25,50,NULL,'2017-06-29','true',NULL,NULL,NULL,'false','ac93144a1e4e2713cfc9e9a1f46ee04d','  651843','Bvh. : Landhaus Maurer',0,0,NULL,NULL,9,'2017-06-29 12:41:22',179,'2017-05-31 07:28:37'),(1131,'webshop','invoice','payed','order','EUR','default',NULL,'delivered',NULL,NULL,NULL,1131,535.39,642.47,25,50,NULL,'2017-06-29','true',NULL,NULL,NULL,'false','684e00b1e74cb590cc2b31691b34df5c','  651868','BVH: Landhaus Maurer ',0,0,NULL,NULL,9,'2017-06-29 12:41:58',179,'2017-05-31 09:19:46'),(1132,'webshop','invoice','payed','offer','EUR','default',NULL,'new',NULL,NULL,NULL,1132,0.00,0.00,25,50,NULL,'2018-01-09','true',NULL,NULL,NULL,'false','e5a1d45372d7310cb11a33782fde8d06',NULL,'TEST',0,0,62,'2017-05-31 10:18:15',9,'2018-01-09 08:49:24',62,'2017-05-31 08:18:07'),(1133,'webshop','invoice','payed','offer','EUR','default',NULL,'new',NULL,NULL,NULL,1133,82.91,99.49,0,0,NULL,'2018-01-12','true',NULL,NULL,NULL,'false','cf5e00b85d44a33110e59838c9cc1a86',NULL,'Test',0,0,62,'2017-06-03 13:09:25',9,'2018-01-12 10:00:05',62,'2017-06-02 06:45:48'),(1134,'webshop','invoice','payed','offer','EUR','default',NULL,'new',NULL,NULL,NULL,1134,489.31,587.17,25,0,NULL,'2018-01-09','true',NULL,NULL,NULL,'false','30128bbe3ac268ad64681341c9cbe64c',NULL,'asdf',0,0,62,'2017-06-02 08:46:13',9,'2018-01-09 08:49:24',62,'2017-06-01 07:30:16'),(1135,'webshop','invoice','payed','order','EUR','default',NULL,'delivered',NULL,NULL,NULL,1135,367.68,441.22,25,50,NULL,'2017-07-11','true',NULL,NULL,NULL,'false','95e9a64d6bea4ade22aea8a5331dc950',NULL,'Auer',1,0,NULL,NULL,9,'2017-07-11 08:10:19',992,'2017-06-12 08:11:03'),(1136,'webshop','invoice','payed','offer','EUR','default',NULL,'new',NULL,NULL,NULL,1136,55.70,66.85,25,50,NULL,'2018-01-09','true','Mustertafel mit Paketdienst versenden ( Lieferkosten Sonderpreis!!)',NULL,NULL,'false','d945ae7e65aee72d62e5551c0778c201',NULL,'Test-RW',1,0,965,'2018-09-19 11:54:01',1,'0000-00-00 00:00:00',965,'0000-00-00 00:00:00'),(1137,'webshop','invoice','payed','offer','EUR','default',NULL,'new',NULL,NULL,NULL,1137,504.83,605.79,30,30,NULL,'2018-01-12','true',NULL,NULL,NULL,'false','624f7659ebc82fb1501f22af527c045a',NULL,'Hopfer',0,0,1044,'2017-06-01 19:42:57',9,'2018-01-12 10:00:05',1044,'2017-06-01 17:42:36'),(1138,'webshop','invoice','payed','offer','EUR','default',NULL,'new',NULL,NULL,NULL,1138,42.35,50.82,25,0,NULL,'2018-01-12','true',NULL,NULL,NULL,'false','cf199a022fe451c320c68bb2b8f05bf3',NULL,'wsdf',0,0,62,'2017-06-06 14:17:51',9,'2018-01-12 10:00:05',62,'2017-06-06 12:17:47'),(1139,'webshop','invoice','payed','order','EUR','default',NULL,'delivered',NULL,NULL,NULL,1139,738.11,885.74,25,50,NULL,'2017-07-05','true',NULL,NULL,NULL,'false','11654b4ddc58ced49417b5fdfeb524ae','652485','Pfeifer Rosi',0,0,NULL,NULL,9,'2017-07-05 07:54:06',177,'2017-06-02 10:29:09'),(1140,'webshop','invoice','payed','offer','EUR','default',NULL,'new',NULL,NULL,NULL,1140,496.74,596.09,25,50,NULL,'2018-01-12','true',NULL,NULL,NULL,'false','d0726957488e0e8c7457504bd9cdd3e9',NULL,'Schulung',0,0,62,'2017-06-06 14:15:55',9,'2018-01-12 10:00:05',63,'2017-06-02 12:30:48'),(1141,'webshop','invoice','payed','order','EUR','default',NULL,'delivered',NULL,NULL,NULL,1141,282.98,339.58,30,30,NULL,'2017-10-09','true',NULL,NULL,NULL,'false','8ef06c8899bc829f786eeec20a6efedc','978','Kaufmann',1,0,NULL,NULL,9,'2017-10-09 11:44:40',1229,'2017-06-02 14:12:37'),(1142,'webshop','invoice','payed','offer','EUR','default',NULL,'new',NULL,NULL,NULL,1142,0.00,0.00,25,50,NULL,'2018-01-09','true',NULL,NULL,NULL,'false','fbc293f34465d994005167faf96c2ccc',NULL,'Tromaier',0,0,748,'2017-06-06 10:41:45',9,'2018-01-09 08:44:09',748,'0000-00-00 00:00:00'),(1143,'webshop','invoice','payed','offer','EUR','default',NULL,'new',NULL,NULL,NULL,1143,1205.18,1446.22,25,50,NULL,'2018-01-12','true',NULL,NULL,NULL,'false','c66a65de12c00f01a958bd980ae4109c',NULL,'Pirker Josef',0,0,109,'2017-06-09 08:10:09',9,'2018-01-12 10:00:05',842,'2017-06-06 11:45:46'),(1144,'webshop','invoice','payed','offer','EUR','default',NULL,'new',NULL,NULL,NULL,1144,42.35,50.82,25,50,NULL,'2018-01-12','true',NULL,NULL,NULL,'false','6bf8ad34efbb2ff42a4c584c6c03529a',NULL,'Test',0,0,62,'2017-06-08 09:30:28',9,'2018-01-12 10:00:05',62,'2017-06-06 12:21:29'),(1145,'webshop','invoice','payed','offer','EUR','default',NULL,'new',NULL,NULL,NULL,1145,1685.28,2022.34,30,30,NULL,'2018-01-12','true',NULL,NULL,NULL,'false','a42c68e5f7e882c6035330f03420d286',NULL,'BVH Reisinger',0,0,1343,'2017-09-04 08:22:57',9,'2018-01-12 10:00:05',1343,'2017-06-06 12:43:09'),(1146,'webshop','invoice','payed','offer','EUR','default',NULL,'new',NULL,NULL,NULL,1146,1373.50,1648.20,30,30,NULL,'2018-01-12','true',NULL,NULL,NULL,'false','e754f9f17575611822fe58bc022b22c3',NULL,'Buchbauer',0,0,1341,'2017-06-12 14:01:09',9,'2018-01-12 10:00:05',1341,'2017-06-06 13:00:18'),(1147,'webshop','invoice','payed','order','EUR','default',NULL,'delivered',NULL,NULL,NULL,1147,639.53,767.44,25,50,NULL,'2017-07-25','true','Lieferung mit 28.06.2017 (Eigenzustellung LKW) an: JAF GRAZ',NULL,NULL,'false','0d4915b7dec83ab750c222ef0f277a59',NULL,'KRPSK0003',0,0,NULL,NULL,9,'2017-07-25 13:13:54',36,'2017-06-19 13:49:17'),(1148,'webshop','invoice','payed','offer','EUR','default',NULL,'new',NULL,NULL,NULL,1148,291.87,350.24,25,50,NULL,'2018-02-19','true','BadRW',NULL,NULL,'false','a5e7f7f987fdcffa40779b588f3c1b0b',NULL,'Buchner',0,0,1267,'2018-08-10 11:19:29',1,'0000-00-00 00:00:00',1267,'2018-08-10 09:19:44'),(1149,'webshop','invoice','payed','order','EUR','default',NULL,'delivered',NULL,NULL,NULL,1149,894.74,1073.69,25,50,NULL,'2017-07-27','true','Lieferung per LKW mit 03.07.2017!',NULL,NULL,'false','26e2809e9a39e9999db652717e08fd34',NULL,'Sperr',1,0,NULL,NULL,9,'2017-07-27 11:22:17',700,'2017-06-26 06:46:46'),(1150,'webshop','invoice','payed','offer','EUR','default',NULL,'new',NULL,NULL,NULL,1150,2149.87,2579.84,25,50,NULL,'2018-01-12','true',NULL,NULL,NULL,'false','65a85f77f423f1668dead68036b80e6e',NULL,'ROKU',0,0,885,'2017-06-08 08:55:43',9,'2018-01-12 10:00:05',885,'2017-06-07 14:01:13'),(1151,'webshop','invoice','payed','offer','EUR','default',NULL,'new',NULL,NULL,NULL,1151,0.00,0.00,25,50,NULL,'2018-01-12','true',NULL,NULL,NULL,'false','5c57adbfcb927296461fa1b611620089',NULL,'Liedlbauer ',0,0,888,'2017-06-08 08:23:29',9,'2018-01-12 10:00:05',888,'2017-06-08 06:22:37'),(1152,'webshop','invoice','payed','offer','EUR','default',NULL,'new','self',NULL,NULL,1152,718.00,861.60,25,50,NULL,'2018-01-12','true',NULL,NULL,NULL,'false','54d0992ab338107f348bc5a68f75903d',NULL,'test',0,0,62,'2017-06-21 09:05:42',9,'2018-01-12 10:00:05',62,'2017-06-08 08:16:59'),(1153,'webshop','invoice','payed','offer','EUR','default',NULL,'new',NULL,NULL,NULL,1153,1792.38,2150.85,25,50,NULL,'2018-02-05','true',NULL,NULL,NULL,'false','dbec75b95a06663cdedd201fb93e4040',NULL,'test2',0,0,62,'2017-07-12 10:19:15',9,'2018-02-05 07:16:19',62,'2017-07-12 08:19:59'),(1154,'webshop','invoice','payed','offer','EUR','default',NULL,'new',NULL,NULL,NULL,1154,0.00,0.00,30,30,NULL,'2018-01-12','true','Probe',NULL,NULL,'false','eb514fb8b41efe67f6096896ab7355bb','00000','Schönach',0,0,1345,'2017-06-09 08:29:48',9,'2018-01-12 10:00:05',1345,'2017-06-09 06:17:36'),(1155,'webshop','invoice','payed','order','EUR','default',NULL,'delivered',NULL,NULL,NULL,1155,505.88,607.06,25,50,NULL,'2017-07-11','true','20064',NULL,NULL,'false','6b8078f868e5461628f292c4cb24588f',NULL,'Rabitsch Peter',1,0,NULL,NULL,9,'2017-07-11 08:08:05',842,'2017-06-12 05:47:51'),(1156,'webshop','invoice','payed','order','EUR','default',NULL,'delivered',NULL,NULL,NULL,1156,245.48,294.57,25,50,NULL,'2017-09-05','true','Lieferung bitte über Zengerer/Graz',NULL,NULL,'false','fea61ba43a02764ed56598d9bf93f374',NULL,'Thomas Lager',0,0,NULL,NULL,9,'2017-09-05 08:00:53',143,'2017-06-12 19:19:17'),(1157,'webshop','invoice','payed','offer','EUR','default',NULL,'new',NULL,NULL,NULL,1157,233.51,280.21,25,50,NULL,'2018-01-12','true',NULL,NULL,NULL,'false','ef2cf3b2e44cb33d28889885680ea6ff',NULL,'Hofer',0,0,1031,'2017-08-23 07:30:31',9,'2018-01-12 10:00:05',1031,'2017-06-12 09:43:06'),(1158,'webshop','invoice','payed','offer','EUR','default',NULL,'new',NULL,NULL,NULL,1158,129.35,155.22,0,45,NULL,'2018-01-12','true',NULL,NULL,NULL,'false','47a5bbc9c87f166ef364fcc1c7b75444',NULL,'Test 1',0,0,1336,'2017-06-14 15:25:10',9,'2018-01-12 10:00:05',1296,'2017-06-12 11:15:32'),(1159,'webshop','invoice','payed','offer','EUR','default',NULL,'new',NULL,NULL,NULL,1159,107.81,129.38,25,50,NULL,'2018-01-12','true',NULL,NULL,NULL,'false','b3f2bb433b708a855d9e671cc1025d67',NULL,'Praxenthaler',0,0,655,'2017-06-20 13:44:44',9,'2018-01-12 10:00:05',937,'2017-06-13 06:26:49'),(1160,'webshop','invoice','payed','order','EUR','default',NULL,'delivered',NULL,NULL,NULL,1160,1163.88,1396.65,25,50,NULL,'2017-07-25','true',NULL,NULL,NULL,'false','1fe3d296b58af890fb0fdc324221077f',NULL,'Haidenhofer',0,0,NULL,NULL,9,'2017-07-25 13:13:23',767,'2017-06-14 11:04:28'),(1161,'webshop','invoice','payed','offer','EUR','default',NULL,'new',NULL,NULL,NULL,1161,210.16,252.19,0,40,NULL,'2018-01-12','true',NULL,NULL,NULL,'false','8939430e2e8cc9fc2be78675e6526620',NULL,'Motiv 20065',0,0,2468,'2019-09-09 09:56:55',1,'2019-09-09 07:56:55',1354,'2017-06-12 13:20:03'),(1162,'webshop','invoice','payed','offer','EUR','default',NULL,'new',NULL,NULL,NULL,1162,71.61,85.93,25,50,NULL,'2018-01-12','true',NULL,NULL,NULL,'false','3b7bb332f1005c9aff6c15cd47f1f90e',NULL,'Praxenthaler',0,0,937,'2017-06-21 10:17:27',9,'2018-01-12 10:00:05',937,'2017-06-12 13:39:39'),(1163,'webshop','invoice','payed','order','EUR','default',NULL,'delivered',NULL,NULL,NULL,1163,960.75,1152.90,25,50,NULL,'2017-07-25','true','SELBSTABHOLUNG VON KUNDE DIREKT BEI AUSTRIA GLAS !!!',NULL,NULL,'false','b5c162dfaac37a258ec8ce7368db082a','20088','Eder Karl',1,0,NULL,NULL,9,'2017-07-25 13:11:11',842,'2017-06-14 11:53:27'),(1164,'webshop','invoice','payed','order','EUR','default',NULL,'delivered',NULL,NULL,NULL,1164,705.57,846.68,25,50,NULL,'2017-07-11','true',NULL,NULL,NULL,'false','0f1db071f70aa1a6e3db9e974d0171a8',NULL,'Motiv 20108',0,0,NULL,NULL,9,'2017-07-11 08:10:59',887,'2017-06-13 11:51:34'),(1165,'webshop','invoice','payed','offer','EUR','default',NULL,'new',NULL,NULL,NULL,1165,256.40,307.68,25,50,NULL,'2018-01-09','true',NULL,NULL,NULL,'false','65fdd88c6a96b55050687d6ccf74ad0e',NULL,'Aumayr Manfred',0,0,1031,'2017-06-25 20:43:02',9,'2018-01-09 08:44:09',1031,'0000-00-00 00:00:00'),(1166,'webshop','invoice','payed','offer','EUR','default',NULL,'new',NULL,NULL,NULL,1166,280.02,336.02,30,30,NULL,'2018-01-09','true',NULL,NULL,NULL,'false','66afca7ba1c38ba4d2a015bf8df2921a',NULL,'Ilgenfritz',0,0,1101,'2017-10-04 08:47:37',9,'0000-00-00 00:00:00',1101,'0000-00-00 00:00:00'),(1167,'webshop','invoice','payed','offer','EUR','default',NULL,'new',NULL,NULL,NULL,1167,720.46,864.55,25,50,NULL,'2018-01-12','true',NULL,NULL,NULL,'false','2060d5b86e883b670ebd91837d3530a7','Dekor 20069','Lerchbaumer',0,0,834,'2017-06-21 08:37:33',9,'2018-01-12 10:00:05',842,'2017-06-14 09:16:10'),(1168,'webshop','invoice','payed','order','EUR','default',NULL,'delivered',NULL,NULL,NULL,1168,493.03,591.63,0,45,NULL,'2018-01-19','true','Tel.Aviso 0664/181-16-70',NULL,NULL,'false','e2f4957eab9f642229528525e475b9ca',NULL,'Freitag/Stockinger',1,0,NULL,NULL,9,'2018-01-19 15:09:33',1295,'2017-06-20 13:22:41'),(1169,'webshop','invoice','payed','offer','EUR','default',NULL,'new',NULL,NULL,NULL,1169,0.00,0.00,25,50,NULL,'2018-01-12','true',NULL,NULL,NULL,'false','ae558aa5181285bc2125eff047ecccfb',NULL,'Küche',0,0,138,'2017-06-27 12:18:24',9,'2018-01-12 10:00:05',130,'2017-06-16 09:05:38'),(1170,'webshop','invoice','payed','order','EUR','default',NULL,'delivered',NULL,NULL,NULL,1170,991.38,1189.66,25,50,NULL,'2017-07-25','true',NULL,NULL,NULL,'false','434c2dde74fdbf4747400c740758c041',NULL,'Paarhammer Engi2',1,0,NULL,NULL,9,'2017-07-25 13:07:51',721,'2017-06-19 08:35:08'),(1171,'webshop','invoice','payed','offer','EUR','default',NULL,'new',NULL,NULL,NULL,1171,0.00,0.00,25,50,NULL,'2018-01-09','true',NULL,NULL,NULL,'false','61af68fd462e5b274e021e70db0645b1',NULL,'tz',0,0,699,'2019-03-07 14:51:24',1,'2019-03-07 13:51:24',699,'0000-00-00 00:00:00'),(1172,'webshop','invoice','payed','order','EUR','default',NULL,'delivered',NULL,NULL,NULL,1172,705.10,846.12,25,50,NULL,'2017-07-25','true','Lieferung per Spedition mit 29.06.2017 an:\r\n\r\nTischlerei Andreas Gimpel, c/o Hans Gimpel, Mitterstraße 45, 8553 St. Oswald - 0664 1711566',NULL,NULL,'false','09a18e9799f256ba9ccf699ea5d56e01',NULL,'Haring Harald',1,0,NULL,NULL,9,'2017-07-25 13:14:30',42,'2017-06-20 07:48:32'),(1173,'webshop','invoice','payed','order','EUR','default',NULL,'delivered',NULL,NULL,NULL,1173,653.50,784.20,25,50,NULL,'2017-07-25','true','Lieferung per Spedition mit 29.06.2017 an: Tischlermeister Günther Lerchner, Pürstlmoos 93, 5571 Mariapfarr!',NULL,NULL,'false','e08e0cf5eb0dc19e8f6391aecffaf846',NULL,'Doppler',0,0,NULL,NULL,9,'2017-07-25 13:05:01',128,'2017-06-20 07:51:01'),(1174,'webshop','invoice','payed','order','EUR','default',NULL,'delivered',NULL,NULL,NULL,1174,1798.91,2158.68,25,50,NULL,'2017-07-27','true','LIEFERUNG JAF BERGHEIM HANDELSZENTRUM 12 ',NULL,NULL,'false','afd03c37c48d36e9edc424a0eb10d180',NULL,'Arnezeder',1,0,NULL,NULL,9,'2017-07-27 11:21:42',1356,'2017-06-23 06:29:32'),(1175,'webshop','invoice','payed','offer','EUR','default',NULL,'new',NULL,NULL,NULL,1175,0.00,0.00,25,50,NULL,'2018-01-12','true',NULL,NULL,NULL,'false','63c517c057ffed5b590692438257583c',NULL,'test',0,0,175,'2017-06-20 08:39:22',9,'2018-01-12 10:00:05',175,'2017-06-20 06:37:48'),(1176,'webshop','invoice','payed','offer','EUR','default',NULL,'new',NULL,NULL,NULL,1176,747.06,896.47,25,50,NULL,'2018-01-09','true','20052',NULL,NULL,'false','c36f2378ff76cd40eb4343678f0e534e','73401','Pirker',0,0,842,'2017-06-21 08:46:58',9,'2018-01-09 08:44:09',842,'0000-00-00 00:00:00'),(1177,'webshop','invoice','payed','order','EUR','default',NULL,'delivered',NULL,NULL,NULL,1177,589.21,707.05,25,50,NULL,'2017-09-25','true','Lieferung per SPEDITION mit 01.09.2017 (Versanddatum!).',NULL,NULL,'false','0876b090dc58f896849766aeb8139898','73401','Pirker',0,0,NULL,NULL,9,'2017-09-25 09:37:36',842,'2017-08-21 11:38:59'),(1178,'webshop','invoice','payed','offer','EUR','default',NULL,'new',NULL,NULL,NULL,1178,0.00,0.00,25,50,NULL,'2018-01-12','true',NULL,NULL,NULL,'false','135f0b30fcca17a44f4788700dc1e681',NULL,'Post WEls',0,0,1261,'2017-06-21 11:40:57',9,'2018-01-12 10:00:05',1261,'2017-06-21 09:40:51'),(1179,'webshop','invoice','payed','order','EUR','default',NULL,'delivered','self',NULL,NULL,1179,280.50,336.60,30,30,NULL,'2017-09-05','true',NULL,NULL,NULL,'false','d892ae4ef6d72cec494996eeeeadd583','975','Hofer',0,0,NULL,NULL,9,'2017-09-05 09:44:09',1229,'2017-06-21 10:45:48'),(1180,'webshop','invoice','payed','offer','EUR','default',NULL,'new',NULL,NULL,NULL,1180,920.93,1105.12,25,50,NULL,'2018-02-05','true',NULL,NULL,NULL,'false','cb33f7a085dcd693e2f9c696b8d219a6',NULL,'Schröttenhamer 2017204',0,0,707,'2017-07-27 16:24:58',9,'2018-02-05 07:16:19',707,'2017-07-27 14:23:58'),(1181,'webshop','invoice','payed','order','EUR','default',NULL,'delivered','self',NULL,NULL,1181,290.54,348.65,30,30,NULL,'2017-09-05','true',NULL,NULL,NULL,'false','f33b5263dac1923d281e6056d9c68155','22.06.2017','Ninaus',0,0,NULL,NULL,9,'2017-09-05 09:44:50',1229,'2017-06-22 07:21:15'),(1182,'webshop','invoice','payed','order','EUR','default',NULL,'delivered',NULL,NULL,NULL,1182,347.64,417.17,25,50,NULL,'2017-07-27','true',NULL,NULL,NULL,'false','7a7c88614a7b92f7f9fe87f081234aaf',NULL,'Aumayr Manfred',1,0,NULL,NULL,9,'2017-07-27 11:18:36',1031,'2017-06-28 09:21:28'),(1183,'webshop','invoice','payed','order','EUR','default',NULL,'delivered',NULL,NULL,NULL,1183,831.26,997.51,25,50,NULL,'2017-07-27','true','Lieferung: POST mit 06.07.2017!',NULL,NULL,'false','b86be6d93eb903504dcb97729c322311',NULL,'Dornhackl',1,0,NULL,NULL,9,'2017-07-27 11:19:17',948,'2017-06-27 11:14:34'),(1184,'webshop','invoice','payed','offer','EUR','default',NULL,'new',NULL,NULL,NULL,1184,1204.36,1445.23,25,50,NULL,'2018-01-12','true',NULL,NULL,NULL,'false','24ad7ae442af1ed9e7211b46ebf5d52c',NULL,'Duschrückwände',0,0,1280,'2017-09-06 11:04:51',9,'2018-01-12 10:00:05',115,'2017-06-26 11:27:26'),(1185,'webshop','invoice','payed','order','EUR','default',NULL,'delivered',NULL,NULL,NULL,1185,656.04,787.24,25,50,NULL,'2017-10-09','true','Lieferung per POST mit 22.09.2017!',NULL,NULL,'false','d6a398ee00c4c3fb976818090e2d02fb',NULL,'Eder ',1,0,NULL,NULL,9,'2017-10-09 11:47:31',965,'2017-09-12 09:45:38'),(1186,'webshop','invoice','payed','order','EUR','default',NULL,'delivered',NULL,NULL,NULL,1186,1984.88,2381.85,25,50,NULL,'2017-07-27','true',NULL,NULL,NULL,'false','b27fb651c3b130be3c019738da250387',NULL,'Höller',1,0,NULL,NULL,9,'2017-07-27 11:18:12',1036,'2017-06-28 05:14:11'),(1187,'webshop','invoice','payed','order','EUR','default',NULL,'delivered','self',NULL,NULL,1187,612.76,735.32,30,30,NULL,'2017-09-15','true','Abholung mit 30.06.2017!\r\nGranolla 6 mm mit weißen Hinterdruck!',NULL,NULL,'false','bb5ba520a2c347a6a53120acf7d4470c',NULL,'Sattmann 2',0,0,NULL,NULL,9,'2017-09-15 12:44:10',1229,'2017-06-26 12:27:59'),(1188,'webshop','invoice','payed','offer','EUR','default',NULL,'new',NULL,NULL,NULL,1188,1041.94,1250.33,30,30,NULL,'2018-01-09','true','RAL 9016',NULL,NULL,'false','d7fc9fdb56ebd6429b846b71a00f9b52',NULL,'Herbst Manfred',0,0,1212,'2017-06-26 15:43:24',9,'2018-01-09 08:44:09',1212,'0000-00-00 00:00:00'),(1189,'webshop','invoice','payed','offer','EUR','default',NULL,'new',NULL,NULL,NULL,1189,0.00,0.00,25,50,NULL,'2018-01-12','true',NULL,NULL,NULL,'false','8cd7b201c124e2a2322ac639f815b50b',NULL,'Eder pfar.',0,0,888,'2017-11-06 12:05:06',9,'2018-01-12 10:00:05',888,'2017-06-26 17:35:11'),(1190,'webshop','invoice','payed','order','EUR','default',NULL,'delivered',NULL,NULL,NULL,1190,630.49,756.59,25,50,NULL,'2017-11-17','true','Küchenrückwand',NULL,NULL,'false','76170e6abd9098f34d43b38a005352ca',NULL,'Dewald',1,0,NULL,NULL,9,'2017-11-17 12:30:38',1267,'2017-10-23 08:46:55'),(1191,'webshop','invoice','returned','order','EUR','default',NULL,'delivered','self',NULL,NULL,1191,74.87,89.85,0,45,'2017-06-30','2017-06-27','true','Tek. Aviso 02160/74-63',NULL,NULL,'false','5f1517140b207304a6d0681a8e370d68','Bitte gemeinsam mit Bestellung 001168 liefern','Freitag/Wolf',1,0,NULL,NULL,9,'2017-07-05 14:04:35',1295,'2017-06-27 07:03:24'),(1192,'webshop','invoice','payed','order','EUR','default',NULL,'delivered',NULL,NULL,NULL,1192,454.85,545.81,30,30,NULL,'2017-07-25','true','Lieferung: LKW mit 05.07.2017!',NULL,NULL,'false','71a410e4b9ed81425ab9e7ece7e4e788',NULL,'Schauraum',0,0,NULL,NULL,9,'2017-07-25 13:03:58',1042,'2017-06-27 06:58:02'),(1193,'webshop','invoice','payed','offer','EUR','default',NULL,'new',NULL,NULL,NULL,1193,395.87,475.04,25,50,NULL,'2018-01-09','true',NULL,NULL,NULL,'false','68da5b45c52f5d55bc2ed6045deac171','656292','Aparthotel Garni St. Stefan',0,0,179,'2017-07-26 09:39:05',9,'2018-01-09 08:44:09',177,'0000-00-00 00:00:00'),(1194,'webshop','invoice','payed','offer','EUR','default',NULL,'new',NULL,NULL,NULL,1194,575.10,690.12,25,50,NULL,'2018-01-12','true',NULL,NULL,NULL,'false','6bf78aa15683e048acb05d03e2b01412','656298','Kom:Hotel Adler-Biosauna',0,0,179,'2017-07-26 09:39:12',9,'2018-01-12 10:00:05',177,'2017-06-27 07:20:58'),(1195,'webshop','invoice','payed','offer','EUR','default',NULL,'new',NULL,NULL,NULL,1195,575.10,690.12,25,50,NULL,'2018-01-09','true',NULL,NULL,NULL,'false','c483a0113743c2ea64e2d78a3fbf4b6e','656304','Kom:Hotel Adler-Biosauna',0,0,179,'2017-07-26 09:38:58',9,'2018-01-09 08:44:10',177,'0000-00-00 00:00:00'),(1196,'webshop','invoice','payed','order','EUR','default',NULL,'delivered',NULL,NULL,NULL,1196,412.60,495.12,25,50,NULL,'2017-07-27','true','Lieferung per POST mit 06.07.2017!',NULL,NULL,'false','ec4ce7cc582882687160e4e90be6b2ca',NULL,'Panisch Marianne/SM ',1,0,NULL,NULL,9,'2017-07-27 11:21:26',926,'2017-06-29 08:27:51'),(1197,'webshop','invoice','payed','offer','EUR','default',NULL,'new',NULL,NULL,NULL,1197,0.00,0.00,25,50,NULL,'2018-01-12','true',NULL,NULL,NULL,'false','2afeb7b13588129917b9eca3059addc5',NULL,'Heilpäd',0,0,879,'2017-06-27 11:12:08',9,'2018-01-12 10:00:05',879,'2017-06-27 09:11:58'),(1198,'webshop','invoice','payed','offer','EUR','default',NULL,'new',NULL,NULL,NULL,1198,0.00,0.00,25,50,NULL,'2018-01-12','true','Küchenrückwände',NULL,NULL,'false','7e17c49ad101fd414c036cecfd82d632',NULL,'Gallner',0,0,1091,'2017-06-27 13:18:18',9,'2018-01-12 10:00:05',1091,'2017-06-27 11:18:12'),(1199,'webshop','invoice','payed','offer','EUR','default',NULL,'new',NULL,NULL,NULL,1199,0.00,0.00,25,50,NULL,'2018-01-12','true',NULL,NULL,NULL,'false','ff45f14bd0e5d85ddcca2994d6c9e6e1',NULL,'Steinberger',0,0,1706,'2018-02-27 17:24:54',1,'2018-02-27 16:24:54',1009,'2017-06-27 11:42:44'),(1200,'webshop','invoice','payed','offer','EUR','default',NULL,'new',NULL,NULL,NULL,1200,0.00,0.00,25,25,NULL,'2018-01-09','true',NULL,NULL,NULL,'false','da6a45aa53faf64cc8cea5358d3335ef',NULL,'Test',0,0,1359,'2018-12-03 11:50:04',1,'2018-12-03 10:50:04',1357,'0000-00-00 00:00:00'),(1201,'webshop','invoice','payed','offer','EUR','default',NULL,'new',NULL,NULL,NULL,1201,0.00,0.00,25,50,NULL,'2018-01-09','true',NULL,NULL,NULL,'false','eda3b3805876ea84d237c0bfb4f2e6e5',NULL,'Kofler Bodenbelege',0,0,177,'2017-06-29 13:27:44',9,'2018-01-09 08:44:10',177,'0000-00-00 00:00:00'),(1202,'webshop','invoice','payed','offer','EUR','default',NULL,'new',NULL,NULL,NULL,1202,123.85,148.62,25,50,NULL,'2018-01-12','true',NULL,NULL,NULL,'false','b0dcf059c8e2dedfaaf19a3aa5a02a89',NULL,'Moßbauer',0,0,1031,'2018-10-24 13:35:24',1,'2018-10-24 11:35:24',1031,'2017-06-28 09:28:24'),(1203,'webshop','invoice','payed','offer','EUR','default',NULL,'new',NULL,NULL,NULL,1203,413.96,496.75,25,50,NULL,'2018-01-12','true',NULL,NULL,NULL,'false','a68b7336eb6fcfe9eff8d3c6f78873ea',NULL,'Beneder',0,0,1593,'2017-06-28 15:39:24',9,'2018-01-12 10:00:05',1593,'2017-06-28 13:33:57'),(1204,'webshop','invoice','payed','offer','EUR','default',NULL,'new',NULL,NULL,NULL,1204,0.00,0.00,25,50,NULL,'2018-01-09','true',NULL,NULL,NULL,'false','4048c83e05252f1b255bd3c9c8cd7edf',NULL,'Beneder',0,0,1593,'2017-06-28 15:37:54',9,'2018-01-09 08:44:10',1593,'0000-00-00 00:00:00'),(1205,'webshop','invoice','payed','order','EUR','default',NULL,'delivered',NULL,NULL,NULL,1205,5525.40,6630.48,25,50,NULL,'2017-08-11','true','Lieferung per EIGENZUSTELLUNG (LKW) mit 12.07.2017 nach Ladinegg GmbH GRAZ.\r\n\r\n+ 12 Stk. Glas-Fächer lt. Bestellung!\r\n\r\nBESTELLUNG DURCH HERRN HARB STEFAN!',NULL,NULL,'false','8523c4460832579ec61efbde6add1d5a','1','Admiral Sportwetten/C4 - 1',1,0,NULL,NULL,9,'2017-08-11 11:21:30',59,'2017-07-07 13:21:47'),(1206,'webshop','invoice','payed','offer','EUR','default',NULL,'new',NULL,NULL,NULL,1206,227.31,272.77,25,50,NULL,'2018-01-12','true',NULL,NULL,NULL,'false','cbaf8c6be343c7ef3aac1eb19afe0de0',NULL,'Moßbauer',0,0,1031,'2018-03-21 14:18:00',1,'2018-03-21 13:18:00',1031,'2017-06-29 15:36:47'),(1207,'webshop','invoice','payed','offer','EUR','default',NULL,'new',NULL,NULL,NULL,1207,554.49,665.39,25,50,NULL,'2018-01-12','true',NULL,NULL,NULL,'false','ba281de0fc600b10366c191ffb61f838',NULL,'Eisl - Bad Ischl',0,0,655,'2017-07-18 14:04:58',9,'2018-01-12 10:00:04',937,'2017-06-30 07:25:22'),(1208,'webshop','invoice','payed','order','EUR','default',NULL,'delivered',NULL,NULL,NULL,1208,2197.44,2636.93,25,50,NULL,'2017-09-11','true',NULL,NULL,NULL,'false','07f343a20760d6ef27e7d368a022d133',NULL,'Pagitz  Adolfine',0,0,842,'2017-08-07 16:18:58',9,'2017-09-11 11:12:10',842,'2017-08-07 12:06:50'),(1209,'webshop','invoice','payed','offer','EUR','default',NULL,'new',NULL,NULL,NULL,1209,398.00,477.60,30,30,NULL,'2018-02-05','true',NULL,NULL,NULL,'false','c88da112f0f483069c27f55dd31dbbf7',NULL,'Fabiani',0,0,1229,'2017-07-13 10:25:02',9,'2018-02-05 07:16:20',1229,'2017-07-07 13:04:17'),(1210,'webshop','invoice','payed','offer','EUR','default',NULL,'new',NULL,NULL,NULL,1210,0.00,0.00,30,30,NULL,'2018-01-12','true',NULL,NULL,NULL,'false','1706856a9c8fb3420046db45ad257792',NULL,'Ausstellung',0,0,1086,'2017-07-02 21:04:24',9,'2018-01-12 10:00:04',1086,'2017-06-30 15:43:48'),(1211,'webshop','invoice','payed','offer','EUR','default',NULL,'new',NULL,NULL,NULL,1211,0.00,0.00,30,30,NULL,'2018-02-05','true',NULL,NULL,NULL,'false','5b41aa7027b1c852b51a370c43d2e1fd',NULL,'H.K. Test',0,0,1086,'2017-07-11 16:08:20',9,'2018-02-05 07:16:20',1086,'2017-07-02 09:54:44'),(1212,'webshop','invoice','payed','order','EUR','default',NULL,'delivered',NULL,NULL,NULL,1212,458.29,549.95,25,50,NULL,'2017-08-11','true',NULL,NULL,NULL,'false','f7c7710c8090b69dbbe19c5cde34c384','657442','Kom: Aparthotel Garni St. Stefan',0,0,NULL,NULL,9,'2017-08-11 11:17:39',177,'2017-07-04 06:38:49'),(1213,'webshop','invoice','open','offer','EUR','default',NULL,'new',NULL,NULL,NULL,1213,121.20,145.44,25,50,NULL,NULL,'true',NULL,NULL,NULL,'false','4d7c48bc5de4df933c301256b2d1b13c',NULL,'Eder alte Variante',0,0,965,'2018-09-19 15:57:55',1,'0000-00-00 00:00:00',965,'0000-00-00 00:00:00'),(1214,'webshop','invoice','payed','offer','EUR','default',NULL,'new',NULL,NULL,NULL,1214,217.00,260.40,25,50,NULL,'2018-02-05','true',NULL,NULL,NULL,'false','f405e9580eace79c4ca9e9b24becfac8',NULL,'Karl Keim',0,0,177,'2017-07-03 16:13:40',9,'2018-02-05 07:16:20',177,'2017-07-03 14:09:21'),(1215,'webshop','invoice','payed','offer','EUR','default',NULL,'new',NULL,NULL,NULL,1215,162.12,194.55,25,50,NULL,'2018-01-09','true','Liefertermin: 20.06.2017 - SPEDITION',NULL,NULL,'false','3a0ad67832df0123b692c06f59e7a486',NULL,'Biereder',0,0,1267,'2017-07-30 20:39:59',9,'2018-01-09 08:44:10',1267,'0000-00-00 00:00:00'),(1216,'webshop','invoice','payed','order','EUR','default',NULL,'delivered',NULL,NULL,NULL,1216,162.12,194.55,25,50,NULL,'2017-08-11','true','Küchenrückwand',NULL,NULL,'false','60b29e610b621b625c9626bef8be5fd7',NULL,'Biereder',1,0,NULL,NULL,9,'2017-08-11 11:14:59',1267,'2017-07-12 08:12:35'),(1217,'webshop','invoice','payed','order','EUR','default',NULL,'delivered',NULL,NULL,NULL,1217,255.37,306.45,25,50,NULL,'2017-08-11','true',NULL,NULL,NULL,'false','3f3ac101437879cd424b6d50c4854dc7',NULL,'Eigenbedarf: Hauser Josef',1,0,NULL,NULL,9,'2017-08-11 11:17:09',177,'2017-07-05 12:08:59'),(1218,'webshop','invoice','payed','offer','EUR','default',NULL,'new',NULL,NULL,NULL,1218,0.00,0.00,25,50,NULL,'2018-01-09','true',NULL,NULL,NULL,'false','4966059b3e15dc6573bdc5bc29b319c0',NULL,'Preiml Emmerich',0,0,839,'2017-07-27 14:19:01',9,'2018-01-09 08:44:10',842,'0000-00-00 00:00:00'),(1219,'webshop','invoice','payed','order','EUR','default',NULL,'delivered',NULL,NULL,NULL,1219,526.81,632.17,25,50,NULL,'2017-08-11','true','Küchenrückwand',NULL,NULL,'false','506600352913b6457319b86d3110bc30',NULL,'Egger',1,0,NULL,NULL,9,'2017-08-11 11:23:37',1267,'2017-07-12 08:12:22'),(1220,'webshop','invoice','payed','order','EUR','default',NULL,'delivered',NULL,NULL,NULL,1220,644.10,772.92,25,50,NULL,'2017-08-11','true','dringend',NULL,NULL,'false','2c43e541a51ab298a75ce339aab12eec','  657850','Bvh.: Adler Bio Sauna',0,0,NULL,NULL,9,'2017-08-11 11:16:43',179,'2017-07-05 08:19:30'),(1221,'webshop','invoice','payed','order','EUR','default',NULL,'delivered',NULL,NULL,NULL,1221,806.00,967.20,25,50,NULL,'2017-08-11','true','Lieferung per Spedition mit 21.07.2017!',NULL,NULL,'false','15b5cdbbca825a5ecf430015becd1f42','70307497','70307497',0,0,NULL,NULL,9,'2017-08-11 11:19:52',655,'2017-07-13 09:20:05'),(1222,'webshop','invoice','payed','order','EUR','default',NULL,'delivered',NULL,NULL,NULL,1222,2620.01,3144.00,25,50,NULL,'2017-08-11','true','Bearbeitung lt. SCHABLONE!!!\r\nLieferung per BUS mit 19.07.2017 an Gleichweit Objekttischlerei GmbH!',NULL,NULL,'false','1f3e3df199b776dfadd0f4ea7a4d9873',NULL,'Büroumbau',0,0,NULL,NULL,9,'2017-08-11 11:22:01',120,'2017-07-06 08:23:39'),(1223,'webshop','invoice','payed','order','EUR','default',NULL,'delivered',NULL,NULL,NULL,1223,4210.83,5053.00,25,50,NULL,'2017-08-11','true','Lieferung per EIGENZUSTELLUNG (LKW) voraussichtlich mit 19.07.2017 nach Ladinegg GmbH GRAZ.\r\n\r\nBESTELLUNG DURCH HERRN HARB STEFAN!',NULL,NULL,'false','4452d972049bf8962f5848f33f433708','2','Admiral Sportwetten/C4 - 2',1,0,NULL,NULL,9,'2017-08-11 11:22:35',120,'2017-07-07 13:28:25'),(1224,'webshop','invoice','payed','offer','EUR','default',NULL,'new',NULL,NULL,NULL,1224,936.00,1123.20,25,50,NULL,'2018-02-05','true',NULL,NULL,NULL,'false','50302af1703e6fd71cfb2b63b67a5141',NULL,'123',0,0,179,'2017-07-07 08:58:59',9,'2018-02-05 07:16:20',179,'2017-07-07 06:58:52'),(1225,'webshop','invoice','payed','offer','EUR','default',NULL,'new',NULL,NULL,NULL,1225,0.00,0.00,25,50,NULL,'2018-02-05','true','Duschtrennwand',NULL,NULL,'false','dee3c613996ad6eb86d014c92a7ecc7a',NULL,'Lechner Michael',0,0,295,'2017-07-07 09:23:56',9,'2018-02-05 07:16:20',295,'2017-07-07 07:16:12'),(1226,'webshop','invoice','payed','order','EUR','default',NULL,'delivered',NULL,NULL,NULL,1226,176.52,211.83,30,30,NULL,'2017-09-15','true',NULL,NULL,NULL,'false','acef0b3c7bc786e29fc446c28f72f808',NULL,'Gutmann Albert',0,0,NULL,NULL,9,'2017-09-15 12:41:29',1229,'2017-07-07 13:11:05'),(1227,'webshop','invoice','payed','order','EUR','default',NULL,'delivered',NULL,NULL,NULL,1227,244.64,293.57,25,50,NULL,'2018-07-11','true',NULL,NULL,NULL,'false','56c53b42923297cdee44f498f08d697b',NULL,'Haubner',1,0,885,'2018-06-06 13:59:15',9,'2018-07-11 12:20:23',1031,'2018-06-06 11:57:53'),(1228,'webshop','invoice','payed','offer','EUR','default',NULL,'new',NULL,NULL,NULL,1228,0.00,0.00,25,50,NULL,'2018-02-05','true',NULL,NULL,NULL,'false','87962cb8207d85ed7f8bef3f8c63283d',NULL,'II',0,0,NULL,NULL,9,'2018-02-05 07:16:19',992,'2017-07-11 10:29:39'),(1229,'webshop','invoice','payed','order','EUR','default',NULL,'delivered',NULL,NULL,NULL,1229,272.65,327.18,30,30,NULL,'2017-09-15','true',NULL,NULL,NULL,'false','2585b5a2fa7125ec9d953f5de4839238','857','Mild',1,0,NULL,NULL,9,'2017-09-15 12:42:01',1229,'2017-07-19 07:01:28'),(1230,'webshop','invoice','payed','offer','EUR','default',NULL,'new',NULL,NULL,NULL,1230,4851.20,5821.44,25,50,NULL,'2018-02-05','true',NULL,NULL,NULL,'false','2556941dab31abfce1c0ba29d8451222',NULL,'test 4',0,0,62,'2017-07-12 10:31:42',9,'2018-02-05 07:16:19',62,'2017-07-12 08:05:48'),(1231,'webshop','invoice','payed','offer','EUR','default',NULL,'new',NULL,NULL,NULL,1231,993.00,1191.60,25,50,NULL,'2018-01-09','true',NULL,NULL,NULL,'false','9ef08f69d9d5625adb1fca167ae593f6',NULL,'Test 5',0,0,62,'2017-07-12 10:31:15',9,'2018-01-09 08:44:10',62,'0000-00-00 00:00:00'),(1232,'webshop','invoice','payed','offer','EUR','default',NULL,'new',NULL,NULL,NULL,1232,0.00,0.00,25,50,NULL,'2018-02-05','true',NULL,NULL,NULL,'false','6bb39ea8f9677b1bce0d8a97e9dc9c20','Test','6',0,0,62,'2017-07-12 10:13:17',9,'2018-02-05 07:16:19',62,'2017-07-12 08:12:49'),(1233,'webshop','invoice','payed','offer','EUR','default',NULL,'new',NULL,NULL,NULL,1233,0.00,0.00,25,50,NULL,'2018-02-05','true',NULL,NULL,NULL,'false','394f71c8bc71f92d5323a80805e56f29',NULL,'test0',0,0,62,'2017-07-12 11:06:21',9,'2018-02-05 07:16:19',62,'2017-07-12 09:02:02'),(1234,'webshop','invoice','payed','offer','EUR','default',NULL,'new',NULL,NULL,NULL,1234,0.00,0.00,25,50,NULL,'2018-02-05','true',NULL,NULL,NULL,'false','3b717e5f8877850a9d708a4b41b80a24',NULL,'test1',0,0,62,'2017-07-12 15:06:38',9,'2018-02-05 07:16:19',62,'2017-07-12 13:06:04'),(1235,'webshop','invoice','payed','offer','EUR','default',NULL,'new',NULL,NULL,NULL,1235,0.00,0.00,25,50,NULL,'2018-02-05','true',NULL,NULL,NULL,'false','13781650ee485f972ce135ecae1742a7',NULL,'test2',0,0,62,'2017-07-12 15:09:08',9,'2018-02-05 07:16:19',62,'2017-07-12 13:08:56'),(1236,'webshop','invoice','payed','offer','EUR','default',NULL,'new',NULL,NULL,NULL,1236,0.00,0.00,25,50,NULL,'2018-02-05','true',NULL,NULL,NULL,'false','ae5e65417ccafef8e637284690fe96a0',NULL,'test3',0,0,62,'2017-07-14 08:50:07',9,'2018-02-05 07:16:19',62,'2017-07-12 14:02:50'),(1237,'webshop','invoice','payed','offer','EUR','default',NULL,'new',NULL,NULL,NULL,1237,684.00,820.80,25,50,NULL,'2018-01-09','true',NULL,NULL,NULL,'false','fed33a44cb346c7d2070e059c7ef478d','72631','Hausch',0,0,177,'2017-11-27 08:31:21',9,'2018-01-09 08:44:10',177,'0000-00-00 00:00:00'),(1238,'webshop','invoice','payed','offer','EUR','default',NULL,'new',NULL,NULL,NULL,1238,0.00,0.00,25,50,NULL,'2018-01-09','true',NULL,NULL,NULL,'false','21f2fe305ab900fdda0c0ad279658b63',NULL,'Hausch',0,0,177,'2017-11-27 08:30:48',9,'2018-01-09 08:44:10',177,'0000-00-00 00:00:00'),(1239,'webshop','invoice','payed','order','EUR','default',NULL,'delivered','self',NULL,NULL,1239,284.24,341.08,30,30,NULL,'2017-09-15','true','Farbe: GLASGRÜN lt. Marco!\r\nSelbstabholung mit 21.07.2017!',NULL,NULL,'false','1af35a9896dde93fd40fb80702874a1b',NULL,'Lackner',0,0,NULL,NULL,9,'2017-09-15 12:42:58',1229,'2017-07-13 08:26:32'),(1240,'webshop','invoice','payed','order','EUR','default',NULL,'delivered',NULL,NULL,NULL,1240,1204.96,1445.95,20,40,NULL,'2017-09-15','true','Schrägschnitte lt. Skizze!!!\r\nLieferung per POST mit 18.08.2017!',NULL,NULL,'false','fd3da4c4afa0badd7b7dd65afb4e7333',NULL,'Angebot',0,0,NULL,NULL,9,'2017-09-15 14:04:09',1583,'2017-08-08 14:18:12'),(1241,'webshop','invoice','payed','order','EUR','default',NULL,'delivered',NULL,NULL,NULL,1241,511.47,613.76,25,50,NULL,'2017-09-15','true',NULL,NULL,NULL,'false','60e0cad5b19ef03326a0fc2276286d78',NULL,'Gansch/Triml',1,0,NULL,NULL,9,'2017-09-15 12:33:55',143,'2017-07-19 09:48:03'),(1242,'webshop','invoice','payed','offer','EUR','default',NULL,'new',NULL,NULL,NULL,1242,179.50,215.40,25,50,NULL,'2018-02-05','true',NULL,NULL,NULL,'false','89528926e7cd2da5dbeda12890788371',NULL,'Wigelbeyer Lagerhaus',0,0,1596,'2017-08-18 10:29:27',9,'2018-02-05 07:16:19',707,'2017-07-14 07:15:45'),(1243,'webshop','invoice','payed','offer','EUR','default',NULL,'new',NULL,NULL,NULL,1243,0.00,0.00,25,50,NULL,'2018-02-05','true',NULL,NULL,NULL,'false','d8824bd0d7909bb821fa8c88de799a02',NULL,'Landmarkt ',0,0,1596,'2017-08-18 10:29:22',9,'2018-02-05 07:16:19',721,'2017-07-14 07:17:16'),(1244,'webshop','invoice','payed','order','EUR','default',NULL,'delivered',NULL,NULL,NULL,1244,371.07,445.28,25,50,NULL,'2017-09-15','true','kundenfoto !!!!!!\r\n\r\nBitte in Woche 33 liefern !!!\r\nan unser Lager: Habegger\r\n',NULL,NULL,'false','758b3514ed78cf900908b21ecb2c60b3',NULL,'Gramelhofer',1,0,NULL,NULL,9,'2017-09-15 12:34:58',1281,'2017-07-24 05:47:44'),(1245,'webshop','invoice','payed','order','EUR','default',NULL,'delivered',NULL,NULL,NULL,1245,535.58,642.70,25,50,NULL,'2017-09-15','true',NULL,NULL,NULL,'false','97635c1247a68fc4377e279a5ee03953','659673','BVH: Hotel Garni ',0,0,NULL,NULL,9,'2017-09-15 12:35:42',177,'2017-07-18 09:01:10'),(1246,'webshop','invoice','payed','offer','EUR','default',NULL,'new',NULL,NULL,NULL,1246,0.00,0.00,25,50,NULL,'2018-02-05','true',NULL,NULL,NULL,'false','11edb2cbfeba93b356360d091349fb2a',NULL,'Maderthaner',0,0,983,'2017-09-25 21:32:22',9,'2018-02-05 07:16:19',983,'2017-07-16 14:39:20'),(1247,'webshop','invoice','payed','order','EUR','default',NULL,'delivered',NULL,NULL,NULL,1247,346.45,415.74,25,50,NULL,'2017-09-15','true',NULL,NULL,NULL,'false','49bbdf2ba5448a7210f10534b4123b55',NULL,'Loidl',1,0,NULL,NULL,9,'2017-09-15 12:31:39',701,'2017-07-19 07:15:13'),(1248,'webshop','invoice','payed','offer','EUR','default',NULL,'new',NULL,NULL,NULL,1248,0.00,0.00,25,50,NULL,'2018-02-05','true',NULL,NULL,NULL,'false','a49a694e8eaa6340d2bce32ed4e68d13',NULL,'Manfred Angeneter',0,0,37,'2017-08-11 07:31:16',9,'2018-02-05 07:16:19',37,'2017-07-17 14:39:00'),(1249,'webshop','invoice','payed','offer','EUR','default',NULL,'new',NULL,NULL,NULL,1249,0.00,0.00,25,50,NULL,'2018-01-09','true',NULL,NULL,NULL,'false','636b2af07807909edc3cc7285efb9609',NULL,'öö',0,0,63,'2017-07-18 09:16:14',9,'2018-01-09 08:44:10',63,'0000-00-00 00:00:00'),(1250,'webshop','invoice','payed','offer','EUR','default',NULL,'new',NULL,NULL,NULL,1250,0.00,0.00,20,40,NULL,'2018-02-05','true',NULL,NULL,NULL,'false','811cd2bf90f722d85b4d170e23e15800',NULL,'Sattelhacker',0,0,1354,'2017-07-18 09:22:22',9,'2018-02-05 07:16:19',1354,'2017-07-18 07:22:05'),(1251,'webshop','invoice','payed','offer','EUR','default',NULL,'new',NULL,NULL,NULL,1251,0.00,0.00,25,50,NULL,'2018-02-05','true',NULL,NULL,NULL,'false','f604395579ff9037e951aeef489ac5d2',NULL,'Wallner',0,0,63,'2017-07-18 09:22:21',9,'2018-02-05 07:16:19',63,'2017-07-18 07:22:09'),(1252,'webshop','invoice','payed','offer','EUR','default',NULL,'new',NULL,NULL,NULL,1252,953.62,1144.34,25,50,NULL,'2018-02-05','true',NULL,NULL,NULL,'false','58035077be346f2ceeac1a1f74f76b84',NULL,'Gwalt',0,0,37,'2017-08-11 10:19:21',9,'2018-02-05 07:16:19',37,'2017-07-18 14:38:11'),(1253,'webshop','invoice','payed','offer','EUR','default',NULL,'new',NULL,NULL,NULL,1253,0.00,0.00,25,50,NULL,'2018-02-05','true',NULL,NULL,NULL,'false','cca15ec6ae56831416c1fed55dd59c68',NULL,'Leobacher',0,0,1596,'2017-08-18 10:29:19',9,'2018-02-05 07:16:19',721,'2017-07-19 07:17:28'),(1254,'webshop','invoice','payed','offer','EUR','default',NULL,'new',NULL,NULL,NULL,1254,0.00,0.00,25,50,NULL,'2018-02-05','true',NULL,NULL,NULL,'false','435cfb838222834f4420b8d6a682205d',NULL,'test',0,0,962,'2017-10-18 17:42:39',9,'2018-02-05 07:16:19',962,'2017-07-19 09:22:23'),(1255,'webshop','invoice','payed','offer','EUR','default',NULL,'new',NULL,NULL,NULL,1255,838.17,1005.81,25,50,NULL,'2018-02-05','true',NULL,NULL,NULL,'false','ad799677b11be50b956b2ec716721462',NULL,'Manfred Angeneter',0,0,120,'2017-10-17 13:19:21',9,'2018-02-05 07:16:19',37,'2017-07-19 12:02:15'),(1256,'webshop','invoice','payed','order','EUR','default',NULL,'delivered','self',NULL,NULL,1256,116.38,139.65,30,30,NULL,'2017-10-09','true','Selbstabholung mit 18.08.2017!',NULL,NULL,'false','740c34fbdbae0f6a57be4fdcbf2f4c6b','Nachbestellung zur 001226','Gutmann Nachbestellung',0,0,NULL,NULL,9,'2017-10-09 11:42:36',1229,'2017-08-08 11:33:10'),(1257,'webshop','invoice','payed','offer','EUR','default',NULL,'new',NULL,NULL,NULL,1257,0.00,0.00,0,50,NULL,'2018-02-05','true',NULL,NULL,NULL,'false','7769841a88318d42b569b8305c6148c1',NULL,'Würcher',0,0,1316,'2017-07-19 15:40:36',9,'2018-02-05 07:16:19',1316,'2017-07-19 13:38:19'),(1258,'webshop','invoice','payed','offer','EUR','default',NULL,'new',NULL,NULL,NULL,1258,0.00,0.00,0,50,NULL,'2018-01-09','true',NULL,NULL,NULL,'false','d25aee38cd626ece9f5b9f00118d0c42',NULL,'Treffner',0,0,1316,'2017-07-19 16:00:29',9,'2018-01-09 08:44:10',1316,'0000-00-00 00:00:00'),(1259,'webshop','invoice','payed','offer','EUR','default',NULL,'new',NULL,NULL,NULL,1259,0.00,0.00,30,30,NULL,'2018-01-09','true',NULL,NULL,NULL,'false','ab92eac46d421c5e3b02024bd2874dfc',NULL,'SUPPAN',0,0,1108,'2019-03-22 12:44:51',1,'2019-03-22 11:44:51',1108,'0000-00-00 00:00:00'),(1260,'webshop','invoice','payed','order','EUR','default',NULL,'delivered',NULL,NULL,NULL,1260,526.99,632.39,25,50,NULL,'2017-09-15','true','Lieferung per SPEDITION mit 16.08.2017!',NULL,NULL,'false','263e6c593ce6fe5fc0159a8b40122ed0',NULL,'Schimmerl Kurt',1,0,NULL,NULL,9,'2017-09-15 12:32:04',684,'2017-08-08 11:25:32'),(1261,'webshop','invoice','payed','offer','EUR','default',NULL,'new',NULL,NULL,NULL,1261,0.00,0.00,20,40,NULL,'2018-02-05','true',NULL,NULL,NULL,'false','6b5f561f508e816ca10105255e9d4a5a',NULL,'test',0,0,1354,'2017-08-08 13:10:54',9,'2018-02-05 07:16:19',1354,'2017-07-20 09:58:00'),(1262,'webshop','invoice','payed','offer','EUR','default',NULL,'new',NULL,NULL,NULL,1262,0.00,0.00,25,50,NULL,'2018-01-09','true',NULL,NULL,NULL,'false','6d9467d8b6b2da95a7efa21410703dba',NULL,'muster',0,0,1267,'2018-09-11 12:31:13',1,'2018-09-11 10:31:13',1267,'0000-00-00 00:00:00'),(1263,'webshop','invoice','returned','order','EUR','default',NULL,'delivered',NULL,NULL,NULL,1263,160.69,192.82,30,30,'2017-07-21','2017-07-20','true',NULL,NULL,NULL,'false','3939583979f0574f76b7f24a8a9d3360',NULL,'Lackner',1,0,NULL,NULL,9,'2017-08-22 07:09:04',956,'2017-07-20 14:08:05'),(1264,'webshop','invoice','payed','offer','EUR','default',NULL,'new',NULL,NULL,NULL,1264,1823.28,2187.94,25,50,NULL,'2018-02-05','true',NULL,NULL,NULL,'false','43805ae0fae42fd1947532f4de647819',NULL,'Tischlerei Marchel',0,0,767,'2017-07-25 14:34:46',9,'2018-02-05 07:16:19',767,'2017-07-25 12:31:26'),(1265,'webshop','invoice','payed','offer','EUR','default',NULL,'new',NULL,NULL,NULL,1265,2311.88,2774.25,25,50,NULL,'2018-02-19','true',NULL,NULL,NULL,'false','c272e30139611f450670f65af17ebcbf',NULL,'Test',0,0,62,'2017-09-15 09:29:17',9,'2018-02-19 07:36:29',63,'2017-08-18 09:49:46'),(1266,'webshop','invoice','payed','offer','EUR','default',NULL,'new',NULL,NULL,NULL,1266,1402.30,1682.76,20,40,NULL,'2018-02-05','true',NULL,NULL,NULL,'false','8e73b5b86c55f7df6e167b7c54f448cd',NULL,'Resti',0,0,1354,'2017-08-23 09:58:37',9,'2018-02-05 07:16:19',1583,'2017-07-25 12:44:21'),(1267,'webshop','invoice','payed','offer','EUR','default',NULL,'new',NULL,NULL,NULL,1267,1207.56,1449.07,25,50,NULL,'2018-02-05','true',NULL,NULL,NULL,'false','6247726628c83a647991cc5968c7910b',NULL,'Schiberl Georg',0,0,842,'2017-08-03 10:33:44',9,'2018-02-05 07:16:19',842,'2017-07-31 06:56:15'),(1268,'webshop','invoice','payed','offer','EUR','default',NULL,'new',NULL,NULL,NULL,1268,0.00,0.00,25,50,NULL,'2018-02-05','true',NULL,NULL,NULL,'false','fe161bf6024465bcebfc6cbd61031044','  661541','Finn Sauna Adler',0,0,179,'2017-08-23 10:41:16',9,'2018-02-05 07:16:19',179,'2017-07-26 07:43:17'),(1269,'webshop','invoice','payed','order','EUR','default',NULL,'delivered',NULL,NULL,NULL,1269,678.12,813.74,25,50,NULL,'2017-09-15','true','dringend schicken',NULL,NULL,'false','6b69dd9cbeb3c166a5bd7267ced45b0e','661541','Kom:Hotel Adler-Finnsauna',1,0,NULL,NULL,9,'2017-09-15 12:36:11',179,'2017-08-07 07:48:38'),(1270,'webshop','invoice','payed','offer','EUR','default',NULL,'new',NULL,NULL,NULL,1270,0.00,0.00,25,50,NULL,'2018-02-05','true','Küchen RW',NULL,NULL,'false','e51c1121379af33a34a63e9a8c97c33c',NULL,'Aistleitner',0,0,1210,'2017-07-26 15:53:14',9,'2018-02-05 07:16:19',1210,'2017-07-26 13:53:07'),(1271,'webshop','invoice','payed','offer','EUR','default',NULL,'new',NULL,NULL,NULL,1271,1030.25,1236.30,0,50,NULL,'2018-02-05','true','Anfrage Herr Pirker',NULL,NULL,'false','641dbc8aa1d004a5a38f08574411f5af',NULL,'Blüml',0,0,1316,'2017-07-27 11:33:05',9,'2018-02-05 07:16:19',1316,'2017-07-27 09:32:34'),(1272,'webshop','invoice','payed','offer','EUR','default',NULL,'new',NULL,NULL,NULL,1272,0.00,0.00,25,50,NULL,'2018-02-05','true',NULL,NULL,NULL,'false','c7fd0216552478547f7211cf1979e673',NULL,'Stefan Ungericht',0,0,179,'2017-08-09 09:29:54',9,'2018-02-05 07:16:19',295,'2017-07-27 10:49:00'),(1273,'webshop','invoice','payed','offer','EUR','default',NULL,'new',NULL,NULL,NULL,1273,0.00,0.00,25,50,NULL,'2018-02-19','true',NULL,NULL,NULL,'false','898d5f2c3639d596c31b0346a52954d9',NULL,'Hiessl',0,0,1059,'2017-12-13 08:51:32',9,'2018-02-19 07:36:30',1059,'2017-07-27 10:57:27'),(1274,'webshop','invoice','payed','offer','EUR','default',NULL,'new',NULL,NULL,NULL,1274,0.00,0.00,25,50,NULL,'2018-02-05','true',NULL,NULL,NULL,'false','2f2fa4bb78afe045e2351fddcef34342',NULL,'70214044',0,0,880,'2017-07-28 11:51:34',9,'2018-02-05 07:16:19',880,'2017-07-28 09:48:24'),(1275,'webshop','invoice','payed','offer','EUR','default',NULL,'new',NULL,NULL,NULL,1275,0.00,0.00,25,50,NULL,'2018-02-05','true',NULL,NULL,NULL,'false','51f2ced13474b9066ed6b169f1d306ef',NULL,'Test',0,0,1267,'2017-08-10 08:24:40',9,'2018-02-05 07:16:19',1267,'2017-07-30 18:39:40'),(1276,'webshop','invoice','payed','order','EUR','default',NULL,'delivered',NULL,NULL,NULL,1276,1534.34,1841.21,25,50,NULL,'2017-09-11','true','Pfarre Rainbach\r\nKD.NR.: 1070 Eder Thomas\r\nVersandanschrift:\r\nPfarre Rainbach\r\nRainbach 1\r\n4791 Rainbach',NULL,NULL,'false','fc40b93ddadf9d6fcacf401ebc661388',NULL,'Pfarre Rainbach',0,0,NULL,NULL,9,'2017-09-11 11:13:21',887,'2017-08-10 08:58:12'),(1277,'webshop','invoice','payed','offer','EUR','default',NULL,'new',NULL,NULL,NULL,1277,0.00,0.00,25,50,NULL,'2018-02-05','true','Nr. 11 Mod. Sona',NULL,NULL,'false','c0223b87d68360de5b1d3078907e4e35','662169','Mod. Sona',0,0,177,'2017-08-09 11:31:01',9,'2018-02-05 07:16:19',177,'2017-07-31 08:01:17'),(1278,'webshop','invoice','payed','order','EUR','default',NULL,'delivered',NULL,NULL,NULL,1278,219.65,263.57,25,50,NULL,'2017-09-15','true',NULL,NULL,NULL,'false','fddf3b159a1e1a13c64f49a3a43857ad',NULL,'Salchenegger',1,0,NULL,NULL,9,'2017-09-15 12:37:35',970,'2017-07-31 09:26:26'),(1279,'webshop','invoice','payed','offer','EUR','default',NULL,'new',NULL,NULL,NULL,1279,1270.93,1525.11,25,50,NULL,'2018-02-19','true',NULL,NULL,NULL,'false','f8a6d77b8a2d792ebc738a89063d3575',NULL,'AU025-2017 Hofer Rudolf',0,0,292,'2018-06-14 07:40:47',1,'2018-06-14 05:40:47',292,'2017-08-01 05:50:21'),(1280,'webshop','invoice','payed','offer','EUR','default',NULL,'new',NULL,NULL,NULL,1280,347.10,416.52,25,50,NULL,'2018-01-09','true',NULL,NULL,NULL,'false','6b15970fb7bc1e4d75148429c3049c19','1323','123',0,0,179,'2017-07-31 16:49:51',9,'0000-00-00 00:00:00',179,'0000-00-00 00:00:00'),(1281,'webshop','invoice','payed','order','EUR','default',NULL,'delivered',NULL,NULL,NULL,1281,1480.55,1776.66,25,50,NULL,'2017-09-15','true','Linker und rechter Teil gehen 90° um Eck und stossen auf die Hauptwand\r\n',NULL,NULL,'false','112e6d2209ffbc373cbe587d794b79bb','  662349','Rudolf',1,0,NULL,NULL,9,'2017-09-15 12:37:06',179,'2017-08-09 07:43:10'),(1282,'webshop','invoice','payed','order','EUR','default',NULL,'delivered',NULL,NULL,NULL,1282,319.63,383.56,30,30,NULL,'2017-09-19','true','Bitte um Skizze für Motiv Aufteilung.\r\nLiefertermin KW 39\r\nLieferadresse Schlag 31 8241',NULL,NULL,'false','080bec5cecd3fd6958fa1dacedc3a75d',NULL,'Reiterer',1,0,NULL,NULL,9,'2017-09-19 12:48:07',1048,'2017-08-01 07:27:13'),(1283,'webshop','invoice','payed','offer','EUR','default',NULL,'new',NULL,NULL,NULL,1283,0.00,0.00,25,50,NULL,'2018-02-19','true',NULL,NULL,NULL,'false','ad22472404f03b9361ef5ebc5ce3b8c9',NULL,'Pflancer',0,0,106,'2017-11-27 13:48:49',9,'2018-02-19 07:36:29',769,'2017-08-02 08:16:59'),