
--
-- Table structure for table `ShopOrderJournalType`
--

CREATE TABLE `ShopOrderJournalType` (
  `ShopOrderJournalType_Code` varchar(40) NOT NULL,
  `ShopOrderJournalType_Name` varchar(255) NOT NULL,
  `ShopOrderJournalType_Visible` enum('true','false') NOT NULL DEFAULT 'true',
  `ShopOrderJournalType_Order` int(11) DEFAULT NULL,
  `Person_ID_Edit` int(10) unsigned DEFAULT NULL,
  `Table_Edit` timestamp NOT NULL DEFAULT CURRENT_TIMESTAMP ON UPDATE CURRENT_TIMESTAMP,
  `Person_ID_Create` int(10) unsigned DEFAULT NULL,
  `Table_Create` timestamp NOT NULL DEFAULT '0000-00-00 00:00:00',
  PRIMARY KEY (`ShopOrderJournalType_Code`),
  KEY `IDX_ShopOrderJournalType_Order` (`ShopOrderJournalType_Order`),
  KEY `IDX_Person_Person_ID_Edit` (`Person_ID_Edit`),
  KEY `IDX_Person_Person_ID_Create` (`Person_ID_Create`),
  CONSTRAINT `ShopOrderJournalType_ibfk_1` FOREIGN KEY (`Person_ID_Edit`) REFERENCES `Person` (`Person_ID`) ON DELETE NO ACTION ON UPDATE NO ACTION,
  CONSTRAINT `ShopOrderJournalType_ibfk_2` FOREIGN KEY (`Person_ID_Create`) REFERENCES `Person` (`Person_ID`) ON DELETE NO ACTION ON UPDATE NO ACTION
) ENGINE=InnoDB DEFAULT CHARSET=utf8;

--
-- Dumping data for table `ShopOrderJournalType`
--

INSERT INTO `ShopOrderJournalType` VALUES ('allowinvoice','Autom. freisch. Rechnung','false',18,NULL,'2010-04-21 11:31:13',NULL,'0000-00-00 00:00:00'),('birthdayvoucher','Geburtstagsgutschein','false',2,NULL,'2010-04-21 11:31:13',NULL,'0000-00-00 00:00:00'),('delivery','Lieferung','false',3,1,'2010-04-21 11:31:13',1,'2007-09-18 09:00:45'),('email','Man. Email an Kunden','false',4,1,'2010-04-21 11:31:13',1,'0000-00-00 00:00:00'),('invoice_sent','Rechnung versendet','false',12,NULL,'2010-04-21 11:31:13',NULL,'0000-00-00 00:00:00'),('login','Login','false',13,NULL,'2010-04-21 11:31:13',NULL,'0000-00-00 00:00:00'),('login_group','Login Protokollierung','false',14,NULL,'2010-04-21 11:31:13',NULL,'0000-00-00 00:00:00'),('offer','Angebotsanfrage','false',5,1,'2010-04-21 11:31:13',1,'2007-09-18 09:00:22'),('order','Bestellung','false',6,1,'2010-04-21 11:31:13',1,'2007-09-18 09:00:15'),('orderchanges','Bestellungsänderung','false',15,NULL,'2010-04-21 11:31:13',NULL,'0000-00-00 00:00:00'),('order_group','Bestellungs-Protokollierung','false',19,NULL,'2010-04-21 11:31:13',NULL,'0000-00-00 00:00:00'),('payment','Zahlungen','false',7,1,'2010-04-21 11:31:13',1,'2007-09-18 09:00:34'),('paymentreminder','Zahlungserinnerung','false',8,1,'2010-04-21 11:31:13',1,'2007-09-18 09:00:28'),('payment_error','Zahlungsfehler','false',16,NULL,'2010-04-21 11:31:13',NULL,'0000-00-00 00:00:00'),('pay_in','Zahlungen','false',17,NULL,'2010-04-21 11:31:13',NULL,'0000-00-00 00:00:00'),('reject','Stornierung (Zahlungserinnerung)','false',9,1,'2010-04-21 11:31:13',1,'2007-09-18 09:00:28'),('standard','Man. Journaleintrag','true',1,1,'2010-04-21 11:31:13',1,'0000-00-00 00:00:00'),('storno','Stornierung','false',10,1,'2010-04-21 11:31:13',1,'2007-09-18 09:00:28'),('task','Aufgabe','false',11,1,'2010-04-21 11:31:13',1,'0000-00-00 00:00:00'),('voucher','Gutschein','false',12,NULL,'2010-04-21 11:31:13',NULL,'0000-00-00 00:00:00');

--
-- Table structure for table `ShopOrderPaymentState`
--

CREATE TABLE `ShopOrderPaymentState` (
  `ShopOrderPaymentState_Code` varchar(40) NOT NULL,
  `ShopOrderPaymentState_Name` varchar(255) NOT NULL,
  `Person_ID_Edit` int(10) unsigned DEFAULT NULL,
  `Table_Edit` timestamp NOT NULL DEFAULT CURRENT_TIMESTAMP ON UPDATE CURRENT_TIMESTAMP,
  `Person_ID_Create` int(10) unsigned DEFAULT NULL,
  `Table_Create` timestamp NOT NULL DEFAULT '0000-00-00 00:00:00',
  PRIMARY KEY (`ShopOrderPaymentState_Code`),
  KEY `IDX_Person_Person_ID_Edit` (`Person_ID_Edit`),
  KEY `IDX_Person_Person_ID_Create` (`Person_ID_Create`),
  CONSTRAINT `ShopOrderPaymentState_ibfk_1` FOREIGN KEY (`Person_ID_Edit`) REFERENCES `Person` (`Person_ID`) ON DELETE NO ACTION ON UPDATE NO ACTION,
  CONSTRAINT `ShopOrderPaymentState_ibfk_2` FOREIGN KEY (`Person_ID_Create`) REFERENCES `Person` (`Person_ID`) ON DELETE NO ACTION ON UPDATE NO ACTION
) ENGINE=InnoDB DEFAULT CHARSET=utf8;

--
-- Dumping data for table `ShopOrderPaymentState`
--

INSERT INTO `ShopOrderPaymentState` VALUES ('open','Zahlung offen',1,'2007-11-29 16:03:16',1,'0000-00-00 00:00:00'),('partly_payed','Teilw. bezahlt',NULL,'2010-04-21 11:30:04',NULL,'0000-00-00 00:00:00'),('payed','Bezahlt',1,'2007-11-29 16:03:23',1,'0000-00-00 00:00:00'),('returned','Storniert',1,'2007-11-29 16:03:32',1,'0000-00-00 00:00:00');

--
-- Table structure for table `ShopOrderSource`
--

CREATE TABLE `ShopOrderSource` (
  `ShopOrderSource_Code` varchar(40) NOT NULL,
  `ShopOrderSource_Name` varchar(255) NOT NULL,
  `ShopOrderSource_ShowFilter` enum('true','false') NOT NULL DEFAULT 'false',
  `Person_ID_Edit` int(10) unsigned DEFAULT NULL,
  `Table_Edit` timestamp NOT NULL DEFAULT CURRENT_TIMESTAMP ON UPDATE CURRENT_TIMESTAMP,
  `Person_ID_Create` int(10) unsigned DEFAULT NULL,
  `Table_Create` timestamp NOT NULL DEFAULT '0000-00-00 00:00:00',
  PRIMARY KEY (`ShopOrderSource_Code`),
  KEY `IDX_Person_Person_ID_Edit` (`Person_ID_Edit`),
  KEY `IDX_Person_Person_ID_Create` (`Person_ID_Create`),
  CONSTRAINT `ShopOrderSource_ibfk_1` FOREIGN KEY (`Person_ID_Edit`) REFERENCES `Person` (`Person_ID`) ON DELETE NO ACTION ON UPDATE NO ACTION,
  CONSTRAINT `ShopOrderSource_ibfk_2` FOREIGN KEY (`Person_ID_Create`) REFERENCES `Person` (`Person_ID`) ON DELETE NO ACTION ON UPDATE NO ACTION
) ENGINE=InnoDB DEFAULT CHARSET=utf8;

--
-- Dumping data for table `ShopOrderSource`
--

INSERT INTO `ShopOrderSource` VALUES ('amazon','Amazon','false',1,'2014-02-13 14:21:14',1,'2014-02-13 14:21:16'),('cashdesk','Kassa','false',1,'2011-04-14 13:21:14',1,'2011-04-14 13:21:16'),('import','Import','false',1,'2011-04-14 13:21:14',1,'2011-04-14 13:21:16'),('servicecenter','ServiceCenter','false',1,'2011-04-14 13:21:14',1,'2011-04-14 13:21:16'),('webshop','Webshop','true',1,'2011-04-14 13:21:14',1,'2011-04-14 13:21:16');

--
-- Table structure for table `ShopOrderState`
--

CREATE TABLE `ShopOrderState` (
  `ShopOrderState_Code` varchar(40) NOT NULL,
  `ShopOrderState_Name` varchar(255) NOT NULL,
  `Person_ID_Edit` int(10) unsigned DEFAULT NULL,
  `Table_Edit` timestamp NOT NULL DEFAULT CURRENT_TIMESTAMP ON UPDATE CURRENT_TIMESTAMP,
  `Person_ID_Create` int(10) unsigned DEFAULT NULL,
  `Table_Create` timestamp NOT NULL DEFAULT '0000-00-00 00:00:00',
  PRIMARY KEY (`ShopOrderState_Code`),
  KEY `IDX_Person_Person_ID_Edit` (`Person_ID_Edit`),
  KEY `IDX_Person_Person_ID_Create` (`Person_ID_Create`),
  CONSTRAINT `ShopOrderState_ibfk_1` FOREIGN KEY (`Person_ID_Edit`) REFERENCES `Person` (`Person_ID`) ON DELETE NO ACTION ON UPDATE NO ACTION,
  CONSTRAINT `ShopOrderState_ibfk_2` FOREIGN KEY (`Person_ID_Create`) REFERENCES `Person` (`Person_ID`) ON DELETE NO ACTION ON UPDATE NO ACTION
) ENGINE=InnoDB DEFAULT CHARSET=utf8;

--
-- Dumping data for table `ShopOrderState`
--

INSERT INTO `ShopOrderState` VALUES ('delivered','Versendet',NULL,'2008-01-03 16:08:49',NULL,'0000-00-00 00:00:00'),('locked','Gesperrt',NULL,'2008-01-03 16:09:00',NULL,'0000-00-00 00:00:00'),('new','Neu',NULL,'2008-01-03 16:08:08',NULL,'0000-00-00 00:00:00'),('processing','Versandabwicklung',NULL,'0000-00-00 00:00:00',NULL,'0000-00-00 00:00:00');

--
-- Table structure for table `ShopOrderType`
--

CREATE TABLE `ShopOrderType` (
  `ShopOrderType_Code` varchar(40) NOT NULL,
  `ShopOrderType_Name` varchar(255) NOT NULL,
  `Person_ID_Edit` int(10) unsigned DEFAULT NULL,
  `Table_Edit` timestamp NOT NULL DEFAULT CURRENT_TIMESTAMP ON UPDATE CURRENT_TIMESTAMP,
  `Person_ID_Create` int(10) unsigned DEFAULT NULL,
  `Table_Create` timestamp NOT NULL DEFAULT '0000-00-00 00:00:00',
  PRIMARY KEY (`ShopOrderType_Code`),
  KEY `IDX_Person_Person_ID_Edit` (`Person_ID_Edit`),
  KEY `IDX_Person_Person_ID_Create` (`Person_ID_Create`),
  CONSTRAINT `ShopOrderType_ibfk_1` FOREIGN KEY (`Person_ID_Edit`) REFERENCES `Person` (`Person_ID`) ON DELETE NO ACTION ON UPDATE NO ACTION,
  CONSTRAINT `ShopOrderType_ibfk_2` FOREIGN KEY (`Person_ID_Create`) REFERENCES `Person` (`Person_ID`) ON DELETE NO ACTION ON UPDATE NO ACTION
) ENGINE=InnoDB DEFAULT CHARSET=utf8;

--
-- Dumping data for table `ShopOrderType`
--

INSERT INTO `ShopOrderType` VALUES ('offer','Angebotsanfrage',1,'2007-09-28 10:29:21',1,'2007-09-28 10:29:20'),('order','Bestellung',1,'2007-09-28 10:29:21',1,'2007-09-28 10:29:15');

--
-- Table structure for table `ShopOrder_ShopDeliveryServiceOption`
--

CREATE TABLE `ShopOrder_ShopDeliveryServiceOption` (
  `ShopOrder_ID` int(10) unsigned NOT NULL,
  `ShopDeliveryServiceOption_Code` varchar(40) NOT NULL,
  `Person_ID_Edit` int(10) unsigned DEFAULT NULL,
  `Table_Edit` timestamp NOT NULL DEFAULT CURRENT_TIMESTAMP ON UPDATE CURRENT_TIMESTAMP,
  `Person_ID_Create` int(10) unsigned DEFAULT NULL,
  `Table_Create` timestamp NOT NULL DEFAULT '0000-00-00 00:00:00',
  PRIMARY KEY (`ShopOrder_ID`,`ShopDeliveryServiceOption_Code`),
  KEY `IDX_ShopOrder_ShopDeliveryServiceOption_1` (`ShopOrder_ID`),
  KEY `IDX_ShopOrder_ShopDeliveryServiceOption_2` (`ShopDeliveryServiceOption_Code`),
  KEY `IDX_Person_Person_ID_Edit` (`Person_ID_Edit`),
  KEY `IDX_Person_Person_ID_Create` (`Person_ID_Create`),
  CONSTRAINT `ShopDeliveryServiceOption_ShopOrder_ShopDeliveryServiceOption_2` FOREIGN KEY (`ShopDeliveryServiceOption_Code`) REFERENCES `ShopDeliveryServiceOption` (`ShopDeliveryServiceOption_Code`) ON DELETE CASCADE,
  CONSTRAINT `ShopOrder_ShopDeliveryServiceOption_ibfk_1` FOREIGN KEY (`Person_ID_Edit`) REFERENCES `Person` (`Person_ID`) ON DELETE NO ACTION ON UPDATE NO ACTION,
  CONSTRAINT `ShopOrder_ShopDeliveryServiceOption_ibfk_2` FOREIGN KEY (`Person_ID_Create`) REFERENCES `Person` (`Person_ID`) ON DELETE NO ACTION ON UPDATE NO ACTION,
  CONSTRAINT `ShopOrder_ShopOrder_ShopDeliveryServiceOption_1` FOREIGN KEY (`ShopOrder_ID`) REFERENCES `ShopOrder` (`ShopOrder_ID`) ON DELETE CASCADE
) ENGINE=InnoDB DEFAULT CHARSET=utf8;

--
-- Dumping data for table `ShopOrder_ShopDeliveryServiceOption`
--


--
-- Table structure for table `ShopPartnerBrokerage`
--

CREATE TABLE `ShopPartnerBrokerage` (
  `ShopPartnerBrokerage_ID` int(11) NOT NULL AUTO_INCREMENT,
  `ShopPartnerList_ID` int(11) NOT NULL,
  `ShopPartnerBrokerageType_Code` varchar(64) NOT NULL,
  `ShopArticleGroup_ID` int(11) DEFAULT NULL,
  `ShopPartnerBrokerage_Value` double DEFAULT NULL,
  `Person_ID_Edit` int(10) unsigned DEFAULT NULL,
  `Table_Edit` timestamp NOT NULL DEFAULT CURRENT_TIMESTAMP ON UPDATE CURRENT_TIMESTAMP,
  `Person_ID_Create` int(10) unsigned DEFAULT NULL,
  `Table_Create` timestamp NOT NULL DEFAULT '0000-00-00 00:00:00',
  PRIMARY KEY (`ShopPartnerBrokerage_ID`),
  UNIQUE KEY `IDX_ShopPartnerBrokerage_4` (`ShopArticleGroup_ID`,`ShopPartnerBrokerageType_Code`,`ShopPartnerList_ID`),
  KEY `IDX_ShopPartnerBrokerage_1` (`ShopArticleGroup_ID`),
  KEY `IDX_ShopPartnerBrokerage_2` (`ShopPartnerBrokerageType_Code`),
  KEY `IDX_ShopPartnerBrokerage_3` (`ShopPartnerList_ID`),
  KEY `IDX_Person_Person_ID_Edit` (`Person_ID_Edit`),
  KEY `IDX_Person_Person_ID_Create` (`Person_ID_Create`),
  CONSTRAINT `ShopArticleGroup_ShopPartnerBrokerage_1` FOREIGN KEY (`ShopArticleGroup_ID`) REFERENCES `ShopArticleGroup` (`ShopArticleGroup_ID`) ON DELETE CASCADE,
  CONSTRAINT `ShopPartnerBrokerageType_ShopPartnerBrokerage_2` FOREIGN KEY (`ShopPartnerBrokerageType_Code`) REFERENCES `ShopPartnerBrokerageType` (`ShopPartnerBrokerageType_Code`),
  CONSTRAINT `ShopPartnerBrokerage_ibfk_1` FOREIGN KEY (`Person_ID_Edit`) REFERENCES `Person` (`Person_ID`) ON DELETE NO ACTION ON UPDATE NO ACTION,
  CONSTRAINT `ShopPartnerBrokerage_ibfk_2` FOREIGN KEY (`Person_ID_Create`) REFERENCES `Person` (`Person_ID`) ON DELETE NO ACTION ON UPDATE NO ACTION,
  CONSTRAINT `ShopPartnerList_ShopPartnerBrokerage_3` FOREIGN KEY (`ShopPartnerList_ID`) REFERENCES `ShopPartnerList` (`ShopPartnerList_ID`) ON DELETE CASCADE
) ENGINE=InnoDB DEFAULT CHARSET=utf8;

--
-- Dumping data for table `ShopPartnerBrokerage`
--


--
-- Table structure for table `ShopPartnerBrokerageType`
--

CREATE TABLE `ShopPartnerBrokerageType` (
  `ShopPartnerBrokerageType_Code` varchar(64) NOT NULL,
  `ShopPartnerBrokerageType_Name` varchar(255) NOT NULL,
  `ShopPartnerBrokerageType_Order` int(11) DEFAULT NULL,
  `ShopPartnerBrokerageType_Show` enum('true','false') NOT NULL DEFAULT 'false',
  `Person_ID_Edit` int(10) unsigned DEFAULT NULL,
  `Table_Edit` timestamp NOT NULL DEFAULT CURRENT_TIMESTAMP ON UPDATE CURRENT_TIMESTAMP,
  `Person_ID_Create` int(10) unsigned DEFAULT NULL,
  `Table_Create` timestamp NOT NULL DEFAULT '0000-00-00 00:00:00',
  PRIMARY KEY (`ShopPartnerBrokerageType_Code`),
  KEY `IDX_ShopPartnerBrokerageType_Order` (`ShopPartnerBrokerageType_Order`),
  KEY `IDX_Person_Person_ID_Edit` (`Person_ID_Edit`),
  KEY `IDX_Person_Person_ID_Create` (`Person_ID_Create`),
  CONSTRAINT `ShopPartnerBrokerageType_ibfk_1` FOREIGN KEY (`Person_ID_Edit`) REFERENCES `Person` (`Person_ID`) ON DELETE NO ACTION ON UPDATE NO ACTION,
  CONSTRAINT `ShopPartnerBrokerageType_ibfk_2` FOREIGN KEY (`Person_ID_Create`) REFERENCES `Person` (`Person_ID`) ON DELETE NO ACTION ON UPDATE NO ACTION
) ENGINE=InnoDB DEFAULT CHARSET=utf8;

--
-- Dumping data for table `ShopPartnerBrokerageType`
--

INSERT INTO `ShopPartnerBrokerageType` VALUES ('percentual_1','% Provision - Ebene 1',1,'true',NULL,'2010-04-21 11:30:04',NULL,'0000-00-00 00:00:00'),('percentual_2','% Provision - Ebene 2',2,'false',NULL,'2010-04-21 11:30:04',NULL,'0000-00-00 00:00:00'),('percentual_3','% Provision - Ebene 3',3,'false',NULL,'2010-04-21 11:30:04',NULL,'0000-00-00 00:00:00'),('percentual_4','% Provision - Ebene 4',4,'false',NULL,'2010-04-21 11:30:04',NULL,'0000-00-00 00:00:00');

--
-- Table structure for table `ShopPartnerList`
--

CREATE TABLE `ShopPartnerList` (
  `ShopPartnerList_ID` int(11) NOT NULL AUTO_INCREMENT,
  `ShopPartnerList_Name` varchar(255) NOT NULL,
  `ShopPartnerList_Order` int(11) DEFAULT NULL,
  `ShopPartnerList_Show` enum('true','false') NOT NULL DEFAULT 'false',
  `Person_ID_Edit` int(10) unsigned DEFAULT NULL,
  `Table_Edit` timestamp NOT NULL DEFAULT CURRENT_TIMESTAMP ON UPDATE CURRENT_TIMESTAMP,
  `Person_ID_Create` int(10) unsigned DEFAULT NULL,
  `Table_Create` timestamp NOT NULL DEFAULT '0000-00-00 00:00:00',
  PRIMARY KEY (`ShopPartnerList_ID`),
  KEY `IDX_ShopPartnerList_Order` (`ShopPartnerList_Order`),
  KEY `IDX_Person_Person_ID_Edit` (`Person_ID_Edit`),
  KEY `IDX_Person_Person_ID_Create` (`Person_ID_Create`),
  CONSTRAINT `ShopPartnerList_ibfk_1` FOREIGN KEY (`Person_ID_Edit`) REFERENCES `Person` (`Person_ID`) ON DELETE NO ACTION ON UPDATE NO ACTION,
  CONSTRAINT `ShopPartnerList_ibfk_2` FOREIGN KEY (`Person_ID_Create`) REFERENCES `Person` (`Person_ID`) ON DELETE NO ACTION ON UPDATE NO ACTION
) ENGINE=InnoDB AUTO_INCREMENT=2 DEFAULT CHARSET=utf8;

--
-- Dumping data for table `ShopPartnerList`
--

INSERT INTO `ShopPartnerList` VALUES (1,'Standard Partner',1,'true',1,'2011-11-23 09:21:37',1,'2011-11-23 09:21:05');

--
-- Table structure for table `ShopPaymentItem`
--

CREATE TABLE `ShopPaymentItem` (
  `ShopPaymentItem_ID` int(11) NOT NULL AUTO_INCREMENT,
  `ShopOrder_ID` int(10) unsigned DEFAULT NULL,
  `ShopPaymentType_Code` varchar(50) DEFAULT NULL,
  `ShopPaymentItemType_Code` varchar(40) DEFAULT NULL,
  `ShopPaymentItem_Date` date DEFAULT NULL,
  `ShopPaymentItem_Transaction` varchar(255) DEFAULT NULL,
  `ShopPaymentItem_GrandTotal` decimal(10,2) DEFAULT NULL,
  `ShopPaymentItem_Data` text,
  `ShopPaymentItem_Request` text,
  `ShopPaymentItem_Response` text,
  `ShopPaymentItem_Subject` varchar(255) DEFAULT NULL,
  `ShopPaymentItem_Clearing` varchar(255) DEFAULT NULL,
  `Person_ID_Edit` int(10) unsigned DEFAULT NULL,
  `Table_Edit` timestamp NOT NULL DEFAULT CURRENT_TIMESTAMP ON UPDATE CURRENT_TIMESTAMP,
  `Person_ID_Create` int(10) unsigned DEFAULT NULL,
  `Table_Create` timestamp NOT NULL DEFAULT '0000-00-00 00:00:00',
  PRIMARY KEY (`ShopPaymentItem_ID`),
  KEY `IDX_ShopPaymentItem_1` (`ShopOrder_ID`),
  KEY `IDX_ShopPaymentItem_2` (`ShopPaymentType_Code`),
  KEY `IDX_ShopPaymentItem_3` (`ShopPaymentItemType_Code`),
  KEY `IDX_Person_Person_ID_Edit` (`Person_ID_Edit`),
  KEY `IDX_Person_Person_ID_Create` (`Person_ID_Create`),
  CONSTRAINT `ShopOrder_ShopPaymentItem_1` FOREIGN KEY (`ShopOrder_ID`) REFERENCES `ShopOrder` (`ShopOrder_ID`) ON DELETE CASCADE,
  CONSTRAINT `ShopPaymentItemType_ShopPaymentItem_3` FOREIGN KEY (`ShopPaymentItemType_Code`) REFERENCES `ShopPaymentItemType` (`ShopPaymentItemType_Code`),
  CONSTRAINT `ShopPaymentItem_ibfk_1` FOREIGN KEY (`Person_ID_Edit`) REFERENCES `Person` (`Person_ID`) ON DELETE NO ACTION ON UPDATE NO ACTION,
  CONSTRAINT `ShopPaymentItem_ibfk_2` FOREIGN KEY (`Person_ID_Create`) REFERENCES `Person` (`Person_ID`) ON DELETE NO ACTION ON UPDATE NO ACTION,
  CONSTRAINT `ShopPaymentType_ShopPaymentItem_2` FOREIGN KEY (`ShopPaymentType_Code`) REFERENCES `ShopPaymentType` (`ShopPaymentType_Code`)
) ENGINE=InnoDB AUTO_INCREMENT=1486 DEFAULT CHARSET=utf8;

--
-- Dumping data for table `ShopPaymentItem`
--

INSERT INTO `ShopPaymentItem` VALUES (1,11,'invoice','payment_open_delivered','2016-05-12',NULL,-493.02,NULL,NULL,NULL,NULL,NULL,22,'2016-05-12 14:28:01',22,'2016-05-12 14:28:01'),(2,18,'invoice','payment_open_delivered','2016-05-12',NULL,-516.30,NULL,NULL,NULL,NULL,NULL,22,'2016-05-12 14:28:35',22,'2016-05-12 14:28:35'),(3,19,'invoice','payment_open_delivered','2016-05-12',NULL,-292.87,NULL,NULL,NULL,NULL,NULL,22,'2016-05-12 14:29:14',22,'2016-05-12 14:29:14'),(4,12,'invoice','payment_open_delivered','2016-05-12',NULL,-177.72,NULL,NULL,NULL,NULL,NULL,22,'2016-05-12 14:29:35',22,'2016-05-12 14:29:35'),(5,3,'invoice','payment_open_delivered','2016-05-19',NULL,-672.03,NULL,NULL,NULL,NULL,NULL,9,'2016-05-19 07:09:45',9,'2016-05-19 07:09:45'),(6,28,'invoice','payment_open_delivered','2016-05-19',NULL,-184.21,NULL,NULL,NULL,NULL,NULL,9,'2016-05-19 07:29:09',9,'2016-05-19 07:29:09'),(7,51,'invoice','payment_open_delivered','2016-05-25',NULL,-559.80,NULL,NULL,NULL,NULL,NULL,9,'2016-05-25 08:48:35',9,'2016-05-25 08:48:35'),(8,38,'invoice','payment_open_delivered','2016-05-25',NULL,-383.04,NULL,NULL,NULL,NULL,NULL,9,'2016-05-25 08:48:49',9,'2016-05-25 08:48:49'),(9,41,'invoice','payment_open_delivered','2016-05-25',NULL,-454.84,NULL,NULL,NULL,NULL,NULL,9,'2016-05-25 08:49:10',9,'2016-05-25 08:49:10'),(10,55,'invoice','payment_open_delivered','2016-05-25',NULL,-196.32,NULL,NULL,NULL,NULL,NULL,9,'2016-05-25 08:49:19',9,'2016-05-25 08:49:19'),(11,21,'invoice','payment_open_delivered','2016-06-01',NULL,-303.59,NULL,NULL,NULL,NULL,NULL,9,'2016-06-01 09:17:04',9,'2016-06-01 09:17:04'),(12,69,'invoice','payment_open_delivered','2016-06-01',NULL,-225.81,NULL,NULL,NULL,NULL,NULL,9,'2016-06-01 09:17:20',9,'2016-06-01 09:17:20'),(13,36,'invoice','payment_open_delivered','2016-06-01',NULL,-330.32,NULL,NULL,NULL,NULL,NULL,9,'2016-06-01 09:17:30',9,'2016-06-01 09:17:30'),(14,54,'invoice','payment_open_delivered','2016-06-02',NULL,-516.72,NULL,NULL,NULL,NULL,NULL,9,'2016-06-02 12:40:23',9,'2016-06-02 12:40:23'),(15,46,'invoice','payment_open_delivered','2016-06-07',NULL,-1083.86,NULL,NULL,NULL,NULL,NULL,9,'2016-06-07 06:41:11',9,'2016-06-07 06:41:11'),(16,76,'invoice','payment_open_delivered','2016-06-07',NULL,-345.30,NULL,NULL,NULL,NULL,NULL,9,'2016-06-07 06:41:22',9,'2016-06-07 06:41:22'),(17,73,'invoice','payment_open_delivered','2016-06-08',NULL,-280.73,NULL,NULL,NULL,NULL,NULL,9,'2016-06-08 09:11:42',9,'2016-06-08 09:11:42'),(18,77,'invoice','payment_open_delivered','2016-06-08',NULL,-621.06,NULL,NULL,NULL,NULL,NULL,9,'2016-06-08 14:54:09',9,'2016-06-08 14:54:09'),(19,18,NULL,'pay_in','2016-06-10',NULL,500.81,NULL,NULL,NULL,NULL,NULL,9,'2016-06-10 07:22:48',9,'2016-06-10 07:22:48'),(20,19,NULL,'pay_in','2016-06-10',NULL,292.87,NULL,NULL,NULL,NULL,NULL,9,'2016-06-10 07:24:12',9,'2016-06-10 07:24:12'),(21,12,NULL,'pay_in','2016-06-10',NULL,177.72,NULL,NULL,NULL,NULL,NULL,9,'2016-06-10 07:24:22',9,'2016-06-10 07:24:22'),(22,11,NULL,'pay_in','2016-06-10',NULL,493.02,NULL,NULL,NULL,NULL,NULL,9,'2016-06-10 07:25:12',9,'2016-06-10 07:25:12'),(23,3,NULL,'pay_in','2016-06-10',NULL,672.03,NULL,NULL,NULL,NULL,NULL,9,'2016-06-10 07:28:41',9,'2016-06-10 07:28:41'),(24,38,NULL,'pay_in','2016-06-10',NULL,383.04,NULL,NULL,NULL,NULL,NULL,9,'2016-06-10 07:43:21',9,'2016-06-10 07:43:21'),(25,56,'invoice','payment_open_delivered','2016-06-14',NULL,-229.61,NULL,NULL,NULL,NULL,NULL,9,'2016-06-14 08:02:57',9,'2016-06-14 08:02:57'),(26,86,'invoice','payment_open_delivered','2016-06-14',NULL,-499.54,NULL,NULL,NULL,NULL,NULL,9,'2016-06-14 08:03:11',9,'2016-06-14 08:03:11'),(27,92,'invoice','payment_open_delivered','2016-06-17',NULL,-260.08,NULL,NULL,NULL,NULL,NULL,9,'2016-06-17 14:09:43',9,'2016-06-17 14:09:43'),(28,114,'invoice','payment_open_delivered','2016-06-21',NULL,-778.64,NULL,NULL,NULL,NULL,NULL,9,'2016-06-21 08:58:27',9,'2016-06-21 08:58:27'),(29,130,'invoice','payment_open_delivered','2016-06-28',NULL,-260.93,NULL,NULL,NULL,NULL,NULL,9,'2016-06-28 13:56:35',9,'2016-06-28 13:56:35'),(30,103,'invoice','payment_open_delivered','2016-06-29',NULL,-338.66,NULL,NULL,NULL,NULL,NULL,9,'2016-06-29 13:57:07',9,'2016-06-29 13:57:07'),(31,33,'invoice','payment_open_delivered','2016-06-29',NULL,-239.34,NULL,NULL,NULL,NULL,NULL,9,'2016-06-29 13:58:14',9,'2016-06-29 13:58:14'),(32,183,'invoice','payment_open_delivered','2016-06-29',NULL,-481.81,NULL,NULL,NULL,NULL,NULL,9,'2016-06-29 14:00:01',9,'2016-06-29 14:00:01'),(33,78,'invoice','payment_open_delivered','2016-06-30',NULL,-425.02,NULL,NULL,NULL,NULL,NULL,9,'2016-06-30 11:10:13',9,'2016-06-30 11:10:13'),(34,117,'invoice','payment_open_delivered','2016-06-30',NULL,-642.88,NULL,NULL,NULL,NULL,NULL,9,'2016-06-30 11:11:15',9,'2016-06-30 11:11:15'),(35,115,'invoice','payment_open_delivered','2016-07-05',NULL,-267.22,NULL,NULL,NULL,NULL,NULL,9,'2016-07-05 14:32:52',9,'2016-07-05 14:32:52'),(36,204,'invoice','payment_open_delivered','2016-07-08',NULL,-947.75,NULL,NULL,NULL,NULL,NULL,9,'2016-07-08 13:14:18',9,'2016-07-08 13:14:18'),(37,127,'invoice','payment_open_delivered','2016-07-08',NULL,-309.74,NULL,NULL,NULL,NULL,NULL,9,'2016-07-08 13:17:10',9,'2016-07-08 13:17:10'),(38,233,'invoice','payment_open_delivered','2016-07-13',NULL,-873.67,NULL,NULL,NULL,NULL,NULL,9,'2016-07-13 12:07:17',9,'2016-07-13 12:07:17'),(39,214,'invoice','payment_open_delivered','2016-07-19',NULL,-411.24,NULL,NULL,NULL,NULL,NULL,9,'2016-07-19 06:46:52',9,'2016-07-19 06:46:52'),(40,238,'invoice','payment_open_delivered','2016-07-20',NULL,-125.13,NULL,NULL,NULL,NULL,NULL,9,'2016-07-20 12:35:57',9,'2016-07-20 12:35:57'),(41,229,'invoice','payment_open_delivered','2016-07-20',NULL,-1096.98,NULL,NULL,NULL,NULL,NULL,9,'2016-07-20 12:46:37',9,'2016-07-20 12:46:37'),(42,235,'invoice','payment_open_delivered','2016-07-21',NULL,-1132.46,NULL,NULL,NULL,NULL,NULL,9,'2016-07-21 11:29:32',9,'2016-07-21 11:29:32'),(43,236,'invoice','payment_open_delivered','2016-07-21',NULL,-645.48,NULL,NULL,NULL,NULL,NULL,9,'2016-07-21 11:33:17',9,'2016-07-21 11:33:17'),(44,231,'invoice','payment_open_delivered','2016-07-21',NULL,-430.00,NULL,NULL,NULL,NULL,NULL,9,'2016-07-21 11:36:32',9,'2016-07-21 11:36:32'),(45,241,'invoice','payment_open_delivered','2016-07-22',NULL,-873.94,NULL,NULL,NULL,NULL,NULL,9,'2016-07-22 09:54:15',9,'2016-07-22 09:54:15'),(46,250,'invoice','payment_open_delivered','2016-07-22',NULL,-1669.36,NULL,NULL,NULL,NULL,NULL,9,'2016-07-22 09:54:28',9,'2016-07-22 09:54:28'),(47,226,'invoice','payment_open_delivered','2016-07-25',NULL,-937.06,NULL,NULL,NULL,NULL,NULL,9,'2016-07-25 12:58:58',9,'2016-07-25 12:58:58'),(48,18,NULL,'pay_in','2016-05-24',NULL,500.81,NULL,NULL,NULL,NULL,NULL,9,'2016-07-27 13:47:45',9,'2016-07-27 13:47:45'),(49,18,NULL,'pay_out','2016-07-27',NULL,-500.81,NULL,NULL,NULL,NULL,NULL,9,'2016-07-27 13:49:15',9,'2016-07-27 13:49:15'),(50,28,NULL,'pay_in','2016-06-02',NULL,371.55,NULL,NULL,NULL,NULL,NULL,9,'2016-07-27 13:55:37',9,'2016-07-27 13:55:37'),(51,28,NULL,'pay_out','2016-07-27',NULL,-371.55,NULL,NULL,NULL,NULL,NULL,9,'2016-07-27 13:57:19',9,'2016-07-27 13:57:19'),(52,28,NULL,'pay_in','2016-05-21',NULL,178.68,NULL,NULL,NULL,NULL,NULL,9,'2016-07-27 13:58:07',9,'2016-07-27 13:58:07'),(53,51,NULL,'pay_in','2016-06-09',NULL,543.01,NULL,NULL,NULL,NULL,NULL,9,'2016-07-27 13:59:56',9,'2016-07-27 13:59:56'),(54,41,NULL,'pay_in','2016-06-09',NULL,441.19,NULL,NULL,NULL,NULL,NULL,9,'2016-07-27 14:01:59',9,'2016-07-27 14:01:59'),(55,55,NULL,'pay_in','2016-06-09',NULL,190.43,NULL,NULL,NULL,NULL,NULL,9,'2016-07-27 14:02:47',9,'2016-07-27 14:02:47'),(56,21,NULL,'pay_in','2016-06-14',NULL,294.48,NULL,NULL,NULL,NULL,NULL,9,'2016-07-27 14:03:51',9,'2016-07-27 14:03:51'),(57,36,NULL,'pay_in','2016-06-14',NULL,320.41,NULL,NULL,NULL,NULL,NULL,9,'2016-07-27 14:05:28',9,'2016-07-27 14:05:28'),(58,54,NULL,'pay_in','2016-06-14',NULL,501.22,NULL,NULL,NULL,NULL,NULL,9,'2016-07-27 14:06:22',9,'2016-07-27 14:06:22'),(59,69,NULL,'pay_in','2016-06-14',NULL,219.04,NULL,NULL,NULL,NULL,NULL,9,'2016-07-27 14:07:50',9,'2016-07-27 14:07:50'),(60,46,NULL,'pay_in','2016-06-16',NULL,1051.34,NULL,NULL,NULL,NULL,NULL,9,'2016-07-27 14:08:59',9,'2016-07-27 14:08:59'),(61,76,NULL,'pay_in','2016-06-28',NULL,162.62,NULL,NULL,NULL,NULL,NULL,9,'2016-07-27 14:11:16',9,'2016-07-27 14:11:16'),(62,73,NULL,'pay_in','2016-06-17',NULL,280.73,NULL,NULL,NULL,NULL,NULL,9,'2016-07-27 14:12:52',9,'2016-07-27 14:12:52'),(63,77,NULL,'pay_in','2016-06-21',NULL,602.43,NULL,NULL,NULL,NULL,NULL,9,'2016-07-27 14:14:28',9,'2016-07-27 14:14:28'),(64,56,NULL,'pay_in','2016-06-30',NULL,222.72,NULL,NULL,NULL,NULL,NULL,9,'2016-07-27 14:15:33',9,'2016-07-27 14:15:33'),(65,86,NULL,'pay_in','2016-06-23',NULL,484.55,NULL,NULL,NULL,NULL,NULL,9,'2016-07-27 14:17:05',9,'2016-07-27 14:17:05'),(66,92,NULL,'pay_in','2016-06-28',NULL,252.28,NULL,NULL,NULL,NULL,NULL,9,'2016-07-27 14:19:23',9,'2016-07-27 14:19:23'),(67,114,NULL,'pay_in','2016-07-05',NULL,656.72,NULL,NULL,NULL,NULL,NULL,9,'2016-07-27 14:20:42',9,'2016-07-27 14:20:42'),(68,130,NULL,'pay_in','2016-07-12',NULL,253.10,NULL,NULL,NULL,NULL,NULL,9,'2016-07-27 14:23:04',9,'2016-07-27 14:23:04'),(69,103,NULL,'pay_in','2016-07-12',NULL,363.42,NULL,NULL,NULL,NULL,NULL,9,'2016-07-27 14:23:57',9,'2016-07-27 14:23:57'),(70,33,NULL,'pay_in','2016-07-12',NULL,232.16,NULL,NULL,NULL,NULL,NULL,9,'2016-07-27 14:24:45',9,'2016-07-27 14:24:45'),(71,183,NULL,'pay_in','2016-07-12',NULL,467.36,NULL,NULL,NULL,NULL,NULL,9,'2016-07-27 14:25:24',9,'2016-07-27 14:25:24'),(72,78,NULL,'pay_in','2016-07-12',NULL,412.27,NULL,NULL,NULL,NULL,NULL,9,'2016-07-27 14:26:20',9,'2016-07-27 14:26:20'),(73,117,NULL,'pay_in','2016-07-12',NULL,623.59,NULL,NULL,NULL,NULL,NULL,9,'2016-07-27 14:27:10',9,'2016-07-27 14:27:10'),(74,115,NULL,'pay_in','2016-07-19',NULL,259.20,NULL,NULL,NULL,NULL,NULL,9,'2016-07-27 14:28:37',9,'2016-07-27 14:28:37'),(75,266,'invoice','payment_open_delivered','2016-07-28',NULL,-1323.47,NULL,NULL,NULL,NULL,NULL,9,'2016-07-28 09:02:20',9,'2016-07-28 09:02:20'),(76,233,NULL,'pay_in','2016-07-26',NULL,847.46,NULL,NULL,NULL,NULL,NULL,9,'2016-07-29 11:26:58',9,'2016-07-29 11:26:58'),(77,204,NULL,'pay_in','2016-07-26',NULL,919.32,NULL,NULL,NULL,NULL,NULL,9,'2016-07-29 11:28:44',9,'2016-07-29 11:28:44'),(78,265,'invoice','payment_open_delivered','2016-08-03',NULL,-1040.14,NULL,NULL,NULL,NULL,NULL,9,'2016-08-03 11:54:26',9,'2016-08-03 11:54:26'),(79,258,'invoice','payment_open_delivered','2016-08-03',NULL,-739.14,NULL,NULL,NULL,NULL,NULL,9,'2016-08-03 11:54:35',9,'2016-08-03 11:54:35'),(80,263,'invoice','payment_open_delivered','2016-08-03',NULL,-213.87,NULL,NULL,NULL,NULL,NULL,9,'2016-08-03 11:54:38',9,'2016-08-03 11:54:38'),(81,268,'invoice','payment_open_delivered','2016-08-03',NULL,-1128.06,NULL,NULL,NULL,NULL,NULL,9,'2016-08-03 11:54:42',9,'2016-08-03 11:54:42'),(82,269,'invoice','payment_open_delivered','2016-08-03',NULL,-873.67,NULL,NULL,NULL,NULL,NULL,9,'2016-08-03 11:54:45',9,'2016-08-03 11:54:45'),(83,274,'invoice','payment_open_delivered','2016-08-03',NULL,-1120.68,NULL,NULL,NULL,NULL,NULL,9,'2016-08-03 11:54:48',9,'2016-08-03 11:54:48'),(84,282,'invoice','payment_open_delivered','2016-08-03',NULL,-606.67,NULL,NULL,NULL,NULL,NULL,9,'2016-08-03 11:54:51',9,'2016-08-03 11:54:51'),(85,217,'invoice','payment_open_delivered','2016-08-09',NULL,-986.55,NULL,NULL,NULL,NULL,NULL,9,'2016-08-09 07:06:44',9,'2016-08-09 07:06:44'),(86,287,'invoice','payment_open_delivered','2016-08-09',NULL,-1021.66,NULL,NULL,NULL,NULL,NULL,9,'2016-08-09 07:06:48',9,'2016-08-09 07:06:48'),(87,273,'invoice','payment_open_delivered','2016-08-09',NULL,-1433.90,NULL,NULL,NULL,NULL,NULL,9,'2016-08-09 07:06:56',9,'2016-08-09 07:06:56'),(88,289,'invoice','payment_open_delivered','2016-08-09',NULL,-521.88,NULL,NULL,NULL,NULL,NULL,9,'2016-08-09 07:12:01',9,'2016-08-09 07:12:01'),(89,292,'invoice','payment_open_delivered','2016-08-10',NULL,-1696.05,NULL,NULL,NULL,NULL,NULL,9,'2016-08-10 06:57:46',9,'2016-08-10 06:57:46'),(90,298,'invoice','payment_open_delivered','2016-08-11',NULL,-237.77,NULL,NULL,NULL,NULL,NULL,9,'2016-08-11 12:14:50',9,'2016-08-11 12:14:50'),(91,300,'invoice','payment_open_delivered','2016-08-11',NULL,-479.92,NULL,NULL,NULL,NULL,NULL,9,'2016-08-11 12:16:43',9,'2016-08-11 12:16:43'),(92,196,'invoice','payment_open_delivered','2016-08-11',NULL,-1465.74,NULL,NULL,NULL,NULL,NULL,9,'2016-08-11 12:17:39',9,'2016-08-11 12:17:39'),(93,261,'invoice','payment_open_delivered','2016-08-18',NULL,-1042.87,NULL,NULL,NULL,NULL,NULL,9,'2016-08-18 12:50:49',9,'2016-08-18 12:50:49'),(94,96,'invoice','payment_open_delivered','2016-08-18',NULL,-281.73,NULL,NULL,NULL,NULL,NULL,9,'2016-08-18 12:50:59',9,'2016-08-18 12:50:59'),(95,302,'invoice','payment_open_delivered','2016-08-18',NULL,-572.07,NULL,NULL,NULL,NULL,NULL,9,'2016-08-18 12:51:03',9,'2016-08-18 12:51:03'),(96,310,'invoice','payment_open_delivered','2016-08-18',NULL,-673.25,NULL,NULL,NULL,NULL,NULL,9,'2016-08-18 12:51:06',9,'2016-08-18 12:51:06'),(97,311,'invoice','payment_open_delivered','2016-08-18',NULL,-739.14,NULL,NULL,NULL,NULL,NULL,9,'2016-08-18 12:51:08',9,'2016-08-18 12:51:08'),(98,313,'invoice','payment_open_delivered','2016-08-18',NULL,-449.76,NULL,NULL,NULL,NULL,NULL,9,'2016-08-18 12:51:11',9,'2016-08-18 12:51:11'),(99,312,'invoice','payment_open_delivered','2016-08-18',NULL,-93.52,NULL,NULL,NULL,NULL,NULL,9,'2016-08-18 12:51:13',9,'2016-08-18 12:51:13'),(100,317,'invoice','payment_open_delivered','2016-08-18',NULL,-294.95,NULL,NULL,NULL,NULL,NULL,9,'2016-08-18 12:51:17',9,'2016-08-18 12:51:17'),(101,306,'invoice','payment_open_delivered','2016-08-18',NULL,-1680.65,NULL,NULL,NULL,NULL,NULL,9,'2016-08-18 13:12:18',9,'2016-08-18 13:12:18'),(102,127,NULL,'pay_in','2016-07-28',NULL,300.45,NULL,NULL,NULL,NULL,NULL,9,'2016-08-19 14:40:46',9,'2016-08-19 14:40:46'),(103,214,NULL,'pay_in','2016-08-04',NULL,411.24,NULL,NULL,NULL,NULL,NULL,9,'2016-08-19 14:42:22',9,'2016-08-19 14:42:22'),(104,238,NULL,'pay_in','2016-08-02',NULL,60.76,NULL,NULL,NULL,NULL,NULL,9,'2016-08-19 14:44:41',9,'2016-08-19 14:44:41'),(105,229,NULL,'pay_in','2016-08-09',NULL,1096.98,NULL,NULL,NULL,NULL,NULL,9,'2016-08-19 14:46:22',9,'2016-08-19 14:46:22'),(106,235,NULL,'pay_in','2016-08-09',NULL,1132.46,NULL,NULL,NULL,NULL,NULL,9,'2016-08-19 14:47:22',9,'2016-08-19 14:47:22'),(107,236,NULL,'pay_in','2016-08-19',NULL,645.48,NULL,NULL,NULL,NULL,NULL,9,'2016-08-19 14:47:44',9,'2016-08-19 14:47:44'),(108,231,NULL,'pay_in','2016-08-09',NULL,430.00,NULL,NULL,NULL,NULL,NULL,9,'2016-08-19 14:48:27',9,'2016-08-19 14:48:27'),(109,241,NULL,'pay_in','2016-08-09',NULL,873.94,NULL,NULL,NULL,NULL,NULL,9,'2016-08-19 14:49:03',9,'2016-08-19 14:49:03'),(110,250,NULL,'pay_in','2016-08-09',NULL,1669.36,NULL,NULL,NULL,NULL,NULL,9,'2016-08-19 14:49:32',9,'2016-08-19 14:49:32'),(111,226,NULL,'pay_in','2016-08-09',NULL,937.06,NULL,NULL,NULL,NULL,NULL,9,'2016-08-19 14:50:44',9,'2016-08-19 14:50:44'),(112,266,NULL,'pay_in','2016-08-09',NULL,1323.47,NULL,NULL,NULL,NULL,NULL,9,'2016-08-19 14:51:28',9,'2016-08-19 14:51:28'),(113,308,'invoice','payment_open_delivered','2016-08-29',NULL,-874.68,NULL,NULL,NULL,NULL,NULL,9,'2016-08-29 09:15:49',9,'2016-08-29 09:15:49'),(114,275,'invoice','payment_open_delivered','2016-08-29',NULL,-1676.36,NULL,NULL,NULL,NULL,NULL,9,'2016-08-29 09:15:52',9,'2016-08-29 09:15:52'),(115,320,'invoice','payment_open_delivered','2016-08-29',NULL,-783.39,NULL,NULL,NULL,NULL,NULL,9,'2016-08-29 09:15:56',9,'2016-08-29 09:15:56'),(116,267,'invoice','payment_open_delivered','2016-08-29',NULL,-927.84,NULL,NULL,NULL,NULL,NULL,9,'2016-08-29 13:35:56',9,'2016-08-29 13:35:56'),(117,267,'invoice','payment_open_delivered','2016-08-29',NULL,-653.76,NULL,NULL,NULL,NULL,NULL,9,'2016-08-29 13:39:04',9,'2016-08-29 13:39:04'),(118,336,'invoice','payment_open_delivered','2016-09-02',NULL,-178.82,NULL,NULL,NULL,NULL,NULL,9,'2016-09-02 11:24:57',9,'2016-09-02 11:24:57'),(119,334,'invoice','payment_open_delivered','2016-09-02',NULL,-1353.52,NULL,NULL,NULL,NULL,NULL,9,'2016-09-02 11:25:01',9,'2016-09-02 11:25:01'),(120,344,'invoice','payment_open_delivered','2016-09-02',NULL,-838.77,NULL,NULL,NULL,NULL,NULL,9,'2016-09-02 11:25:04',9,'2016-09-02 11:25:04'),(121,265,NULL,'pay_in','2016-08-16',NULL,1040.14,NULL,NULL,NULL,NULL,NULL,9,'2016-09-02 13:26:24',9,'2016-09-02 13:26:24'),(122,258,NULL,'pay_in','2016-08-18',NULL,739.14,NULL,NULL,NULL,NULL,NULL,9,'2016-09-02 13:27:10',9,'2016-09-02 13:27:10'),(123,263,NULL,'pay_in','2016-08-23',NULL,213.87,NULL,NULL,NULL,NULL,NULL,9,'2016-09-02 13:28:54',9,'2016-09-02 13:28:54'),(124,268,NULL,'pay_in','2016-08-16',NULL,1128.06,NULL,NULL,NULL,NULL,NULL,9,'2016-09-02 13:29:45',9,'2016-09-02 13:29:45'),(125,269,NULL,'pay_in','2016-08-16',NULL,873.67,NULL,NULL,NULL,NULL,NULL,9,'2016-09-02 13:30:04',9,'2016-09-02 13:30:04'),(126,274,NULL,'pay_in','2016-08-16',NULL,1120.68,NULL,NULL,NULL,NULL,NULL,9,'2016-09-02 13:31:31',9,'2016-09-02 13:31:31'),(127,217,NULL,'pay_in','2016-08-23',NULL,986.55,NULL,NULL,NULL,NULL,NULL,9,'2016-09-02 13:34:47',9,'2016-09-02 13:34:47'),(128,287,NULL,'pay_in','2016-08-23',NULL,1021.66,NULL,NULL,NULL,NULL,NULL,9,'2016-09-02 13:35:14',9,'2016-09-02 13:35:14'),(129,282,NULL,'pay_in','2016-08-16',NULL,606.67,NULL,NULL,NULL,NULL,NULL,9,'2016-09-02 13:39:04',9,'2016-09-02 13:39:04'),(130,273,NULL,'pay_in','2016-08-16',NULL,1433.90,NULL,NULL,NULL,NULL,NULL,9,'2016-09-02 13:39:36',9,'2016-09-02 13:39:36'),(131,289,NULL,'pay_in','2016-08-16',NULL,521.88,NULL,NULL,NULL,NULL,NULL,9,'2016-09-02 13:39:54',9,'2016-09-02 13:39:54'),(132,292,NULL,'pay_in','2016-08-23',NULL,1696.05,NULL,NULL,NULL,NULL,NULL,9,'2016-09-02 13:41:07',9,'2016-09-02 13:41:07'),(133,298,NULL,'pay_in','2016-08-23',NULL,237.77,NULL,NULL,NULL,NULL,NULL,9,'2016-09-02 13:41:55',9,'2016-09-02 13:41:55'),(134,300,NULL,'pay_in','2016-08-23',NULL,479.92,NULL,NULL,NULL,NULL,NULL,9,'2016-09-02 13:42:47',9,'2016-09-02 13:42:47'),(135,196,NULL,'pay_in','2016-08-23',NULL,1465.74,NULL,NULL,NULL,NULL,NULL,9,'2016-09-02 13:44:56',9,'2016-09-02 13:44:56'),(136,341,'invoice','payment_open_delivered','2016-09-06',NULL,-754.11,NULL,NULL,NULL,NULL,NULL,9,'2016-09-06 11:47:58',9,'2016-09-06 11:47:58'),(137,355,'invoice','payment_open_delivered','2016-09-06',NULL,-646.51,NULL,NULL,NULL,NULL,NULL,9,'2016-09-06 11:48:01',9,'2016-09-06 11:48:01'),(138,290,'invoice','payment_open_delivered','2016-09-06',NULL,-828.24,NULL,NULL,NULL,NULL,NULL,9,'2016-09-06 11:48:05',9,'2016-09-06 11:48:05'),(139,356,'invoice','payment_open_delivered','2016-09-09',NULL,-726.00,NULL,NULL,NULL,NULL,NULL,9,'2016-09-09 11:39:24',9,'2016-09-09 11:39:24'),(140,382,'invoice','payment_open_delivered','2016-09-09',NULL,-386.18,NULL,NULL,NULL,NULL,NULL,9,'2016-09-09 11:39:28',9,'2016-09-09 11:39:28'),(141,363,'invoice','payment_open_delivered','2016-09-12',NULL,-1371.37,NULL,NULL,NULL,NULL,NULL,9,'2016-09-12 07:38:21',9,'2016-09-12 07:38:21'),(142,404,'invoice','payment_open_delivered','2016-09-14',NULL,-706.67,NULL,NULL,NULL,NULL,NULL,9,'2016-09-14 06:23:32',9,'2016-09-14 06:23:32'),(143,429,'invoice','payment_open_delivered','2016-09-14',NULL,-171.73,NULL,NULL,NULL,NULL,NULL,9,'2016-09-14 06:23:35',9,'2016-09-14 06:23:35'),(144,389,'invoice','payment_open_delivered','2016-09-14',NULL,-517.89,NULL,NULL,NULL,NULL,NULL,9,'2016-09-14 06:33:19',9,'2016-09-14 06:33:19'),(145,401,'invoice','payment_open_delivered','2016-09-14',NULL,-1307.65,NULL,NULL,NULL,NULL,NULL,9,'2016-09-14 06:33:26',9,'2016-09-14 06:33:26'),(146,376,'invoice','payment_open_delivered','2016-09-14',NULL,-677.64,NULL,NULL,NULL,NULL,NULL,9,'2016-09-14 12:30:37',9,'2016-09-14 12:30:37'),(147,361,'invoice','payment_open_delivered','2016-09-14',NULL,-389.35,NULL,NULL,NULL,NULL,NULL,9,'2016-09-14 12:30:54',9,'2016-09-14 12:30:54'),(148,425,'invoice','payment_open_delivered','2016-09-20',NULL,-130.39,NULL,NULL,NULL,NULL,NULL,9,'2016-09-20 11:13:41',9,'2016-09-20 11:13:41'),(149,431,'invoice','payment_open_delivered','2016-09-20',NULL,-110.06,NULL,NULL,NULL,NULL,NULL,9,'2016-09-20 11:13:46',9,'2016-09-20 11:13:46'),(150,461,'invoice','payment_open_delivered','2016-09-20',NULL,-655.61,NULL,NULL,NULL,NULL,NULL,9,'2016-09-20 11:13:56',9,'2016-09-20 11:13:56'),(151,409,'invoice','payment_open_delivered','2016-09-20',NULL,-1743.58,NULL,NULL,NULL,NULL,NULL,9,'2016-09-20 11:22:51',9,'2016-09-20 11:22:51'),(152,439,'invoice','payment_open_delivered','2016-09-20',NULL,-609.02,NULL,NULL,NULL,NULL,NULL,9,'2016-09-20 11:22:54',9,'2016-09-20 11:22:54'),(153,433,'invoice','payment_open_delivered','2016-09-20',NULL,-1198.72,NULL,NULL,NULL,NULL,NULL,9,'2016-09-20 11:22:58',9,'2016-09-20 11:22:58'),(154,304,'invoice','payment_open_delivered','2016-09-20',NULL,-693.54,NULL,NULL,NULL,NULL,NULL,9,'2016-09-20 11:23:01',9,'2016-09-20 11:23:01'),(155,464,'invoice','payment_open_delivered','2016-09-20',NULL,-769.25,NULL,NULL,NULL,NULL,NULL,9,'2016-09-20 11:23:04',9,'2016-09-20 11:23:04'),(156,467,'invoice','payment_open_delivered','2016-09-20',NULL,-1087.20,NULL,NULL,NULL,NULL,NULL,9,'2016-09-20 12:32:09',9,'2016-09-20 12:32:09'),(157,467,'invoice','payment_open_delivered','2016-09-20',NULL,-442.94,NULL,NULL,NULL,NULL,NULL,9,'2016-09-20 12:33:52',9,'2016-09-20 12:33:52'),(158,475,'invoice','payment_open_delivered','2016-09-26',NULL,-221.30,NULL,NULL,NULL,NULL,NULL,9,'2016-09-26 08:35:22',9,'2016-09-26 08:35:22'),(159,343,'invoice','payment_open_delivered','2016-09-26',NULL,-958.79,NULL,NULL,NULL,NULL,NULL,9,'2016-09-26 08:51:37',9,'2016-09-26 08:51:37'),(160,493,'invoice','payment_open_delivered','2016-09-29',NULL,-1132.97,NULL,NULL,NULL,NULL,NULL,9,'2016-09-29 14:02:35',9,'2016-09-29 14:02:35'),(161,497,'invoice','payment_open_delivered','2016-09-29',NULL,-865.25,NULL,NULL,NULL,NULL,NULL,9,'2016-09-29 14:02:38',9,'2016-09-29 14:02:38'),(162,261,NULL,'pay_in','2016-09-06',NULL,1042.87,NULL,NULL,NULL,NULL,NULL,9,'2016-10-03 11:26:19',9,'2016-10-03 11:26:19'),(163,302,NULL,'pay_in','2016-09-15',NULL,572.07,NULL,NULL,NULL,NULL,NULL,9,'2016-10-03 11:32:18',9,'2016-10-03 11:32:18'),(164,310,NULL,'pay_in','2016-09-06',NULL,673.25,NULL,NULL,NULL,NULL,NULL,9,'2016-10-03 11:36:00',9,'2016-10-03 11:36:00'),(165,313,NULL,'pay_in','2016-09-06',NULL,449.76,NULL,NULL,NULL,NULL,NULL,9,'2016-10-03 11:39:08',9,'2016-10-03 11:39:08'),(166,312,NULL,'pay_in','2016-09-06',NULL,93.52,NULL,NULL,NULL,NULL,NULL,9,'2016-10-03 11:40:17',9,'2016-10-03 11:40:17'),(167,275,NULL,'pay_in','2016-09-13',NULL,1676.36,NULL,NULL,NULL,NULL,NULL,9,'2016-10-03 12:45:20',9,'2016-10-03 12:45:20'),(168,267,NULL,'pay_in','2016-09-13',NULL,1581.60,NULL,NULL,NULL,NULL,NULL,9,'2016-10-03 13:06:18',9,'2016-10-03 13:06:18'),(169,320,NULL,'pay_in','2016-09-13',NULL,783.39,NULL,NULL,NULL,NULL,NULL,9,'2016-10-03 13:07:29',9,'2016-10-03 13:07:29'),(170,336,NULL,'pay_in','2016-09-08',NULL,178.82,NULL,NULL,NULL,NULL,NULL,9,'2016-10-03 13:09:22',9,'2016-10-03 13:09:22'),(171,334,NULL,'pay_in','2016-09-15',NULL,1353.52,NULL,NULL,NULL,NULL,NULL,9,'2016-10-03 13:11:37',9,'2016-10-03 13:11:37'),(172,344,NULL,'pay_in','2016-09-15',NULL,838.77,NULL,NULL,NULL,NULL,NULL,9,'2016-10-03 13:20:19',9,'2016-10-03 13:20:19'),(173,356,NULL,'pay_in','2016-09-22',NULL,726.00,NULL,NULL,NULL,NULL,NULL,9,'2016-10-03 13:28:19',9,'2016-10-03 13:28:19'),(174,363,NULL,'pay_in','2016-09-22',NULL,1371.37,NULL,NULL,NULL,NULL,NULL,9,'2016-10-03 14:08:07',9,'2016-10-03 14:08:07'),(175,479,'invoice','payment_open_delivered','2016-10-04',NULL,-234.97,NULL,NULL,NULL,NULL,NULL,9,'2016-10-04 14:25:44',9,'2016-10-04 14:25:44'),(176,502,'invoice','payment_open_delivered','2016-10-04',NULL,-262.07,NULL,NULL,NULL,NULL,NULL,9,'2016-10-04 14:25:47',9,'2016-10-04 14:25:47'),(177,506,'invoice','payment_open_delivered','2016-10-04',NULL,-1355.20,NULL,NULL,NULL,NULL,NULL,9,'2016-10-04 14:25:51',9,'2016-10-04 14:25:51'),(178,510,'invoice','payment_open_delivered','2016-10-04',NULL,-442.54,NULL,NULL,NULL,NULL,NULL,9,'2016-10-04 14:25:54',9,'2016-10-04 14:25:54'),(179,350,'invoice','payment_open_delivered','2016-10-04',NULL,-2552.74,NULL,NULL,NULL,NULL,NULL,9,'2016-10-04 14:25:58',9,'2016-10-04 14:25:58'),(180,494,'invoice','payment_open_delivered','2016-10-04',NULL,-1453.48,NULL,NULL,NULL,NULL,NULL,9,'2016-10-04 14:26:02',9,'2016-10-04 14:26:02'),(181,326,'invoice','payment_open_delivered','2016-10-04',NULL,-1101.16,NULL,NULL,NULL,NULL,NULL,9,'2016-10-04 14:26:06',9,'2016-10-04 14:26:06'),(182,99,'invoice','payment_open_delivered','2016-10-11',NULL,-1293.77,NULL,NULL,NULL,NULL,NULL,9,'2016-10-11 07:17:38',9,'2016-10-11 07:17:38'),(183,382,NULL,'pay_in','2016-09-27',NULL,386.18,NULL,NULL,NULL,NULL,NULL,9,'2016-10-12 08:40:08',9,'2016-10-12 08:40:08'),(184,401,NULL,'pay_in','2016-09-27',NULL,1307.65,NULL,NULL,NULL,NULL,NULL,9,'2016-10-12 08:41:09',9,'2016-10-12 08:41:09'),(185,404,NULL,'pay_in','2016-09-27',NULL,706.67,NULL,NULL,NULL,NULL,NULL,9,'2016-10-12 08:42:49',9,'2016-10-12 08:42:49'),(186,361,NULL,'pay_in','2016-09-27',NULL,389.35,NULL,NULL,NULL,NULL,NULL,9,'2016-10-12 08:43:29',9,'2016-10-12 08:43:29'),(187,429,NULL,'pay_in','2016-09-26',NULL,171.73,NULL,NULL,NULL,NULL,NULL,9,'2016-10-12 08:44:21',9,'2016-10-12 08:44:21'),(188,389,NULL,'pay_in','2016-09-29',NULL,517.89,NULL,NULL,NULL,NULL,NULL,9,'2016-10-12 08:45:18',9,'2016-10-12 08:45:18'),(189,376,NULL,'pay_in','2016-09-27',NULL,677.64,NULL,NULL,NULL,NULL,NULL,9,'2016-10-12 08:46:18',9,'2016-10-12 08:46:18'),(190,425,NULL,'pay_in','2016-10-05',NULL,130.39,NULL,NULL,NULL,NULL,NULL,9,'2016-10-12 09:01:25',9,'2016-10-12 09:01:25'),(191,431,NULL,'pay_in','2016-10-05',NULL,110.06,NULL,NULL,NULL,NULL,NULL,9,'2016-10-12 09:02:04',9,'2016-10-12 09:02:04'),(192,409,NULL,'pay_in','2016-10-04',NULL,1743.58,NULL,NULL,NULL,NULL,NULL,9,'2016-10-12 09:05:10',9,'2016-10-12 09:05:10'),(193,433,NULL,'pay_in','2016-10-04',NULL,1198.72,NULL,NULL,NULL,NULL,NULL,9,'2016-10-12 09:19:58',9,'2016-10-12 09:19:58'),(194,304,NULL,'pay_in','2016-10-04',NULL,693.54,NULL,NULL,NULL,NULL,NULL,9,'2016-10-12 09:20:45',9,'2016-10-12 09:20:45'),(195,308,NULL,'pay_in','2016-09-13',NULL,874.68,NULL,NULL,NULL,NULL,NULL,9,'2016-10-12 14:37:36',9,'2016-10-12 14:37:36'),(196,511,'invoice','payment_open_delivered','2016-10-13',NULL,-2865.36,NULL,NULL,NULL,NULL,NULL,9,'2016-10-13 09:08:40',9,'2016-10-13 09:08:40'),(197,531,'invoice','payment_open_delivered','2016-10-13',NULL,-646.43,NULL,NULL,NULL,NULL,NULL,9,'2016-10-13 09:08:43',9,'2016-10-13 09:08:43'),(198,373,'invoice','payment_open_delivered','2016-10-13',NULL,-1712.62,NULL,NULL,NULL,NULL,NULL,9,'2016-10-13 09:11:33',9,'2016-10-13 09:11:33'),(199,222,'invoice','payment_open_delivered','2016-10-13',NULL,-1224.38,NULL,NULL,NULL,NULL,NULL,9,'2016-10-13 11:27:35',9,'2016-10-13 11:27:35'),(200,491,'invoice','payment_open_delivered','2016-10-13',NULL,-227.75,NULL,NULL,NULL,NULL,NULL,9,'2016-10-13 11:27:38',9,'2016-10-13 11:27:38'),(201,523,'invoice','payment_open_delivered','2016-10-13',NULL,-1221.84,NULL,NULL,NULL,NULL,NULL,9,'2016-10-13 11:50:29',9,'2016-10-13 11:50:29'),(202,341,NULL,'pay_in','2016-09-20',NULL,754.11,NULL,NULL,NULL,NULL,NULL,9,'2016-10-17 09:45:38',9,'2016-10-17 09:45:38'),(203,355,NULL,'pay_in','2016-09-20',NULL,646.51,NULL,NULL,NULL,NULL,NULL,9,'2016-10-17 09:46:00',9,'2016-10-17 09:46:00'),(204,290,NULL,'pay_in','2016-09-20',NULL,828.24,NULL,NULL,NULL,NULL,NULL,9,'2016-10-17 09:46:27',9,'2016-10-17 09:46:27'),(205,535,'invoice','payment_open_delivered','2016-10-18',NULL,-1022.50,NULL,NULL,NULL,NULL,NULL,9,'2016-10-18 07:18:20',9,'2016-10-18 07:18:20'),(206,538,'invoice','payment_open_delivered','2016-10-18',NULL,-417.77,NULL,NULL,NULL,NULL,NULL,9,'2016-10-18 07:18:27',9,'2016-10-18 07:18:27'),(207,499,'invoice','payment_open_delivered','2016-10-18',NULL,-502.61,NULL,NULL,NULL,NULL,NULL,9,'2016-10-18 07:18:30',9,'2016-10-18 07:18:30'),(208,549,'invoice','payment_open_delivered','2016-10-18',NULL,-360.25,NULL,NULL,NULL,NULL,NULL,9,'2016-10-18 07:18:33',9,'2016-10-18 07:18:33'),(209,550,'invoice','payment_open_delivered','2016-10-18',NULL,-651.74,NULL,NULL,NULL,NULL,NULL,9,'2016-10-18 07:18:37',9,'2016-10-18 07:18:37'),(210,568,'invoice','payment_open_delivered','2016-10-19',NULL,-574.48,NULL,NULL,NULL,NULL,NULL,9,'2016-10-19 09:58:48',9,'2016-10-19 09:58:48'),(211,516,'invoice','payment_open_delivered','2016-10-21',NULL,-510.56,NULL,NULL,NULL,NULL,NULL,9,'2016-10-21 09:23:54',9,'2016-10-21 09:23:54'),(212,562,'invoice','payment_open_delivered','2016-10-21',NULL,-410.75,NULL,NULL,NULL,NULL,NULL,9,'2016-10-21 09:23:57',9,'2016-10-21 09:23:57'),(213,563,'invoice','payment_open_delivered','2016-10-21',NULL,-197.26,NULL,NULL,NULL,NULL,NULL,9,'2016-10-21 09:24:00',9,'2016-10-21 09:24:00'),(214,472,'invoice','payment_open_delivered','2016-11-02',NULL,-689.26,NULL,NULL,NULL,NULL,NULL,9,'2016-11-02 15:45:56',9,'2016-11-02 15:45:56'),(215,364,'invoice','payment_open_delivered','2016-11-02',NULL,-451.13,NULL,NULL,NULL,NULL,NULL,9,'2016-11-02 15:45:59',9,'2016-11-02 15:45:59'),(216,572,'invoice','payment_open_delivered','2016-11-02',NULL,-2137.30,NULL,NULL,NULL,NULL,NULL,9,'2016-11-02 16:03:46',9,'2016-11-02 16:03:46'),(217,571,'invoice','payment_open_delivered','2016-11-02',NULL,-1101.36,NULL,NULL,NULL,NULL,NULL,9,'2016-11-02 16:03:49',9,'2016-11-02 16:03:49'),(218,136,'invoice','payment_open_delivered','2016-11-03',NULL,-1832.92,NULL,NULL,NULL,NULL,NULL,9,'2016-11-03 12:03:59',9,'2016-11-03 12:03:59'),(219,578,'invoice','payment_open_delivered','2016-11-03',NULL,-1152.33,NULL,NULL,NULL,NULL,NULL,9,'2016-11-03 12:04:02',9,'2016-11-03 12:04:02'),(220,579,'invoice','payment_open_delivered','2016-11-03',NULL,-963.26,NULL,NULL,NULL,NULL,NULL,9,'2016-11-03 12:04:06',9,'2016-11-03 12:04:06'),(221,564,'invoice','payment_open_delivered','2016-11-03',NULL,-757.81,NULL,NULL,NULL,NULL,NULL,9,'2016-11-03 12:04:09',9,'2016-11-03 12:04:09'),(222,546,'invoice','payment_open_delivered','2016-11-03',NULL,-1263.99,NULL,NULL,NULL,NULL,NULL,9,'2016-11-03 12:20:22',9,'2016-11-03 12:20:22'),(223,591,'invoice','payment_open_delivered','2016-11-03',NULL,-1043.52,NULL,NULL,NULL,NULL,NULL,9,'2016-11-03 13:03:57',9,'2016-11-03 13:03:57'),(224,585,'invoice','payment_open_delivered','2016-11-08',NULL,-232.36,NULL,NULL,NULL,NULL,NULL,9,'2016-11-08 07:30:43',9,'2016-11-08 07:30:43'),(225,589,'invoice','payment_open_delivered','2016-11-08',NULL,-705.56,NULL,NULL,NULL,NULL,NULL,9,'2016-11-08 07:30:46',9,'2016-11-08 07:30:46'),(226,612,'invoice','payment_open_delivered','2016-11-08',NULL,-1343.25,NULL,NULL,NULL,NULL,NULL,9,'2016-11-08 07:30:51',9,'2016-11-08 07:30:51'),(227,536,'invoice','payment_open_delivered','2016-11-08',NULL,-921.13,NULL,NULL,NULL,NULL,NULL,9,'2016-11-08 07:32:48',9,'2016-11-08 07:32:48'),(228,449,'invoice','payment_open_delivered','2016-11-08',NULL,-1242.78,NULL,NULL,NULL,NULL,NULL,9,'2016-11-08 07:32:53',9,'2016-11-08 07:32:53'),(229,560,'invoice','payment_open_delivered','2016-11-08',NULL,-1409.42,NULL,NULL,NULL,NULL,NULL,9,'2016-11-08 07:32:56',9,'2016-11-08 07:32:56'),(230,394,'invoice','payment_open_delivered','2016-11-08',NULL,-794.81,NULL,NULL,NULL,NULL,NULL,9,'2016-11-08 07:32:59',9,'2016-11-08 07:32:59'),(231,614,'invoice','payment_open_delivered','2016-11-10',NULL,-848.53,NULL,NULL,NULL,NULL,NULL,9,'2016-11-10 12:23:36',9,'2016-11-10 12:23:36'),(232,615,'invoice','payment_open_delivered','2016-11-10',NULL,-2560.54,NULL,NULL,NULL,NULL,NULL,9,'2016-11-10 12:23:39',9,'2016-11-10 12:23:39'),(233,594,'invoice','payment_open_delivered','2016-11-11',NULL,-835.95,NULL,NULL,NULL,NULL,NULL,9,'2016-11-11 13:27:39',9,'2016-11-11 13:27:39'),(234,616,'invoice','payment_open_delivered','2016-11-11',NULL,-499.18,NULL,NULL,NULL,NULL,NULL,9,'2016-11-11 13:41:02',9,'2016-11-11 13:41:02'),(235,613,'invoice','payment_open_delivered','2016-11-11',NULL,-936.12,NULL,NULL,NULL,NULL,NULL,9,'2016-11-11 13:41:48',9,'2016-11-11 13:41:48'),(236,620,'invoice','payment_open_delivered','2016-11-11',NULL,-356.88,NULL,NULL,NULL,NULL,NULL,9,'2016-11-11 13:44:46',9,'2016-11-11 13:44:46'),(237,621,'invoice','payment_open_delivered','2016-11-11',NULL,-764.07,NULL,NULL,NULL,NULL,NULL,9,'2016-11-11 13:44:50',9,'2016-11-11 13:44:50'),(238,623,'invoice','payment_open_delivered','2016-11-11',NULL,-631.71,NULL,NULL,NULL,NULL,NULL,9,'2016-11-11 13:44:54',9,'2016-11-11 13:44:54'),(239,624,'invoice','payment_open_delivered','2016-11-11',NULL,-1000.52,NULL,NULL,NULL,NULL,NULL,9,'2016-11-11 13:44:57',9,'2016-11-11 13:44:57'),(240,470,'invoice','payment_open_delivered','2016-11-11',NULL,-267.34,NULL,NULL,NULL,NULL,NULL,9,'2016-11-11 13:44:59',9,'2016-11-11 13:44:59'),(241,439,NULL,'pay_in','2016-10-11',NULL,609.02,NULL,NULL,NULL,NULL,NULL,9,'2016-11-11 14:43:01',9,'2016-11-11 14:43:01'),(242,464,NULL,'pay_in','2016-10-11',NULL,769.25,NULL,NULL,NULL,NULL,NULL,9,'2016-11-11 14:44:42',9,'2016-11-11 14:44:42'),(243,467,NULL,'pay_in','2016-10-11',NULL,1530.14,NULL,NULL,NULL,NULL,NULL,9,'2016-11-11 14:46:16',9,'2016-11-11 14:46:16'),(244,475,NULL,'pay_in','2016-10-12',NULL,221.30,NULL,NULL,NULL,NULL,NULL,9,'2016-11-11 14:47:45',9,'2016-11-11 14:47:45'),(245,343,NULL,'pay_in','2016-10-11',NULL,958.79,NULL,NULL,NULL,NULL,NULL,9,'2016-11-11 14:50:33',9,'2016-11-11 14:50:33'),(246,461,NULL,'pay_in','2016-10-12',NULL,655.61,NULL,NULL,NULL,NULL,NULL,9,'2016-11-11 14:51:54',9,'2016-11-11 14:51:54'),(247,497,NULL,'pay_in','2016-10-13',NULL,865.25,NULL,NULL,NULL,NULL,NULL,9,'2016-11-11 14:53:26',9,'2016-11-11 14:53:26'),(248,493,NULL,'pay_in','2016-10-13',NULL,1132.97,NULL,NULL,NULL,NULL,NULL,9,'2016-11-11 14:53:40',9,'2016-11-11 14:53:40'),(249,479,NULL,'pay_in','2016-10-18',NULL,234.97,NULL,NULL,NULL,NULL,NULL,9,'2016-11-11 14:54:52',9,'2016-11-11 14:54:52'),(250,510,NULL,'pay_in','2016-10-18',NULL,442.54,NULL,NULL,NULL,NULL,NULL,9,'2016-11-11 14:58:30',9,'2016-11-11 14:58:30'),(251,506,NULL,'pay_in','2016-10-18',NULL,1355.20,NULL,NULL,NULL,NULL,NULL,9,'2016-11-11 14:59:56',9,'2016-11-11 14:59:56'),(252,317,NULL,'pay_in','2016-10-19',NULL,294.95,NULL,NULL,NULL,NULL,NULL,9,'2016-11-11 15:03:16',9,'2016-11-11 15:03:16'),(253,222,NULL,'pay_in','2016-10-25',NULL,1224.38,NULL,NULL,NULL,NULL,NULL,9,'2016-11-11 15:04:32',9,'2016-11-11 15:04:32'),(254,523,NULL,'pay_in','2016-10-25',NULL,1221.84,NULL,NULL,NULL,NULL,NULL,9,'2016-11-11 15:04:48',9,'2016-11-11 15:04:48'),(255,531,NULL,'pay_in','2016-10-25',NULL,646.43,NULL,NULL,NULL,NULL,NULL,9,'2016-11-11 15:05:41',9,'2016-11-11 15:05:41'),(256,373,NULL,'pay_in','2016-10-25',NULL,1712.62,NULL,NULL,NULL,NULL,NULL,9,'2016-11-11 15:06:06',9,'2016-11-11 15:06:06'),(257,311,NULL,'pay_in','2016-10-27',NULL,739.14,NULL,NULL,NULL,NULL,NULL,9,'2016-11-11 15:06:57',9,'2016-11-11 15:06:57'),(258,550,NULL,'pay_in','2016-10-27',NULL,651.74,NULL,NULL,NULL,NULL,NULL,9,'2016-11-11 15:08:07',9,'2016-11-11 15:08:07'),(259,535,NULL,'pay_in','2016-10-27',NULL,1022.50,NULL,NULL,NULL,NULL,NULL,9,'2016-11-11 15:11:16',9,'2016-11-11 15:11:16'),(260,491,NULL,'pay_in','2016-11-02',NULL,227.75,NULL,NULL,NULL,NULL,NULL,9,'2016-11-11 15:13:32',9,'2016-11-11 15:13:32'),(261,96,NULL,'pay_in','2016-11-03',NULL,281.73,NULL,NULL,NULL,NULL,NULL,9,'2016-11-11 15:15:02',9,'2016-11-11 15:15:02'),(262,568,NULL,'pay_in','2016-11-03',NULL,574.48,NULL,NULL,NULL,NULL,NULL,9,'2016-11-11 15:15:51',9,'2016-11-11 15:15:51'),(263,502,NULL,'pay_in','2016-11-07',NULL,262.07,NULL,NULL,NULL,NULL,NULL,9,'2016-11-11 15:16:39',9,'2016-11-11 15:16:39'),(264,518,'invoice','payment_open_delivered','2016-11-11',NULL,-960.98,NULL,NULL,NULL,NULL,NULL,9,'2016-11-11 15:28:03',9,'2016-11-11 15:28:03'),(265,630,'invoice','payment_open_delivered','2016-11-11',NULL,-1256.99,NULL,NULL,NULL,NULL,NULL,9,'2016-11-11 15:28:07',9,'2016-11-11 15:28:07'),(266,635,'invoice','payment_open_delivered','2016-11-11',NULL,-1143.81,NULL,NULL,NULL,NULL,NULL,9,'2016-11-11 15:28:12',9,'2016-11-11 15:28:12'),(267,619,'invoice','payment_open_delivered','2016-11-16',NULL,-865.71,NULL,NULL,NULL,NULL,NULL,9,'2016-11-16 14:59:45',9,'2016-11-16 14:59:45'),(268,451,'invoice','payment_open_delivered','2016-11-17',NULL,-2281.25,NULL,NULL,NULL,NULL,NULL,9,'2016-11-17 13:32:12',9,'2016-11-17 13:32:12'),(269,633,'invoice','payment_open_delivered','2016-11-18',NULL,-2369.15,NULL,NULL,NULL,NULL,NULL,9,'2016-11-18 08:01:45',9,'2016-11-18 08:01:45'),(270,649,'invoice','payment_open_delivered','2016-11-21',NULL,-1145.39,NULL,NULL,NULL,NULL,NULL,9,'2016-11-21 09:49:55',9,'2016-11-21 09:49:55'),(271,586,'invoice','payment_open_delivered','2016-11-21',NULL,-633.83,NULL,NULL,NULL,NULL,NULL,9,'2016-11-21 09:49:59',9,'2016-11-21 09:49:59'),(272,653,'invoice','payment_open_delivered','2016-11-23',NULL,-711.95,NULL,NULL,NULL,NULL,NULL,9,'2016-11-23 09:58:17',9,'2016-11-23 09:58:17'),(273,658,'invoice','payment_open_delivered','2016-11-23',NULL,-361.27,NULL,NULL,NULL,NULL,NULL,9,'2016-11-23 09:58:20',9,'2016-11-23 09:58:20'),(274,655,'invoice','payment_open_delivered','2016-11-23',NULL,-637.18,NULL,NULL,NULL,NULL,NULL,9,'2016-11-23 09:58:24',9,'2016-11-23 09:58:24'),(275,652,'invoice','payment_open_delivered','2016-11-23',NULL,-1443.87,NULL,NULL,NULL,NULL,NULL,9,'2016-11-23 10:18:48',9,'2016-11-23 10:18:48'),(276,628,'invoice','payment_open_delivered','2016-11-23',NULL,-1549.78,NULL,NULL,NULL,NULL,NULL,9,'2016-11-23 10:18:52',9,'2016-11-23 10:18:52'),(277,659,'invoice','payment_open_delivered','2016-11-23',NULL,-2153.31,NULL,NULL,NULL,NULL,NULL,9,'2016-11-23 10:35:49',9,'2016-11-23 10:35:49'),(278,667,'invoice','payment_open_delivered','2016-11-23',NULL,-933.03,NULL,NULL,NULL,NULL,NULL,9,'2016-11-23 10:35:53',9,'2016-11-23 10:35:53'),(279,552,'invoice','payment_open_delivered','2016-11-23',NULL,-562.92,NULL,NULL,NULL,NULL,NULL,9,'2016-11-23 10:35:56',9,'2016-11-23 10:35:56'),(280,670,'invoice','payment_open_delivered','2016-11-28',NULL,-353.98,NULL,NULL,NULL,NULL,NULL,9,'2016-11-28 13:13:36',9,'2016-11-28 13:13:36'),(281,674,'invoice','payment_open_delivered','2016-11-28',NULL,-778.16,NULL,NULL,NULL,NULL,NULL,9,'2016-11-28 13:13:39',9,'2016-11-28 13:13:39'),(282,676,'invoice','payment_open_delivered','2016-11-28',NULL,-696.72,NULL,NULL,NULL,NULL,NULL,9,'2016-11-28 13:13:42',9,'2016-11-28 13:13:42'),(283,677,'invoice','payment_open_delivered','2016-11-28',NULL,-158.83,NULL,NULL,NULL,NULL,NULL,9,'2016-11-28 13:13:45',9,'2016-11-28 13:13:45'),(284,485,'invoice','payment_open_delivered','2016-11-28',NULL,-606.17,NULL,NULL,NULL,NULL,NULL,9,'2016-11-28 13:13:49',9,'2016-11-28 13:13:49'),(285,632,'invoice','payment_open_delivered','2016-11-28',NULL,-1247.60,NULL,NULL,NULL,NULL,NULL,9,'2016-11-28 13:13:53',9,'2016-11-28 13:13:53'),(286,681,'invoice','payment_open_delivered','2016-11-28',NULL,-639.86,NULL,NULL,NULL,NULL,NULL,9,'2016-11-28 13:28:45',9,'2016-11-28 13:28:45'),(287,672,'invoice','payment_open_delivered','2016-11-28',NULL,-1130.36,NULL,NULL,NULL,NULL,NULL,9,'2016-11-28 13:28:50',9,'2016-11-28 13:28:50'),(288,682,'invoice','payment_open_delivered','2016-12-01',NULL,-413.70,NULL,NULL,NULL,NULL,NULL,9,'2016-12-01 10:33:34',9,'2016-12-01 10:33:34'),(289,675,'invoice','payment_open_delivered','2016-12-02',NULL,-610.96,NULL,NULL,NULL,NULL,NULL,9,'2016-12-02 14:06:32',9,'2016-12-02 14:06:32'),(290,679,'invoice','payment_open_delivered','2016-12-02',NULL,-460.20,NULL,NULL,NULL,NULL,NULL,9,'2016-12-02 14:06:35',9,'2016-12-02 14:06:35'),(291,642,'invoice','payment_open_delivered','2016-12-02',NULL,-959.73,NULL,NULL,NULL,NULL,NULL,9,'2016-12-02 14:06:38',9,'2016-12-02 14:06:38'),(292,684,'invoice','payment_open_delivered','2016-12-02',NULL,-1558.50,NULL,NULL,NULL,NULL,NULL,9,'2016-12-02 14:06:43',9,'2016-12-02 14:06:43'),(293,686,'invoice','payment_open_delivered','2016-12-02',NULL,-1047.81,NULL,NULL,NULL,NULL,NULL,9,'2016-12-02 14:06:46',9,'2016-12-02 14:06:46'),(294,693,'invoice','payment_open_delivered','2016-12-02',NULL,-3419.36,NULL,NULL,NULL,NULL,NULL,9,'2016-12-02 14:06:49',9,'2016-12-02 14:06:49'),(295,696,'invoice','payment_open_delivered','2016-12-02',NULL,-834.42,NULL,NULL,NULL,NULL,NULL,9,'2016-12-02 14:06:53',9,'2016-12-02 14:06:53'),(296,622,'invoice','payment_open_delivered','2016-12-02',NULL,-2772.75,NULL,NULL,NULL,NULL,NULL,9,'2016-12-02 14:46:29',9,'2016-12-02 14:46:29'),(297,326,NULL,'pay_in','2016-10-18',NULL,1101.16,NULL,NULL,NULL,NULL,NULL,9,'2016-12-06 13:43:28',9,'2016-12-06 13:43:28'),(298,494,NULL,'pay_in','2016-10-18',NULL,1453.48,NULL,NULL,NULL,NULL,NULL,9,'2016-12-06 13:43:55',9,'2016-12-06 13:43:55'),(299,350,NULL,'pay_in','2016-10-18',NULL,2552.74,NULL,NULL,NULL,NULL,NULL,9,'2016-12-06 13:48:58',9,'2016-12-06 13:48:58'),(300,499,NULL,'pay_in','2016-10-27',NULL,502.61,NULL,NULL,NULL,NULL,NULL,9,'2016-12-06 13:52:00',9,'2016-12-06 13:52:00'),(301,538,NULL,'pay_in','2016-10-27',NULL,417.77,NULL,NULL,NULL,NULL,NULL,9,'2016-12-06 13:52:21',9,'2016-12-06 13:52:21'),(302,306,NULL,'pay_in','2016-10-27',NULL,1680.65,NULL,NULL,NULL,NULL,NULL,9,'2016-12-06 13:55:40',9,'2016-12-06 13:55:40'),(303,99,NULL,'pay_in','2016-10-27',NULL,1293.77,NULL,NULL,NULL,NULL,NULL,9,'2016-12-06 13:57:34',9,'2016-12-06 13:57:34'),(304,563,NULL,'pay_in','2016-11-10',NULL,197.26,NULL,NULL,NULL,NULL,NULL,9,'2016-12-06 14:00:34',9,'2016-12-06 14:00:34'),(305,562,NULL,'pay_in','2016-11-10',NULL,410.75,NULL,NULL,NULL,NULL,NULL,9,'2016-12-06 14:00:49',9,'2016-12-06 14:00:49'),(306,516,NULL,'pay_in','2016-11-10',NULL,510.56,NULL,NULL,NULL,NULL,NULL,9,'2016-12-06 14:01:04',9,'2016-12-06 14:01:04'),(307,472,NULL,'pay_in','2016-11-17',NULL,689.26,NULL,NULL,NULL,NULL,NULL,9,'2016-12-06 14:02:15',9,'2016-12-06 14:02:15'),(308,364,NULL,'pay_in','2016-11-21',NULL,451.13,NULL,NULL,NULL,NULL,NULL,9,'2016-12-06 14:05:27',9,'2016-12-06 14:05:27'),(309,591,NULL,'pay_in','2016-11-21',NULL,1043.52,NULL,NULL,NULL,NULL,NULL,9,'2016-12-06 14:06:21',9,'2016-12-06 14:06:21'),(310,136,NULL,'pay_in','2016-11-21',NULL,1832.92,NULL,NULL,NULL,NULL,NULL,9,'2016-12-06 14:07:08',9,'2016-12-06 14:07:08'),(311,579,NULL,'pay_in','2016-11-21',NULL,963.26,NULL,NULL,NULL,NULL,NULL,9,'2016-12-06 14:07:57',9,'2016-12-06 14:07:57'),(312,578,NULL,'pay_in','2016-11-21',NULL,1152.33,NULL,NULL,NULL,NULL,NULL,9,'2016-12-06 14:08:16',9,'2016-12-06 14:08:16'),(313,572,NULL,'pay_in','2016-11-21',NULL,2137.30,NULL,NULL,NULL,NULL,NULL,9,'2016-12-06 14:09:04',9,'2016-12-06 14:09:04'),(314,546,NULL,'pay_in','2016-11-21',NULL,1263.99,NULL,NULL,NULL,NULL,NULL,9,'2016-12-06 14:11:10',9,'2016-12-06 14:11:10'),(315,585,NULL,'pay_in','2016-11-23',NULL,232.36,NULL,NULL,NULL,NULL,NULL,9,'2016-12-06 14:11:59',9,'2016-12-06 14:11:59'),(316,560,NULL,'pay_in','2016-11-24',NULL,1409.42,NULL,NULL,NULL,NULL,NULL,9,'2016-12-06 14:13:04',9,'2016-12-06 14:13:04'),(317,594,NULL,'pay_in','2016-11-24',NULL,835.95,NULL,NULL,NULL,NULL,NULL,9,'2016-12-06 14:13:33',9,'2016-12-06 14:13:33'),(318,619,NULL,'pay_in','2016-12-01',NULL,865.71,NULL,NULL,NULL,NULL,NULL,9,'2016-12-06 14:20:00',9,'2016-12-06 14:20:00'),(319,612,NULL,'pay_in','2016-12-01',NULL,1343.25,NULL,NULL,NULL,NULL,NULL,9,'2016-12-06 14:20:34',9,'2016-12-06 14:20:34'),(320,630,NULL,'pay_in','2016-11-29',NULL,1256.99,NULL,NULL,NULL,NULL,NULL,9,'2016-12-06 14:22:49',9,'2016-12-06 14:22:49'),(321,614,NULL,'pay_in','2016-11-29',NULL,848.53,NULL,NULL,NULL,NULL,NULL,9,'2016-12-06 14:23:50',9,'2016-12-06 14:23:50'),(322,470,NULL,'pay_in','2016-11-28',NULL,267.34,NULL,NULL,NULL,NULL,NULL,9,'2016-12-06 14:24:46',9,'2016-12-06 14:24:46'),(323,518,NULL,'pay_in','2016-11-25',NULL,960.98,NULL,NULL,NULL,NULL,NULL,9,'2016-12-06 14:25:36',9,'2016-12-06 14:25:36'),(324,536,NULL,'pay_in','2016-11-24',NULL,921.13,NULL,NULL,NULL,NULL,NULL,9,'2016-12-06 14:27:43',9,'2016-12-06 14:27:43'),(325,613,NULL,'pay_in','2016-11-24',NULL,936.12,NULL,NULL,NULL,NULL,NULL,9,'2016-12-06 14:28:17',9,'2016-12-06 14:28:17'),(326,564,NULL,'pay_in','2016-11-24',NULL,757.81,NULL,NULL,NULL,NULL,NULL,9,'2016-12-06 14:28:47',9,'2016-12-06 14:28:47'),(327,620,NULL,'pay_in','2016-11-24',NULL,356.88,NULL,NULL,NULL,NULL,NULL,9,'2016-12-06 14:29:55',9,'2016-12-06 14:29:55'),(328,449,NULL,'pay_in','2016-11-24',NULL,1242.78,NULL,NULL,NULL,NULL,NULL,9,'2016-12-06 14:31:45',9,'2016-12-06 14:31:45'),(329,451,NULL,'pay_in','2016-11-29',NULL,2281.25,NULL,NULL,NULL,NULL,NULL,9,'2016-12-06 14:33:35',9,'2016-12-06 14:33:35'),(330,616,NULL,'pay_in','2016-11-29',NULL,499.18,NULL,NULL,NULL,NULL,NULL,9,'2016-12-06 14:34:04',9,'2016-12-06 14:34:04'),(331,615,NULL,'pay_in','2016-11-29',NULL,2560.54,NULL,NULL,NULL,NULL,NULL,9,'2016-12-06 14:34:33',9,'2016-12-06 14:34:33'),(332,394,NULL,'pay_in','2016-11-29',NULL,794.81,NULL,NULL,NULL,NULL,NULL,9,'2016-12-06 14:35:00',9,'2016-12-06 14:35:00'),(333,571,NULL,'pay_in','2016-11-29',NULL,1101.36,NULL,NULL,NULL,NULL,NULL,9,'2016-12-06 14:35:27',9,'2016-12-06 14:35:27'),(334,711,'invoice','payment_open_delivered','2016-12-06',NULL,-183.58,NULL,NULL,NULL,NULL,NULL,9,'2016-12-06 15:45:20',9,'2016-12-06 15:45:20'),(335,706,'invoice','payment_open_delivered','2016-12-06',NULL,-71.45,NULL,NULL,NULL,NULL,NULL,9,'2016-12-06 15:45:22',9,'2016-12-06 15:45:22'),(336,549,NULL,'pay_in','2016-10-27',NULL,360.25,NULL,NULL,NULL,NULL,NULL,9,'2016-12-07 08:42:24',9,'2016-12-07 08:42:24'),(337,528,'invoice','payment_open_delivered','2016-12-07',NULL,-1665.31,NULL,NULL,NULL,NULL,NULL,9,'2016-12-07 12:16:21',9,'2016-12-07 12:16:21'),(338,557,'invoice','payment_open_delivered','2016-12-07',NULL,-538.66,NULL,NULL,NULL,NULL,NULL,9,'2016-12-07 12:16:24',9,'2016-12-07 12:16:24'),(339,705,'invoice','payment_open_delivered','2016-12-07',NULL,-683.04,NULL,NULL,NULL,NULL,NULL,9,'2016-12-07 12:16:27',9,'2016-12-07 12:16:27'),(340,710,'invoice','payment_open_delivered','2016-12-07',NULL,-67.10,NULL,NULL,NULL,NULL,NULL,9,'2016-12-07 12:16:30',9,'2016-12-07 12:16:30'),(341,338,'invoice','payment_open_delivered','2016-12-07',NULL,-832.12,NULL,NULL,NULL,NULL,NULL,9,'2016-12-07 12:16:34',9,'2016-12-07 12:16:34'),(342,639,'invoice','payment_open_delivered','2016-12-07',NULL,-1080.84,NULL,NULL,NULL,NULL,NULL,9,'2016-12-07 12:16:38',9,'2016-12-07 12:16:38'),(343,688,'invoice','payment_open_delivered','2016-12-15',NULL,-601.14,NULL,NULL,NULL,NULL,NULL,9,'2016-12-15 13:50:37',9,'2016-12-15 13:50:37'),(344,725,'invoice','payment_open_delivered','2016-12-15',NULL,-461.52,NULL,NULL,NULL,NULL,NULL,9,'2016-12-15 13:50:40',9,'2016-12-15 13:50:40'),(345,610,'invoice','payment_open_delivered','2016-12-15',NULL,-317.59,NULL,NULL,NULL,NULL,NULL,9,'2016-12-15 13:54:49',9,'2016-12-15 13:54:49'),(346,729,'invoice','payment_open_delivered','2016-12-15',NULL,-69.65,NULL,NULL,NULL,NULL,NULL,9,'2016-12-15 13:54:52',9,'2016-12-15 13:54:52'),(347,721,'invoice','payment_open_delivered','2016-12-15',NULL,-616.83,NULL,NULL,NULL,NULL,NULL,9,'2016-12-15 14:48:19',9,'2016-12-15 14:48:19'),(348,552,NULL,'pay_in','2016-12-06',NULL,562.92,NULL,NULL,NULL,NULL,NULL,9,'2016-12-16 11:00:14',9,'2016-12-16 11:00:14'),(349,676,NULL,'pay_in','2016-12-06',NULL,696.72,NULL,NULL,NULL,NULL,NULL,9,'2016-12-16 11:01:38',9,'2016-12-16 11:01:38'),(350,586,NULL,'pay_in','2016-12-06',NULL,633.83,NULL,NULL,NULL,NULL,NULL,9,'2016-12-16 11:02:19',9,'2016-12-16 11:02:19'),(351,658,NULL,'pay_in','2016-12-07',NULL,361.27,NULL,NULL,NULL,NULL,NULL,9,'2016-12-16 11:04:07',9,'2016-12-16 11:04:07'),(352,655,NULL,'pay_in','2016-12-07',NULL,637.18,NULL,NULL,NULL,NULL,NULL,9,'2016-12-16 11:04:47',9,'2016-12-16 11:04:47'),(353,649,NULL,'pay_in','2016-12-07',NULL,1145.39,NULL,NULL,NULL,NULL,NULL,9,'2016-12-16 11:12:38',9,'2016-12-16 11:12:38'),(354,652,NULL,'pay_in','2016-12-07',NULL,1443.87,NULL,NULL,NULL,NULL,NULL,9,'2016-12-16 11:12:52',9,'2016-12-16 11:12:52'),(355,624,NULL,'pay_in','2016-12-07',NULL,1000.52,NULL,NULL,NULL,NULL,NULL,9,'2016-12-16 12:01:12',9,'2016-12-16 12:01:12'),(356,623,NULL,'pay_in','2016-12-07',NULL,631.71,NULL,NULL,NULL,NULL,NULL,9,'2016-12-16 12:01:39',9,'2016-12-16 12:01:39'),(357,635,NULL,'pay_in','2016-12-07',NULL,1143.81,NULL,NULL,NULL,NULL,NULL,9,'2016-12-16 12:02:15',9,'2016-12-16 12:02:15'),(358,682,NULL,'pay_in','2016-12-13',NULL,413.70,NULL,NULL,NULL,NULL,NULL,9,'2016-12-16 12:04:12',9,'2016-12-16 12:04:12'),(359,681,NULL,'pay_in','2016-12-13',NULL,639.86,NULL,NULL,NULL,NULL,NULL,9,'2016-12-16 12:05:05',9,'2016-12-16 12:05:05'),(360,667,NULL,'pay_in','2016-12-13',NULL,933.03,NULL,NULL,NULL,NULL,NULL,9,'2016-12-16 12:05:52',9,'2016-12-16 12:05:52'),(361,659,NULL,'pay_in','2016-12-13',NULL,2153.31,NULL,NULL,NULL,NULL,NULL,9,'2016-12-16 12:07:38',9,'2016-12-16 12:07:38'),(362,632,NULL,'pay_in','2016-12-13',NULL,1247.60,NULL,NULL,NULL,NULL,NULL,9,'2016-12-16 12:08:07',9,'2016-12-16 12:08:07'),(363,628,NULL,'pay_in','2016-12-13',NULL,1549.78,NULL,NULL,NULL,NULL,NULL,9,'2016-12-16 12:10:30',9,'2016-12-16 12:10:30'),(364,653,NULL,'pay_in','2016-12-13',NULL,711.95,NULL,NULL,NULL,NULL,NULL,9,'2016-12-16 12:10:50',9,'2016-12-16 12:10:50'),(365,732,'invoice','payment_open_delivered','2016-12-19',NULL,-579.71,NULL,NULL,NULL,NULL,NULL,9,'2016-12-19 15:26:47',9,'2016-12-19 15:26:47'),(366,734,'invoice','payment_open_delivered','2016-12-19',NULL,-693.94,NULL,NULL,NULL,NULL,NULL,9,'2016-12-19 15:26:50',9,'2016-12-19 15:26:50'),(367,736,'invoice','payment_open_delivered','2016-12-19',NULL,-90.39,NULL,NULL,NULL,NULL,NULL,9,'2016-12-19 15:26:54',9,'2016-12-19 15:26:54'),(368,145,'invoice','payment_open_delivered','2016-12-21',NULL,-1167.49,NULL,NULL,NULL,NULL,NULL,9,'2016-12-21 13:25:41',9,'2016-12-21 13:25:41'),(369,532,'invoice','payment_open_delivered','2016-12-21',NULL,-1962.25,NULL,NULL,NULL,NULL,NULL,9,'2016-12-21 13:25:52',9,'2016-12-21 13:25:52'),(370,735,'invoice','payment_open_delivered','2016-12-21',NULL,-1635.54,NULL,NULL,NULL,NULL,NULL,9,'2016-12-21 13:25:56',9,'2016-12-21 13:25:56'),(371,525,'invoice','payment_open_delivered','2016-12-21',NULL,-1739.63,NULL,NULL,NULL,NULL,NULL,9,'2016-12-21 13:26:00',9,'2016-12-21 13:26:00'),(372,714,'invoice','payment_open_delivered','2016-12-21',NULL,-983.67,NULL,NULL,NULL,NULL,NULL,9,'2016-12-21 13:26:04',9,'2016-12-21 13:26:04'),(373,621,NULL,'pay_in','2016-11-29',NULL,764.07,NULL,NULL,NULL,NULL,NULL,9,'2016-12-21 15:28:23',9,'2016-12-21 15:28:23'),(374,485,NULL,'pay_in','2016-12-15',NULL,606.17,NULL,NULL,NULL,NULL,NULL,9,'2016-12-21 15:32:07',9,'2016-12-21 15:32:07'),(375,633,NULL,'pay_in','2016-12-19',NULL,2369.15,NULL,NULL,NULL,NULL,NULL,9,'2016-12-23 08:48:36',9,'2016-12-23 08:48:36'),(376,675,NULL,'pay_in','2016-12-20',NULL,610.96,NULL,NULL,NULL,NULL,NULL,9,'2016-12-23 08:49:20',9,'2016-12-23 08:49:20'),(377,686,NULL,'pay_in','2016-12-20',NULL,1047.81,NULL,NULL,NULL,NULL,NULL,9,'2016-12-23 08:50:21',9,'2016-12-23 08:50:21'),(378,706,NULL,'pay_in','2016-12-20',NULL,71.45,NULL,NULL,NULL,NULL,NULL,9,'2016-12-23 08:51:45',9,'2016-12-23 08:51:45'),(379,672,NULL,'pay_in','2016-12-20',NULL,1130.36,NULL,NULL,NULL,NULL,NULL,9,'2016-12-23 08:52:25',9,'2016-12-23 08:52:25'),(380,622,NULL,'pay_in','2016-12-20',NULL,2772.75,NULL,NULL,NULL,NULL,NULL,9,'2016-12-23 08:52:48',9,'2016-12-23 08:52:48'),(381,642,NULL,'pay_in','2016-12-20',NULL,959.73,NULL,NULL,NULL,NULL,NULL,9,'2016-12-23 08:53:37',9,'2016-12-23 08:53:37'),(382,679,NULL,'pay_in','2016-12-20',NULL,460.20,NULL,NULL,NULL,NULL,NULL,9,'2016-12-23 08:53:57',9,'2016-12-23 08:53:57'),(383,589,NULL,'pay_in','2016-12-20',NULL,705.56,NULL,NULL,NULL,NULL,NULL,9,'2016-12-23 08:59:32',9,'2016-12-23 08:59:32'),(384,674,NULL,'pay_in','2016-12-20',NULL,778.16,NULL,NULL,NULL,NULL,NULL,9,'2016-12-23 08:59:44',9,'2016-12-23 08:59:44'),(385,677,NULL,'pay_in','2016-12-20',NULL,158.83,NULL,NULL,NULL,NULL,NULL,9,'2016-12-23 08:59:55',9,'2016-12-23 08:59:55'),(386,711,NULL,'pay_in','2016-12-21',NULL,183.58,NULL,NULL,NULL,NULL,NULL,1254,'2017-01-12 13:32:21',1254,'2017-01-12 13:32:21'),(387,725,NULL,'pay_in','2016-12-22',NULL,461.52,NULL,NULL,NULL,NULL,NULL,1254,'2017-01-12 13:33:20',1254,'2017-01-12 13:33:20'),(388,532,NULL,'pay_in','2017-01-02',NULL,1962.25,NULL,NULL,NULL,NULL,NULL,1254,'2017-01-12 13:38:46',1254,'2017-01-12 13:38:46'),(389,688,NULL,'pay_in','2017-01-04',NULL,601.14,NULL,NULL,NULL,NULL,NULL,1254,'2017-01-12 13:40:49',1254,'2017-01-12 13:40:49'),(390,734,NULL,'pay_in','2017-01-04',NULL,693.94,NULL,NULL,NULL,NULL,NULL,1254,'2017-01-12 13:41:26',1254,'2017-01-12 13:41:26'),(391,525,NULL,'pay_in','2017-01-04',NULL,1739.63,NULL,NULL,NULL,NULL,NULL,1254,'2017-01-12 13:42:00',1254,'2017-01-12 13:42:00'),(392,557,NULL,'pay_in','2016-12-22',NULL,538.66,NULL,NULL,NULL,NULL,NULL,1254,'2017-01-12 13:44:08',1254,'2017-01-12 13:44:08'),(393,639,NULL,'pay_in','2016-12-22',NULL,1080.84,NULL,NULL,NULL,NULL,NULL,1254,'2017-01-12 13:45:14',1254,'2017-01-12 13:45:14'),(394,528,NULL,'pay_in','2016-12-22',NULL,1665.31,NULL,NULL,NULL,NULL,NULL,1254,'2017-01-12 13:45:50',1254,'2017-01-12 13:45:50'),(395,721,NULL,'pay_in','2016-12-22',NULL,616.83,NULL,NULL,NULL,NULL,NULL,1254,'2017-01-12 13:46:35',1254,'2017-01-12 13:46:35'),(396,693,NULL,'pay_in','2016-12-22',NULL,3419.36,NULL,NULL,NULL,NULL,NULL,1254,'2017-01-12 13:51:30',1254,'2017-01-12 13:51:30'),(397,684,NULL,'pay_in','2016-12-22',NULL,1558.50,NULL,NULL,NULL,NULL,NULL,1254,'2017-01-12 13:56:00',1254,'2017-01-12 13:56:00'),(398,710,NULL,'pay_in','2016-12-22',NULL,67.10,NULL,NULL,NULL,NULL,NULL,1254,'2017-01-12 13:56:42',1254,'2017-01-12 13:56:42'),(399,338,NULL,'pay_in','2016-12-22',NULL,832.12,NULL,NULL,NULL,NULL,NULL,1254,'2017-01-12 14:15:59',1254,'2017-01-12 14:15:59'),(400,696,NULL,'pay_in','2017-01-03',NULL,834.42,NULL,NULL,NULL,NULL,NULL,1254,'2017-01-12 14:17:07',1254,'2017-01-12 14:17:07'),(401,735,NULL,'pay_in','2017-01-04',NULL,1635.54,NULL,NULL,NULL,NULL,NULL,1254,'2017-01-12 14:18:09',1254,'2017-01-12 14:18:09'),(402,732,NULL,'pay_in','2017-01-04',NULL,579.71,NULL,NULL,NULL,NULL,NULL,1254,'2017-01-12 14:19:19',1254,'2017-01-12 14:19:19'),(403,736,NULL,'pay_in','2017-01-04',NULL,90.39,NULL,NULL,NULL,NULL,NULL,1254,'2017-01-12 14:20:12',1254,'2017-01-12 14:20:12'),(404,145,NULL,'pay_in','2017-01-04',NULL,1167.49,NULL,NULL,NULL,NULL,NULL,1254,'2017-01-12 14:20:43',1254,'2017-01-12 14:20:43'),(405,750,'invoice','payment_open_delivered','2017-01-13',NULL,-201.72,NULL,NULL,NULL,NULL,NULL,1254,'2017-01-13 13:06:36',1254,'2017-01-13 13:06:36'),(406,755,'invoice','payment_open_delivered','2017-01-13',NULL,-913.77,NULL,NULL,NULL,NULL,NULL,1254,'2017-01-13 13:06:39',1254,'2017-01-13 13:06:39'),(407,757,'invoice','payment_open_delivered','2017-01-13',NULL,-543.79,NULL,NULL,NULL,NULL,NULL,1254,'2017-01-13 13:06:43',1254,'2017-01-13 13:06:43'),(408,743,'invoice','payment_open_delivered','2017-01-16',NULL,-1767.12,NULL,NULL,NULL,NULL,NULL,1254,'2017-01-16 14:36:56',1254,'2017-01-16 14:36:56'),(409,729,NULL,'pay_in','2017-01-12',NULL,69.65,NULL,NULL,NULL,NULL,NULL,1254,'2017-01-17 10:28:56',1254,'2017-01-17 10:28:56'),(410,714,NULL,'pay_in','2017-01-12',NULL,983.67,NULL,NULL,NULL,NULL,NULL,1254,'2017-01-17 10:29:38',1254,'2017-01-17 10:29:38'),(411,767,'invoice','payment_open_delivered','2017-01-17',NULL,-147.11,NULL,NULL,NULL,NULL,NULL,1254,'2017-01-17 12:39:10',1254,'2017-01-17 12:39:10'),(412,759,'invoice','payment_open_delivered','2017-01-17',NULL,-1160.89,NULL,NULL,NULL,NULL,NULL,1254,'2017-01-17 12:39:13',1254,'2017-01-17 12:39:13'),(413,762,'invoice','payment_open_delivered','2017-01-17',NULL,-1070.41,NULL,NULL,NULL,NULL,NULL,1254,'2017-01-17 12:39:17',1254,'2017-01-17 12:39:17'),(414,764,'invoice','payment_open_delivered','2017-01-20',NULL,-770.75,NULL,NULL,NULL,NULL,NULL,1254,'2017-01-20 13:24:53',1254,'2017-01-20 13:24:53'),(415,765,'invoice','payment_open_delivered','2017-01-20',NULL,-448.22,NULL,NULL,NULL,NULL,NULL,1254,'2017-01-20 13:24:56',1254,'2017-01-20 13:24:56'),(416,784,'invoice','payment_open_delivered','2017-01-20',NULL,-831.16,NULL,NULL,NULL,NULL,NULL,1254,'2017-01-20 13:24:59',1254,'2017-01-20 13:24:59'),(417,753,'invoice','payment_open_delivered','2017-01-20',NULL,-522.33,NULL,NULL,NULL,NULL,NULL,1254,'2017-01-20 13:25:04',1254,'2017-01-20 13:25:04'),(418,783,'invoice','payment_open_delivered','2017-01-27',NULL,-624.00,NULL,NULL,NULL,NULL,NULL,1254,'2017-01-27 08:53:52',1254,'2017-01-27 08:53:52'),(419,761,'invoice','payment_open_delivered','2017-01-27',NULL,-1305.09,NULL,NULL,NULL,NULL,NULL,1254,'2017-01-27 08:53:55',1254,'2017-01-27 08:53:55'),(420,774,'invoice','payment_open_delivered','2017-01-27',NULL,-479.65,NULL,NULL,NULL,NULL,NULL,1254,'2017-01-27 09:00:51',1254,'2017-01-27 09:00:51'),(421,790,'invoice','payment_open_delivered','2017-01-27',NULL,-647.44,NULL,NULL,NULL,NULL,NULL,1254,'2017-01-27 09:00:54',1254,'2017-01-27 09:00:54'),(422,796,'invoice','payment_open_delivered','2017-01-27',NULL,-399.89,NULL,NULL,NULL,NULL,NULL,1254,'2017-01-27 09:00:56',1254,'2017-01-27 09:00:56'),(423,813,'invoice','payment_open_delivered','2017-01-27',NULL,-209.52,NULL,NULL,NULL,NULL,NULL,1254,'2017-01-27 09:06:30',1254,'2017-01-27 09:06:30'),(424,762,NULL,'pay_in','2017-01-31',NULL,1070.41,NULL,NULL,NULL,NULL,NULL,1254,'2017-02-03 12:43:41',1254,'2017-02-03 12:43:41'),(425,755,NULL,'pay_in','2017-01-31',NULL,913.77,NULL,NULL,NULL,NULL,NULL,1254,'2017-02-03 12:46:29',1254,'2017-02-03 12:46:29'),(426,757,NULL,'pay_in','2017-01-31',NULL,543.79,NULL,NULL,NULL,NULL,NULL,1254,'2017-02-03 12:46:48',1254,'2017-02-03 12:46:48'),(427,759,NULL,'pay_in','2017-01-31',NULL,1160.89,NULL,NULL,NULL,NULL,NULL,1254,'2017-02-03 12:47:24',1254,'2017-02-03 12:47:24'),(428,751,'invoice','payment_open_delivered','2017-02-06',NULL,-1244.31,NULL,NULL,NULL,NULL,NULL,1254,'2017-02-06 09:11:23',1254,'2017-02-06 09:11:23'),(429,815,'invoice','payment_open_delivered','2017-02-06',NULL,-2487.58,NULL,NULL,NULL,NULL,NULL,1254,'2017-02-06 09:11:26',1254,'2017-02-06 09:11:26'),(430,835,'invoice','payment_open_delivered','2017-02-07',NULL,-434.49,NULL,NULL,NULL,NULL,NULL,1254,'2017-02-07 15:01:56',1254,'2017-02-07 15:01:56'),(431,786,'invoice','payment_open_delivered','2017-02-10',NULL,-1592.54,NULL,NULL,NULL,NULL,NULL,1254,'2017-02-10 09:38:09',1254,'2017-02-10 09:38:09'),(432,766,'invoice','payment_open_delivered','2017-02-10',NULL,-1724.76,NULL,NULL,NULL,NULL,NULL,1254,'2017-02-10 09:38:13',1254,'2017-02-10 09:38:13'),(433,831,'invoice','payment_open_delivered','2017-02-10',NULL,-1010.89,NULL,NULL,NULL,NULL,NULL,1254,'2017-02-10 09:38:16',1254,'2017-02-10 09:38:16'),(434,826,'invoice','payment_open_delivered','2017-02-10',NULL,-848.13,NULL,NULL,NULL,NULL,NULL,1254,'2017-02-10 09:38:20',1254,'2017-02-10 09:38:20'),(435,670,NULL,'pay_in','2017-02-07',NULL,353.98,NULL,NULL,NULL,NULL,NULL,1254,'2017-02-10 09:58:47',1254,'2017-02-10 09:58:47'),(436,705,NULL,'pay_in','2017-02-07',NULL,683.04,NULL,NULL,NULL,NULL,NULL,1254,'2017-02-10 09:59:01',1254,'2017-02-10 09:59:01'),(437,610,NULL,'pay_in','2017-02-07',NULL,317.59,NULL,NULL,NULL,NULL,NULL,1254,'2017-02-10 09:59:14',1254,'2017-02-10 09:59:14'),(438,750,NULL,'pay_in','2017-02-07',NULL,201.72,NULL,NULL,NULL,NULL,NULL,1254,'2017-02-10 10:00:48',1254,'2017-02-10 10:00:48'),(439,823,'invoice','payment_open_delivered','2017-02-15',NULL,-944.68,NULL,NULL,NULL,NULL,NULL,1254,'2017-02-15 12:39:52',1254,'2017-02-15 12:39:52'),(440,848,'invoice','payment_open_delivered','2017-02-15',NULL,-1081.80,NULL,NULL,NULL,NULL,NULL,1254,'2017-02-15 12:39:56',1254,'2017-02-15 12:39:56'),(441,844,'invoice','payment_open_delivered','2017-02-15',NULL,-784.50,NULL,NULL,NULL,NULL,NULL,1254,'2017-02-15 12:39:59',1254,'2017-02-15 12:39:59'),(442,794,'invoice','payment_open_delivered','2017-02-15',NULL,-56.22,NULL,NULL,NULL,NULL,NULL,1254,'2017-02-15 12:40:02',1254,'2017-02-15 12:40:02'),(443,767,NULL,'pay_in','2017-02-09',NULL,147.11,NULL,NULL,NULL,NULL,NULL,1254,'2017-02-15 14:49:11',1254,'2017-02-15 14:49:11'),(444,764,NULL,'pay_in','2017-02-09',NULL,770.75,NULL,NULL,NULL,NULL,NULL,1254,'2017-02-15 14:50:04',1254,'2017-02-15 14:50:04'),(445,765,NULL,'pay_in','2017-02-09',NULL,448.22,NULL,NULL,NULL,NULL,NULL,1254,'2017-02-15 14:52:06',1254,'2017-02-15 14:52:06'),(446,784,NULL,'pay_in','2017-02-09',NULL,831.16,NULL,NULL,NULL,NULL,NULL,1254,'2017-02-15 14:52:31',1254,'2017-02-15 14:52:31'),(447,783,NULL,'pay_in','2017-02-09',NULL,624.00,NULL,NULL,NULL,NULL,NULL,1254,'2017-02-15 14:53:26',1254,'2017-02-15 14:53:26'),(448,796,NULL,'pay_in','2017-02-09',NULL,399.89,NULL,NULL,NULL,NULL,NULL,1254,'2017-02-15 14:54:07',1254,'2017-02-15 14:54:07'),(449,761,NULL,'pay_in','2017-02-09',NULL,1305.09,NULL,NULL,NULL,NULL,NULL,1254,'2017-02-15 14:55:11',1254,'2017-02-15 14:55:11'),(450,862,'invoice','payment_open_delivered','2017-02-20',NULL,-970.14,NULL,NULL,NULL,NULL,NULL,1254,'2017-02-20 09:54:30',1254,'2017-02-20 09:54:30'),(451,861,'invoice','payment_open_delivered','2017-02-20',NULL,-843.97,NULL,NULL,NULL,NULL,NULL,1254,'2017-02-20 09:54:33',1254,'2017-02-20 09:54:33'),(452,813,NULL,'pay_in','2017-02-14',NULL,209.52,NULL,NULL,NULL,NULL,NULL,1254,'2017-02-20 10:26:44',1254,'2017-02-20 10:26:44'),(453,756,'invoice','payment_open_delivered','2017-02-20',NULL,-794.99,NULL,NULL,NULL,NULL,NULL,1254,'2017-02-20 12:33:11',1254,'2017-02-20 12:33:11'),(454,880,'invoice','payment_open_delivered','2017-02-21',NULL,-890.24,NULL,NULL,NULL,NULL,NULL,1254,'2017-02-21 09:48:32',1254,'2017-02-21 09:48:32'),(455,774,NULL,'pay_in','2017-02-17',NULL,479.65,NULL,NULL,NULL,NULL,NULL,1254,'2017-02-21 14:09:33',1254,'2017-02-21 14:09:33'),(456,753,NULL,'pay_in','2017-02-17',NULL,522.33,NULL,NULL,NULL,NULL,NULL,1254,'2017-02-21 14:10:45',1254,'2017-02-21 14:10:45'),(457,855,'invoice','payment_open_delivered','2017-02-22',NULL,-1010.96,NULL,NULL,NULL,NULL,NULL,1254,'2017-02-22 14:16:58',1254,'2017-02-22 14:16:58'),(458,814,'invoice','payment_open_delivered','2017-02-22',NULL,-959.83,NULL,NULL,NULL,NULL,NULL,1254,'2017-02-22 14:17:02',1254,'2017-02-22 14:17:02'),(459,839,'invoice','payment_open_delivered','2017-02-24',NULL,-3012.76,NULL,NULL,NULL,NULL,NULL,1254,'2017-02-24 09:45:19',1254,'2017-02-24 09:45:19'),(460,834,'invoice','payment_open_delivered','2017-02-24',NULL,-529.10,NULL,NULL,NULL,NULL,NULL,1254,'2017-02-24 09:45:23',1254,'2017-02-24 09:45:23'),(461,826,NULL,'pay_in','2017-02-23',NULL,848.13,NULL,NULL,NULL,NULL,NULL,1254,'2017-02-28 09:29:25',1254,'2017-02-28 09:29:25'),(462,751,NULL,'pay_in','2017-02-23',NULL,1244.31,NULL,NULL,NULL,NULL,NULL,1254,'2017-02-28 09:30:08',1254,'2017-02-28 09:30:08'),(463,766,NULL,'pay_in','2017-02-23',NULL,1724.76,NULL,NULL,NULL,NULL,NULL,1254,'2017-02-28 09:30:51',1254,'2017-02-28 09:30:51'),(464,786,NULL,'pay_in','2017-02-23',NULL,1592.54,NULL,NULL,NULL,NULL,NULL,1254,'2017-02-28 09:31:11',1254,'2017-02-28 09:31:11'),(465,897,'invoice','payment_open_delivered','2017-03-01',NULL,-216.88,NULL,NULL,NULL,NULL,NULL,1254,'2017-03-01 10:40:04',1254,'2017-03-01 10:40:04'),(466,902,'invoice','payment_open_delivered','2017-03-01',NULL,-706.49,NULL,NULL,NULL,NULL,NULL,1254,'2017-03-01 10:40:10',1254,'2017-03-01 10:40:10'),(467,844,NULL,'pay_in','2017-02-28',NULL,784.50,NULL,NULL,NULL,NULL,NULL,9,'2017-03-06 07:19:39',9,'2017-03-06 07:19:39'),(468,790,NULL,'pay_in','2017-02-28',NULL,647.44,NULL,NULL,NULL,NULL,NULL,9,'2017-03-06 07:20:11',9,'2017-03-06 07:20:11'),(469,848,NULL,'pay_in','2017-02-28',NULL,1081.80,NULL,NULL,NULL,NULL,NULL,9,'2017-03-06 07:20:50',9,'2017-03-06 07:20:50'),(470,794,NULL,'pay_in','2017-03-02',NULL,56.22,NULL,NULL,NULL,NULL,NULL,9,'2017-03-06 14:13:52',9,'2017-03-06 14:13:52'),(471,911,'invoice','payment_open_delivered','2017-03-07',NULL,-762.16,NULL,NULL,NULL,NULL,NULL,9,'2017-03-07 12:44:04',9,'2017-03-07 12:44:04'),(472,881,'invoice','payment_open_delivered','2017-03-07',NULL,-488.31,NULL,NULL,NULL,NULL,NULL,9,'2017-03-07 12:44:07',9,'2017-03-07 12:44:07'),(473,789,'invoice','payment_open_delivered','2017-03-07',NULL,-593.26,NULL,NULL,NULL,NULL,NULL,9,'2017-03-07 12:44:12',9,'2017-03-07 12:44:12'),(474,903,'invoice','payment_open_delivered','2017-03-07',NULL,-637.71,NULL,NULL,NULL,NULL,NULL,9,'2017-03-07 12:44:16',9,'2017-03-07 12:44:16'),(475,896,'invoice','payment_open_delivered','2017-03-07',NULL,-940.34,NULL,NULL,NULL,NULL,NULL,9,'2017-03-07 12:44:19',9,'2017-03-07 12:44:19'),(476,756,NULL,'pay_in','2017-03-03',NULL,794.99,NULL,NULL,NULL,NULL,NULL,9,'2017-03-07 14:20:23',9,'2017-03-07 14:20:23'),(477,922,'invoice','payment_open_delivered','2017-03-10',NULL,-249.18,NULL,NULL,NULL,NULL,NULL,9,'2017-03-10 12:15:47',9,'2017-03-10 12:15:47'),(478,507,'invoice','payment_open_delivered','2017-03-10',NULL,-230.45,NULL,NULL,NULL,NULL,NULL,9,'2017-03-10 12:15:50',9,'2017-03-10 12:15:50'),(479,932,'invoice','payment_open_delivered','2017-03-10',NULL,-616.26,NULL,NULL,NULL,NULL,NULL,9,'2017-03-10 12:15:53',9,'2017-03-10 12:15:53'),(480,855,NULL,'pay_in','2017-03-07',NULL,1010.96,NULL,NULL,NULL,NULL,NULL,9,'2017-03-10 12:28:14',9,'2017-03-10 12:28:14'),(481,861,NULL,'pay_in','2017-03-07',NULL,843.97,NULL,NULL,NULL,NULL,NULL,9,'2017-03-10 12:29:44',9,'2017-03-10 12:29:44'),(482,863,'invoice','payment_open_delivered','2017-03-14',NULL,-141.98,NULL,NULL,NULL,NULL,NULL,9,'2017-03-14 09:30:01',9,'2017-03-14 09:30:01'),(483,941,'invoice','payment_open_delivered','2017-03-14',NULL,-494.07,NULL,NULL,NULL,NULL,NULL,9,'2017-03-14 09:30:04',9,'2017-03-14 09:30:04'),(484,834,NULL,'pay_in','2017-03-09',NULL,529.10,NULL,NULL,NULL,NULL,NULL,9,'2017-03-14 10:38:03',9,'2017-03-14 10:38:03'),(485,839,NULL,'pay_in','2017-03-09',NULL,3012.76,NULL,NULL,NULL,NULL,NULL,9,'2017-03-14 10:39:01',9,'2017-03-14 10:39:01'),(486,923,'invoice','payment_open_delivered','2017-03-16',NULL,-573.66,NULL,NULL,NULL,NULL,NULL,9,'2017-03-16 09:04:47',9,'2017-03-16 09:04:47'),(487,915,'invoice','payment_open_delivered','2017-03-16',NULL,-2296.08,NULL,NULL,NULL,NULL,NULL,9,'2017-03-16 09:04:50',9,'2017-03-16 09:04:50'),(488,921,'invoice','payment_open_delivered','2017-03-16',NULL,-816.19,NULL,NULL,NULL,NULL,NULL,9,'2017-03-16 09:04:54',9,'2017-03-16 09:04:54'),(489,937,'invoice','payment_open_delivered','2017-03-16',NULL,-936.76,NULL,NULL,NULL,NULL,NULL,9,'2017-03-16 09:04:57',9,'2017-03-16 09:04:57'),(490,719,'invoice','payment_open_delivered','2017-03-16',NULL,-432.08,NULL,NULL,NULL,NULL,NULL,9,'2017-03-16 09:05:01',9,'2017-03-16 09:05:01'),(491,897,NULL,'pay_in','2017-03-14',NULL,216.88,NULL,NULL,NULL,NULL,NULL,9,'2017-03-17 09:38:59',9,'2017-03-17 09:38:59'),(492,814,NULL,'pay_in','2017-03-14',NULL,959.83,NULL,NULL,NULL,NULL,NULL,9,'2017-03-17 09:39:37',9,'2017-03-17 09:39:37'),(493,411,'invoice','payment_open_delivered','2017-03-17',NULL,-1734.80,NULL,NULL,NULL,NULL,NULL,9,'2017-03-17 13:47:48',9,'2017-03-17 13:47:48'),(494,701,'invoice','payment_open_delivered','2017-03-17',NULL,-1345.61,NULL,NULL,NULL,NULL,NULL,9,'2017-03-17 13:56:32',9,'2017-03-17 13:56:32'),(495,858,'invoice','payment_open_delivered','2017-03-17',NULL,-266.82,NULL,NULL,NULL,NULL,NULL,9,'2017-03-17 13:56:36',9,'2017-03-17 13:56:36'),(496,920,'invoice','payment_open_delivered','2017-03-17',NULL,-1368.97,NULL,NULL,NULL,NULL,NULL,9,'2017-03-17 13:56:39',9,'2017-03-17 13:56:39'),(497,947,'invoice','payment_open_delivered','2017-03-17',NULL,-436.50,NULL,NULL,NULL,NULL,NULL,9,'2017-03-17 13:56:42',9,'2017-03-17 13:56:42'),(498,946,'invoice','payment_open_delivered','2017-03-17',NULL,-757.95,NULL,NULL,NULL,NULL,NULL,9,'2017-03-17 13:56:46',9,'2017-03-17 13:56:46'),(499,823,NULL,'pay_in','2017-03-16',NULL,944.68,NULL,NULL,NULL,NULL,NULL,1254,'2017-03-20 12:41:58',1254,'2017-03-20 12:41:58'),(500,196,NULL,'pay_in','2016-12-22',NULL,0.00,NULL,NULL,NULL,NULL,NULL,9,'2017-03-21 12:14:23',9,'2017-03-21 12:14:23'),(501,835,NULL,'pay_in','2017-02-21',NULL,434.49,NULL,NULL,NULL,NULL,NULL,9,'2017-03-21 12:16:17',9,'2017-03-21 12:16:17'),(502,721,NULL,'pay_in','2016-12-22',NULL,0.00,NULL,NULL,NULL,NULL,NULL,9,'2017-03-21 12:16:52',9,'2017-03-21 12:16:52'),(503,743,NULL,'pay_in','2017-02-02',NULL,1767.12,NULL,NULL,NULL,NULL,NULL,9,'2017-03-21 12:19:38',9,'2017-03-21 12:19:38'),(504,815,NULL,'pay_in','2017-03-21',NULL,2487.58,NULL,NULL,NULL,NULL,NULL,9,'2017-03-21 12:21:21',9,'2017-03-21 12:21:21'),(505,964,'invoice','payment_open_delivered','2017-03-21',NULL,-271.09,NULL,NULL,NULL,NULL,NULL,9,'2017-03-21 15:07:58',9,'2017-03-21 15:07:58'),(506,953,'invoice','payment_open_delivered','2017-03-27',NULL,-989.35,NULL,NULL,NULL,NULL,NULL,9,'2017-03-27 08:58:16',9,'2017-03-27 08:58:16'),(507,956,'invoice','payment_open_delivered','2017-03-27',NULL,-1194.52,NULL,NULL,NULL,NULL,NULL,9,'2017-03-27 08:58:20',9,'2017-03-27 08:58:20'),(508,960,'invoice','payment_open_delivered','2017-03-27',NULL,-797.50,NULL,NULL,NULL,NULL,NULL,9,'2017-03-27 08:58:24',9,'2017-03-27 08:58:24'),(509,602,'invoice','payment_open_delivered','2017-03-27',NULL,-584.61,NULL,NULL,NULL,NULL,NULL,9,'2017-03-27 08:58:28',9,'2017-03-27 08:58:28'),(510,986,'invoice','payment_open_delivered','2017-03-27',NULL,-375.35,NULL,NULL,NULL,NULL,NULL,9,'2017-03-27 08:58:31',9,'2017-03-27 08:58:31'),(511,903,NULL,'pay_in','2017-03-22',NULL,637.71,NULL,NULL,NULL,NULL,NULL,9,'2017-03-27 09:29:39',9,'2017-03-27 09:29:39'),(512,896,NULL,'pay_in','2017-03-23',NULL,940.34,NULL,NULL,NULL,NULL,NULL,9,'2017-03-27 11:15:05',9,'2017-03-27 11:15:05'),(513,411,NULL,'pay_in','2017-03-23',NULL,1734.80,NULL,NULL,NULL,NULL,NULL,9,'2017-03-27 11:16:35',9,'2017-03-27 11:16:35'),(514,932,NULL,'pay_in','2017-03-23',NULL,616.26,NULL,NULL,NULL,NULL,NULL,9,'2017-03-27 11:18:01',9,'2017-03-27 11:18:01'),(515,976,'invoice','payment_open_delivered','2017-03-28',NULL,-1588.39,NULL,NULL,NULL,NULL,NULL,9,'2017-03-28 12:25:19',9,'2017-03-28 12:25:19'),(516,973,'invoice','payment_open_delivered','2017-03-30',NULL,-789.38,NULL,NULL,NULL,NULL,NULL,9,'2017-03-30 14:09:00',9,'2017-03-30 14:09:00'),(517,507,NULL,'pay_in','2017-03-28',NULL,230.45,NULL,NULL,NULL,NULL,NULL,9,'2017-03-30 14:52:37',9,'2017-03-30 14:52:37'),(518,743,NULL,'pay_in','2017-03-28',NULL,0.00,NULL,NULL,NULL,NULL,NULL,9,'2017-03-30 14:55:56',9,'2017-03-30 14:55:56'),(519,962,'invoice','payment_open_delivered','2017-03-31',NULL,-508.85,NULL,NULL,NULL,NULL,NULL,9,'2017-03-31 12:45:02',9,'2017-03-31 12:45:02'),(520,716,'invoice','payment_open_delivered','2017-03-31',NULL,-182.31,NULL,NULL,NULL,NULL,NULL,9,'2017-03-31 12:45:05',9,'2017-03-31 12:45:05'),(521,999,'invoice','payment_open_delivered','2017-03-31',NULL,-259.66,NULL,NULL,NULL,NULL,NULL,9,'2017-03-31 12:45:08',9,'2017-03-31 12:45:08'),(522,1007,'invoice','payment_open_delivered','2017-03-31',NULL,-181.30,NULL,NULL,NULL,NULL,NULL,9,'2017-03-31 12:45:11',9,'2017-03-31 12:45:11'),(523,979,'invoice','payment_open_delivered','2017-03-31',NULL,-462.36,NULL,NULL,NULL,NULL,NULL,9,'2017-03-31 12:45:14',9,'2017-03-31 12:45:14'),(524,789,NULL,'pay_in','2017-03-28',NULL,593.26,NULL,NULL,NULL,NULL,NULL,9,'2017-04-03 08:54:17',9,'2017-04-03 08:54:17'),(525,863,NULL,'pay_in','2017-03-28',NULL,141.98,NULL,NULL,NULL,NULL,NULL,9,'2017-04-03 08:54:33',9,'2017-04-03 08:54:33'),(526,941,NULL,'pay_in','2017-03-28',NULL,494.07,NULL,NULL,NULL,NULL,NULL,9,'2017-04-03 08:56:04',9,'2017-04-03 08:56:04'),(527,1010,'invoice','payment_open_delivered','2017-04-04',NULL,-1313.01,NULL,NULL,NULL,NULL,NULL,9,'2017-04-04 11:46:55',9,'2017-04-04 11:46:55'),(528,923,NULL,'pay_in','2017-03-30',NULL,573.66,NULL,NULL,NULL,NULL,NULL,9,'2017-04-04 11:59:06',9,'2017-04-04 11:59:06'),(529,911,NULL,'pay_in','2017-03-30',NULL,762.16,NULL,NULL,NULL,NULL,NULL,9,'2017-04-04 11:59:37',9,'2017-04-04 11:59:37'),(530,915,NULL,'pay_in','2017-03-30',NULL,2296.08,NULL,NULL,NULL,NULL,NULL,9,'2017-04-04 12:00:07',9,'2017-04-04 12:00:07'),(531,921,NULL,'pay_in','2017-03-30',NULL,816.19,NULL,NULL,NULL,NULL,NULL,9,'2017-04-04 12:01:16',9,'2017-04-04 12:01:16'),(532,719,NULL,'pay_in','2017-03-30',NULL,432.08,NULL,NULL,NULL,NULL,NULL,9,'2017-04-04 12:02:51',9,'2017-04-04 12:02:51'),(533,902,NULL,'pay_in','2017-03-31',NULL,706.49,NULL,NULL,NULL,NULL,NULL,9,'2017-04-05 14:01:45',9,'2017-04-05 14:01:45'),(534,880,NULL,'pay_in','2017-03-31',NULL,890.24,NULL,NULL,NULL,NULL,NULL,9,'2017-04-05 14:03:41',9,'2017-04-05 14:03:41'),(535,981,'invoice','payment_open_delivered','2017-04-07',NULL,-1746.12,NULL,NULL,NULL,NULL,NULL,9,'2017-04-07 12:00:54',9,'2017-04-07 12:00:54'),(536,1002,'invoice','payment_open_delivered','2017-04-07',NULL,-530.97,NULL,NULL,NULL,NULL,NULL,9,'2017-04-07 12:01:00',9,'2017-04-07 12:01:00'),(537,959,'invoice','payment_open_delivered','2017-04-07',NULL,-323.16,NULL,NULL,NULL,NULL,NULL,9,'2017-04-07 12:01:04',9,'2017-04-07 12:01:04'),(538,934,'invoice','payment_open_delivered','2017-04-07',NULL,-540.45,NULL,NULL,NULL,NULL,NULL,9,'2017-04-07 12:01:07',9,'2017-04-07 12:01:07'),(539,937,NULL,'pay_in','2017-04-04',NULL,936.76,NULL,NULL,NULL,NULL,NULL,9,'2017-04-07 14:02:19',9,'2017-04-07 14:02:19'),(540,920,NULL,'pay_in','2017-04-04',NULL,1368.97,NULL,NULL,NULL,NULL,NULL,9,'2017-04-07 14:02:51',9,'2017-04-07 14:02:51'),(541,963,'invoice','payment_open_delivered','2017-04-12',NULL,-426.75,NULL,NULL,NULL,NULL,NULL,9,'2017-04-12 12:04:09',9,'2017-04-12 12:04:09'),(542,1014,'invoice','payment_open_delivered','2017-04-12',NULL,-1981.73,NULL,NULL,NULL,NULL,NULL,9,'2017-04-12 12:04:12',9,'2017-04-12 12:04:12'),(543,1021,'invoice','payment_open_delivered','2017-04-12',NULL,-312.80,NULL,NULL,NULL,NULL,NULL,9,'2017-04-12 12:04:16',9,'2017-04-12 12:04:16'),(544,1026,'invoice','payment_open_delivered','2017-04-12',NULL,-176.82,NULL,NULL,NULL,NULL,NULL,9,'2017-04-12 12:04:19',9,'2017-04-12 12:04:19'),(545,701,NULL,'pay_in','2017-04-06',NULL,1345.61,NULL,NULL,NULL,NULL,NULL,9,'2017-04-13 14:20:48',9,'2017-04-13 14:20:48'),(546,953,NULL,'pay_in','2017-04-06',NULL,989.35,NULL,NULL,NULL,NULL,NULL,9,'2017-04-13 14:21:33',9,'2017-04-13 14:21:33'),(547,960,NULL,'pay_in','2017-04-10',NULL,797.50,NULL,NULL,NULL,NULL,NULL,9,'2017-04-13 14:22:16',9,'2017-04-13 14:22:16'),(548,973,NULL,'pay_in','2017-04-11',NULL,789.38,NULL,NULL,NULL,NULL,NULL,9,'2017-04-13 14:22:56',9,'2017-04-13 14:22:56'),(549,925,'invoice','payment_open_delivered','2017-04-18',NULL,-2005.40,NULL,NULL,NULL,NULL,NULL,9,'2017-04-18 13:41:57',9,'2017-04-18 13:41:57'),(550,975,'invoice','payment_open_delivered','2017-04-18',NULL,-1026.07,NULL,NULL,NULL,NULL,NULL,9,'2017-04-18 13:42:01',9,'2017-04-18 13:42:01'),(551,1012,'invoice','payment_open_delivered','2017-04-18',NULL,-2345.70,NULL,NULL,NULL,NULL,NULL,9,'2017-04-18 13:42:04',9,'2017-04-18 13:42:04'),(552,1019,'invoice','payment_open_delivered','2017-04-18',NULL,-287.47,NULL,NULL,NULL,NULL,NULL,9,'2017-04-18 13:42:08',9,'2017-04-18 13:42:08'),(553,997,'invoice','payment_open_delivered','2017-04-18',NULL,-136.88,NULL,NULL,NULL,NULL,NULL,9,'2017-04-18 13:42:12',9,'2017-04-18 13:42:12'),(554,993,'invoice','payment_open_delivered','2017-04-18',NULL,-844.34,NULL,NULL,NULL,NULL,NULL,9,'2017-04-18 13:42:15',9,'2017-04-18 13:42:15'),(555,555,'invoice','payment_open_delivered','2017-04-18',NULL,-747.66,NULL,NULL,NULL,NULL,NULL,9,'2017-04-18 13:42:19',9,'2017-04-18 13:42:19'),(556,288,'invoice','payment_open_delivered','2017-04-18',NULL,-1785.12,NULL,NULL,NULL,NULL,NULL,9,'2017-04-18 13:42:22',9,'2017-04-18 13:42:22'),(557,1003,'invoice','payment_open_delivered','2017-04-18',NULL,-305.13,NULL,NULL,NULL,NULL,NULL,9,'2017-04-18 13:42:24',9,'2017-04-18 13:42:24'),(558,1016,'invoice','payment_open_delivered','2017-04-18',NULL,-311.89,NULL,NULL,NULL,NULL,NULL,9,'2017-04-18 13:42:28',9,'2017-04-18 13:42:28'),(559,1030,'invoice','payment_open_delivered','2017-04-18',NULL,-94.37,NULL,NULL,NULL,NULL,NULL,9,'2017-04-18 13:42:31',9,'2017-04-18 13:42:31'),(560,999,NULL,'pay_in','2017-04-18',NULL,259.66,NULL,NULL,NULL,NULL,NULL,9,'2017-04-21 13:43:22',9,'2017-04-21 13:43:22'),(561,962,NULL,'pay_in','2017-04-18',NULL,508.85,NULL,NULL,NULL,NULL,NULL,9,'2017-04-21 13:43:42',9,'2017-04-21 13:43:42'),(562,602,NULL,'pay_in','2017-04-18',NULL,584.61,NULL,NULL,NULL,NULL,NULL,9,'2017-04-21 13:44:04',9,'2017-04-21 13:44:04'),(563,1038,'invoice','payment_open_delivered','2017-04-24',NULL,-638.14,NULL,NULL,NULL,NULL,NULL,9,'2017-04-24 08:32:23',9,'2017-04-24 08:32:23'),(564,1025,'invoice','payment_open_delivered','2017-04-24',NULL,-177.30,NULL,NULL,NULL,NULL,NULL,9,'2017-04-24 08:32:27',9,'2017-04-24 08:32:27'),(565,1052,'invoice','payment_open_delivered','2017-04-24',NULL,-421.75,NULL,NULL,NULL,NULL,NULL,9,'2017-04-24 08:32:30',9,'2017-04-24 08:32:30'),(566,1053,'invoice','payment_open_delivered','2017-04-24',NULL,-700.09,NULL,NULL,NULL,NULL,NULL,9,'2017-04-24 08:32:34',9,'2017-04-24 08:32:34'),(567,1040,'invoice','payment_open_delivered','2017-04-26',NULL,-93.88,NULL,NULL,NULL,NULL,NULL,9,'2017-04-26 12:21:18',9,'2017-04-26 12:21:18'),(568,1041,'invoice','payment_open_delivered','2017-04-26',NULL,-81.95,NULL,NULL,NULL,NULL,NULL,9,'2017-04-26 12:21:23',9,'2017-04-26 12:21:23'),(569,1042,'invoice','payment_open_delivered','2017-04-26',NULL,-855.36,NULL,NULL,NULL,NULL,NULL,9,'2017-04-26 12:21:26',9,'2017-04-26 12:21:26'),(570,1034,'invoice','payment_open_delivered','2017-04-26',NULL,-1160.24,NULL,NULL,NULL,NULL,NULL,9,'2017-04-26 12:21:29',9,'2017-04-26 12:21:29'),(571,1049,'invoice','payment_open_delivered','2017-04-26',NULL,-1147.66,NULL,NULL,NULL,NULL,NULL,9,'2017-04-26 12:21:33',9,'2017-04-26 12:21:33'),(572,943,'invoice','payment_open_delivered','2017-04-26',NULL,-619.04,NULL,NULL,NULL,NULL,NULL,9,'2017-04-26 12:21:36',9,'2017-04-26 12:21:36'),(573,1061,'invoice','payment_open_delivered','2017-04-27',NULL,-187.04,NULL,NULL,NULL,NULL,NULL,9,'2017-04-27 06:38:39',9,'2017-04-27 06:38:39'),(574,1051,'invoice','payment_open_delivered','2017-04-27',NULL,-875.63,NULL,NULL,NULL,NULL,NULL,9,'2017-04-27 12:31:22',9,'2017-04-27 12:31:22'),(575,858,NULL,'pay_in','2017-04-25',NULL,266.82,NULL,NULL,NULL,NULL,NULL,9,'2017-04-28 11:21:42',9,'2017-04-28 11:21:42'),(576,959,NULL,'pay_in','2017-04-25',NULL,323.16,NULL,NULL,NULL,NULL,NULL,9,'2017-04-28 11:22:13',9,'2017-04-28 11:22:13'),(577,716,NULL,'pay_in','2017-04-25',NULL,182.31,NULL,NULL,NULL,NULL,NULL,9,'2017-04-28 11:22:42',9,'2017-04-28 11:22:42'),(578,1060,'invoice','payment_open_delivered','2017-05-05',NULL,-1958.50,NULL,NULL,NULL,NULL,NULL,9,'2017-05-05 08:09:11',9,'2017-05-05 08:09:11'),(579,811,'invoice','payment_open_delivered','2017-05-05',NULL,-473.44,NULL,NULL,NULL,NULL,NULL,9,'2017-05-05 11:08:15',9,'2017-05-05 11:08:15'),(580,1064,'invoice','payment_open_delivered','2017-05-05',NULL,-630.83,NULL,NULL,NULL,NULL,NULL,9,'2017-05-05 11:08:19',9,'2017-05-05 11:08:19'),(581,1006,'invoice','payment_open_delivered','2017-05-05',NULL,-908.57,NULL,NULL,NULL,NULL,NULL,9,'2017-05-05 11:08:22',9,'2017-05-05 11:08:22'),(582,876,'invoice','payment_open_delivered','2017-05-05',NULL,-1245.92,NULL,NULL,NULL,NULL,NULL,9,'2017-05-05 11:08:25',9,'2017-05-05 11:08:25'),(583,1013,'invoice','payment_open_delivered','2017-05-05',NULL,-423.16,NULL,NULL,NULL,NULL,NULL,9,'2017-05-05 11:08:28',9,'2017-05-05 11:08:28'),(584,1059,'invoice','payment_open_delivered','2017-05-05',NULL,-1532.84,NULL,NULL,NULL,NULL,NULL,9,'2017-05-05 11:08:31',9,'2017-05-05 11:08:31'),(585,963,NULL,'pay_in','2017-04-27',NULL,426.75,NULL,NULL,NULL,NULL,NULL,9,'2017-05-05 13:16:40',9,'2017-05-05 13:16:40'),(586,981,NULL,'pay_in','2017-04-27',NULL,1746.12,NULL,NULL,NULL,NULL,NULL,9,'2017-05-05 13:18:18',9,'2017-05-05 13:18:18'),(587,1014,NULL,'pay_in','2017-04-27',NULL,1981.73,NULL,NULL,NULL,NULL,NULL,9,'2017-05-05 13:19:02',9,'2017-05-05 13:19:02'),(588,993,NULL,'pay_in','2017-05-03',NULL,844.34,NULL,NULL,NULL,NULL,NULL,9,'2017-05-05 13:24:54',9,'2017-05-05 13:24:54'),(589,1070,'invoice','payment_open_delivered','2017-05-12',NULL,-420.92,NULL,NULL,NULL,NULL,NULL,9,'2017-05-12 08:30:57',9,'2017-05-12 08:30:57'),(590,1082,'invoice','payment_open_delivered','2017-05-12',NULL,-871.68,NULL,NULL,NULL,NULL,NULL,9,'2017-05-12 08:31:01',9,'2017-05-12 08:31:01'),(591,966,'invoice','payment_open_delivered','2017-05-12',NULL,-557.34,NULL,NULL,NULL,NULL,NULL,9,'2017-05-12 08:31:03',9,'2017-05-12 08:31:03'),(592,419,'invoice','payment_open_delivered','2017-05-12',NULL,-268.82,NULL,NULL,NULL,NULL,NULL,9,'2017-05-12 08:31:07',9,'2017-05-12 08:31:07'),(593,1085,'invoice','payment_open_delivered','2017-05-12',NULL,-271.44,NULL,NULL,NULL,NULL,NULL,9,'2017-05-12 08:31:09',9,'2017-05-12 08:31:09'),(594,1068,'invoice','payment_open_delivered','2017-05-12',NULL,-2557.82,NULL,NULL,NULL,NULL,NULL,9,'2017-05-12 08:31:13',9,'2017-05-12 08:31:13'),(595,1063,'invoice','payment_open_delivered','2017-05-12',NULL,-2401.44,NULL,NULL,NULL,NULL,NULL,9,'2017-05-12 08:31:16',9,'2017-05-12 08:31:16'),(596,1090,'invoice','payment_open_delivered','2017-05-12',NULL,-444.29,NULL,NULL,NULL,NULL,NULL,9,'2017-05-12 08:31:19',9,'2017-05-12 08:31:19'),(597,978,'invoice','payment_open_delivered','2017-05-12',NULL,-155.64,NULL,NULL,NULL,NULL,NULL,9,'2017-05-12 08:31:22',9,'2017-05-12 08:31:22'),(598,986,NULL,'pay_in','2017-05-09',NULL,375.35,NULL,NULL,NULL,NULL,NULL,9,'2017-05-12 14:22:31',9,'2017-05-12 14:22:31'),(599,922,NULL,'pay_in','2017-05-09',NULL,249.18,NULL,NULL,NULL,NULL,NULL,9,'2017-05-12 14:23:19',9,'2017-05-12 14:23:19'),(600,1007,NULL,'pay_in','2017-05-09',NULL,181.30,NULL,NULL,NULL,NULL,NULL,9,'2017-05-12 14:24:30',9,'2017-05-12 14:24:30'),(601,964,NULL,'pay_in','2017-05-09',NULL,271.09,NULL,NULL,NULL,NULL,NULL,9,'2017-05-12 14:24:55',9,'2017-05-12 14:24:55'),(602,947,NULL,'pay_in','2017-05-09',NULL,436.50,NULL,NULL,NULL,NULL,NULL,9,'2017-05-12 14:25:27',9,'2017-05-12 14:25:27'),(603,1042,NULL,'pay_in','2017-05-11',NULL,855.36,NULL,NULL,NULL,NULL,NULL,9,'2017-05-17 13:53:15',9,'2017-05-17 13:53:15'),(604,943,NULL,'pay_in','2017-05-11',NULL,619.04,NULL,NULL,NULL,NULL,NULL,9,'2017-05-17 13:53:52',9,'2017-05-17 13:53:52'),(605,1049,NULL,'pay_in','2017-05-11',NULL,1147.66,NULL,NULL,NULL,NULL,NULL,9,'2017-05-17 13:54:49',9,'2017-05-17 13:54:49'),(606,1034,NULL,'pay_in','2017-05-11',NULL,1160.24,NULL,NULL,NULL,NULL,NULL,9,'2017-05-17 13:55:02',9,'2017-05-17 13:55:02'),(607,1051,NULL,'pay_in','2017-05-15',NULL,875.63,NULL,NULL,NULL,NULL,NULL,9,'2017-05-17 13:55:41',9,'2017-05-17 13:55:41'),(608,1068,'invoice','payment_open_delivered','2017-05-19',NULL,-112.32,NULL,NULL,NULL,NULL,NULL,9,'2017-05-19 07:45:22',9,'2017-05-19 07:45:22'),(609,1086,'invoice','payment_open_delivered','2017-05-19',NULL,-686.33,NULL,NULL,NULL,NULL,NULL,9,'2017-05-19 09:01:20',9,'2017-05-19 09:01:20'),(610,1084,'invoice','payment_open_delivered','2017-05-19',NULL,-686.58,NULL,NULL,NULL,NULL,NULL,9,'2017-05-19 09:01:23',9,'2017-05-19 09:01:23'),(611,1087,'invoice','payment_open_delivered','2017-05-19',NULL,-686.58,NULL,NULL,NULL,NULL,NULL,9,'2017-05-19 09:01:26',9,'2017-05-19 09:01:26'),(612,1088,'invoice','payment_open_delivered','2017-05-19',NULL,-686.58,NULL,NULL,NULL,NULL,NULL,9,'2017-05-19 09:01:29',9,'2017-05-19 09:01:29'),(613,1089,'invoice','payment_open_delivered','2017-05-19',NULL,-684.05,NULL,NULL,NULL,NULL,NULL,9,'2017-05-19 09:01:31',9,'2017-05-19 09:01:31'),(614,869,'invoice','payment_open_delivered','2017-05-22',NULL,-656.38,NULL,NULL,NULL,NULL,NULL,9,'2017-05-22 09:37:26',9,'2017-05-22 09:37:26'),(615,1015,'invoice','payment_open_delivered','2017-05-22',NULL,-2115.17,NULL,NULL,NULL,NULL,NULL,9,'2017-05-22 09:37:30',9,'2017-05-22 09:37:30'),(616,291,'invoice','payment_open_delivered','2017-05-22',NULL,-605.99,NULL,NULL,NULL,NULL,NULL,9,'2017-05-22 09:37:34',9,'2017-05-22 09:37:34'),(617,477,'invoice','payment_open_delivered','2017-05-22',NULL,-301.12,NULL,NULL,NULL,NULL,NULL,9,'2017-05-22 09:37:37',9,'2017-05-22 09:37:37'),(618,1099,'invoice','payment_open_delivered','2017-05-22',NULL,-320.42,NULL,NULL,NULL,NULL,NULL,9,'2017-05-22 09:37:41',9,'2017-05-22 09:37:41'),(619,1096,'invoice','payment_open_delivered','2017-05-22',NULL,-545.52,NULL,NULL,NULL,NULL,NULL,9,'2017-05-22 09:37:44',9,'2017-05-22 09:37:44'),(620,1054,'invoice','payment_open_delivered','2017-05-22',NULL,-826.35,NULL,NULL,NULL,NULL,NULL,9,'2017-05-22 09:37:47',9,'2017-05-22 09:37:47'),(621,1103,'invoice','payment_open_delivered','2017-05-30',NULL,-1197.61,NULL,NULL,NULL,NULL,NULL,9,'2017-05-30 08:28:39',9,'2017-05-30 08:28:39'),(622,1104,'invoice','payment_open_delivered','2017-05-30',NULL,-878.56,NULL,NULL,NULL,NULL,NULL,9,'2017-05-30 08:28:43',9,'2017-05-30 08:28:43'),(623,1081,'invoice','payment_open_delivered','2017-05-30',NULL,-717.31,NULL,NULL,NULL,NULL,NULL,9,'2017-05-30 08:28:45',9,'2017-05-30 08:28:45'),(624,1092,'invoice','payment_open_delivered','2017-05-30',NULL,-975.04,NULL,NULL,NULL,NULL,NULL,9,'2017-05-30 08:28:48',9,'2017-05-30 08:28:48'),(625,1108,'invoice','payment_open_delivered','2017-05-30',NULL,-948.25,NULL,NULL,NULL,NULL,NULL,9,'2017-05-30 08:28:51',9,'2017-05-30 08:28:51'),(626,1046,'invoice','payment_open_delivered','2017-05-30',NULL,-543.71,NULL,NULL,NULL,NULL,NULL,9,'2017-05-30 08:28:53',9,'2017-05-30 08:28:53'),(627,1005,'invoice','payment_open_delivered','2017-05-30',NULL,-752.94,NULL,NULL,NULL,NULL,NULL,9,'2017-05-30 08:28:57',9,'2017-05-30 08:28:57'),(628,1111,'invoice','payment_open_delivered','2017-05-30',NULL,-1712.28,NULL,NULL,NULL,NULL,NULL,9,'2017-05-30 08:29:00',9,'2017-05-30 08:29:00'),(629,1098,'invoice','payment_open_delivered','2017-05-30',NULL,-3233.02,NULL,NULL,NULL,NULL,NULL,9,'2017-05-30 08:29:02',9,'2017-05-30 08:29:02'),(630,1114,'invoice','payment_open_delivered','2017-05-30',NULL,-1642.55,NULL,NULL,NULL,NULL,NULL,9,'2017-05-30 08:29:06',9,'2017-05-30 08:29:06'),(631,1102,'invoice','payment_open_delivered','2017-05-30',NULL,-769.48,NULL,NULL,NULL,NULL,NULL,9,'2017-05-30 08:29:10',9,'2017-05-30 08:29:10'),(632,1118,'invoice','payment_open_delivered','2017-05-30',NULL,-1025.84,NULL,NULL,NULL,NULL,NULL,9,'2017-05-30 08:29:12',9,'2017-05-30 08:29:12'),(633,1120,'invoice','payment_open_delivered','2017-05-30',NULL,-853.89,NULL,NULL,NULL,NULL,NULL,9,'2017-05-30 08:29:15',9,'2017-05-30 08:29:15'),(634,1117,'invoice','payment_open_delivered','2017-05-30',NULL,-1599.93,NULL,NULL,NULL,NULL,NULL,9,'2017-05-30 08:29:17',9,'2017-05-30 08:29:17'),(635,1068,'invoice','storno','2017-05-30',NULL,112.32,NULL,NULL,NULL,NULL,NULL,9,'2017-05-30 13:04:26',9,'2017-05-30 13:04:26'),(636,876,NULL,'pay_in','2017-05-24',NULL,1245.92,NULL,NULL,NULL,NULL,NULL,9,'2017-05-31 14:35:51',9,'2017-05-31 14:35:51'),(637,1060,NULL,'pay_in','2017-05-24',NULL,1958.50,NULL,NULL,NULL,NULL,NULL,9,'2017-05-31 14:36:05',9,'2017-05-31 14:36:05'),(638,1013,NULL,'pay_in','2017-05-24',NULL,423.16,NULL,NULL,NULL,NULL,NULL,9,'2017-05-31 14:36:20',9,'2017-05-31 14:36:20'),(639,1041,NULL,'pay_in','2017-05-16',NULL,81.95,NULL,NULL,NULL,NULL,NULL,9,'2017-05-31 14:36:35',9,'2017-05-31 14:36:35'),(640,1040,NULL,'pay_in','2017-05-16',NULL,93.88,NULL,NULL,NULL,NULL,NULL,9,'2017-05-31 14:36:48',9,'2017-05-31 14:36:48'),(641,1003,NULL,'pay_in','2017-05-18',NULL,305.13,NULL,NULL,NULL,NULL,NULL,9,'2017-05-31 14:37:01',9,'2017-05-31 14:37:01'),(642,1053,NULL,'pay_in','2017-05-19',NULL,700.09,NULL,NULL,NULL,NULL,NULL,9,'2017-05-31 14:37:21',9,'2017-05-31 14:37:21'),(643,1052,NULL,'pay_in','2017-05-19',NULL,421.75,NULL,NULL,NULL,NULL,NULL,9,'2017-05-31 14:37:35',9,'2017-05-31 14:37:35'),(644,1064,NULL,'pay_in','2017-05-22',NULL,630.83,NULL,NULL,NULL,NULL,NULL,9,'2017-05-31 14:37:50',9,'2017-05-31 14:37:50'),(645,1059,NULL,'pay_in','2017-05-23',NULL,1532.84,NULL,NULL,NULL,NULL,NULL,9,'2017-05-31 14:38:04',9,'2017-05-31 14:38:04'),(646,811,NULL,'pay_in','2017-05-24',NULL,473.44,NULL,NULL,NULL,NULL,NULL,9,'2017-05-31 14:38:17',9,'2017-05-31 14:38:17'),(647,1115,'invoice','payment_open_delivered','2017-06-08',NULL,-1456.83,NULL,NULL,NULL,NULL,NULL,9,'2017-06-08 07:46:52',9,'2017-06-08 07:46:52'),(648,1125,'invoice','payment_open_delivered','2017-06-08',NULL,-361.39,NULL,NULL,NULL,NULL,NULL,9,'2017-06-08 07:46:55',9,'2017-06-08 07:46:55'),(649,1130,'invoice','payment_open_delivered','2017-06-08',NULL,-948.93,NULL,NULL,NULL,NULL,NULL,9,'2017-06-08 07:46:58',9,'2017-06-08 07:46:58'),(650,1131,'invoice','payment_open_delivered','2017-06-08',NULL,-642.47,NULL,NULL,NULL,NULL,NULL,9,'2017-06-08 07:47:01',9,'2017-06-08 07:47:01'),(651,1141,'invoice','payment_open_delivered','2017-06-08',NULL,-446.38,NULL,NULL,NULL,NULL,NULL,9,'2017-06-08 07:47:04',9,'2017-06-08 07:47:04'),(652,1070,NULL,'pay_in','2017-05-30',NULL,420.92,NULL,NULL,NULL,NULL,NULL,9,'2017-06-08 08:51:22',9,'2017-06-08 08:51:22'),(653,966,NULL,'pay_in','2017-05-30',NULL,557.34,NULL,NULL,NULL,NULL,NULL,9,'2017-06-08 08:51:47',9,'2017-06-08 08:51:47'),(654,1090,NULL,'pay_in','2017-05-30',NULL,444.29,NULL,NULL,NULL,NULL,NULL,9,'2017-06-08 08:52:12',9,'2017-06-08 08:52:12'),(655,978,NULL,'pay_in','2017-05-30',NULL,155.64,NULL,NULL,NULL,NULL,NULL,9,'2017-06-08 08:52:33',9,'2017-06-08 08:52:33'),(656,419,NULL,'pay_in','2017-05-30',NULL,268.82,NULL,NULL,NULL,NULL,NULL,9,'2017-06-08 08:53:47',9,'2017-06-08 08:53:47'),(657,1085,NULL,'pay_in','2017-05-30',NULL,271.44,NULL,NULL,NULL,NULL,NULL,9,'2017-06-08 08:55:08',9,'2017-06-08 08:55:08'),(658,1068,NULL,'pay_in','2017-05-30',NULL,2557.82,NULL,NULL,NULL,NULL,NULL,9,'2017-06-08 08:55:24',9,'2017-06-08 08:55:24'),(659,1063,NULL,'pay_in','2017-05-30',NULL,2401.44,NULL,NULL,NULL,NULL,NULL,9,'2017-06-08 08:55:46',9,'2017-06-08 08:55:46'),(660,288,NULL,'pay_in','2017-06-01',NULL,1785.12,NULL,NULL,NULL,NULL,NULL,9,'2017-06-08 08:56:13',9,'2017-06-08 08:56:13'),(661,1139,'invoice','payment_open_delivered','2017-06-14',NULL,-885.74,NULL,NULL,NULL,NULL,NULL,9,'2017-06-14 06:59:34',9,'2017-06-14 06:59:34'),(662,124,'invoice','payment_open_delivered','2017-06-14',NULL,-741.48,NULL,NULL,NULL,NULL,NULL,9,'2017-06-14 06:59:37',9,'2017-06-14 06:59:37'),(663,501,'invoice','payment_open_delivered','2017-06-14',NULL,-3167.83,NULL,NULL,NULL,NULL,NULL,9,'2017-06-14 10:25:00',9,'2017-06-14 10:25:00'),(664,1141,'invoice','storno','2017-06-14',NULL,106.80,NULL,NULL,NULL,NULL,NULL,9,'2017-06-14 13:31:21',9,'2017-06-14 13:31:21'),(665,291,NULL,'pay_in','2017-06-06',NULL,605.99,NULL,NULL,NULL,NULL,NULL,9,'2017-06-16 09:41:00',9,'2017-06-16 09:41:00'),(666,1015,NULL,'pay_in','2017-06-06',NULL,2115.17,NULL,NULL,NULL,NULL,NULL,9,'2017-06-16 09:41:16',9,'2017-06-16 09:41:16'),(667,1089,NULL,'pay_in','2017-06-08',NULL,684.05,NULL,NULL,NULL,NULL,NULL,9,'2017-06-16 09:41:48',9,'2017-06-16 09:41:48'),(668,1096,NULL,'pay_in','2017-06-08',NULL,545.52,NULL,NULL,NULL,NULL,NULL,9,'2017-06-16 09:42:43',9,'2017-06-16 09:42:43'),(669,1054,NULL,'pay_in','2017-06-08',NULL,826.35,NULL,NULL,NULL,NULL,NULL,9,'2017-06-16 09:42:59',9,'2017-06-16 09:42:59'),(670,958,'invoice','payment_open_delivered','2017-06-16',NULL,-301.35,NULL,NULL,NULL,NULL,NULL,9,'2017-06-16 10:02:40',9,'2017-06-16 10:02:40'),(671,1105,'invoice','payment_open_delivered','2017-06-16',NULL,-2011.51,NULL,NULL,NULL,NULL,NULL,9,'2017-06-16 10:02:44',9,'2017-06-16 10:02:44'),(672,1135,'invoice','payment_open_delivered','2017-06-16',NULL,-441.22,NULL,NULL,NULL,NULL,NULL,9,'2017-06-16 10:02:47',9,'2017-06-16 10:02:47'),(673,1155,'invoice','payment_open_delivered','2017-06-16',NULL,-607.06,NULL,NULL,NULL,NULL,NULL,9,'2017-06-16 10:02:50',9,'2017-06-16 10:02:50'),(674,1156,'invoice','payment_open_delivered','2017-06-16',NULL,-294.57,NULL,NULL,NULL,NULL,NULL,9,'2017-06-16 10:02:53',9,'2017-06-16 10:02:53'),(675,1164,'invoice','payment_open_delivered','2017-06-22',NULL,-846.68,NULL,NULL,NULL,NULL,NULL,9,'2017-06-22 11:28:31',9,'2017-06-22 11:28:31'),(676,1046,NULL,'pay_in','2017-06-13',NULL,543.71,NULL,NULL,NULL,NULL,NULL,9,'2017-06-23 07:34:08',9,'2017-06-23 07:34:08'),(677,1082,NULL,'pay_in','2017-06-16',NULL,871.68,NULL,NULL,NULL,NULL,NULL,9,'2017-06-23 07:35:01',9,'2017-06-23 07:35:01'),(678,1005,NULL,'pay_in','2017-06-16',NULL,752.94,NULL,NULL,NULL,NULL,NULL,9,'2017-06-23 07:35:42',9,'2017-06-23 07:35:42'),(679,1102,NULL,'pay_in','2017-06-20',NULL,769.48,NULL,NULL,NULL,NULL,NULL,9,'2017-06-23 07:36:31',9,'2017-06-23 07:36:31'),(680,1084,NULL,'pay_in','2017-06-20',NULL,686.58,NULL,NULL,NULL,NULL,NULL,9,'2017-06-23 07:38:35',9,'2017-06-23 07:38:35'),(681,1087,NULL,'pay_in','2017-06-20',NULL,686.58,NULL,NULL,NULL,NULL,NULL,9,'2017-06-23 07:38:57',9,'2017-06-23 07:38:57'),(682,1088,NULL,'pay_in','2017-06-20',NULL,686.58,NULL,NULL,NULL,NULL,NULL,9,'2017-06-23 07:39:29',9,'2017-06-23 07:39:29'),(683,1098,NULL,'pay_in','2017-06-20',NULL,3233.02,NULL,NULL,NULL,NULL,NULL,9,'2017-06-23 07:53:16',9,'2017-06-23 07:53:16'),(684,1120,NULL,'pay_in','2017-06-20',NULL,853.89,NULL,NULL,NULL,NULL,NULL,9,'2017-06-23 07:53:39',9,'2017-06-23 07:53:39'),(685,1108,NULL,'pay_in','2017-06-20',NULL,948.25,NULL,NULL,NULL,NULL,NULL,9,'2017-06-23 07:54:08',9,'2017-06-23 07:54:08'),(686,1111,NULL,'pay_in','2017-06-20',NULL,1712.28,NULL,NULL,NULL,NULL,NULL,9,'2017-06-23 07:54:31',9,'2017-06-23 07:54:31'),(687,1114,NULL,'pay_in','2017-06-20',NULL,1642.55,NULL,NULL,NULL,NULL,NULL,9,'2017-06-23 07:54:54',9,'2017-06-23 07:54:54'),(688,1118,NULL,'pay_in','2017-06-20',NULL,1025.84,NULL,NULL,NULL,NULL,NULL,9,'2017-06-23 07:55:16',9,'2017-06-23 07:55:16'),(689,1104,NULL,'pay_in','2017-06-20',NULL,878.56,NULL,NULL,NULL,NULL,NULL,9,'2017-06-23 07:55:39',9,'2017-06-23 07:55:39'),(690,1103,NULL,'pay_in','2017-06-20',NULL,1197.61,NULL,NULL,NULL,NULL,NULL,9,'2017-06-23 07:56:05',9,'2017-06-23 07:56:05'),(691,1092,NULL,'pay_in','2017-06-20',NULL,975.04,NULL,NULL,NULL,NULL,NULL,9,'2017-06-23 08:04:18',9,'2017-06-23 08:04:18'),(692,18,NULL,'pay_in','2016-05-24',NULL,15.49,NULL,NULL,NULL,NULL,NULL,9,'2017-06-23 08:17:10',9,'2017-06-23 08:17:10'),(693,28,NULL,'pay_in','2016-05-31',NULL,5.53,NULL,NULL,NULL,NULL,NULL,9,'2017-06-23 08:18:06',9,'2017-06-23 08:18:06'),(694,41,NULL,'pay_in','2016-10-11',NULL,13.65,NULL,NULL,NULL,NULL,NULL,9,'2017-06-23 08:18:43',9,'2017-06-23 08:18:43'),(695,51,NULL,'pay_in','2016-06-09',NULL,16.79,NULL,NULL,NULL,NULL,NULL,9,'2017-06-23 08:19:17',9,'2017-06-23 08:19:17'),(696,55,NULL,'pay_in','2016-06-09',NULL,5.89,NULL,NULL,NULL,NULL,NULL,9,'2017-06-23 08:20:18',9,'2017-06-23 08:20:18'),(697,54,NULL,'pay_in','2017-06-14',NULL,15.50,NULL,NULL,NULL,NULL,NULL,9,'2017-06-23 08:21:26',9,'2017-06-23 08:21:26'),(698,69,NULL,'pay_in','2016-07-27',NULL,6.77,NULL,NULL,NULL,NULL,NULL,9,'2017-06-23 08:22:22',9,'2017-06-23 08:22:22'),(699,21,NULL,'pay_in','2016-06-14',NULL,9.11,NULL,NULL,NULL,NULL,NULL,9,'2017-06-23 08:23:18',9,'2017-06-23 08:23:18'),(700,36,NULL,'pay_in','2016-06-14',NULL,9.91,NULL,NULL,NULL,NULL,NULL,9,'2017-06-23 08:23:51',9,'2017-06-23 08:23:51'),(701,46,NULL,'pay_in','2016-06-16',NULL,32.52,NULL,NULL,NULL,NULL,NULL,9,'2017-06-23 08:24:09',9,'2017-06-23 08:24:09'),(702,76,NULL,'pay_in','2016-06-28',NULL,182.68,NULL,NULL,NULL,NULL,NULL,9,'2017-06-23 08:24:46',9,'2017-06-23 08:24:46'),(703,77,NULL,'pay_in','2016-06-21',NULL,18.63,NULL,NULL,NULL,NULL,NULL,9,'2017-06-23 08:25:35',9,'2017-06-23 08:25:35'),(704,56,NULL,'pay_in','2016-06-30',NULL,6.89,NULL,NULL,NULL,NULL,NULL,9,'2017-06-23 08:25:53',9,'2017-06-23 08:25:53'),(705,86,NULL,'pay_in','2017-06-23',NULL,14.99,NULL,NULL,NULL,NULL,NULL,9,'2017-06-23 08:26:26',9,'2017-06-23 08:26:26'),(706,92,NULL,'pay_in','2016-06-28',NULL,7.80,NULL,NULL,NULL,NULL,NULL,9,'2017-06-23 08:26:51',9,'2017-06-23 08:26:51'),(707,114,NULL,'pay_in','2016-07-05',NULL,121.92,NULL,NULL,NULL,NULL,NULL,9,'2017-06-23 08:27:13',9,'2017-06-23 08:27:13'),(708,130,NULL,'pay_in','2017-07-27',NULL,7.83,NULL,NULL,NULL,NULL,NULL,9,'2017-06-23 08:28:00',9,'2017-06-23 08:28:00'),(709,33,NULL,'pay_in','2016-07-27',NULL,7.18,NULL,NULL,NULL,NULL,NULL,9,'2017-06-23 08:28:37',9,'2017-06-23 08:28:37'),(710,103,NULL,'pay_out','2016-06-29',NULL,-24.76,NULL,NULL,NULL,NULL,NULL,9,'2017-06-23 08:29:33',9,'2017-06-23 08:29:33'),(711,183,NULL,'pay_in','2016-07-27',NULL,14.45,NULL,NULL,NULL,NULL,NULL,9,'2017-06-23 08:30:03',9,'2017-06-23 08:30:03'),(712,78,NULL,'pay_in','2016-07-27',NULL,12.75,NULL,NULL,NULL,NULL,NULL,9,'2017-06-23 08:30:43',9,'2017-06-23 08:30:43'),(713,117,NULL,'pay_in','2017-06-23',NULL,19.29,NULL,NULL,NULL,NULL,NULL,9,'2017-06-23 08:31:15',9,'2017-06-23 08:31:15'),(714,115,NULL,'pay_in','2016-07-27',NULL,8.02,NULL,NULL,NULL,NULL,NULL,9,'2017-06-23 08:31:33',9,'2017-06-23 08:31:33'),(715,204,NULL,'pay_in','2016-07-29',NULL,28.43,NULL,NULL,NULL,NULL,NULL,9,'2017-06-23 08:32:05',9,'2017-06-23 08:32:05'),(716,127,NULL,'pay_in','2016-08-19',NULL,9.29,NULL,NULL,NULL,NULL,NULL,9,'2017-06-23 08:32:23',9,'2017-06-23 08:32:23'),(717,233,NULL,'pay_in','2016-07-13',NULL,26.21,NULL,NULL,NULL,NULL,NULL,9,'2017-06-23 08:32:47',9,'2017-06-23 08:32:47'),(718,238,NULL,'pay_in','2016-08-19',NULL,64.37,NULL,NULL,NULL,NULL,NULL,9,'2017-06-23 08:33:12',9,'2017-06-23 08:33:12'),(719,881,NULL,'pay_in','2017-03-28',NULL,488.31,NULL,NULL,NULL,NULL,NULL,9,'2017-06-23 08:34:43',9,'2017-06-23 08:34:43'),(720,946,NULL,'pay_in','2017-04-04',NULL,757.95,NULL,NULL,NULL,NULL,NULL,9,'2017-06-23 08:36:36',9,'2017-06-23 08:36:36'),(721,1002,NULL,'pay_in','2017-05-02',NULL,530.97,NULL,NULL,NULL,NULL,NULL,9,'2017-06-23 08:38:07',9,'2017-06-23 08:38:07'),(722,979,NULL,'pay_in','2017-04-18',NULL,462.36,NULL,NULL,NULL,NULL,NULL,9,'2017-06-23 08:38:37',9,'2017-06-23 08:38:37'),(723,1010,NULL,'pay_in','2017-05-02',NULL,1313.01,NULL,NULL,NULL,NULL,NULL,9,'2017-06-23 08:38:59',9,'2017-06-23 08:38:59'),(724,934,NULL,'pay_in','2017-05-02',NULL,540.45,NULL,NULL,NULL,NULL,NULL,9,'2017-06-23 08:39:48',9,'2017-06-23 08:39:48'),(725,1019,NULL,'pay_in','2017-05-02',NULL,287.47,NULL,NULL,NULL,NULL,NULL,9,'2017-06-23 08:40:19',9,'2017-06-23 08:40:19'),(726,1012,NULL,'pay_in','2017-05-02',NULL,2345.70,NULL,NULL,NULL,NULL,NULL,9,'2017-06-23 08:40:44',9,'2017-06-23 08:40:44'),(727,997,NULL,'pay_in','2017-05-02',NULL,136.88,NULL,NULL,NULL,NULL,NULL,9,'2017-06-23 08:42:09',9,'2017-06-23 08:42:09'),(728,555,NULL,'pay_in','2017-05-04',NULL,747.66,NULL,NULL,NULL,NULL,NULL,9,'2017-06-23 08:42:26',9,'2017-06-23 08:42:26'),(729,1030,NULL,'pay_in','2017-05-02',NULL,94.37,NULL,NULL,NULL,NULL,NULL,9,'2017-06-23 08:43:08',9,'2017-06-23 08:43:08'),(730,511,NULL,'pay_in','2016-10-25',NULL,2865.36,NULL,NULL,NULL,NULL,NULL,9,'2017-06-23 09:18:40',9,'2017-06-23 09:18:40'),(731,862,NULL,'pay_in','2017-03-23',NULL,970.14,NULL,NULL,NULL,NULL,NULL,9,'2017-06-23 09:19:41',9,'2017-06-23 09:19:41'),(732,925,NULL,'pay_in','2017-05-02',NULL,2005.40,NULL,NULL,NULL,NULL,NULL,9,'2017-06-23 09:20:22',9,'2017-06-23 09:20:22'),(733,1160,'invoice','payment_open_delivered','2017-06-23',NULL,-1396.65,NULL,NULL,NULL,NULL,NULL,9,'2017-06-23 12:19:17',9,'2017-06-23 12:19:17'),(734,1163,'invoice','payment_open_delivered','2017-06-23',NULL,-1377.30,NULL,NULL,NULL,NULL,NULL,9,'2017-06-23 12:19:21',9,'2017-06-23 12:19:21'),(735,1147,'invoice','payment_open_delivered','2017-06-23',NULL,-767.44,NULL,NULL,NULL,NULL,NULL,9,'2017-06-23 12:19:24',9,'2017-06-23 12:19:24'),(736,1163,'invoice','storno','2017-06-23',NULL,224.40,NULL,NULL,NULL,NULL,NULL,9,'2017-06-23 12:20:38',9,'2017-06-23 12:20:38'),(737,1170,'invoice','payment_open_delivered','2017-06-28',NULL,-1189.66,NULL,NULL,NULL,NULL,NULL,9,'2017-06-28 09:19:03',9,'2017-06-28 09:19:03'),(738,1168,'invoice','payment_open_delivered','2017-06-28',NULL,-591.63,NULL,NULL,NULL,NULL,NULL,9,'2017-06-28 09:19:07',9,'2017-06-28 09:19:07'),(739,1172,'invoice','payment_open_delivered','2017-06-28',NULL,-846.12,NULL,NULL,NULL,NULL,NULL,9,'2017-06-28 09:19:11',9,'2017-06-28 09:19:11'),(740,1173,'invoice','payment_open_delivered','2017-06-28',NULL,-784.20,NULL,NULL,NULL,NULL,NULL,9,'2017-06-28 09:19:14',9,'2017-06-28 09:19:14'),(741,1179,'invoice','payment_open_delivered','2017-06-28',NULL,-336.60,NULL,NULL,NULL,NULL,NULL,9,'2017-06-28 09:19:18',9,'2017-06-28 09:19:18'),(742,1094,'invoice','payment_open_delivered','2017-06-28',NULL,-687.60,NULL,NULL,NULL,NULL,NULL,9,'2017-06-28 09:19:21',9,'2017-06-28 09:19:21'),(743,1181,'invoice','payment_open_delivered','2017-06-28',NULL,-348.65,NULL,NULL,NULL,NULL,NULL,9,'2017-06-28 09:19:26',9,'2017-06-28 09:19:26'),(744,1187,'invoice','payment_open_delivered','2017-06-28',NULL,-735.32,NULL,NULL,NULL,NULL,NULL,9,'2017-06-28 09:19:30',9,'2017-06-28 09:19:30'),(745,1020,'invoice','payment_open_delivered','2017-06-28',NULL,-713.21,NULL,NULL,NULL,NULL,NULL,9,'2017-06-28 09:19:34',9,'2017-06-28 09:19:34'),(746,1115,NULL,'pay_in','2017-06-22',NULL,1456.83,NULL,NULL,NULL,NULL,NULL,9,'2017-06-29 12:40:36',9,'2017-06-29 12:40:36'),(747,1130,NULL,'pay_in','2017-06-22',NULL,948.93,NULL,NULL,NULL,NULL,NULL,9,'2017-06-29 12:41:22',9,'2017-06-29 12:41:22'),(748,1131,NULL,'pay_in','2017-06-22',NULL,642.47,NULL,NULL,NULL,NULL,NULL,9,'2017-06-29 12:41:58',9,'2017-06-29 12:41:58'),(749,1117,NULL,'pay_in','2017-06-27',NULL,1599.93,NULL,NULL,NULL,NULL,NULL,9,'2017-06-29 12:43:02',9,'2017-06-29 12:43:02'),(750,1149,'invoice','payment_open_delivered','2017-06-30',NULL,-1073.69,NULL,NULL,NULL,NULL,NULL,9,'2017-06-30 09:37:43',9,'2017-06-30 09:37:43'),(751,1174,'invoice','payment_open_delivered','2017-06-30',NULL,-2158.68,NULL,NULL,NULL,NULL,NULL,9,'2017-06-30 11:33:54',9,'2017-06-30 11:33:54'),(752,1183,'invoice','payment_open_delivered','2017-06-30',NULL,-997.51,NULL,NULL,NULL,NULL,NULL,9,'2017-06-30 12:02:51',9,'2017-06-30 12:02:51'),(753,1191,'invoice','payment_open_delivered','2017-06-30',NULL,-89.85,NULL,NULL,NULL,NULL,NULL,9,'2017-06-30 12:02:55',9,'2017-06-30 12:02:55'),(754,1192,'invoice','payment_open_delivered','2017-06-30',NULL,-545.81,NULL,NULL,NULL,NULL,NULL,9,'2017-06-30 12:02:58',9,'2017-06-30 12:02:58'),(755,1182,'invoice','payment_open_delivered','2017-06-30',NULL,-417.17,NULL,NULL,NULL,NULL,NULL,9,'2017-06-30 12:03:01',9,'2017-06-30 12:03:01'),(756,1186,'invoice','payment_open_delivered','2017-06-30',NULL,-2381.85,NULL,NULL,NULL,NULL,NULL,9,'2017-06-30 12:03:04',9,'2017-06-30 12:03:04'),(757,1196,'invoice','payment_open_delivered','2017-06-30',NULL,-495.12,NULL,NULL,NULL,NULL,NULL,9,'2017-06-30 12:03:06',9,'2017-06-30 12:03:06'),(758,1025,NULL,'pay_in','2017-06-29',NULL,177.30,NULL,NULL,NULL,NULL,NULL,9,'2017-07-05 07:49:34',9,'2017-07-05 07:49:34'),(759,1026,NULL,'pay_in','2017-06-29',NULL,176.82,NULL,NULL,NULL,NULL,NULL,9,'2017-07-05 07:50:11',9,'2017-07-05 07:50:11'),(760,1021,NULL,'pay_in','2017-06-29',NULL,312.80,NULL,NULL,NULL,NULL,NULL,9,'2017-07-05 07:50:46',9,'2017-07-05 07:50:46'),(761,1016,NULL,'pay_in','2017-06-29',NULL,311.89,NULL,NULL,NULL,NULL,NULL,9,'2017-07-05 07:52:34',9,'2017-07-05 07:52:34'),(762,1038,NULL,'pay_in','2017-06-29',NULL,638.14,NULL,NULL,NULL,NULL,NULL,9,'2017-07-05 07:53:18',9,'2017-07-05 07:53:18'),(763,1139,NULL,'pay_in','2017-06-29',NULL,885.74,NULL,NULL,NULL,NULL,NULL,9,'2017-07-05 07:54:06',9,'2017-07-05 07:54:06'),(764,124,NULL,'pay_in','2017-06-29',NULL,741.48,NULL,NULL,NULL,NULL,NULL,9,'2017-07-05 07:54:57',9,'2017-07-05 07:54:57'),(765,956,NULL,'pay_in','2017-05-05',NULL,1194.52,NULL,NULL,NULL,NULL,NULL,9,'2017-07-05 08:35:57',9,'2017-07-05 08:35:57'),(766,975,NULL,'pay_in','2017-05-02',NULL,1026.07,NULL,NULL,NULL,NULL,NULL,9,'2017-07-05 08:39:56',9,'2017-07-05 08:39:56'),(767,1006,NULL,'pay_in','2017-06-29',NULL,908.57,NULL,NULL,NULL,NULL,NULL,9,'2017-07-05 09:03:58',9,'2017-07-05 09:03:58'),(768,869,NULL,'pay_in','2017-06-29',NULL,656.38,NULL,NULL,NULL,NULL,NULL,9,'2017-07-05 09:04:26',9,'2017-07-05 09:04:26'),(769,477,NULL,'pay_in','2017-06-29',NULL,301.12,NULL,NULL,NULL,NULL,NULL,9,'2017-07-05 09:04:50',9,'2017-07-05 09:04:50'),(770,1191,'invoice','storno','2017-07-05',NULL,89.85,NULL,NULL,NULL,NULL,NULL,9,'2017-07-05 14:04:35',9,'2017-07-05 14:04:35'),(771,1099,NULL,'pay_in','2017-07-03',NULL,138.78,NULL,NULL,NULL,NULL,NULL,9,'2017-07-11 08:07:08',9,'2017-07-11 08:07:08'),(772,1155,NULL,'pay_in','2017-07-03',NULL,607.06,NULL,NULL,NULL,NULL,NULL,9,'2017-07-11 08:08:05',9,'2017-07-11 08:08:05'),(773,958,NULL,'pay_in','2017-07-03',NULL,301.35,NULL,NULL,NULL,NULL,NULL,9,'2017-07-11 08:09:25',9,'2017-07-11 08:09:25'),(774,1105,NULL,'pay_in','2017-07-03',NULL,2011.51,NULL,NULL,NULL,NULL,NULL,9,'2017-07-11 08:09:50',9,'2017-07-11 08:09:50'),(775,1135,NULL,'pay_in','2017-07-06',NULL,441.22,NULL,NULL,NULL,NULL,NULL,9,'2017-07-11 08:10:19',9,'2017-07-11 08:10:19'),(776,1164,NULL,'pay_in','2017-07-06',NULL,846.68,NULL,NULL,NULL,NULL,NULL,9,'2017-07-11 08:10:59',9,'2017-07-11 08:10:59'),(777,1212,'invoice','payment_open_delivered','2017-07-11',NULL,-549.95,NULL,NULL,NULL,NULL,NULL,9,'2017-07-11 09:59:06',9,'2017-07-11 09:59:06'),(778,1217,'invoice','payment_open_delivered','2017-07-11',NULL,-306.45,NULL,NULL,NULL,NULL,NULL,9,'2017-07-11 09:59:10',9,'2017-07-11 09:59:10'),(779,1220,'invoice','payment_open_delivered','2017-07-11',NULL,-772.92,NULL,NULL,NULL,NULL,NULL,9,'2017-07-11 09:59:13',9,'2017-07-11 09:59:13'),(780,215,'invoice','payment_open_delivered','2017-07-11',NULL,-511.78,NULL,NULL,NULL,NULL,NULL,9,'2017-07-11 09:59:16',9,'2017-07-11 09:59:16'),(781,1065,'invoice','payment_open_delivered','2017-07-11',NULL,-181.33,NULL,NULL,NULL,NULL,NULL,9,'2017-07-11 09:59:20',9,'2017-07-11 09:59:20'),(782,1205,'invoice','payment_open_delivered','2017-07-11',NULL,-6630.48,NULL,NULL,NULL,NULL,NULL,9,'2017-07-11 09:59:23',9,'2017-07-11 09:59:23'),(783,1226,'invoice','payment_open_delivered','2017-07-12',NULL,-211.83,NULL,NULL,NULL,NULL,NULL,9,'2017-07-12 08:00:14',9,'2017-07-12 08:00:14'),(784,1222,'invoice','payment_open_delivered','2017-07-14',NULL,-3046.66,NULL,NULL,NULL,NULL,NULL,9,'2017-07-14 08:02:02',9,'2017-07-14 08:02:02'),(785,1223,'invoice','payment_open_delivered','2017-07-14',NULL,-5053.00,NULL,NULL,NULL,NULL,NULL,9,'2017-07-14 08:02:06',9,'2017-07-14 08:02:06'),(786,1123,'invoice','payment_open_delivered','2017-07-14',NULL,-2174.79,NULL,NULL,NULL,NULL,NULL,9,'2017-07-14 08:02:14',9,'2017-07-14 08:02:14'),(787,1216,'invoice','payment_open_delivered','2017-07-14',NULL,-194.55,NULL,NULL,NULL,NULL,NULL,9,'2017-07-14 08:02:16',9,'2017-07-14 08:02:16'),(788,1219,'invoice','payment_open_delivered','2017-07-14',NULL,-632.17,NULL,NULL,NULL,NULL,NULL,9,'2017-07-14 08:02:19',9,'2017-07-14 08:02:19'),(789,1239,'invoice','payment_open_delivered','2017-07-14',NULL,-341.08,NULL,NULL,NULL,NULL,NULL,9,'2017-07-14 12:37:29',9,'2017-07-14 12:37:29'),(790,1221,'invoice','payment_open_delivered','2017-07-14',NULL,-967.20,NULL,NULL,NULL,NULL,NULL,9,'2017-07-14 12:37:44',9,'2017-07-14 12:37:44'),(791,1229,'invoice','payment_open_delivered','2017-07-20',NULL,-327.18,NULL,NULL,NULL,NULL,NULL,9,'2017-07-20 11:59:53',9,'2017-07-20 11:59:53'),(792,1263,'invoice','payment_open_delivered','2017-07-21',NULL,-192.82,NULL,NULL,NULL,NULL,NULL,9,'2017-07-21 06:46:18',9,'2017-07-21 06:46:18'),(793,1125,NULL,'pay_in','2017-07-11',NULL,361.39,NULL,NULL,NULL,NULL,NULL,9,'2017-07-25 13:01:45',9,'2017-07-25 13:01:45'),(794,1086,NULL,'pay_in','2017-07-11',NULL,686.33,NULL,NULL,NULL,NULL,NULL,9,'2017-07-25 13:02:53',9,'2017-07-25 13:02:53'),(795,1192,NULL,'pay_in','2017-07-11',NULL,545.81,NULL,NULL,NULL,NULL,NULL,9,'2017-07-25 13:03:58',9,'2017-07-25 13:03:58'),(796,1173,NULL,'pay_in','2017-07-13',NULL,784.20,NULL,NULL,NULL,NULL,NULL,9,'2017-07-25 13:05:01',9,'2017-07-25 13:05:01'),(797,1170,NULL,'pay_in','2017-07-13',NULL,1189.66,NULL,NULL,NULL,NULL,NULL,9,'2017-07-25 13:07:51',9,'2017-07-25 13:07:51'),(798,1163,NULL,'pay_in','2017-07-13',NULL,1152.90,NULL,NULL,NULL,NULL,NULL,9,'2017-07-25 13:11:11',9,'2017-07-25 13:11:11'),(799,1160,NULL,'pay_in','2017-07-13',NULL,1396.65,NULL,NULL,NULL,NULL,NULL,9,'2017-07-25 13:13:23',9,'2017-07-25 13:13:23'),(800,1147,NULL,'pay_in','2017-07-13',NULL,767.44,NULL,NULL,NULL,NULL,NULL,9,'2017-07-25 13:13:54',9,'2017-07-25 13:13:54'),(801,1172,NULL,'pay_in','2017-07-13',NULL,846.12,NULL,NULL,NULL,NULL,NULL,9,'2017-07-25 13:14:30',9,'2017-07-25 13:14:30'),(802,1081,NULL,'pay_in','2017-07-13',NULL,717.31,NULL,NULL,NULL,NULL,NULL,9,'2017-07-25 13:15:25',9,'2017-07-25 13:15:25'),(803,1222,'invoice','payment_open_delivered','2017-07-25',NULL,-97.34,NULL,NULL,NULL,NULL,NULL,9,'2017-07-25 13:17:53',9,'2017-07-25 13:17:53'),(804,1186,NULL,'pay_in','2017-07-20',NULL,2381.85,NULL,NULL,NULL,NULL,NULL,9,'2017-07-27 11:18:12',9,'2017-07-27 11:18:12'),(805,1182,NULL,'pay_in','2017-07-20',NULL,417.17,NULL,NULL,NULL,NULL,NULL,9,'2017-07-27 11:18:36',9,'2017-07-27 11:18:36'),(806,1183,NULL,'pay_in','2017-07-20',NULL,997.51,NULL,NULL,NULL,NULL,NULL,9,'2017-07-27 11:19:17',9,'2017-07-27 11:19:17'),(807,1196,NULL,'pay_in','2017-07-20',NULL,495.12,NULL,NULL,NULL,NULL,NULL,9,'2017-07-27 11:21:26',9,'2017-07-27 11:21:26'),(808,1174,NULL,'pay_in','2017-07-20',NULL,2158.68,NULL,NULL,NULL,NULL,NULL,9,'2017-07-27 11:21:42',9,'2017-07-27 11:21:42'),(809,1149,NULL,'pay_in','2017-07-20',NULL,1073.69,NULL,NULL,NULL,NULL,NULL,9,'2017-07-27 11:22:17',9,'2017-07-27 11:22:17'),(810,215,NULL,'pay_in','2017-07-26',NULL,511.78,NULL,NULL,NULL,NULL,NULL,9,'2017-08-11 11:14:15',9,'2017-08-11 11:14:15'),(811,1216,NULL,'pay_in','2017-08-01',NULL,194.55,NULL,NULL,NULL,NULL,NULL,9,'2017-08-11 11:14:59',9,'2017-08-11 11:14:59'),(812,1065,NULL,'pay_in','2017-08-01',NULL,181.33,NULL,NULL,NULL,NULL,NULL,9,'2017-08-11 11:15:36',9,'2017-08-11 11:15:36'),(813,1220,NULL,'pay_in','2017-08-01',NULL,772.92,NULL,NULL,NULL,NULL,NULL,9,'2017-08-11 11:16:43',9,'2017-08-11 11:16:43'),(814,1217,NULL,'pay_in','2017-08-01',NULL,306.45,NULL,NULL,NULL,NULL,NULL,9,'2017-08-11 11:17:09',9,'2017-08-11 11:17:09'),(815,1212,NULL,'pay_in','2017-08-01',NULL,549.95,NULL,NULL,NULL,NULL,NULL,9,'2017-08-11 11:17:39',9,'2017-08-11 11:17:39'),(816,1123,NULL,'pay_in','2017-08-01',NULL,2174.79,NULL,NULL,NULL,NULL,NULL,9,'2017-08-11 11:18:26',9,'2017-08-11 11:18:26'),(817,1221,NULL,'pay_in','2017-08-01',NULL,967.20,NULL,NULL,NULL,NULL,NULL,9,'2017-08-11 11:19:52',9,'2017-08-11 11:19:52'),(818,1205,NULL,'pay_in','2017-08-01',NULL,6630.48,NULL,NULL,NULL,NULL,NULL,9,'2017-08-11 11:21:30',9,'2017-08-11 11:21:30'),(819,1222,NULL,'pay_in','2017-08-01',NULL,3144.00,NULL,NULL,NULL,NULL,NULL,9,'2017-08-11 11:22:01',9,'2017-08-11 11:22:01'),(820,1223,NULL,'pay_in','2017-08-01',NULL,5053.00,NULL,NULL,NULL,NULL,NULL,9,'2017-08-11 11:22:35',9,'2017-08-11 11:22:35'),(821,1219,NULL,'pay_in','2017-08-03',NULL,632.17,NULL,NULL,NULL,NULL,NULL,9,'2017-08-11 11:23:37',9,'2017-08-11 11:23:37'),(822,976,NULL,'pay_in','2017-07-20',NULL,1588.39,NULL,NULL,NULL,NULL,NULL,9,'2017-08-11 11:29:08',9,'2017-08-11 11:29:08'),(823,1245,'invoice','payment_open_delivered','2017-08-11',NULL,-642.70,NULL,NULL,NULL,NULL,NULL,9,'2017-08-11 12:38:09',9,'2017-08-11 12:38:09'),(824,1241,'invoice','payment_open_delivered','2017-08-11',NULL,-613.76,NULL,NULL,NULL,NULL,NULL,9,'2017-08-11 12:38:11',9,'2017-08-11 12:38:11'),(825,1247,'invoice','payment_open_delivered','2017-08-11',NULL,-415.74,NULL,NULL,NULL,NULL,NULL,9,'2017-08-11 12:38:14',9,'2017-08-11 12:38:14'),(826,1244,'invoice','payment_open_delivered','2017-08-11',NULL,-445.28,NULL,NULL,NULL,NULL,NULL,9,'2017-08-11 12:38:18',9,'2017-08-11 12:38:18'),(827,1278,'invoice','payment_open_delivered','2017-08-11',NULL,-263.57,NULL,NULL,NULL,NULL,NULL,9,'2017-08-11 12:38:22',9,'2017-08-11 12:38:22'),(828,1269,'invoice','payment_open_delivered','2017-08-11',NULL,-813.74,NULL,NULL,NULL,NULL,NULL,9,'2017-08-11 12:38:25',9,'2017-08-11 12:38:25'),(829,1260,'invoice','payment_open_delivered','2017-08-11',NULL,-632.39,NULL,NULL,NULL,NULL,NULL,9,'2017-08-11 12:38:29',9,'2017-08-11 12:38:29'),(830,1290,'invoice','payment_open_delivered','2017-08-11',NULL,-724.67,NULL,NULL,NULL,NULL,NULL,9,'2017-08-11 12:38:31',9,'2017-08-11 12:38:31'),(831,1285,'invoice','payment_open_delivered','2017-08-11',NULL,-1410.90,NULL,NULL,NULL,NULL,NULL,9,'2017-08-11 12:38:36',9,'2017-08-11 12:38:36'),(832,1276,'invoice','payment_open_delivered','2017-08-11',NULL,-1841.21,NULL,NULL,NULL,NULL,NULL,9,'2017-08-11 12:38:40',9,'2017-08-11 12:38:40'),(833,1282,'invoice','payment_open_delivered','2017-08-11',NULL,-383.56,NULL,NULL,NULL,NULL,NULL,9,'2017-08-11 12:38:45',9,'2017-08-11 12:38:45'),(834,1240,'invoice','payment_open_delivered','2017-08-11',NULL,-1445.95,NULL,NULL,NULL,NULL,NULL,9,'2017-08-11 12:38:51',9,'2017-08-11 12:38:51'),(835,1281,'invoice','payment_open_delivered','2017-08-11',NULL,-1776.66,NULL,NULL,NULL,NULL,NULL,9,'2017-08-11 12:39:16',9,'2017-08-11 12:39:16'),(836,1256,'invoice','payment_open_delivered','2017-08-11',NULL,-139.65,NULL,NULL,NULL,NULL,NULL,9,'2017-08-11 12:39:20',9,'2017-08-11 12:39:20'),(837,1293,'invoice','payment_open_delivered','2017-08-11',NULL,-494.78,NULL,NULL,NULL,NULL,NULL,9,'2017-08-11 12:39:22',9,'2017-08-11 12:39:22'),(838,1294,'invoice','payment_open_delivered','2017-08-16',NULL,-1397.09,NULL,NULL,NULL,NULL,NULL,9,'2017-08-16 07:27:09',9,'2017-08-16 07:27:09'),(839,1094,NULL,'pay_in','2017-08-17',NULL,687.60,NULL,NULL,NULL,NULL,NULL,9,'2017-08-21 14:52:20',9,'2017-08-21 14:52:20'),(840,1263,'invoice','storno','2017-08-22',NULL,192.82,NULL,NULL,NULL,NULL,NULL,9,'2017-08-22 07:09:04',9,'2017-08-22 07:09:04'),(841,1208,'invoice','payment_open_delivered','2017-08-23',NULL,-2121.41,NULL,NULL,NULL,NULL,NULL,9,'2017-08-23 09:31:20',9,'2017-08-23 09:31:20'),(842,1208,'invoice','payment_open_delivered','2017-08-23',NULL,-515.52,NULL,NULL,NULL,NULL,NULL,9,'2017-08-23 09:58:44',9,'2017-08-23 09:58:44'),(843,1296,'invoice','payment_open_delivered','2017-08-23',NULL,-4124.22,NULL,NULL,NULL,NULL,NULL,9,'2017-08-23 10:08:19',9,'2017-08-23 10:08:19'),(844,831,NULL,'pay_in','2017-08-24',NULL,1010.89,NULL,NULL,NULL,NULL,NULL,9,'2017-08-29 09:34:31',9,'2017-08-29 09:34:31'),(845,1099,NULL,'pay_in','2017-07-11',NULL,181.64,NULL,NULL,NULL,NULL,NULL,9,'2017-09-01 06:56:18',9,'2017-09-01 06:56:18'),(846,1299,'invoice','payment_open_delivered','2017-09-04',NULL,-879.14,NULL,NULL,NULL,NULL,NULL,9,'2017-09-04 11:07:21',9,'2017-09-04 11:07:21'),(847,1177,'invoice','payment_open_delivered','2017-09-04',NULL,-707.05,NULL,NULL,NULL,NULL,NULL,9,'2017-09-04 11:07:25',9,'2017-09-04 11:07:25'),(848,1307,'invoice','payment_open_delivered','2017-09-04',NULL,-1419.56,NULL,NULL,NULL,NULL,NULL,9,'2017-09-04 11:40:28',9,'2017-09-04 11:40:28'),(849,1311,'invoice','payment_open_delivered','2017-09-04',NULL,-57.27,NULL,NULL,NULL,NULL,NULL,9,'2017-09-04 11:40:32',9,'2017-09-04 11:40:32'),(850,1312,'invoice','payment_open_delivered','2017-09-04',NULL,-649.42,NULL,NULL,NULL,NULL,NULL,9,'2017-09-04 11:40:35',9,'2017-09-04 11:40:35'),(851,982,'invoice','payment_open_delivered','2017-09-04',NULL,-429.64,NULL,NULL,NULL,NULL,NULL,9,'2017-09-04 11:40:39',9,'2017-09-04 11:40:39'),(852,1301,'invoice','payment_open_delivered','2017-09-04',NULL,-1304.14,NULL,NULL,NULL,NULL,NULL,9,'2017-09-04 11:40:42',9,'2017-09-04 11:40:42'),(853,1323,'invoice','payment_open_delivered','2017-09-04',NULL,-677.56,NULL,NULL,NULL,NULL,NULL,9,'2017-09-04 11:40:46',9,'2017-09-04 11:40:46'),(854,1306,'invoice','payment_open_delivered','2017-09-04',NULL,-1574.04,NULL,NULL,NULL,NULL,NULL,9,'2017-09-04 12:00:48',9,'2017-09-04 12:00:48'),(855,1007,'invoice','storno','2017-09-04',NULL,36.00,NULL,NULL,NULL,NULL,NULL,9,'2017-09-04 13:40:45',9,'2017-09-04 13:40:45'),(856,1156,NULL,'pay_in','2017-08-31',NULL,294.57,NULL,NULL,NULL,NULL,NULL,9,'2017-09-05 08:00:53',9,'2017-09-05 08:00:53'),(857,1179,NULL,'pay_in','2017-09-01',NULL,336.60,NULL,NULL,NULL,NULL,NULL,9,'2017-09-05 09:44:09',9,'2017-09-05 09:44:09'),(858,1181,NULL,'pay_in','2017-09-01',NULL,348.65,NULL,NULL,NULL,NULL,NULL,9,'2017-09-05 09:44:50',9,'2017-09-05 09:44:50'),(859,1020,NULL,'pay_in','2017-09-01',NULL,713.21,NULL,NULL,NULL,NULL,NULL,9,'2017-09-05 09:45:36',9,'2017-09-05 09:45:36'),(860,1208,NULL,'pay_in','2017-09-07',NULL,2636.93,NULL,NULL,NULL,NULL,NULL,9,'2017-09-11 11:12:10',9,'2017-09-11 11:12:10'),(861,1276,NULL,'pay_in','2017-09-07',NULL,1841.21,NULL,NULL,NULL,NULL,NULL,9,'2017-09-11 11:13:21',9,'2017-09-11 11:13:21'),(862,1339,'invoice','payment_open_delivered','2017-09-12',NULL,-92.22,NULL,NULL,NULL,NULL,NULL,9,'2017-09-12 11:20:00',9,'2017-09-12 11:20:00'),(863,1291,'invoice','payment_open_delivered','2017-09-12',NULL,-481.29,NULL,NULL,NULL,NULL,NULL,9,'2017-09-12 11:20:04',9,'2017-09-12 11:20:04'),(864,1346,'invoice','payment_open_delivered','2017-09-12',NULL,-516.73,NULL,NULL,NULL,NULL,NULL,9,'2017-09-12 11:20:07',9,'2017-09-12 11:20:07'),(865,1333,'invoice','payment_open_delivered','2017-09-12',NULL,-1295.46,NULL,NULL,NULL,NULL,NULL,9,'2017-09-12 11:20:11',9,'2017-09-12 11:20:11'),(866,1337,'invoice','payment_open_delivered','2017-09-12',NULL,-1463.03,NULL,NULL,NULL,NULL,NULL,9,'2017-09-12 11:20:15',9,'2017-09-12 11:20:15'),(867,1050,'invoice','payment_open_delivered','2017-09-12',NULL,-1249.40,NULL,NULL,NULL,NULL,NULL,9,'2017-09-12 11:20:18',9,'2017-09-12 11:20:18'),(868,1326,'invoice','payment_open_delivered','2017-09-12',NULL,-578.01,NULL,NULL,NULL,NULL,NULL,9,'2017-09-12 11:20:22',9,'2017-09-12 11:20:22'),(869,1322,'invoice','payment_open_delivered','2017-09-12',NULL,-590.20,NULL,NULL,NULL,NULL,NULL,9,'2017-09-12 11:20:25',9,'2017-09-12 11:20:25'),(870,1124,'invoice','payment_open_delivered','2017-09-12',NULL,-440.27,NULL,NULL,NULL,NULL,NULL,9,'2017-09-12 11:20:29',9,'2017-09-12 11:20:29'),(871,1327,'invoice','payment_open_delivered','2017-09-12',NULL,-2346.67,NULL,NULL,NULL,NULL,NULL,9,'2017-09-12 11:20:33',9,'2017-09-12 11:20:33'),(872,1293,NULL,'pay_in','2017-09-12',NULL,494.78,NULL,NULL,NULL,NULL,NULL,9,'2017-09-15 12:31:01',9,'2017-09-15 12:31:01'),(873,1247,NULL,'pay_in','2017-09-12',NULL,415.74,NULL,NULL,NULL,NULL,NULL,9,'2017-09-15 12:31:39',9,'2017-09-15 12:31:39'),(874,1260,NULL,'pay_in','2017-09-12',NULL,632.39,NULL,NULL,NULL,NULL,NULL,9,'2017-09-15 12:32:04',9,'2017-09-15 12:32:04'),(875,1290,NULL,'pay_in','2017-09-12',NULL,724.67,NULL,NULL,NULL,NULL,NULL,9,'2017-09-15 12:33:09',9,'2017-09-15 12:33:09'),(876,1241,NULL,'pay_in','2017-09-12',NULL,613.76,NULL,NULL,NULL,NULL,NULL,9,'2017-09-15 12:33:54',9,'2017-09-15 12:33:54'),(877,1244,NULL,'pay_in','2017-09-12',NULL,445.28,NULL,NULL,NULL,NULL,NULL,9,'2017-09-15 12:34:58',9,'2017-09-15 12:34:58'),(878,1245,NULL,'pay_in','2017-09-12',NULL,642.70,NULL,NULL,NULL,NULL,NULL,9,'2017-09-15 12:35:42',9,'2017-09-15 12:35:42'),(879,1269,NULL,'pay_in','2017-09-12',NULL,813.74,NULL,NULL,NULL,NULL,NULL,9,'2017-09-15 12:36:11',9,'2017-09-15 12:36:11'),(880,1281,NULL,'pay_in','2017-09-12',NULL,1776.66,NULL,NULL,NULL,NULL,NULL,9,'2017-09-15 12:37:06',9,'2017-09-15 12:37:06'),(881,1278,NULL,'pay_in','2017-09-12',NULL,263.57,NULL,NULL,NULL,NULL,NULL,9,'2017-09-15 12:37:35',9,'2017-09-15 12:37:35'),(882,1285,NULL,'pay_in','2017-09-12',NULL,1410.90,NULL,NULL,NULL,NULL,NULL,9,'2017-09-15 12:38:05',9,'2017-09-15 12:38:05'),(883,1294,NULL,'pay_in','2017-09-12',NULL,1397.09,NULL,NULL,NULL,NULL,NULL,9,'2017-09-15 12:38:37',9,'2017-09-15 12:38:37'),(884,1296,NULL,'pay_in','2017-09-12',NULL,4124.22,NULL,NULL,NULL,NULL,NULL,9,'2017-09-15 12:39:10',9,'2017-09-15 12:39:10'),(885,1061,NULL,'pay_in','2017-09-13',NULL,187.04,NULL,NULL,NULL,NULL,NULL,9,'2017-09-15 12:40:49',9,'2017-09-15 12:40:49'),(886,1226,NULL,'pay_in','2017-09-13',NULL,211.83,NULL,NULL,NULL,NULL,NULL,9,'2017-09-15 12:41:28',9,'2017-09-15 12:41:28'),(887,1229,NULL,'pay_in','2017-09-13',NULL,327.18,NULL,NULL,NULL,NULL,NULL,9,'2017-09-15 12:42:01',9,'2017-09-15 12:42:01'),(888,1239,NULL,'pay_in','2017-09-13',NULL,341.08,NULL,NULL,NULL,NULL,NULL,9,'2017-09-15 12:42:58',9,'2017-09-15 12:42:58'),(889,1187,NULL,'pay_in','2017-09-13',NULL,735.32,NULL,NULL,NULL,NULL,NULL,9,'2017-09-15 12:44:10',9,'2017-09-15 12:44:10'),(890,1007,NULL,'pay_out','2017-09-15',NULL,-36.00,NULL,NULL,NULL,NULL,NULL,9,'2017-09-15 12:45:15',9,'2017-09-15 12:45:15'),(891,1240,NULL,'pay_in','2017-09-12',NULL,1445.95,NULL,NULL,NULL,NULL,NULL,9,'2017-09-15 14:04:09',9,'2017-09-15 14:04:09'),(892,1288,'invoice','payment_open_delivered','2017-09-18',NULL,-181.69,NULL,NULL,NULL,NULL,NULL,9,'2017-09-18 08:38:37',9,'2017-09-18 08:38:37'),(893,1282,NULL,'pay_in','2017-09-15',NULL,383.56,NULL,NULL,NULL,NULL,NULL,9,'2017-09-19 12:48:06',9,'2017-09-19 12:48:06'),(894,1185,'invoice','payment_open_delivered','2017-09-20',NULL,-787.24,NULL,NULL,NULL,NULL,NULL,9,'2017-09-20 13:49:11',9,'2017-09-20 13:49:11'),(895,1347,'invoice','payment_open_delivered','2017-09-20',NULL,-780.80,NULL,NULL,NULL,NULL,NULL,9,'2017-09-20 13:49:14',9,'2017-09-20 13:49:14'),(896,1351,'invoice','payment_open_delivered','2017-09-20',NULL,-263.57,NULL,NULL,NULL,NULL,NULL,9,'2017-09-20 13:49:18',9,'2017-09-20 13:49:18'),(897,1355,'invoice','payment_open_delivered','2017-09-20',NULL,-337.75,NULL,NULL,NULL,NULL,NULL,9,'2017-09-20 13:49:22',9,'2017-09-20 13:49:22'),(898,1307,NULL,'pay_in','2017-09-18',NULL,1419.56,NULL,NULL,NULL,NULL,NULL,9,'2017-09-20 14:11:12',9,'2017-09-20 14:11:12'),(899,1343,'invoice','payment_open_delivered','2017-09-21',NULL,-784.06,NULL,NULL,NULL,NULL,NULL,9,'2017-09-21 11:59:37',9,'2017-09-21 11:59:37'),(900,1299,NULL,'pay_in','2017-09-19',NULL,879.14,NULL,NULL,NULL,NULL,NULL,9,'2017-09-25 09:35:23',9,'2017-09-25 09:35:23'),(901,1208,NULL,'pay_in','2017-09-19',NULL,0.00,NULL,NULL,NULL,NULL,NULL,9,'2017-09-25 09:36:27',9,'2017-09-25 09:36:27'),(902,1177,NULL,'pay_in','2017-09-19',NULL,707.05,NULL,NULL,NULL,NULL,NULL,9,'2017-09-25 09:37:36',9,'2017-09-25 09:37:36'),(903,1318,'invoice','payment_open_delivered','2017-09-26',NULL,-1829.79,NULL,NULL,NULL,NULL,NULL,9,'2017-09-26 12:21:18',9,'2017-09-26 12:21:18'),(904,1356,'invoice','payment_open_delivered','2017-09-26',NULL,-922.44,NULL,NULL,NULL,NULL,NULL,9,'2017-09-26 12:21:22',9,'2017-09-26 12:21:22'),(905,906,'invoice','payment_open_delivered','2017-09-26',NULL,-294.22,NULL,NULL,NULL,NULL,NULL,9,'2017-09-26 12:21:26',9,'2017-09-26 12:21:26'),(906,1312,NULL,'pay_in','2017-09-26',NULL,649.42,NULL,NULL,NULL,NULL,NULL,9,'2017-09-28 12:18:46',9,'2017-09-28 12:18:46'),(907,1323,NULL,'pay_in','2017-09-26',NULL,677.56,NULL,NULL,NULL,NULL,NULL,9,'2017-09-28 12:19:18',9,'2017-09-28 12:19:18'),(908,1306,NULL,'pay_in','2017-09-26',NULL,1574.04,NULL,NULL,NULL,NULL,NULL,9,'2017-09-28 12:24:34',9,'2017-09-28 12:24:34'),(909,982,NULL,'pay_in','2017-09-26',NULL,429.64,NULL,NULL,NULL,NULL,NULL,9,'2017-09-28 12:25:08',9,'2017-09-28 12:25:08'),(910,1357,'invoice','payment_open_delivered','2017-09-29',NULL,-1855.22,NULL,NULL,NULL,NULL,NULL,9,'2017-09-29 07:30:11',9,'2017-09-29 07:30:11'),(911,1354,'invoice','payment_open_delivered','2017-10-02',NULL,-187.20,NULL,NULL,NULL,NULL,NULL,9,'2017-10-02 13:13:32',9,'2017-10-02 13:13:32'),(912,1381,'invoice','payment_open_delivered','2017-10-03',NULL,-66.85,NULL,NULL,NULL,NULL,NULL,9,'2017-10-03 13:55:56',9,'2017-10-03 13:55:56'),(913,1371,'invoice','payment_open_delivered','2017-10-03',NULL,-3238.48,NULL,NULL,NULL,NULL,NULL,9,'2017-10-03 14:28:26',9,'2017-10-03 14:28:26'),(914,1301,NULL,'pay_in','2017-09-28',NULL,1304.14,NULL,NULL,NULL,NULL,NULL,9,'2017-10-03 15:10:50',9,'2017-10-03 15:10:50'),(915,1322,NULL,'pay_in','2017-09-28',NULL,590.20,NULL,NULL,NULL,NULL,NULL,9,'2017-10-03 15:11:37',9,'2017-10-03 15:11:37'),(916,1337,NULL,'pay_in','2017-09-28',NULL,1463.03,NULL,NULL,NULL,NULL,NULL,9,'2017-10-03 15:11:54',9,'2017-10-03 15:11:54'),(917,1346,NULL,'pay_in','2017-09-28',NULL,516.73,NULL,NULL,NULL,NULL,NULL,9,'2017-10-03 15:12:24',9,'2017-10-03 15:12:24'),(918,1326,NULL,'pay_in','2017-09-28',NULL,578.01,NULL,NULL,NULL,NULL,NULL,9,'2017-10-03 15:12:50',9,'2017-10-03 15:12:50'),(919,1327,NULL,'pay_in','2017-09-28',NULL,2346.67,NULL,NULL,NULL,NULL,NULL,9,'2017-10-03 15:13:27',9,'2017-10-03 15:13:27'),(920,1339,NULL,'pay_in','2017-09-28',NULL,92.22,NULL,NULL,NULL,NULL,NULL,9,'2017-10-03 15:14:17',9,'2017-10-03 15:14:17'),(921,1124,NULL,'pay_in','2017-09-28',NULL,440.27,NULL,NULL,NULL,NULL,NULL,9,'2017-10-03 15:14:57',9,'2017-10-03 15:14:57'),(922,1296,'invoice','storno','2017-10-04',NULL,261.60,NULL,NULL,NULL,NULL,NULL,9,'2017-10-04 06:39:53',9,'2017-10-04 06:39:53'),(923,1385,'invoice','payment_open_delivered','2017-10-05',NULL,-2805.31,NULL,NULL,NULL,NULL,NULL,9,'2017-10-05 09:22:35',9,'2017-10-05 09:22:35'),(924,1378,'invoice','payment_open_delivered','2017-10-06',NULL,-649.39,NULL,NULL,NULL,NULL,NULL,9,'2017-10-06 09:44:13',9,'2017-10-06 09:44:13'),(925,1383,'invoice','payment_open_delivered','2017-10-06',NULL,-903.82,NULL,NULL,NULL,NULL,NULL,9,'2017-10-06 09:44:15',9,'2017-10-06 09:44:15'),(926,1341,'invoice','payment_open_delivered','2017-10-06',NULL,-1176.32,NULL,NULL,NULL,NULL,NULL,9,'2017-10-06 12:26:53',9,'2017-10-06 12:26:53'),(927,1256,NULL,'pay_in','2017-10-03',NULL,139.65,NULL,NULL,NULL,NULL,NULL,9,'2017-10-09 11:42:36',9,'2017-10-09 11:42:36'),(928,1226,NULL,'pay_in','2017-10-03',NULL,0.00,NULL,NULL,NULL,NULL,NULL,9,'2017-10-09 11:43:49',9,'2017-10-09 11:43:49'),(929,1141,NULL,'pay_in','2017-10-03',NULL,339.58,NULL,NULL,NULL,NULL,NULL,9,'2017-10-09 11:44:40',9,'2017-10-09 11:44:40'),(930,1288,NULL,'pay_in','2017-10-03',NULL,181.69,NULL,NULL,NULL,NULL,NULL,9,'2017-10-09 11:45:49',9,'2017-10-09 11:45:49'),(931,1351,NULL,'pay_in','2017-10-05',NULL,263.57,NULL,NULL,NULL,NULL,NULL,9,'2017-10-09 11:46:28',9,'2017-10-09 11:46:28'),(932,1347,NULL,'pay_in','2017-10-05',NULL,780.80,NULL,NULL,NULL,NULL,NULL,9,'2017-10-09 11:47:01',9,'2017-10-09 11:47:01'),(933,1185,NULL,'pay_in','2017-10-05',NULL,787.24,NULL,NULL,NULL,NULL,NULL,9,'2017-10-09 11:47:31',9,'2017-10-09 11:47:31'),(934,1343,NULL,'pay_in','2017-10-05',NULL,784.06,NULL,NULL,NULL,NULL,NULL,9,'2017-10-09 11:48:18',9,'2017-10-09 11:48:18'),(935,1355,NULL,'pay_in','2017-10-05',NULL,337.75,NULL,NULL,NULL,NULL,NULL,9,'2017-10-09 11:48:35',9,'2017-10-09 11:48:35'),(936,1401,'invoice','payment_open_delivered','2017-10-10',NULL,-1546.00,NULL,NULL,NULL,NULL,NULL,9,'2017-10-10 08:09:30',9,'2017-10-10 08:09:30'),(937,1333,NULL,'pay_in','2017-10-06',NULL,1295.46,NULL,NULL,NULL,NULL,NULL,9,'2017-10-10 11:32:26',9,'2017-10-10 11:32:26'),(938,1296,NULL,'pay_out','2017-10-10',NULL,-261.60,NULL,NULL,NULL,NULL,NULL,9,'2017-10-10 11:33:24',9,'2017-10-10 11:33:24'),(939,1414,'invoice','payment_open_delivered','2017-10-11',NULL,-97.34,NULL,NULL,NULL,NULL,NULL,9,'2017-10-11 07:39:34',9,'2017-10-11 07:39:34'),(940,1394,'invoice','payment_open_delivered','2017-10-11',NULL,-596.09,NULL,NULL,NULL,NULL,NULL,9,'2017-10-11 13:00:09',9,'2017-10-11 13:00:09'),(941,1405,'invoice','payment_open_delivered','2017-10-11',NULL,-662.38,NULL,NULL,NULL,NULL,NULL,9,'2017-10-11 13:07:24',9,'2017-10-11 13:07:24'),(942,1379,'invoice','payment_open_delivered','2017-10-12',NULL,-427.79,NULL,NULL,NULL,NULL,NULL,9,'2017-10-12 08:19:02',9,'2017-10-12 08:19:02'),(943,1356,NULL,'pay_in','2017-10-12',NULL,922.44,NULL,NULL,NULL,NULL,NULL,9,'2017-10-17 09:23:51',9,'2017-10-17 09:23:51'),(944,906,NULL,'pay_in','2017-10-13',NULL,294.22,NULL,NULL,NULL,NULL,NULL,9,'2017-10-18 09:13:24',9,'2017-10-18 09:13:24'),(945,1415,'invoice','payment_open_delivered','2017-10-18',NULL,-66.85,NULL,NULL,NULL,NULL,NULL,9,'2017-10-18 11:30:21',9,'2017-10-18 11:30:21'),(946,1369,'invoice','payment_open_delivered','2017-10-18',NULL,-307.13,NULL,NULL,NULL,NULL,NULL,9,'2017-10-18 11:30:24',9,'2017-10-18 11:30:24'),(947,1384,'invoice','payment_open_delivered','2017-10-18',NULL,-927.91,NULL,NULL,NULL,NULL,NULL,9,'2017-10-18 11:30:27',9,'2017-10-18 11:30:27'),(948,1408,'invoice','payment_open_delivered','2017-10-18',NULL,-1184.83,NULL,NULL,NULL,NULL,NULL,9,'2017-10-18 11:30:30',9,'2017-10-18 11:30:30'),(949,1353,'invoice','payment_open_delivered','2017-10-19',NULL,-4991.64,NULL,NULL,NULL,NULL,NULL,9,'2017-10-19 09:13:25',9,'2017-10-19 09:13:25'),(950,1309,'invoice','payment_open_delivered','2017-10-20',NULL,-2320.55,NULL,NULL,NULL,NULL,NULL,9,'2017-10-20 09:02:05',9,'2017-10-20 09:02:05'),(951,1354,NULL,'pay_in','2017-10-17',NULL,187.20,NULL,NULL,NULL,NULL,NULL,9,'2017-10-23 09:09:59',9,'2017-10-23 09:09:59'),(952,1371,NULL,'pay_in','2017-10-17',NULL,3238.48,NULL,NULL,NULL,NULL,NULL,9,'2017-10-23 09:11:13',9,'2017-10-23 09:11:13'),(953,1378,NULL,'pay_in','2017-10-19',NULL,649.39,NULL,NULL,NULL,NULL,NULL,9,'2017-10-25 08:04:30',9,'2017-10-25 08:04:30'),(954,1385,NULL,'pay_in','2017-10-23',NULL,2805.31,NULL,NULL,NULL,NULL,NULL,9,'2017-10-25 12:08:56',9,'2017-10-25 12:08:56'),(955,1357,NULL,'pay_in','2017-10-12',NULL,1855.22,NULL,NULL,NULL,NULL,NULL,9,'2017-10-25 13:11:55',9,'2017-10-25 13:11:55'),(956,282,NULL,'pay_in','2017-08-16',NULL,0.00,NULL,NULL,NULL,NULL,NULL,9,'2017-10-25 13:14:38',9,'2017-10-25 13:14:38'),(957,1392,'invoice','payment_open_delivered','2017-10-27',NULL,-4114.41,NULL,NULL,NULL,NULL,NULL,9,'2017-10-27 08:59:20',9,'2017-10-27 08:59:20'),(958,1445,'invoice','payment_open_delivered','2017-10-30',NULL,-82.94,NULL,NULL,NULL,NULL,NULL,9,'2017-10-30 10:42:19',9,'2017-10-30 10:42:19'),(959,1340,'invoice','payment_open_delivered','2017-10-30',NULL,-1832.04,NULL,NULL,NULL,NULL,NULL,9,'2017-10-30 12:11:53',9,'2017-10-30 12:11:53'),(960,1433,'invoice','payment_open_delivered','2017-10-31',NULL,-721.96,NULL,NULL,NULL,NULL,NULL,9,'2017-10-31 12:55:12',9,'2017-10-31 12:55:12'),(961,1424,'invoice','payment_open_delivered','2017-10-31',NULL,-895.63,NULL,NULL,NULL,NULL,NULL,9,'2017-10-31 12:55:16',9,'2017-10-31 12:55:16'),(962,1190,'invoice','payment_open_delivered','2017-10-31',NULL,-756.59,NULL,NULL,NULL,NULL,NULL,9,'2017-10-31 12:55:20',9,'2017-10-31 12:55:20'),(963,1318,NULL,'pay_in','2017-10-10',NULL,1829.79,NULL,NULL,NULL,NULL,NULL,9,'2017-11-02 08:30:03',9,'2017-11-02 08:30:03'),(964,1311,NULL,'pay_in','2017-09-26',NULL,57.27,NULL,NULL,NULL,NULL,NULL,9,'2017-11-02 09:40:06',9,'2017-11-02 09:40:06'),(965,1439,'invoice','payment_open_delivered','2017-11-02',NULL,-1263.82,NULL,NULL,NULL,NULL,NULL,9,'2017-11-02 09:51:55',9,'2017-11-02 09:51:55'),(966,1416,'invoice','payment_open_delivered','2017-11-03',NULL,-2974.81,NULL,NULL,NULL,NULL,NULL,9,'2017-11-03 09:16:16',9,'2017-11-03 09:16:16'),(967,1441,'invoice','payment_open_delivered','2017-11-03',NULL,-2677.66,NULL,NULL,NULL,NULL,NULL,9,'2017-11-03 10:45:37',9,'2017-11-03 10:45:37'),(968,1369,NULL,'pay_in','2017-10-31',NULL,307.13,NULL,NULL,NULL,NULL,NULL,9,'2017-11-07 08:18:59',9,'2017-11-07 08:18:59'),(969,1408,NULL,'pay_in','2017-10-31',NULL,1184.83,NULL,NULL,NULL,NULL,NULL,9,'2017-11-07 08:20:00',9,'2017-11-07 08:20:00'),(970,1384,NULL,'pay_in','2017-10-31',NULL,927.91,NULL,NULL,NULL,NULL,NULL,9,'2017-11-07 08:24:12',9,'2017-11-07 08:24:12'),(971,1353,NULL,'pay_in','2017-10-31',NULL,4991.64,NULL,NULL,NULL,NULL,NULL,9,'2017-11-07 08:25:59',9,'2017-11-07 08:25:59'),(972,1315,'invoice','payment_open_delivered','2017-11-07',NULL,-709.10,NULL,NULL,NULL,NULL,NULL,9,'2017-11-07 13:49:36',9,'2017-11-07 13:49:36'),(973,1402,'invoice','payment_open_delivered','2017-11-07',NULL,-620.73,NULL,NULL,NULL,NULL,NULL,9,'2017-11-07 13:49:40',9,'2017-11-07 13:49:40'),(974,1407,'invoice','payment_open_delivered','2017-11-07',NULL,-1343.93,NULL,NULL,NULL,NULL,NULL,9,'2017-11-07 13:49:44',9,'2017-11-07 13:49:44'),(975,1448,'invoice','payment_open_delivered','2017-11-07',NULL,-1308.61,NULL,NULL,NULL,NULL,NULL,9,'2017-11-07 13:49:48',9,'2017-11-07 13:49:48'),(976,1395,'invoice','payment_open_delivered','2017-11-07',NULL,-2212.80,NULL,NULL,NULL,NULL,NULL,9,'2017-11-07 14:09:49',9,'2017-11-07 14:09:49'),(977,1452,'invoice','payment_open_delivered','2017-11-09',NULL,-545.22,NULL,NULL,NULL,NULL,NULL,9,'2017-11-09 09:59:08',9,'2017-11-09 09:59:08'),(978,1291,NULL,'pay_in','2017-11-06',NULL,481.29,NULL,NULL,NULL,NULL,NULL,9,'2017-11-09 10:17:38',9,'2017-11-09 10:17:38'),(979,1381,NULL,'pay_in','2017-10-19',NULL,66.85,NULL,NULL,NULL,NULL,NULL,9,'2017-11-09 13:09:47',9,'2017-11-09 13:09:47'),(980,1050,NULL,'pay_in','2017-11-06',NULL,1249.40,NULL,NULL,NULL,NULL,NULL,9,'2017-11-10 09:07:08',9,'2017-11-10 09:07:08'),(981,1341,NULL,'pay_in','2017-11-07',NULL,1176.32,NULL,NULL,NULL,NULL,NULL,9,'2017-11-10 09:08:18',9,'2017-11-10 09:08:18'),(982,1454,'invoice','payment_open_delivered','2017-11-10',NULL,-289.63,NULL,NULL,NULL,NULL,NULL,9,'2017-11-10 09:48:00',9,'2017-11-10 09:48:00'),(983,1453,'invoice','payment_open_delivered','2017-11-14',NULL,-1014.00,NULL,NULL,NULL,NULL,NULL,9,'2017-11-14 12:10:36',9,'2017-11-14 12:10:36'),(984,1447,'invoice','payment_open_delivered','2017-11-14',NULL,-2976.26,NULL,NULL,NULL,NULL,NULL,9,'2017-11-14 12:10:40',9,'2017-11-14 12:10:40'),(985,1456,'invoice','payment_open_delivered','2017-11-14',NULL,-933.64,NULL,NULL,NULL,NULL,NULL,9,'2017-11-14 12:10:43',9,'2017-11-14 12:10:43'),(986,1458,'invoice','payment_open_delivered','2017-11-14',NULL,-599.53,NULL,NULL,NULL,NULL,NULL,9,'2017-11-14 12:10:46',9,'2017-11-14 12:10:46'),(987,1457,'invoice','payment_open_delivered','2017-11-14',NULL,-510.93,NULL,NULL,NULL,NULL,NULL,9,'2017-11-14 12:10:49',9,'2017-11-14 12:10:49'),(988,1434,'invoice','payment_open_delivered','2017-11-14',NULL,-658.95,NULL,NULL,NULL,NULL,NULL,9,'2017-11-14 12:10:52',9,'2017-11-14 12:10:52'),(989,501,NULL,'pay_in','2017-07-10',NULL,3167.83,NULL,NULL,NULL,NULL,NULL,9,'2017-11-15 09:50:12',9,'2017-11-15 09:50:12'),(990,1096,'invoice','storno','2017-11-15',NULL,545.52,NULL,NULL,NULL,NULL,NULL,9,'2017-11-15 14:28:36',9,'2017-11-15 14:28:36'),(991,1464,'invoice','payment_open_delivered','2017-11-16',NULL,-435.70,NULL,NULL,NULL,NULL,NULL,9,'2017-11-16 09:26:01',9,'2017-11-16 09:26:01'),(992,1466,'invoice','payment_open_delivered','2017-11-16',NULL,-171.81,NULL,NULL,NULL,NULL,NULL,9,'2017-11-16 09:37:41',9,'2017-11-16 09:37:41'),(993,1096,NULL,'pay_in','2017-11-16',NULL,545.52,NULL,NULL,NULL,NULL,NULL,9,'2017-11-16 15:28:30',9,'2017-11-16 15:28:30'),(994,1096,NULL,'pay_out','2017-11-16',NULL,-1091.04,NULL,NULL,NULL,NULL,NULL,9,'2017-11-16 15:28:56',9,'2017-11-16 15:28:56'),(995,1383,NULL,'pay_in','2017-10-24',NULL,903.82,NULL,NULL,NULL,NULL,NULL,9,'2017-11-17 09:23:13',9,'2017-11-17 09:23:13'),(996,1394,NULL,'pay_in','2017-10-24',NULL,596.09,NULL,NULL,NULL,NULL,NULL,9,'2017-11-17 09:23:31',9,'2017-11-17 09:23:31'),(997,1401,NULL,'pay_in','2017-10-24',NULL,1546.00,NULL,NULL,NULL,NULL,NULL,9,'2017-11-17 09:23:48',9,'2017-11-17 09:23:48'),(998,1379,NULL,'pay_in','2017-10-24',NULL,427.79,NULL,NULL,NULL,NULL,NULL,9,'2017-11-17 09:24:08',9,'2017-11-17 09:24:08'),(999,1405,NULL,'pay_in','2017-10-24',NULL,662.38,NULL,NULL,NULL,NULL,NULL,9,'2017-11-17 09:24:23',9,'2017-11-17 09:24:23'),(1000,1414,NULL,'pay_in','2017-10-24',NULL,97.34,NULL,NULL,NULL,NULL,NULL,9,'2017-11-17 09:25:31',9,'2017-11-17 09:25:31'),(1001,1415,'invoice','storno','2017-11-17',NULL,66.85,NULL,NULL,NULL,NULL,NULL,9,'2017-11-17 12:23:08',9,'2017-11-17 12:23:08'),(1002,1340,NULL,'pay_in','2017-11-14',NULL,1832.04,NULL,NULL,NULL,NULL,NULL,9,'2017-11-17 12:26:43',9,'2017-11-17 12:26:43'),(1003,1424,NULL,'pay_in','2017-11-14',NULL,895.63,NULL,NULL,NULL,NULL,NULL,9,'2017-11-17 12:30:02',9,'2017-11-17 12:30:02'),(1004,1190,NULL,'pay_in','2017-11-14',NULL,756.59,NULL,NULL,NULL,NULL,NULL,9,'2017-11-17 12:30:38',9,'2017-11-17 12:30:38'),(1005,1439,NULL,'pay_in','2017-11-16',NULL,1263.82,NULL,NULL,NULL,NULL,NULL,9,'2017-11-17 12:30:54',9,'2017-11-17 12:30:54'),(1006,1441,NULL,'pay_in','2017-11-16',NULL,2677.66,NULL,NULL,NULL,NULL,NULL,9,'2017-11-17 12:31:08',9,'2017-11-17 12:31:08'),(1007,1392,NULL,'pay_in','2017-11-09',NULL,4114.41,NULL,NULL,NULL,NULL,NULL,9,'2017-11-20 07:14:38',9,'2017-11-20 07:14:38'),(1008,1309,NULL,'pay_in','2017-10-27',NULL,2320.55,NULL,NULL,NULL,NULL,NULL,9,'2017-11-20 07:15:10',9,'2017-11-20 07:15:10'),(1009,1445,NULL,'pay_in','2017-11-16',NULL,82.94,NULL,NULL,NULL,NULL,NULL,9,'2017-11-20 10:37:28',9,'2017-11-20 10:37:28'),(1010,1446,'invoice','payment_open_delivered','2017-11-21',NULL,-1320.96,NULL,NULL,NULL,NULL,NULL,9,'2017-11-21 12:42:14',9,'2017-11-21 12:42:14'),(1011,1406,'invoice','payment_open_delivered','2017-11-21',NULL,-573.63,NULL,NULL,NULL,NULL,NULL,9,'2017-11-21 12:42:18',9,'2017-11-21 12:42:18'),(1012,1315,NULL,'pay_in','2017-11-17',NULL,709.10,NULL,NULL,NULL,NULL,NULL,9,'2017-11-22 07:33:54',9,'2017-11-22 07:33:54'),(1013,1433,NULL,'pay_in','2017-11-17',NULL,721.96,NULL,NULL,NULL,NULL,NULL,9,'2017-11-22 07:34:06',9,'2017-11-22 07:34:06'),(1014,944,'invoice','payment_open_delivered','2017-11-24',NULL,-309.60,NULL,NULL,NULL,NULL,NULL,9,'2017-11-24 09:30:57',9,'2017-11-24 09:30:57'),(1015,1407,NULL,'pay_in','2017-11-22',NULL,1343.93,NULL,NULL,NULL,NULL,NULL,9,'2017-11-24 14:36:26',9,'2017-11-24 14:36:26'),(1016,1402,NULL,'pay_in','2017-11-22',NULL,620.73,NULL,NULL,NULL,NULL,NULL,9,'2017-11-24 14:36:41',9,'2017-11-24 14:36:41'),(1017,1395,NULL,'pay_in','2017-11-22',NULL,2212.80,NULL,NULL,NULL,NULL,NULL,9,'2017-11-24 14:37:21',9,'2017-11-24 14:37:21'),(1018,1448,NULL,'pay_in','2017-11-22',NULL,1308.61,NULL,NULL,NULL,NULL,NULL,9,'2017-11-24 14:39:44',9,'2017-11-24 14:39:44'),(1019,1452,NULL,'pay_in','2017-11-22',NULL,545.22,NULL,NULL,NULL,NULL,NULL,9,'2017-11-24 14:40:29',9,'2017-11-24 14:40:29'),(1020,1454,NULL,'pay_in','2017-11-24',NULL,289.63,NULL,NULL,NULL,NULL,NULL,9,'2017-11-24 14:42:02',9,'2017-11-24 14:42:02'),(1021,1473,'invoice','payment_open_delivered','2017-11-27',NULL,-4433.74,NULL,NULL,NULL,NULL,NULL,9,'2017-11-27 13:49:56',9,'2017-11-27 13:49:56'),(1022,1469,'invoice','payment_open_delivered','2017-11-27',NULL,-192.01,NULL,NULL,NULL,NULL,NULL,9,'2017-11-27 13:50:00',9,'2017-11-27 13:50:00'),(1023,1478,'invoice','payment_open_delivered','2017-11-28',NULL,-296.96,NULL,NULL,NULL,NULL,NULL,9,'2017-11-28 08:08:39',9,'2017-11-28 08:08:39'),(1024,1480,'invoice','payment_open_delivered','2017-11-30',NULL,-1098.89,NULL,NULL,NULL,NULL,NULL,9,'2017-11-30 14:38:53',9,'2017-11-30 14:38:53'),(1025,1486,'invoice','payment_open_delivered','2017-11-30',NULL,-578.65,NULL,NULL,NULL,NULL,NULL,9,'2017-11-30 14:38:57',9,'2017-11-30 14:38:57'),(1026,1488,'invoice','payment_open_delivered','2017-11-30',NULL,-502.79,NULL,NULL,NULL,NULL,NULL,9,'2017-11-30 14:39:00',9,'2017-11-30 14:39:00'),(1027,1507,'invoice','payment_open_delivered','2017-11-30',NULL,-48.67,NULL,NULL,NULL,NULL,NULL,9,'2017-11-30 14:39:03',9,'2017-11-30 14:39:03'),(1028,1457,NULL,'pay_in','2017-11-29',NULL,510.93,NULL,NULL,NULL,NULL,NULL,9,'2017-12-01 10:32:05',9,'2017-12-01 10:32:05'),(1029,1447,NULL,'pay_in','2017-11-29',NULL,2976.26,NULL,NULL,NULL,NULL,NULL,9,'2017-12-01 10:33:38',9,'2017-12-01 10:33:38'),(1030,1458,NULL,'pay_in','2017-11-29',NULL,599.53,NULL,NULL,NULL,NULL,NULL,9,'2017-12-01 10:34:15',9,'2017-12-01 10:34:15'),(1031,1453,NULL,'pay_in','2017-11-29',NULL,1014.00,NULL,NULL,NULL,NULL,NULL,9,'2017-12-01 10:34:57',9,'2017-12-01 10:34:57'),(1032,1456,NULL,'pay_in','2017-11-29',NULL,933.64,NULL,NULL,NULL,NULL,NULL,9,'2017-12-01 10:35:29',9,'2017-12-01 10:35:29'),(1033,944,NULL,'pay_in','2017-11-30',NULL,309.60,NULL,NULL,NULL,NULL,NULL,9,'2017-12-01 10:36:37',9,'2017-12-01 10:36:37'),(1034,1502,'invoice','payment_open_delivered','2017-12-04',NULL,-648.76,NULL,NULL,NULL,NULL,NULL,9,'2017-12-04 08:37:25',9,'2017-12-04 08:37:25'),(1035,1494,'invoice','payment_open_delivered','2017-12-05',NULL,-3504.10,NULL,NULL,NULL,NULL,NULL,9,'2017-12-05 07:46:12',9,'2017-12-05 07:46:12'),(1036,1500,'invoice','payment_open_delivered','2017-12-05',NULL,-984.01,NULL,NULL,NULL,NULL,NULL,9,'2017-12-05 07:47:22',9,'2017-12-05 07:47:22'),(1037,1435,'invoice','payment_open_delivered','2017-12-05',NULL,-2045.81,NULL,NULL,NULL,NULL,NULL,9,'2017-12-05 07:47:26',9,'2017-12-05 07:47:26'),(1038,1466,NULL,'pay_in','2017-12-01',NULL,171.81,NULL,NULL,NULL,NULL,NULL,9,'2017-12-06 08:43:33',9,'2017-12-06 08:43:33'),(1039,1440,'invoice','payment_open_delivered','2017-12-07',NULL,-922.82,NULL,NULL,NULL,NULL,NULL,9,'2017-12-07 07:33:54',9,'2017-12-07 07:33:54'),(1040,1464,NULL,'pay_in','2017-11-30',NULL,435.70,NULL,NULL,NULL,NULL,NULL,9,'2017-12-07 09:20:13',9,'2017-12-07 09:20:13'),(1041,1416,NULL,'pay_in','2017-11-20',NULL,2974.81,NULL,NULL,NULL,NULL,NULL,9,'2017-12-07 09:21:27',9,'2017-12-07 09:21:27'),(1042,1510,'invoice','payment_open_delivered','2017-12-07',NULL,-1026.00,NULL,NULL,NULL,NULL,NULL,9,'2017-12-07 10:38:05',9,'2017-12-07 10:38:05'),(1043,1511,'invoice','payment_open_delivered','2017-12-07',NULL,-1523.04,NULL,NULL,NULL,NULL,NULL,9,'2017-12-07 10:38:08',9,'2017-12-07 10:38:08'),(1044,1425,'invoice','payment_open_delivered','2017-12-13',NULL,-1531.70,NULL,NULL,NULL,NULL,NULL,9,'2017-12-13 13:00:58',9,'2017-12-13 13:00:58'),(1045,1517,'invoice','payment_open_delivered','2017-12-13',NULL,-1121.17,NULL,NULL,NULL,NULL,NULL,9,'2017-12-13 13:01:02',9,'2017-12-13 13:01:02'),(1046,1406,NULL,'pay_in','2017-12-06',NULL,573.63,NULL,NULL,NULL,NULL,NULL,9,'2017-12-14 08:03:48',9,'2017-12-14 08:03:48'),(1047,1446,NULL,'pay_in','2017-12-06',NULL,1320.96,NULL,NULL,NULL,NULL,NULL,9,'2017-12-14 08:04:01',9,'2017-12-14 08:04:01'),(1048,1469,NULL,'pay_in','2017-12-12',NULL,192.01,NULL,NULL,NULL,NULL,NULL,9,'2017-12-15 10:52:41',9,'2017-12-15 10:52:41'),(1049,1473,NULL,'pay_in','2017-12-13',NULL,4433.74,NULL,NULL,NULL,NULL,NULL,9,'2017-12-15 10:53:40',9,'2017-12-15 10:53:40'),(1050,1480,NULL,'pay_in','2017-12-15',NULL,1098.89,NULL,NULL,NULL,NULL,NULL,9,'2017-12-15 10:54:26',9,'2017-12-15 10:54:26'),(1051,1488,NULL,'pay_in','2017-12-15',NULL,502.79,NULL,NULL,NULL,NULL,NULL,9,'2017-12-15 10:55:05',9,'2017-12-15 10:55:05'),(1052,1507,NULL,'pay_in','2017-12-15',NULL,48.67,NULL,NULL,NULL,NULL,NULL,9,'2017-12-15 10:59:30',9,'2017-12-15 10:59:30'),(1053,1486,NULL,'pay_in','2017-12-15',NULL,578.65,NULL,NULL,NULL,NULL,NULL,9,'2017-12-15 10:59:51',9,'2017-12-15 10:59:51'),(1054,1101,'invoice','payment_open_delivered','2017-12-18',NULL,-1936.76,NULL,NULL,NULL,NULL,NULL,9,'2017-12-18 12:06:26',9,'2017-12-18 12:06:26'),(1055,1338,'invoice','payment_open_delivered','2017-12-18',NULL,-160.57,NULL,NULL,NULL,NULL,NULL,9,'2017-12-18 12:06:30',9,'2017-12-18 12:06:30'),(1056,1529,'invoice','payment_open_delivered','2017-12-18',NULL,-1402.01,NULL,NULL,NULL,NULL,NULL,9,'2017-12-18 12:06:33',9,'2017-12-18 12:06:33'),(1057,1528,'invoice','payment_open_delivered','2017-12-18',NULL,-1591.50,NULL,NULL,NULL,NULL,NULL,9,'2017-12-18 12:06:36',9,'2017-12-18 12:06:36'),(1058,1494,NULL,'pay_in','2017-12-20',NULL,3504.10,NULL,NULL,NULL,NULL,NULL,9,'2017-12-21 07:38:22',9,'2017-12-21 07:38:22'),(1059,1502,NULL,'pay_in','2017-12-21',NULL,648.76,NULL,NULL,NULL,NULL,NULL,9,'2017-12-22 10:50:45',9,'2017-12-22 10:50:45'),(1060,1500,NULL,'pay_in','2017-12-22',NULL,984.01,NULL,NULL,NULL,NULL,NULL,9,'2018-01-08 08:47:46',9,'2018-01-08 08:47:46'),(1061,1440,NULL,'pay_in','2017-12-22',NULL,922.82,NULL,NULL,NULL,NULL,NULL,9,'2018-01-08 08:48:43',9,'2018-01-08 08:48:43'),(1062,1101,NULL,'pay_in','2017-12-29',NULL,1936.76,NULL,NULL,NULL,NULL,NULL,9,'2018-01-09 10:04:51',9,'2018-01-09 10:04:51'),(1063,1511,NULL,'pay_in','2017-12-29',NULL,1523.04,NULL,NULL,NULL,NULL,NULL,9,'2018-01-09 10:06:21',9,'2018-01-09 10:06:21'),(1064,1517,NULL,'pay_in','2018-01-03',NULL,1121.17,NULL,NULL,NULL,NULL,NULL,9,'2018-01-09 10:06:45',9,'2018-01-09 10:06:45'),(1065,1338,NULL,'pay_in','2018-01-03',NULL,160.57,NULL,NULL,NULL,NULL,NULL,9,'2018-01-09 10:07:52',9,'2018-01-09 10:07:52'),(1066,1425,NULL,'pay_in','2018-01-03',NULL,1531.70,NULL,NULL,NULL,NULL,NULL,9,'2018-01-09 10:09:08',9,'2018-01-09 10:09:08'),(1067,1510,NULL,'pay_in','2018-01-03',NULL,1026.00,NULL,NULL,NULL,NULL,NULL,9,'2018-01-09 10:09:39',9,'2018-01-09 10:09:39'),(1068,1435,NULL,'pay_in','2017-12-21',NULL,2045.81,NULL,NULL,NULL,NULL,NULL,9,'2018-01-09 15:48:24',9,'2018-01-09 15:48:24'),(1069,1528,NULL,'pay_in','2018-01-03',NULL,1591.50,NULL,NULL,NULL,NULL,NULL,9,'2018-01-10 15:35:34',9,'2018-01-10 15:35:34'),(1070,1529,NULL,'pay_in','2018-01-03',NULL,1402.01,NULL,NULL,NULL,NULL,NULL,9,'2018-01-10 15:36:04',9,'2018-01-10 15:36:04'),(1071,1526,'invoice','payment_open_delivered','2018-01-11',NULL,-992.28,NULL,NULL,NULL,NULL,NULL,9,'2018-01-11 09:56:00',9,'2018-01-11 09:56:00'),(1072,1525,'invoice','payment_open_delivered','2018-01-12',NULL,-331.39,NULL,NULL,NULL,NULL,NULL,9,'2018-01-12 09:14:20',9,'2018-01-12 09:14:20'),(1073,1168,NULL,'pay_in','2018-01-12',NULL,591.63,NULL,NULL,NULL,NULL,NULL,9,'2018-01-19 15:09:33',9,'2018-01-19 15:09:33'),(1074,1478,NULL,'pay_in','2018-01-12',NULL,296.96,NULL,NULL,NULL,NULL,NULL,9,'2018-01-22 12:58:17',9,'2018-01-22 12:58:17'),(1075,281,'invoice','payment_open_delivered','2018-01-22',NULL,-987.78,NULL,NULL,NULL,NULL,NULL,9,'2018-01-22 15:16:48',9,'2018-01-22 15:16:48'),(1076,1544,'invoice','payment_open_delivered','2018-01-23',NULL,-1516.68,NULL,NULL,NULL,NULL,NULL,9,'2018-01-23 08:47:09',9,'2018-01-23 08:47:09'),(1077,1546,'invoice','payment_open_delivered','2018-01-23',NULL,-1296.00,NULL,NULL,NULL,NULL,NULL,9,'2018-01-23 08:47:12',9,'2018-01-23 08:47:12'),(1078,1455,'invoice','payment_open_delivered','2018-01-23',NULL,-1370.65,NULL,NULL,NULL,NULL,NULL,9,'2018-01-23 08:47:16',9,'2018-01-23 08:47:16'),(1079,1547,'invoice','payment_open_delivered','2018-01-23',NULL,-715.90,NULL,NULL,NULL,NULL,NULL,9,'2018-01-23 08:47:19',9,'2018-01-23 08:47:19'),(1080,1548,'invoice','payment_open_delivered','2018-01-26',NULL,-200.71,NULL,NULL,NULL,NULL,NULL,9,'2018-01-26 07:53:21',9,'2018-01-26 07:53:21'),(1081,1556,'invoice','payment_open_delivered','2018-01-26',NULL,-713.39,NULL,NULL,NULL,NULL,NULL,9,'2018-01-26 07:53:24',9,'2018-01-26 07:53:24'),(1082,1479,'invoice','payment_open_delivered','2018-01-26',NULL,-1320.96,NULL,NULL,NULL,NULL,NULL,9,'2018-01-26 07:53:28',9,'2018-01-26 07:53:28'),(1083,1472,'invoice','payment_open_delivered','2018-01-29',NULL,-364.08,NULL,NULL,NULL,NULL,NULL,9,'2018-01-29 08:58:43',9,'2018-01-29 08:58:43'),(1084,1552,'invoice','payment_open_delivered','2018-01-29',NULL,-1033.06,NULL,NULL,NULL,NULL,NULL,9,'2018-01-29 10:42:47',9,'2018-01-29 10:42:47'),(1085,1526,NULL,'pay_in','2018-01-26',NULL,992.28,NULL,NULL,NULL,NULL,NULL,9,'2018-01-31 15:36:58',9,'2018-01-31 15:36:58'),(1086,1525,NULL,'pay_in','2018-01-26',NULL,331.39,NULL,NULL,NULL,NULL,NULL,9,'2018-01-31 15:37:41',9,'2018-01-31 15:37:41'),(1087,1568,'invoice','payment_open_delivered','2018-02-05',NULL,-347.87,NULL,NULL,NULL,NULL,NULL,9,'2018-02-05 08:32:25',9,'2018-02-05 08:32:25'),(1088,1420,'invoice','payment_open_delivered','2018-02-05',NULL,-582.94,NULL,NULL,NULL,NULL,NULL,9,'2018-02-05 08:32:29',9,'2018-02-05 08:32:29'),(1089,1546,NULL,'pay_in','2018-02-01',NULL,1296.00,NULL,NULL,NULL,NULL,NULL,9,'2018-02-05 09:06:38',9,'2018-02-05 09:06:38'),(1090,1574,'invoice','payment_open_delivered','2018-02-08',NULL,-885.91,NULL,NULL,NULL,NULL,NULL,9,'2018-02-08 15:02:26',9,'2018-02-08 15:02:26'),(1091,1606,'invoice','payment_open_delivered','2018-02-08',NULL,-48.67,NULL,NULL,NULL,NULL,NULL,9,'2018-02-08 15:28:51',9,'2018-02-08 15:28:51'),(1092,1455,NULL,'pay_in','2018-02-07',NULL,1370.65,NULL,NULL,NULL,NULL,NULL,9,'2018-02-09 15:31:57',9,'2018-02-09 15:31:57'),(1093,281,NULL,'pay_in','2018-02-07',NULL,987.78,NULL,NULL,NULL,NULL,NULL,9,'2018-02-09 15:32:45',9,'2018-02-09 15:32:45'),(1094,1544,NULL,'pay_in','2018-02-07',NULL,1516.68,NULL,NULL,NULL,NULL,NULL,9,'2018-02-09 15:33:41',9,'2018-02-09 15:33:41'),(1095,1547,NULL,'pay_in','2018-02-07',NULL,715.90,NULL,NULL,NULL,NULL,NULL,9,'2018-02-09 15:35:03',9,'2018-02-09 15:35:03'),(1096,1479,NULL,'pay_in','2018-02-09',NULL,1320.96,NULL,NULL,NULL,NULL,NULL,9,'2018-02-09 15:35:33',9,'2018-02-09 15:35:33'),(1097,1556,NULL,'pay_in','2018-02-09',NULL,713.39,NULL,NULL,NULL,NULL,NULL,9,'2018-02-09 15:40:06',9,'2018-02-09 15:40:06'),(1098,1548,NULL,'pay_in','2018-02-09',NULL,200.71,NULL,NULL,NULL,NULL,NULL,9,'2018-02-09 15:42:31',9,'2018-02-09 15:42:31'),(1099,1434,NULL,'pay_in','2018-02-12',NULL,658.95,NULL,NULL,NULL,NULL,NULL,9,'2018-02-13 15:11:16',9,'2018-02-13 15:11:16'),(1100,1583,'invoice','payment_open_delivered','2018-02-15',NULL,-969.97,NULL,NULL,NULL,NULL,NULL,9,'2018-02-15 12:07:03',9,'2018-02-15 12:07:03'),(1101,1577,'invoice','payment_open_delivered','2018-02-15',NULL,-348.67,NULL,NULL,NULL,NULL,NULL,9,'2018-02-15 12:07:10',9,'2018-02-15 12:07:10'),(1102,1420,NULL,'pay_in','2018-02-15',NULL,582.94,NULL,NULL,NULL,NULL,NULL,9,'2018-02-16 12:56:46',9,'2018-02-16 12:56:46'),(1103,596,'invoice','payment_open_delivered','2018-02-19',NULL,-1450.09,NULL,NULL,NULL,NULL,NULL,9,'2018-02-19 10:28:35',9,'2018-02-19 10:28:35'),(1104,1562,'invoice','payment_open_delivered','2018-02-19',NULL,-1466.55,NULL,NULL,NULL,NULL,NULL,9,'2018-02-19 10:28:39',9,'2018-02-19 10:28:39'),(1105,1591,'invoice','payment_open_delivered','2018-02-22',NULL,-1263.82,NULL,NULL,NULL,NULL,NULL,9,'2018-02-22 08:33:31',9,'2018-02-22 08:33:31'),(1106,1611,'invoice','payment_open_delivered','2018-02-22',NULL,-923.10,NULL,NULL,NULL,NULL,NULL,9,'2018-02-22 08:33:35',9,'2018-02-22 08:33:35'),(1107,1515,'invoice','payment_open_delivered','2018-02-23',NULL,-2152.15,NULL,NULL,NULL,NULL,NULL,9,'2018-02-23 10:37:05',9,'2018-02-23 10:37:05'),(1108,1619,'invoice','payment_open_delivered','2018-02-23',NULL,-280.72,NULL,NULL,NULL,NULL,NULL,9,'2018-02-23 10:37:13',9,'2018-02-23 10:37:13'),(1109,1490,'invoice','payment_open_delivered','2018-02-28',NULL,-1671.15,NULL,NULL,NULL,NULL,NULL,9,'2018-02-28 08:03:39',9,'2018-02-28 08:03:39'),(1110,1552,NULL,'pay_in','2018-02-20',NULL,1033.06,NULL,NULL,NULL,NULL,NULL,9,'2018-02-28 14:46:04',9,'2018-02-28 14:46:04'),(1111,1568,NULL,'pay_in','2018-02-21',NULL,347.87,NULL,NULL,NULL,NULL,NULL,9,'2018-02-28 14:48:31',9,'2018-02-28 14:48:31'),(1112,1574,NULL,'pay_in','2018-02-23',NULL,885.91,NULL,NULL,NULL,NULL,NULL,9,'2018-02-28 14:49:57',9,'2018-02-28 14:49:57'),(1113,1472,NULL,'pay_in','2018-02-27',NULL,364.08,NULL,NULL,NULL,NULL,NULL,9,'2018-02-28 14:50:42',9,'2018-02-28 14:50:42'),(1114,1606,NULL,'pay_in','2018-02-28',NULL,48.67,NULL,NULL,NULL,NULL,NULL,9,'2018-02-28 14:54:20',9,'2018-02-28 14:54:20'),(1115,1627,'invoice','payment_open_delivered','2018-03-01',NULL,-198.62,NULL,NULL,NULL,NULL,NULL,9,'2018-03-01 08:46:43',9,'2018-03-01 08:46:43'),(1116,1634,'invoice','payment_open_delivered','2018-03-06',NULL,-1641.31,NULL,NULL,NULL,NULL,NULL,9,'2018-03-06 12:01:52',9,'2018-03-06 12:01:52'),(1117,1642,'invoice','payment_open_delivered','2018-03-12',NULL,-1263.82,NULL,NULL,NULL,NULL,NULL,9,'2018-03-12 07:12:15',9,'2018-03-12 07:12:15'),(1118,1643,'invoice','payment_open_delivered','2018-03-12',NULL,-778.96,NULL,NULL,NULL,NULL,NULL,9,'2018-03-12 07:24:09',9,'2018-03-12 07:24:09'),(1119,596,NULL,'pay_in','2018-03-02',NULL,1450.09,NULL,NULL,NULL,NULL,NULL,9,'2018-03-12 14:18:10',9,'2018-03-12 14:18:10'),(1120,1577,NULL,'pay_in','2018-03-02',NULL,348.67,NULL,NULL,NULL,NULL,NULL,9,'2018-03-12 14:18:42',9,'2018-03-12 14:18:42'),(1121,1562,NULL,'pay_in','2018-03-05',NULL,1466.55,NULL,NULL,NULL,NULL,NULL,9,'2018-03-12 14:20:15',9,'2018-03-12 14:20:15'),(1122,1627,NULL,'pay_in','2018-03-09',NULL,198.62,NULL,NULL,NULL,NULL,NULL,9,'2018-03-15 14:10:27',9,'2018-03-15 14:10:27'),(1123,1611,NULL,'pay_in','2018-03-09',NULL,923.10,NULL,NULL,NULL,NULL,NULL,9,'2018-03-15 14:11:47',9,'2018-03-15 14:11:47'),(1124,1515,NULL,'pay_in','2018-03-09',NULL,2152.15,NULL,NULL,NULL,NULL,NULL,9,'2018-03-15 14:13:14',9,'2018-03-15 14:13:14'),(1125,1591,NULL,'pay_in','2018-03-09',NULL,1263.82,NULL,NULL,NULL,NULL,NULL,9,'2018-03-15 14:14:33',9,'2018-03-15 14:14:33'),(1126,1619,NULL,'pay_in','2018-03-07',NULL,280.72,NULL,NULL,NULL,NULL,NULL,9,'2018-03-15 14:16:37',9,'2018-03-15 14:16:37'),(1127,1655,'invoice','payment_open_delivered','2018-03-19',NULL,-1393.86,NULL,NULL,NULL,NULL,NULL,9,'2018-03-19 07:42:46',9,'2018-03-19 07:42:46'),(1128,1490,NULL,'pay_in','2018-03-16',NULL,1671.15,NULL,NULL,NULL,NULL,NULL,9,'2018-03-22 12:46:58',9,'2018-03-22 12:46:58'),(1129,1643,NULL,'pay_in','2018-03-21',NULL,778.96,NULL,NULL,NULL,NULL,NULL,9,'2018-03-22 12:49:24',9,'2018-03-22 12:49:24'),(1130,1625,'invoice','payment_open_delivered','2018-03-23',NULL,-1027.08,NULL,NULL,NULL,NULL,NULL,9,'2018-03-23 08:22:11',9,'2018-03-23 08:22:11'),(1131,1575,'invoice','payment_open_delivered','2018-03-23',NULL,-2087.82,NULL,NULL,NULL,NULL,NULL,9,'2018-03-23 08:22:15',9,'2018-03-23 08:22:15'),(1132,931,'invoice','payment_open_delivered','2018-03-28',NULL,-1107.96,NULL,NULL,NULL,NULL,NULL,9,'2018-03-28 11:53:37',9,'2018-03-28 11:53:37'),(1133,1681,'invoice','payment_open_delivered','2018-03-28',NULL,-367.25,NULL,NULL,NULL,NULL,NULL,9,'2018-03-28 11:54:09',9,'2018-03-28 11:54:09'),(1134,1693,'invoice','payment_open_delivered','2018-03-28',NULL,-705.90,NULL,NULL,NULL,NULL,NULL,9,'2018-03-28 11:54:49',9,'2018-03-28 11:54:49'),(1135,1639,'invoice','payment_open_delivered','2018-03-28',NULL,-3480.36,NULL,NULL,NULL,NULL,NULL,9,'2018-03-28 12:03:12',9,'2018-03-28 12:03:12'),(1136,1667,'invoice','payment_open_delivered','2018-04-04',NULL,-216.74,NULL,NULL,NULL,NULL,NULL,9,'2018-04-04 09:11:22',9,'2018-04-04 09:11:22'),(1137,1644,'invoice','payment_open_delivered','2018-04-10',NULL,-723.65,NULL,NULL,NULL,NULL,NULL,9,'2018-04-10 07:56:52',9,'2018-04-10 07:56:52'),(1138,1707,'invoice','payment_open_delivered','2018-04-10',NULL,-671.94,NULL,NULL,NULL,NULL,NULL,9,'2018-04-10 12:12:32',9,'2018-04-10 12:12:32'),(1139,1701,'invoice','payment_open_delivered','2018-04-11',NULL,-3267.06,NULL,NULL,NULL,NULL,NULL,9,'2018-04-11 08:46:22',9,'2018-04-11 08:46:22'),(1140,1710,'invoice','payment_open_delivered','2018-04-11',NULL,-524.11,NULL,NULL,NULL,NULL,NULL,9,'2018-04-11 08:46:49',9,'2018-04-11 08:46:49'),(1141,1698,'invoice','payment_open_delivered','2018-04-11',NULL,-427.49,NULL,NULL,NULL,NULL,NULL,9,'2018-04-11 12:18:37',9,'2018-04-11 12:18:37'),(1142,1634,NULL,'pay_in','2018-03-28',NULL,1641.31,NULL,NULL,NULL,NULL,NULL,9,'2018-04-11 13:16:45',9,'2018-04-11 13:16:45'),(1143,1625,NULL,'pay_in','2018-04-04',NULL,1027.08,NULL,NULL,NULL,NULL,NULL,9,'2018-04-11 13:22:20',9,'2018-04-11 13:22:20'),(1144,1575,NULL,'pay_in','2018-04-09',NULL,2087.82,NULL,NULL,NULL,NULL,NULL,9,'2018-04-11 13:23:36',9,'2018-04-11 13:23:36'),(1145,1681,NULL,'pay_in','2018-04-09',NULL,367.25,NULL,NULL,NULL,NULL,NULL,9,'2018-04-11 13:24:27',9,'2018-04-11 13:24:27'),(1146,1693,NULL,'pay_in','2018-04-11',NULL,705.90,NULL,NULL,NULL,NULL,NULL,9,'2018-04-11 13:26:22',9,'2018-04-11 13:26:22'),(1147,1639,NULL,'pay_in','2018-04-11',NULL,3480.36,NULL,NULL,NULL,NULL,NULL,9,'2018-04-11 13:31:27',9,'2018-04-11 13:31:27'),(1148,1642,NULL,'pay_in','2018-04-03',NULL,1263.82,NULL,NULL,NULL,NULL,NULL,9,'2018-04-11 13:40:44',9,'2018-04-11 13:40:44'),(1149,1655,NULL,'pay_in','2018-04-03',NULL,1393.86,NULL,NULL,NULL,NULL,NULL,9,'2018-04-11 13:41:03',9,'2018-04-11 13:41:03'),(1150,1709,'invoice','payment_open_delivered','2018-04-12',NULL,-817.80,NULL,NULL,NULL,NULL,NULL,9,'2018-04-12 09:01:21',9,'2018-04-12 09:01:21'),(1151,1708,'invoice','payment_open_delivered','2018-04-12',NULL,-1472.47,NULL,NULL,NULL,NULL,NULL,9,'2018-04-12 09:52:44',9,'2018-04-12 09:52:44'),(1152,1699,'invoice','payment_open_delivered','2018-04-12',NULL,-209.79,NULL,NULL,NULL,NULL,NULL,9,'2018-04-12 09:57:12',9,'2018-04-12 09:57:12'),(1153,1704,'invoice','payment_open_delivered','2018-04-12',NULL,-331.47,NULL,NULL,NULL,NULL,NULL,9,'2018-04-12 11:05:13',9,'2018-04-12 11:05:13'),(1154,1712,'invoice','payment_open_delivered','2018-04-16',NULL,-1168.61,NULL,NULL,NULL,NULL,NULL,9,'2018-04-16 12:19:59',9,'2018-04-16 12:19:59'),(1155,1583,NULL,'pay_in','2018-03-28',NULL,969.97,NULL,NULL,NULL,NULL,NULL,9,'2018-04-17 11:33:55',9,'2018-04-17 11:33:55'),(1156,1713,'invoice','payment_open_delivered','2018-04-19',NULL,-514.79,NULL,NULL,NULL,NULL,NULL,9,'2018-04-19 07:47:23',9,'2018-04-19 07:47:23'),(1157,1718,'invoice','payment_open_delivered','2018-04-24',NULL,-418.08,NULL,NULL,NULL,NULL,NULL,9,'2018-04-24 13:04:07',9,'2018-04-24 13:04:07'),(1158,1600,'invoice','payment_open_delivered','2018-04-25',NULL,-287.45,NULL,NULL,NULL,NULL,NULL,9,'2018-04-25 13:46:09',9,'2018-04-25 13:46:09'),(1159,1727,'invoice','payment_open_delivered','2018-04-25',NULL,-279.43,NULL,NULL,NULL,NULL,NULL,9,'2018-04-25 13:46:56',9,'2018-04-25 13:46:56'),(1160,1720,'invoice','payment_open_delivered','2018-04-26',NULL,-671.29,NULL,NULL,NULL,NULL,NULL,9,'2018-04-26 07:49:17',9,'2018-04-26 07:49:17'),(1161,1702,'invoice','payment_open_delivered','2018-04-26',NULL,-665.49,NULL,NULL,NULL,NULL,NULL,9,'2018-04-26 07:49:49',9,'2018-04-26 07:49:49'),(1162,1726,'invoice','payment_open_delivered','2018-04-27',NULL,-1335.86,NULL,NULL,NULL,NULL,NULL,9,'2018-04-27 08:18:50',9,'2018-04-27 08:18:50'),(1163,1725,'invoice','payment_open_delivered','2018-05-04',NULL,-1544.84,NULL,NULL,NULL,NULL,NULL,9,'2018-05-04 08:41:12',9,'2018-05-04 08:41:12'),(1164,1710,NULL,'pay_in','2018-04-24',NULL,524.11,NULL,NULL,NULL,NULL,NULL,9,'2018-05-04 11:07:44',9,'2018-05-04 11:07:44'),(1165,1704,NULL,'pay_in','2018-04-25',NULL,331.47,NULL,NULL,NULL,NULL,NULL,9,'2018-05-04 11:10:04',9,'2018-05-04 11:10:04'),(1166,1698,NULL,'pay_in','2018-04-27',NULL,427.49,NULL,NULL,NULL,NULL,NULL,9,'2018-05-08 14:25:15',9,'2018-05-08 14:25:15'),(1167,1708,NULL,'pay_in','2018-04-27',NULL,1472.47,NULL,NULL,NULL,NULL,NULL,9,'2018-05-08 14:26:16',9,'2018-05-08 14:26:16'),(1168,1644,NULL,'pay_in','2018-04-27',NULL,723.65,NULL,NULL,NULL,NULL,NULL,9,'2018-05-08 14:27:21',9,'2018-05-08 14:27:21'),(1169,1712,NULL,'pay_in','2018-04-30',NULL,1168.61,NULL,NULL,NULL,NULL,NULL,9,'2018-05-08 14:28:39',9,'2018-05-08 14:28:39'),(1170,1718,NULL,'pay_in','2018-04-07',NULL,418.08,NULL,NULL,NULL,NULL,NULL,9,'2018-05-08 14:30:15',9,'2018-05-08 14:30:15'),(1171,1667,NULL,'pay_in','2018-04-27',NULL,216.74,NULL,NULL,NULL,NULL,NULL,9,'2018-05-08 14:35:05',9,'2018-05-08 14:35:05'),(1172,1707,NULL,'pay_in','2018-04-27',NULL,671.94,NULL,NULL,NULL,NULL,NULL,9,'2018-05-08 14:35:49',9,'2018-05-08 14:35:49'),(1173,1713,NULL,'pay_in','2018-05-04',NULL,514.79,NULL,NULL,NULL,NULL,NULL,9,'2018-05-08 14:36:13',9,'2018-05-08 14:36:13'),(1174,1600,NULL,'pay_in','2018-05-08',NULL,287.45,NULL,NULL,NULL,NULL,NULL,9,'2018-05-08 14:56:18',9,'2018-05-08 14:56:18'),(1175,1722,'invoice','payment_open_delivered','2018-05-09',NULL,-2469.81,NULL,NULL,NULL,NULL,NULL,9,'2018-05-09 07:35:12',9,'2018-05-09 07:35:12'),(1176,1747,'invoice','payment_open_delivered','2018-05-16',NULL,-4648.20,NULL,NULL,NULL,NULL,NULL,9,'2018-05-16 09:28:07',9,'2018-05-16 09:28:07'),(1177,1699,NULL,'pay_in','2018-05-11',NULL,209.79,NULL,NULL,NULL,NULL,NULL,9,'2018-05-17 14:11:13',9,'2018-05-17 14:11:13'),(1178,1726,NULL,'pay_in','2018-05-15',NULL,1335.86,NULL,NULL,NULL,NULL,NULL,9,'2018-05-17 14:11:49',9,'2018-05-17 14:11:49'),(1179,1702,NULL,'pay_in','2018-05-16',NULL,665.49,NULL,NULL,NULL,NULL,NULL,9,'2018-05-17 14:12:52',9,'2018-05-17 14:12:52'),(1180,1720,NULL,'pay_in','2018-05-16',NULL,671.29,NULL,NULL,NULL,NULL,NULL,9,'2018-05-17 14:13:32',9,'2018-05-17 14:13:32'),(1181,1727,NULL,'pay_in','2018-05-16',NULL,279.43,NULL,NULL,NULL,NULL,NULL,9,'2018-05-17 14:15:49',9,'2018-05-17 14:15:49'),(1182,1743,'invoice','payment_open_delivered','2018-05-22',NULL,-488.99,NULL,NULL,NULL,NULL,NULL,9,'2018-05-22 09:47:28',9,'2018-05-22 09:47:28'),(1183,1725,NULL,'pay_in','2018-05-18',NULL,1544.84,NULL,NULL,NULL,NULL,NULL,9,'2018-05-22 13:18:24',9,'2018-05-22 13:18:24'),(1184,1721,'invoice','payment_open_delivered','2018-05-23',NULL,-452.85,NULL,NULL,NULL,NULL,NULL,9,'2018-05-23 09:03:52',9,'2018-05-23 09:03:52'),(1185,1744,'invoice','payment_open_delivered','2018-05-23',NULL,-1063.67,NULL,NULL,NULL,NULL,NULL,9,'2018-05-23 09:05:58',9,'2018-05-23 09:05:58'),(1186,1748,'invoice','payment_open_delivered','2018-05-23',NULL,-1302.39,NULL,NULL,NULL,NULL,NULL,9,'2018-05-23 09:07:42',9,'2018-05-23 09:07:42'),(1187,1734,'invoice','payment_open_delivered','2018-05-24',NULL,-624.65,NULL,NULL,NULL,NULL,NULL,9,'2018-05-24 06:11:55',9,'2018-05-24 06:11:55'),(1188,1752,'invoice','payment_open_delivered','2018-05-24',NULL,-887.77,NULL,NULL,NULL,NULL,NULL,9,'2018-05-24 09:02:14',9,'2018-05-24 09:02:14'),(1189,1686,'invoice','payment_open_delivered','2018-05-25',NULL,-195.41,NULL,NULL,NULL,NULL,NULL,9,'2018-05-25 08:01:47',9,'2018-05-25 08:01:47'),(1190,1768,'invoice','payment_open_delivered','2018-05-29',NULL,-1093.64,NULL,NULL,NULL,NULL,NULL,9,'2018-05-29 08:17:40',9,'2018-05-29 08:17:40'),(1191,1778,'invoice','payment_open_delivered','2018-05-29',NULL,-3719.27,NULL,NULL,NULL,NULL,NULL,9,'2018-05-29 09:05:49',9,'2018-05-29 09:05:49'),(1192,1763,'invoice','payment_open_delivered','2018-05-29',NULL,-908.56,NULL,NULL,NULL,NULL,NULL,9,'2018-05-29 09:15:59',9,'2018-05-29 09:15:59'),(1193,1765,'invoice','payment_open_delivered','2018-05-29',NULL,-6310.13,NULL,NULL,NULL,NULL,NULL,9,'2018-05-29 09:16:29',9,'2018-05-29 09:16:29'),(1194,1773,'invoice','payment_open_delivered','2018-05-29',NULL,-1194.84,NULL,NULL,NULL,NULL,NULL,9,'2018-05-29 09:28:16',9,'2018-05-29 09:28:16'),(1195,1722,NULL,'pay_in','2018-05-24',NULL,2469.81,NULL,NULL,NULL,NULL,NULL,9,'2018-05-30 14:19:01',9,'2018-05-30 14:19:01'),(1196,1747,NULL,'pay_in','2018-05-30',NULL,4648.20,NULL,NULL,NULL,NULL,NULL,9,'2018-05-30 14:19:45',9,'2018-05-30 14:19:45'),(1197,1569,'invoice','payment_open_delivered','2018-06-08',NULL,-721.75,NULL,NULL,NULL,NULL,NULL,9,'2018-06-08 09:35:40',9,'2018-06-08 09:35:40'),(1198,1779,'invoice','payment_open_delivered','2018-06-08',NULL,-628.28,NULL,NULL,NULL,NULL,NULL,9,'2018-06-08 09:36:26',9,'2018-06-08 09:36:26'),(1199,1780,'invoice','payment_open_delivered','2018-06-08',NULL,-875.87,NULL,NULL,NULL,NULL,NULL,9,'2018-06-08 09:37:06',9,'2018-06-08 09:37:06'),(1200,1751,'invoice','payment_open_delivered','2018-06-11',NULL,-650.54,NULL,NULL,NULL,NULL,NULL,9,'2018-06-11 08:01:09',9,'2018-06-11 08:01:09'),(1201,1772,'invoice','payment_open_delivered','2018-06-12',NULL,-314.36,NULL,NULL,NULL,NULL,NULL,9,'2018-06-12 12:54:12',9,'2018-06-12 12:54:12'),(1202,1774,'invoice','payment_open_delivered','2018-06-14',NULL,-539.22,NULL,NULL,NULL,NULL,NULL,9,'2018-06-14 13:50:18',9,'2018-06-14 13:50:18'),(1203,1721,NULL,'pay_in','2018-06-01',NULL,452.85,NULL,NULL,NULL,NULL,NULL,9,'2018-06-15 14:27:25',9,'2018-06-15 14:27:25'),(1204,1686,NULL,'pay_in','2018-06-07',NULL,195.41,NULL,NULL,NULL,NULL,NULL,9,'2018-06-15 14:29:00',9,'2018-06-15 14:29:00'),(1205,1752,NULL,'pay_in','2018-06-07',NULL,887.77,NULL,NULL,NULL,NULL,NULL,9,'2018-06-15 14:30:12',9,'2018-06-15 14:30:12'),(1206,1768,NULL,'pay_in','2018-06-11',NULL,1093.64,NULL,NULL,NULL,NULL,NULL,9,'2018-06-15 14:36:24',9,'2018-06-15 14:36:24'),(1207,1778,NULL,'pay_in','2018-06-15',NULL,3719.27,NULL,NULL,NULL,NULL,NULL,9,'2018-06-15 14:38:34',9,'2018-06-15 14:38:34'),(1208,1763,NULL,'pay_in','2018-06-15',NULL,908.56,NULL,NULL,NULL,NULL,NULL,9,'2018-06-15 14:39:02',9,'2018-06-15 14:39:02'),(1209,1773,NULL,'pay_in','2018-06-15',NULL,1194.84,NULL,NULL,NULL,NULL,NULL,9,'2018-06-15 14:39:45',9,'2018-06-15 14:39:45'),(1210,1795,'invoice','payment_open_delivered','2018-06-22',NULL,-1889.41,NULL,NULL,NULL,NULL,NULL,9,'2018-06-22 06:38:38',9,'2018-06-22 06:38:38'),(1211,1785,'invoice','payment_open_delivered','2018-06-22',NULL,-1002.36,NULL,NULL,NULL,NULL,NULL,9,'2018-06-22 06:47:09',9,'2018-06-22 06:47:09'),(1212,1782,'invoice','payment_open_delivered','2018-06-22',NULL,-2134.26,NULL,NULL,NULL,NULL,NULL,9,'2018-06-22 06:51:51',9,'2018-06-22 06:51:51'),(1213,1791,'invoice','payment_open_delivered','2018-06-22',NULL,-513.91,NULL,NULL,NULL,NULL,NULL,9,'2018-06-22 06:54:59',9,'2018-06-22 06:54:59'),(1214,1797,'invoice','payment_open_delivered','2018-06-22',NULL,-753.20,NULL,NULL,NULL,NULL,NULL,9,'2018-06-22 08:47:10',9,'2018-06-22 08:47:10'),(1215,1227,'invoice','payment_open_delivered','2018-06-25',NULL,-293.57,NULL,NULL,NULL,NULL,NULL,9,'2018-06-25 11:37:40',9,'2018-06-25 11:37:40'),(1216,1758,'invoice','payment_open_delivered','2018-06-26',NULL,-1456.57,NULL,NULL,NULL,NULL,NULL,9,'2018-06-26 09:31:05',9,'2018-06-26 09:31:05'),(1217,1744,NULL,'pay_in','2018-06-08',NULL,1063.67,NULL,NULL,NULL,NULL,NULL,9,'2018-06-29 12:28:23',9,'2018-06-29 12:28:23'),(1218,1748,NULL,'pay_in','2018-06-08',NULL,1302.39,NULL,NULL,NULL,NULL,NULL,9,'2018-06-29 12:28:43',9,'2018-06-29 12:28:43'),(1219,1751,NULL,'pay_in','2018-06-22',NULL,650.54,NULL,NULL,NULL,NULL,NULL,9,'2018-06-29 12:34:11',9,'2018-06-29 12:34:11'),(1220,1779,NULL,'pay_in','2018-06-22',NULL,628.28,NULL,NULL,NULL,NULL,NULL,9,'2018-06-29 12:34:52',9,'2018-06-29 12:34:52'),(1221,1772,NULL,'pay_in','2018-06-29',NULL,314.36,NULL,NULL,NULL,NULL,NULL,9,'2018-06-29 12:36:16',9,'2018-06-29 12:36:16'),(1222,1765,NULL,'pay_in','2018-06-20',NULL,6310.13,NULL,NULL,NULL,NULL,NULL,9,'2018-07-05 13:43:56',9,'2018-07-05 13:43:56'),(1223,1780,NULL,'pay_in','2018-06-22',NULL,875.87,NULL,NULL,NULL,NULL,NULL,9,'2018-07-05 13:45:57',9,'2018-07-05 13:45:57'),(1224,1785,NULL,'pay_in','2018-07-02',NULL,1002.36,NULL,NULL,NULL,NULL,NULL,9,'2018-07-05 13:47:31',9,'2018-07-05 13:47:31'),(1225,1569,NULL,'pay_in','2018-07-04',NULL,721.75,NULL,NULL,NULL,NULL,NULL,9,'2018-07-05 13:49:55',9,'2018-07-05 13:49:55'),(1226,1795,NULL,'pay_in','2018-07-06',NULL,1889.41,NULL,NULL,NULL,NULL,NULL,9,'2018-07-06 13:47:20',9,'2018-07-06 13:47:20'),(1227,1782,NULL,'pay_in','2018-07-06',NULL,2134.26,NULL,NULL,NULL,NULL,NULL,9,'2018-07-06 13:47:57',9,'2018-07-06 13:47:57'),(1228,1797,NULL,'pay_in','2018-07-06',NULL,753.20,NULL,NULL,NULL,NULL,NULL,9,'2018-07-06 13:48:28',9,'2018-07-06 13:48:28'),(1229,1815,'invoice','payment_open_delivered','2018-07-09',NULL,-1030.19,NULL,NULL,NULL,NULL,NULL,9,'2018-07-09 12:13:42',9,'2018-07-09 12:13:42'),(1230,1758,NULL,'pay_in','2018-07-11',NULL,1456.57,NULL,NULL,NULL,NULL,NULL,9,'2018-07-11 12:19:47',9,'2018-07-11 12:19:47'),(1231,1227,NULL,'pay_in','2018-07-11',NULL,293.57,NULL,NULL,NULL,NULL,NULL,9,'2018-07-11 12:20:23',9,'2018-07-11 12:20:23'),(1232,1809,'invoice','payment_open_delivered','2018-07-16',NULL,-1766.50,NULL,NULL,NULL,NULL,NULL,9,'2018-07-16 08:55:29',9,'2018-07-16 08:55:29'),(1233,1820,'invoice','payment_open_delivered','2018-07-17',NULL,-739.21,NULL,NULL,NULL,NULL,NULL,9,'2018-07-17 14:32:50',9,'2018-07-17 14:32:50'),(1234,1805,'invoice','payment_open_delivered','2018-07-24',NULL,-906.37,NULL,NULL,NULL,NULL,NULL,9,'2018-07-24 11:34:05',9,'2018-07-24 11:34:05'),(1235,1828,'invoice','payment_open_delivered','2018-07-25',NULL,-402.32,NULL,NULL,NULL,NULL,NULL,9,'2018-07-25 09:44:02',9,'2018-07-25 09:44:02'),(1236,1833,'invoice','payment_open_delivered','2018-07-25',NULL,-440.95,NULL,NULL,NULL,NULL,NULL,9,'2018-07-25 09:45:13',9,'2018-07-25 09:45:13'),(1237,1837,'invoice','payment_open_delivered','2018-07-25',NULL,-637.08,NULL,NULL,NULL,NULL,NULL,9,'2018-07-25 09:52:42',9,'2018-07-25 09:52:42'),(1238,1829,'invoice','payment_open_delivered','2018-07-26',NULL,-1321.69,NULL,NULL,NULL,NULL,NULL,9,'2018-07-26 08:36:35',9,'2018-07-26 08:36:35'),(1239,1824,'invoice','payment_open_delivered','2018-07-26',NULL,-293.40,NULL,NULL,NULL,NULL,NULL,9,'2018-07-26 08:37:41',9,'2018-07-26 08:37:41'),(1240,1815,NULL,'pay_in','2018-07-25',NULL,1030.19,NULL,NULL,NULL,NULL,NULL,9,'2018-07-27 08:48:40',9,'2018-07-27 08:48:40'),(1241,1809,NULL,'pay_in','2018-07-27',NULL,1766.50,NULL,NULL,NULL,NULL,NULL,9,'2018-07-27 08:50:25',9,'2018-07-27 08:50:25'),(1242,1831,'invoice','payment_open_delivered','2018-07-27',NULL,-785.88,NULL,NULL,NULL,NULL,NULL,9,'2018-07-27 11:55:31',9,'2018-07-27 11:55:31'),(1243,1829,NULL,'pay_in','2018-08-01',NULL,1321.69,NULL,NULL,NULL,NULL,NULL,9,'2018-08-03 08:07:05',9,'2018-08-03 08:07:05'),(1244,1820,NULL,'pay_in','2018-08-03',NULL,739.21,NULL,NULL,NULL,NULL,NULL,9,'2018-08-03 08:08:14',9,'2018-08-03 08:08:14'),(1245,1840,'invoice','payment_open_delivered','2018-08-08',NULL,-653.35,NULL,NULL,NULL,NULL,NULL,9,'2018-08-08 13:10:38',9,'2018-08-08 13:10:38'),(1246,1831,NULL,'pay_in','2018-08-07',NULL,785.88,NULL,NULL,NULL,NULL,NULL,9,'2018-08-22 11:06:39',9,'2018-08-22 11:06:39'),(1247,1805,NULL,'pay_in','2018-08-08',NULL,906.37,NULL,NULL,NULL,NULL,NULL,9,'2018-08-22 11:07:34',9,'2018-08-22 11:07:34'),(1248,1833,NULL,'pay_in','2018-08-08',NULL,440.95,NULL,NULL,NULL,NULL,NULL,9,'2018-08-22 11:08:32',9,'2018-08-22 11:08:32'),(1249,1828,NULL,'pay_in','2018-08-08',NULL,402.32,NULL,NULL,NULL,NULL,NULL,9,'2018-08-22 11:09:30',9,'2018-08-22 11:09:30'),(1250,1824,NULL,'pay_in','2018-08-13',NULL,293.40,NULL,NULL,NULL,NULL,NULL,9,'2018-08-22 11:10:39',9,'2018-08-22 11:10:39'),(1251,1837,NULL,'pay_in','2018-08-13',NULL,637.08,NULL,NULL,NULL,NULL,NULL,9,'2018-08-22 11:12:41',9,'2018-08-22 11:12:41'),(1252,1865,'invoice','payment_open_delivered','2018-08-24',NULL,-2044.73,NULL,NULL,NULL,NULL,NULL,9,'2018-08-24 09:27:55',9,'2018-08-24 09:27:55'),(1253,1871,'invoice','payment_open_delivered','2018-09-04',NULL,-798.80,NULL,NULL,NULL,NULL,NULL,9,'2018-09-04 12:04:55',9,'2018-09-04 12:04:55'),(1254,1791,NULL,'pay_in','2018-08-16',NULL,513.91,NULL,NULL,NULL,NULL,NULL,9,'2018-09-06 08:10:41',9,'2018-09-06 08:10:41'),(1255,1800,'invoice','payment_open_delivered','2018-09-06',NULL,-390.69,NULL,NULL,NULL,NULL,NULL,9,'2018-09-06 08:16:22',9,'2018-09-06 08:16:22'),(1256,1864,'invoice','payment_open_delivered','2018-09-06',NULL,-659.03,NULL,NULL,NULL,NULL,NULL,9,'2018-09-06 08:16:27',9,'2018-09-06 08:16:27'),(1257,1875,'invoice','payment_open_delivered','2018-09-06',NULL,-912.40,NULL,NULL,NULL,NULL,NULL,9,'2018-09-06 08:16:32',9,'2018-09-06 08:16:32'),(1258,1847,'invoice','payment_open_delivered','2018-09-14',NULL,-1133.05,NULL,NULL,NULL,NULL,NULL,9,'2018-09-14 09:20:54',9,'2018-09-14 09:20:54'),(1259,1885,'invoice','payment_open_delivered','2018-09-18',NULL,-1506.17,NULL,NULL,NULL,NULL,NULL,9,'2018-09-18 11:14:35',9,'2018-09-18 11:14:35'),(1260,1856,'invoice','payment_open_delivered','2018-09-19',NULL,-2692.13,NULL,NULL,NULL,NULL,NULL,9,'2018-09-19 08:41:21',9,'2018-09-19 08:41:21'),(1261,1895,'invoice','payment_open_delivered','2018-09-21',NULL,-1590.63,NULL,NULL,NULL,NULL,NULL,9,'2018-09-21 12:29:33',9,'2018-09-21 12:29:33'),(1262,1880,'invoice','payment_open_delivered','2018-09-24',NULL,-1032.90,NULL,NULL,NULL,NULL,NULL,9,'2018-09-24 11:18:16',9,'2018-09-24 11:18:16'),(1263,1901,'invoice','payment_open_delivered','2018-09-27',NULL,-1487.55,NULL,NULL,NULL,NULL,NULL,9,'2018-09-27 11:36:00',9,'2018-09-27 11:36:00'),(1264,1875,NULL,'pay_in','2018-09-18',NULL,912.40,NULL,NULL,NULL,NULL,NULL,9,'2018-09-27 15:55:09',9,'2018-09-27 15:55:09'),(1265,1800,NULL,'pay_in','2018-09-19',NULL,390.69,NULL,NULL,NULL,NULL,NULL,9,'2018-09-27 15:56:09',9,'2018-09-27 15:56:09'),(1266,1871,NULL,'pay_in','2018-09-21',NULL,798.80,NULL,NULL,NULL,NULL,NULL,9,'2018-09-27 15:56:47',9,'2018-09-27 15:56:47'),(1267,1840,NULL,'pay_in','2018-09-21',NULL,653.35,NULL,NULL,NULL,NULL,NULL,9,'2018-09-27 15:58:06',9,'2018-09-27 15:58:06'),(1268,1903,'invoice','payment_open_delivered','2018-10-02',NULL,-751.49,NULL,NULL,NULL,NULL,NULL,9,'2018-10-02 11:06:28',9,'2018-10-02 11:06:28'),(1269,1900,'invoice','payment_open_delivered','2018-10-02',NULL,-1090.03,NULL,NULL,NULL,NULL,NULL,9,'2018-10-02 11:07:54',9,'2018-10-02 11:07:54'),(1270,1881,'invoice','payment_open_delivered','2018-10-02',NULL,-1517.22,NULL,NULL,NULL,NULL,NULL,9,'2018-10-02 11:19:52',9,'2018-10-02 11:19:52'),(1271,1743,NULL,'pay_in','2018-09-27',NULL,488.99,NULL,NULL,NULL,NULL,NULL,9,'2018-10-03 14:20:34',9,'2018-10-03 14:20:34'),(1272,1709,NULL,'pay_in','2018-09-27',NULL,817.80,NULL,NULL,NULL,NULL,NULL,9,'2018-10-03 14:21:14',9,'2018-10-03 14:21:14'),(1273,1865,NULL,'pay_in','2018-09-28',NULL,2044.73,NULL,NULL,NULL,NULL,NULL,9,'2018-10-03 14:22:45',9,'2018-10-03 14:22:45'),(1274,1847,NULL,'pay_in','2018-09-28',NULL,1133.05,NULL,NULL,NULL,NULL,NULL,9,'2018-10-03 14:23:35',9,'2018-10-03 14:23:35'),(1275,1867,'invoice','payment_open_delivered','2018-10-04',NULL,-787.23,NULL,NULL,NULL,NULL,NULL,9,'2018-10-04 11:10:08',9,'2018-10-04 11:10:08'),(1276,1883,'invoice','payment_open_delivered','2018-10-09',NULL,-381.76,NULL,NULL,NULL,NULL,NULL,9,'2018-10-09 09:10:52',9,'2018-10-09 09:10:52'),(1277,1827,'invoice','payment_open_delivered','2018-10-10',NULL,-1904.47,NULL,NULL,NULL,NULL,NULL,9,'2018-10-10 05:55:49',9,'2018-10-10 05:55:49'),(1278,1902,'invoice','payment_open_delivered','2018-10-10',NULL,-454.91,NULL,NULL,NULL,NULL,NULL,9,'2018-10-10 05:56:08',9,'2018-10-10 05:56:08'),(1279,1767,'invoice','payment_open_delivered','2018-10-10',NULL,-1075.57,NULL,NULL,NULL,NULL,NULL,9,'2018-10-10 05:56:35',9,'2018-10-10 05:56:35'),(1280,1918,'invoice','payment_open_delivered','2018-10-10',NULL,-478.80,NULL,NULL,NULL,NULL,NULL,9,'2018-10-10 08:47:46',9,'2018-10-10 08:47:46'),(1281,1679,'invoice','payment_open_delivered','2018-10-10',NULL,-531.80,NULL,NULL,NULL,NULL,NULL,9,'2018-10-10 08:48:34',9,'2018-10-10 08:48:34'),(1282,1890,'invoice','payment_open_delivered','2018-10-10',NULL,-2709.14,NULL,NULL,NULL,NULL,NULL,9,'2018-10-10 08:49:10',9,'2018-10-10 08:49:10'),(1283,1788,'invoice','payment_open_delivered','2018-10-11',NULL,-713.21,NULL,NULL,NULL,NULL,NULL,9,'2018-10-11 12:52:39',9,'2018-10-11 12:52:39'),(1284,1917,'invoice','payment_open_delivered','2018-10-12',NULL,-524.38,NULL,NULL,NULL,NULL,NULL,9,'2018-10-12 08:20:43',9,'2018-10-12 08:20:43'),(1285,1906,'invoice','payment_open_delivered','2018-10-16',NULL,-848.55,NULL,NULL,NULL,NULL,NULL,9,'2018-10-16 08:12:26',9,'2018-10-16 08:12:26'),(1286,1924,'invoice','payment_open_delivered','2018-10-17',NULL,-1368.86,NULL,NULL,NULL,NULL,NULL,9,'2018-10-17 11:33:18',9,'2018-10-17 11:33:18'),(1287,1915,'invoice','payment_open_delivered','2018-10-18',NULL,-654.31,NULL,NULL,NULL,NULL,NULL,9,'2018-10-18 12:38:17',9,'2018-10-18 12:38:17'),(1288,1921,'invoice','payment_open_delivered','2018-10-19',NULL,-794.56,NULL,NULL,NULL,NULL,NULL,9,'2018-10-19 05:52:39',9,'2018-10-19 05:52:39'),(1289,1922,'invoice','payment_open_delivered','2018-10-19',NULL,-1243.60,NULL,NULL,NULL,NULL,NULL,9,'2018-10-19 07:52:17',9,'2018-10-19 07:52:17'),(1290,1904,'invoice','payment_open_delivered','2018-10-23',NULL,-876.26,NULL,NULL,NULL,NULL,NULL,9,'2018-10-23 10:42:27',9,'2018-10-23 10:42:27'),(1291,1933,'invoice','payment_open_delivered','2018-10-29',NULL,-1448.44,NULL,NULL,NULL,NULL,NULL,9,'2018-10-29 09:30:31',9,'2018-10-29 09:30:31'),(1292,1934,'invoice','payment_open_delivered','2018-10-29',NULL,-754.13,NULL,NULL,NULL,NULL,NULL,9,'2018-10-29 09:31:06',9,'2018-10-29 09:31:06'),(1293,1895,NULL,'pay_in','2018-10-05',NULL,1590.63,NULL,NULL,NULL,NULL,NULL,9,'2018-10-31 14:16:30',9,'2018-10-31 14:16:30'),(1294,1856,NULL,'pay_in','2018-10-10',NULL,2692.13,NULL,NULL,NULL,NULL,NULL,9,'2018-10-31 14:18:26',9,'2018-10-31 14:18:26'),(1295,1903,NULL,'pay_in','2018-10-17',NULL,751.49,NULL,NULL,NULL,NULL,NULL,9,'2018-10-31 14:22:07',9,'2018-10-31 14:22:07'),(1296,1903,NULL,'pay_in','2018-10-17',NULL,751.49,NULL,NULL,NULL,NULL,NULL,9,'2018-10-31 14:23:15',9,'2018-10-31 14:23:15'),(1297,1903,NULL,'pay_out','2018-10-17',NULL,-751.49,NULL,NULL,NULL,NULL,NULL,9,'2018-10-31 14:23:35',9,'2018-10-31 14:23:35'),(1298,1881,NULL,'pay_in','2018-10-17',NULL,1517.22,NULL,NULL,NULL,NULL,NULL,9,'2018-10-31 14:24:32',9,'2018-10-31 14:24:32'),(1299,1901,NULL,'pay_in','2018-10-18',NULL,1487.55,NULL,NULL,NULL,NULL,NULL,9,'2018-10-31 14:27:31',9,'2018-10-31 14:27:31'),(1300,1867,NULL,'pay_in','2018-10-19',NULL,787.23,NULL,NULL,NULL,NULL,NULL,9,'2018-10-31 14:28:32',9,'2018-10-31 14:28:32'),(1301,1917,NULL,'pay_in','2018-10-25',NULL,524.38,NULL,NULL,NULL,NULL,NULL,9,'2018-10-31 14:38:47',9,'2018-10-31 14:38:47'),(1302,1900,NULL,'pay_in','2018-10-25',NULL,1090.03,NULL,NULL,NULL,NULL,NULL,9,'2018-10-31 14:57:52',9,'2018-10-31 14:57:52'),(1303,1890,NULL,'pay_in','2018-10-25',NULL,2709.14,NULL,NULL,NULL,NULL,NULL,9,'2018-10-31 14:58:08',9,'2018-10-31 14:58:08'),(1304,1906,NULL,'pay_in','2018-10-25',NULL,848.55,NULL,NULL,NULL,NULL,NULL,9,'2018-10-31 14:59:09',9,'2018-10-31 14:59:09'),(1305,1918,NULL,'pay_in','2018-10-25',NULL,478.80,NULL,NULL,NULL,NULL,NULL,9,'2018-10-31 14:59:36',9,'2018-10-31 14:59:36'),(1306,1883,NULL,'pay_in','2018-10-25',NULL,381.76,NULL,NULL,NULL,NULL,NULL,9,'2018-10-31 15:00:04',9,'2018-10-31 15:00:04'),(1307,1679,NULL,'pay_in','2018-10-25',NULL,531.80,NULL,NULL,NULL,NULL,NULL,9,'2018-10-31 15:00:50',9,'2018-10-31 15:00:50'),(1308,1827,NULL,'pay_in','2018-10-30',NULL,1904.47,NULL,NULL,NULL,NULL,NULL,9,'2018-11-02 09:02:20',9,'2018-11-02 09:02:20'),(1309,1902,NULL,'pay_in','2018-10-30',NULL,454.91,NULL,NULL,NULL,NULL,NULL,9,'2018-11-02 09:02:56',9,'2018-11-02 09:02:56'),(1310,1924,NULL,'pay_in','2018-10-31',NULL,1368.86,NULL,NULL,NULL,NULL,NULL,9,'2018-11-02 09:04:05',9,'2018-11-02 09:04:05'),(1311,1915,NULL,'pay_in','2018-10-31',NULL,654.31,NULL,NULL,NULL,NULL,NULL,9,'2018-11-02 09:05:26',9,'2018-11-02 09:05:26'),(1312,1767,NULL,'pay_in','2018-10-23',NULL,1075.57,NULL,NULL,NULL,NULL,NULL,9,'2018-11-06 15:24:37',9,'2018-11-06 15:24:37'),(1313,1923,'invoice','payment_open_delivered','2018-11-07',NULL,-1092.04,NULL,NULL,NULL,NULL,NULL,9,'2018-11-07 09:52:16',9,'2018-11-07 09:52:16'),(1314,1942,'invoice','payment_open_delivered','2018-11-08',NULL,-390.83,NULL,NULL,NULL,NULL,NULL,9,'2018-11-08 08:29:50',9,'2018-11-08 08:29:50'),(1315,1922,NULL,'pay_in','2018-11-05',NULL,1243.60,NULL,NULL,NULL,NULL,NULL,9,'2018-11-09 07:54:42',9,'2018-11-09 07:54:42'),(1316,931,NULL,'pay_in','2018-04-19',NULL,1107.96,NULL,NULL,NULL,NULL,NULL,9,'2018-11-09 08:00:11',9,'2018-11-09 08:00:11'),(1317,1943,'invoice','payment_open_delivered','2018-11-16',NULL,-2252.50,NULL,NULL,NULL,NULL,NULL,9,'2018-11-16 07:28:35',9,'2018-11-16 07:28:35'),(1318,1945,'invoice','payment_open_delivered','2018-11-16',NULL,-4265.20,NULL,NULL,NULL,NULL,NULL,9,'2018-11-16 07:29:08',9,'2018-11-16 07:29:08'),(1319,1876,'invoice','payment_open_delivered','2018-11-23',NULL,-1079.10,NULL,NULL,NULL,NULL,NULL,9,'2018-11-23 06:46:00',9,'2018-11-23 06:46:00'),(1320,1951,'invoice','payment_open_delivered','2018-11-23',NULL,-539.19,NULL,NULL,NULL,NULL,NULL,9,'2018-11-23 06:46:35',9,'2018-11-23 06:46:35'),(1321,1963,'invoice','payment_open_delivered','2018-11-23',NULL,-212.30,NULL,NULL,NULL,NULL,NULL,9,'2018-11-23 06:46:56',9,'2018-11-23 06:46:56'),(1322,1969,'invoice','payment_open_delivered','2018-11-23',NULL,-340.22,NULL,NULL,NULL,NULL,NULL,9,'2018-11-23 06:47:15',9,'2018-11-23 06:47:15'),(1323,1965,'invoice','payment_open_delivered','2018-11-23',NULL,-488.09,NULL,NULL,NULL,NULL,NULL,9,'2018-11-23 06:48:20',9,'2018-11-23 06:48:20'),(1324,1940,'invoice','payment_open_delivered','2018-11-23',NULL,-805.35,NULL,NULL,NULL,NULL,NULL,9,'2018-11-23 06:48:43',9,'2018-11-23 06:48:43'),(1325,1967,'invoice','payment_open_delivered','2018-11-23',NULL,-508.89,NULL,NULL,NULL,NULL,NULL,9,'2018-11-23 06:49:03',9,'2018-11-23 06:49:03'),(1326,1960,'invoice','payment_open_delivered','2018-11-27',NULL,-1363.56,NULL,NULL,NULL,NULL,NULL,9,'2018-11-27 08:13:57',9,'2018-11-27 08:13:57'),(1327,1948,'invoice','payment_open_delivered','2018-11-28',NULL,-242.58,NULL,NULL,NULL,NULL,NULL,9,'2018-11-28 12:33:04',9,'2018-11-28 12:33:04'),(1328,1982,'invoice','payment_open_delivered','2018-11-29',NULL,-2282.70,NULL,NULL,NULL,NULL,NULL,9,'2018-11-29 15:33:52',9,'2018-11-29 15:33:52'),(1329,1989,'invoice','payment_open_delivered','2018-12-04',NULL,-1004.35,NULL,NULL,NULL,NULL,NULL,9,'2018-12-04 09:43:54',9,'2018-12-04 09:43:54'),(1330,1987,'invoice','payment_open_delivered','2018-12-05',NULL,-3555.15,NULL,NULL,NULL,NULL,NULL,9,'2018-12-05 07:51:39',9,'2018-12-05 07:51:39'),(1331,1988,'invoice','payment_open_delivered','2018-12-05',NULL,-1938.69,NULL,NULL,NULL,NULL,NULL,9,'2018-12-05 12:05:27',9,'2018-12-05 12:05:27'),(1332,1998,'invoice','payment_open_delivered','2018-12-07',NULL,-569.17,NULL,NULL,NULL,NULL,NULL,9,'2018-12-07 08:19:13',9,'2018-12-07 08:19:13'),(1333,1904,NULL,'pay_in','2018-11-12',NULL,876.26,NULL,NULL,NULL,NULL,NULL,9,'2018-12-07 09:38:20',9,'2018-12-07 09:38:20'),(1334,1933,NULL,'pay_in','2018-11-14',NULL,1448.44,NULL,NULL,NULL,NULL,NULL,9,'2018-12-07 09:39:37',9,'2018-12-07 09:39:37'),(1335,1934,NULL,'pay_in','2018-11-14',NULL,754.13,NULL,NULL,NULL,NULL,NULL,9,'2018-12-07 09:40:21',9,'2018-12-07 09:40:21'),(1336,1774,NULL,'pay_in','2018-11-19',NULL,539.22,NULL,NULL,NULL,NULL,NULL,9,'2018-12-07 09:41:28',9,'2018-12-07 09:41:28'),(1337,1923,NULL,'pay_in','2018-11-21',NULL,1092.04,NULL,NULL,NULL,NULL,NULL,9,'2018-12-07 09:43:37',9,'2018-12-07 09:43:37'),(1338,1942,NULL,'pay_in','2018-11-23',NULL,390.83,NULL,NULL,NULL,NULL,NULL,9,'2018-12-07 09:44:21',9,'2018-12-07 09:44:21'),(1339,1943,NULL,'pay_in','2018-11-30',NULL,2252.50,NULL,NULL,NULL,NULL,NULL,9,'2018-12-07 09:46:30',9,'2018-12-07 09:46:30'),(1340,1945,NULL,'pay_in','2018-11-30',NULL,4265.20,NULL,NULL,NULL,NULL,NULL,9,'2018-12-07 09:47:11',9,'2018-12-07 09:47:11'),(1341,1940,NULL,'pay_in','2018-12-03',NULL,805.35,NULL,NULL,NULL,NULL,NULL,9,'2018-12-07 09:48:21',9,'2018-12-07 09:48:21'),(1342,1940,NULL,'pay_in','2018-12-03',NULL,0.00,NULL,NULL,NULL,NULL,NULL,9,'2018-12-07 09:49:03',9,'2018-12-07 09:49:03'),(1343,1965,NULL,'pay_in','2018-12-05',NULL,488.09,NULL,NULL,NULL,NULL,NULL,9,'2018-12-07 09:50:30',9,'2018-12-07 09:50:30'),(1344,1969,NULL,'pay_in','2018-12-07',NULL,340.22,NULL,NULL,NULL,NULL,NULL,9,'2018-12-07 09:53:30',9,'2018-12-07 09:53:30'),(1345,1963,NULL,'pay_in','2018-12-07',NULL,212.30,NULL,NULL,NULL,NULL,NULL,9,'2018-12-07 09:53:40',9,'2018-12-07 09:53:40'),(1346,1951,NULL,'pay_in','2018-12-07',NULL,539.19,NULL,NULL,NULL,NULL,NULL,9,'2018-12-07 09:53:49',9,'2018-12-07 09:53:49'),(1347,1980,'invoice','payment_open_delivered','2018-12-10',NULL,-149.75,NULL,NULL,NULL,NULL,NULL,9,'2018-12-10 10:25:44',9,'2018-12-10 10:25:44'),(1348,1701,NULL,'pay_in','2018-06-06',NULL,3267.06,NULL,NULL,NULL,NULL,NULL,9,'2018-12-11 08:39:42',9,'2018-12-11 08:39:42'),(1349,1734,NULL,'pay_in','2018-04-26',NULL,624.65,NULL,NULL,NULL,NULL,NULL,9,'2018-12-11 08:40:08',9,'2018-12-11 08:40:08'),(1350,1977,'invoice','payment_open_delivered','2018-12-12',NULL,-375.71,NULL,NULL,NULL,NULL,NULL,9,'2018-12-12 08:16:26',9,'2018-12-12 08:16:26'),(1351,1986,'invoice','payment_open_delivered','2018-12-12',NULL,-739.50,NULL,NULL,NULL,NULL,NULL,9,'2018-12-12 08:16:40',9,'2018-12-12 08:16:40'),(1352,1984,'invoice','payment_open_delivered','2018-12-13',NULL,-382.50,NULL,NULL,NULL,NULL,NULL,9,'2018-12-13 09:51:49',9,'2018-12-13 09:51:49'),(1353,2005,'invoice','payment_open_delivered','2018-12-14',NULL,-4110.44,NULL,NULL,NULL,NULL,NULL,9,'2018-12-14 07:05:03',9,'2018-12-14 07:05:03'),(1354,2007,'invoice','payment_open_delivered','2018-12-14',NULL,-160.70,NULL,NULL,NULL,NULL,NULL,9,'2018-12-14 07:05:23',9,'2018-12-14 07:05:23'),(1355,2004,'invoice','payment_open_delivered','2018-12-14',NULL,-760.80,NULL,NULL,NULL,NULL,NULL,9,'2018-12-14 07:05:42',9,'2018-12-14 07:05:42'),(1356,1885,NULL,'pay_in','2018-12-12',NULL,1506.17,NULL,NULL,NULL,NULL,NULL,9,'2018-12-14 12:29:30',9,'2018-12-14 12:29:30'),(1357,1960,NULL,'pay_in','2018-12-12',NULL,1363.56,NULL,NULL,NULL,NULL,NULL,9,'2018-12-14 12:30:30',9,'2018-12-14 12:30:30'),(1358,2004,NULL,'pay_in','2018-12-14',NULL,760.80,NULL,NULL,NULL,NULL,NULL,9,'2018-12-14 12:31:01',9,'2018-12-14 12:31:01'),(1359,2007,NULL,'pay_in','2018-12-14',NULL,160.70,NULL,NULL,NULL,NULL,NULL,9,'2018-12-14 12:31:09',9,'2018-12-14 12:31:09'),(1360,2005,NULL,'pay_in','2018-12-14',NULL,4110.44,NULL,NULL,NULL,NULL,NULL,9,'2018-12-14 12:31:18',9,'2018-12-14 12:31:18'),(1361,1967,NULL,'pay_in','2018-12-14',NULL,508.89,NULL,NULL,NULL,NULL,NULL,9,'2018-12-14 12:31:50',9,'2018-12-14 12:31:50'),(1362,1982,NULL,'pay_in','2018-12-14',NULL,2282.70,NULL,NULL,NULL,NULL,NULL,9,'2018-12-14 12:33:03',9,'2018-12-14 12:33:03'),(1363,1948,NULL,'pay_in','2018-12-14',NULL,242.58,NULL,NULL,NULL,NULL,NULL,9,'2018-12-14 12:33:16',9,'2018-12-14 12:33:16'),(1364,1985,'invoice','payment_open_delivered','2018-12-17',NULL,-852.26,NULL,NULL,NULL,NULL,NULL,9,'2018-12-17 09:26:57',9,'2018-12-17 09:26:57'),(1365,2002,'invoice','payment_open_delivered','2018-12-17',NULL,-986.10,NULL,NULL,NULL,NULL,NULL,9,'2018-12-17 09:37:47',9,'2018-12-17 09:37:47'),(1366,2003,'invoice','payment_open_delivered','2018-12-19',NULL,-424.69,NULL,NULL,NULL,NULL,NULL,9,'2018-12-19 10:29:14',9,'2018-12-19 10:29:14'),(1367,1876,NULL,'pay_in','2018-11-30',NULL,1079.10,NULL,NULL,NULL,NULL,NULL,9,'2018-12-19 10:59:06',9,'2018-12-19 10:59:06'),(1368,2009,'invoice','payment_open_delivered','2018-12-20',NULL,-818.56,NULL,NULL,NULL,NULL,NULL,9,'2018-12-20 10:18:23',9,'2018-12-20 10:18:23'),(1369,1998,NULL,'pay_in','2018-12-19',NULL,569.17,NULL,NULL,NULL,NULL,NULL,9,'2018-12-20 15:58:38',9,'2018-12-20 15:58:38'),(1370,1987,NULL,'pay_in','2018-12-19',NULL,3555.15,NULL,NULL,NULL,NULL,NULL,9,'2018-12-20 16:00:00',9,'2018-12-20 16:00:00'),(1371,1788,NULL,'pay_in','2018-12-19',NULL,713.21,NULL,NULL,NULL,NULL,NULL,9,'2018-12-20 16:00:59',9,'2018-12-20 16:00:59'),(1372,1977,NULL,'pay_in','2018-12-20',NULL,375.71,NULL,NULL,NULL,NULL,NULL,9,'2018-12-20 16:01:59',9,'2018-12-20 16:01:59'),(1373,1864,NULL,'pay_in','2018-09-26',NULL,659.03,NULL,NULL,NULL,NULL,NULL,9,'2018-12-21 09:58:29',9,'2018-12-21 09:58:29'),(1374,1880,NULL,'pay_in','2018-12-21',NULL,1032.90,NULL,NULL,NULL,NULL,NULL,9,'2018-12-21 10:50:24',9,'2018-12-21 10:50:24'),(1375,2002,NULL,'pay_in','2018-12-21',NULL,986.10,NULL,NULL,NULL,NULL,NULL,9,'2018-12-21 10:51:00',9,'2018-12-21 10:51:00'),(1376,1989,NULL,'pay_in','2018-12-21',NULL,1004.35,NULL,NULL,NULL,NULL,NULL,9,'2018-12-21 10:51:57',9,'2018-12-21 10:51:57'),(1377,1984,NULL,'pay_in','2018-12-21',NULL,382.50,NULL,NULL,NULL,NULL,NULL,9,'2018-12-21 10:52:22',9,'2018-12-21 10:52:22'),(1378,1984,NULL,'pay_in','2018-12-21',NULL,0.00,NULL,NULL,NULL,NULL,NULL,9,'2018-12-21 10:54:01',9,'2018-12-21 10:54:01'),(1379,1985,NULL,'pay_in','2018-12-21',NULL,852.26,NULL,NULL,NULL,NULL,NULL,9,'2018-12-21 10:54:16',9,'2018-12-21 10:54:16'),(1380,1988,NULL,'pay_in','2018-12-21',NULL,1938.69,NULL,NULL,NULL,NULL,NULL,9,'2019-01-07 10:37:11',9,'2019-01-07 10:37:11'),(1381,2009,NULL,'pay_in','2018-12-27',NULL,818.56,NULL,NULL,NULL,NULL,NULL,9,'2019-01-07 10:39:00',9,'2019-01-07 10:39:00'),(1382,1921,NULL,'pay_in','2018-12-28',NULL,794.56,NULL,NULL,NULL,NULL,NULL,9,'2019-01-07 10:39:57',9,'2019-01-07 10:39:57'),(1383,2026,'invoice','payment_open_delivered','2019-01-14',NULL,-292.03,NULL,NULL,NULL,NULL,NULL,9,'2019-01-14 10:56:17',9,'2019-01-14 10:56:17'),(1384,2022,'invoice','payment_open_delivered','2019-01-15',NULL,-770.20,NULL,NULL,NULL,NULL,NULL,9,'2019-01-15 08:42:09',9,'2019-01-15 08:42:09'),(1385,2015,'invoice','payment_open_delivered','2019-01-16',NULL,-320.98,NULL,NULL,NULL,NULL,NULL,9,'2019-01-16 09:24:59',9,'2019-01-16 09:24:59'),(1386,2014,'invoice','payment_open_delivered','2019-01-16',NULL,-263.80,NULL,NULL,NULL,NULL,NULL,9,'2019-01-16 09:25:21',9,'2019-01-16 09:25:21'),(1387,2001,'invoice','payment_open_delivered','2019-01-16',NULL,-669.12,NULL,NULL,NULL,NULL,NULL,9,'2019-01-16 09:26:01',9,'2019-01-16 09:26:01'),(1388,2032,'invoice','payment_open_delivered','2019-01-16',NULL,-316.55,NULL,NULL,NULL,NULL,NULL,9,'2019-01-16 09:26:27',9,'2019-01-16 09:26:27'),(1389,1980,NULL,'pay_in','2019-01-08',NULL,149.75,NULL,NULL,NULL,NULL,NULL,9,'2019-01-21 10:40:10',9,'2019-01-21 10:40:10'),(1390,1986,NULL,'pay_in','2019-01-08',NULL,739.50,NULL,NULL,NULL,NULL,NULL,9,'2019-01-21 10:40:22',9,'2019-01-21 10:40:22'),(1391,2003,NULL,'pay_in','2019-01-18',NULL,424.69,NULL,NULL,NULL,NULL,NULL,9,'2019-01-21 10:41:08',9,'2019-01-21 10:41:08'),(1392,2026,NULL,'pay_in','2019-01-25',NULL,292.03,NULL,NULL,NULL,NULL,NULL,9,'2019-01-25 12:09:28',9,'2019-01-25 12:09:28'),(1393,2045,'invoice','payment_open_delivered','2019-01-28',NULL,-1227.29,NULL,NULL,NULL,NULL,NULL,9,'2019-01-28 10:24:06',9,'2019-01-28 10:24:06'),(1394,2051,'invoice','payment_open_delivered','2019-01-28',NULL,-114.33,NULL,NULL,NULL,NULL,NULL,9,'2019-01-28 14:29:22',9,'2019-01-28 14:29:22'),(1395,2034,'invoice','payment_open_delivered','2019-01-30',NULL,-435.55,NULL,NULL,NULL,NULL,NULL,9,'2019-01-30 08:28:55',9,'2019-01-30 08:28:55'),(1396,2001,NULL,'pay_in','2019-01-30',NULL,669.12,NULL,NULL,NULL,NULL,NULL,9,'2019-02-01 11:54:49',9,'2019-02-01 11:54:49'),(1397,2063,'invoice','payment_open_delivered','2019-02-12',NULL,-1816.12,NULL,NULL,NULL,NULL,NULL,9,'2019-02-12 09:33:16',9,'2019-02-12 09:33:16'),(1398,2022,NULL,'pay_in','2019-02-06',NULL,770.20,NULL,NULL,NULL,NULL,NULL,9,'2019-02-12 12:44:27',9,'2019-02-12 12:44:27'),(1399,2015,NULL,'pay_in','2019-01-31',NULL,320.98,NULL,NULL,NULL,NULL,NULL,9,'2019-02-12 12:45:15',9,'2019-02-12 12:45:15'),(1400,2014,NULL,'pay_in','2019-01-31',NULL,263.80,NULL,NULL,NULL,NULL,NULL,9,'2019-02-12 12:45:37',9,'2019-02-12 12:45:37'),(1401,2068,'invoice','payment_open_delivered','2019-02-12',NULL,-212.01,NULL,NULL,NULL,NULL,NULL,9,'2019-02-12 15:43:14',9,'2019-02-12 15:43:14'),(1402,2031,'invoice','payment_open_delivered','2019-02-13',NULL,-1391.84,NULL,NULL,NULL,NULL,NULL,9,'2019-02-13 09:04:47',9,'2019-02-13 09:04:47'),(1403,2070,'invoice','payment_open_delivered','2019-02-13',NULL,-2081.07,NULL,NULL,NULL,NULL,NULL,9,'2019-02-13 09:05:48',9,'2019-02-13 09:05:48'),(1404,2080,'invoice','payment_open_delivered','2019-02-15',NULL,-1046.53,NULL,NULL,NULL,NULL,NULL,9,'2019-02-15 10:00:54',9,'2019-02-15 10:00:54'),(1405,2082,'invoice','payment_open_delivered','2019-02-20',NULL,-2216.73,NULL,NULL,NULL,NULL,NULL,9,'2019-02-20 07:09:37',9,'2019-02-20 07:09:37'),(1406,2090,'invoice','payment_open_delivered','2019-02-27',NULL,-1859.96,NULL,NULL,NULL,NULL,NULL,9,'2019-02-27 10:03:15',9,'2019-02-27 10:03:15'),(1407,2065,'invoice','payment_open_delivered','2019-02-27',NULL,-437.90,NULL,NULL,NULL,NULL,NULL,9,'2019-02-27 10:04:00',9,'2019-02-27 10:04:00'),(1408,2091,'invoice','payment_open_delivered','2019-02-27',NULL,-442.66,NULL,NULL,NULL,NULL,NULL,9,'2019-02-27 10:04:44',9,'2019-02-27 10:04:44'),(1409,2034,NULL,'pay_in','2019-02-13',NULL,435.55,NULL,NULL,NULL,NULL,NULL,9,'2019-03-01 10:34:31',9,'2019-03-01 10:34:31'),(1410,2045,NULL,'pay_in','2019-02-13',NULL,1227.29,NULL,NULL,NULL,NULL,NULL,9,'2019-03-01 10:35:21',9,'2019-03-01 10:35:21'),(1411,2080,NULL,'pay_in','2019-02-27',NULL,1046.53,NULL,NULL,NULL,NULL,NULL,9,'2019-03-01 10:43:01',9,'2019-03-01 10:43:01'),(1412,2070,NULL,'pay_in','2019-02-27',NULL,2081.07,NULL,NULL,NULL,NULL,NULL,9,'2019-03-01 10:44:25',9,'2019-03-01 10:44:25'),(1413,2031,NULL,'pay_in','2019-02-27',NULL,1391.84,NULL,NULL,NULL,NULL,NULL,9,'2019-03-01 10:44:49',9,'2019-03-01 10:44:49'),(1414,2068,NULL,'pay_in','2019-02-27',NULL,212.01,NULL,NULL,NULL,NULL,NULL,9,'2019-03-01 10:45:09',9,'2019-03-01 10:45:09'),(1415,2063,NULL,'pay_in','2019-02-27',NULL,1816.12,NULL,NULL,NULL,NULL,NULL,9,'2019-03-01 10:45:32',9,'2019-03-01 10:45:32'),(1416,2092,'invoice','payment_open_delivered','2019-03-06',NULL,-3678.19,NULL,NULL,NULL,NULL,NULL,9,'2019-03-06 10:30:35',9,'2019-03-06 10:30:35'),(1417,2097,'invoice','payment_open_delivered','2019-03-06',NULL,-384.85,NULL,NULL,NULL,NULL,NULL,9,'2019-03-06 10:30:55',9,'2019-03-06 10:30:55'),(1418,2134,'invoice','payment_open_delivered','2019-03-18',NULL,-874.91,NULL,NULL,NULL,NULL,NULL,9,'2019-03-18 12:15:19',9,'2019-03-18 12:15:19'),(1419,2127,'invoice','payment_open_delivered','2019-03-18',NULL,-750.40,NULL,NULL,NULL,NULL,NULL,9,'2019-03-18 13:32:16',9,'2019-03-18 13:32:16'),(1420,2141,'invoice','payment_open_delivered','2019-03-18',NULL,-288.56,NULL,NULL,NULL,NULL,NULL,9,'2019-03-18 13:32:32',9,'2019-03-18 13:32:32'),(1421,2121,'invoice','payment_open_delivered','2019-03-20',NULL,-2202.95,NULL,NULL,NULL,NULL,NULL,9,'2019-03-20 11:42:43',9,'2019-03-20 11:42:43'),(1422,2121,'invoice','storno','2019-03-20',NULL,2202.95,NULL,NULL,NULL,NULL,NULL,9,'2019-03-20 11:56:27',9,'2019-03-20 11:56:27'),(1423,2082,NULL,'pay_in','2019-03-06',NULL,2216.73,NULL,NULL,NULL,NULL,NULL,9,'2019-03-20 15:45:36',9,'2019-03-20 15:45:36'),(1424,2090,NULL,'pay_in','2019-03-12',NULL,1859.96,NULL,NULL,NULL,NULL,NULL,9,'2019-03-20 15:46:13',9,'2019-03-20 15:46:13'),(1425,2065,NULL,'pay_in','2019-03-11',NULL,437.90,NULL,NULL,NULL,NULL,NULL,9,'2019-03-20 15:47:04',9,'2019-03-20 15:47:04'),(1426,2032,NULL,'pay_in','2019-03-15',NULL,316.55,NULL,NULL,NULL,NULL,NULL,9,'2019-03-20 15:47:53',9,'2019-03-20 15:47:53'),(1427,2091,NULL,'pay_in','2019-03-13',NULL,442.66,NULL,NULL,NULL,NULL,NULL,9,'2019-03-20 15:54:56',9,'2019-03-20 15:54:56'),(1428,2107,'invoice','payment_open_delivered','2019-03-25',NULL,-1531.24,NULL,NULL,NULL,NULL,NULL,9,'2019-03-25 09:20:28',9,'2019-03-25 09:20:28'),(1429,2152,'invoice','payment_open_delivered','2019-03-25',NULL,-628.89,NULL,NULL,NULL,NULL,NULL,9,'2019-03-25 09:22:40',9,'2019-03-25 09:22:40'),(1430,2152,'invoice','storno','2019-03-25',NULL,628.89,NULL,NULL,NULL,NULL,NULL,9,'2019-03-25 09:28:31',9,'2019-03-25 09:28:31'),(1431,2148,'invoice','payment_open_delivered','2019-03-27',NULL,-2068.56,NULL,NULL,NULL,NULL,NULL,9,'2019-03-27 10:52:01',9,'2019-03-27 10:52:01'),(1432,2150,'invoice','payment_open_delivered','2019-03-27',NULL,-1568.17,NULL,NULL,NULL,NULL,NULL,9,'2019-03-27 10:52:21',9,'2019-03-27 10:52:21'),(1433,2140,'invoice','payment_open_delivered','2019-03-28',NULL,-383.58,NULL,NULL,NULL,NULL,NULL,9,'2019-03-28 08:03:48',9,'2019-03-28 08:03:48'),(1434,2176,'invoice','payment_open_delivered','2019-03-29',NULL,-1088.47,NULL,NULL,NULL,NULL,NULL,9,'2019-03-29 12:02:53',9,'2019-03-29 12:02:53'),(1435,2167,'invoice','payment_open_delivered','2019-04-01',NULL,-1411.91,NULL,NULL,NULL,NULL,NULL,9,'2019-04-01 11:09:38',9,'2019-04-01 11:09:38'),(1436,2186,'invoice','payment_open_delivered','2019-04-01',NULL,-921.47,NULL,NULL,NULL,NULL,NULL,9,'2019-04-01 11:10:06',9,'2019-04-01 11:10:06'),(1437,2184,'invoice','payment_open_delivered','2019-04-02',NULL,-480.25,NULL,NULL,NULL,NULL,NULL,9,'2019-04-02 06:23:13',9,'2019-04-02 06:23:13'),(1438,2097,NULL,'pay_in','2019-03-19',NULL,384.85,NULL,NULL,NULL,NULL,NULL,9,'2019-04-05 10:53:19',9,'2019-04-05 10:53:19'),(1439,2134,NULL,'pay_in','2019-03-27',NULL,874.91,NULL,NULL,NULL,NULL,NULL,9,'2019-04-05 10:54:41',9,'2019-04-05 10:54:41'),(1440,2092,NULL,'pay_in','2019-03-27',NULL,3678.19,NULL,NULL,NULL,NULL,NULL,9,'2019-04-05 10:55:28',9,'2019-04-05 10:55:28'),(1441,2127,NULL,'pay_in','2019-03-29',NULL,750.40,NULL,NULL,NULL,NULL,NULL,9,'2019-04-05 10:56:14',9,'2019-04-05 10:56:14'),(1442,2141,NULL,'pay_in','2019-04-05',NULL,288.56,NULL,NULL,NULL,NULL,NULL,9,'2019-04-05 10:57:03',9,'2019-04-05 10:57:03'),(1443,2156,'invoice','payment_open_delivered','2019-04-10',NULL,-359.46,NULL,NULL,NULL,NULL,NULL,9,'2019-04-10 11:02:02',9,'2019-04-10 11:02:02'),(1444,2196,'invoice','payment_open_delivered','2019-04-10',NULL,-2001.43,NULL,NULL,NULL,NULL,NULL,9,'2019-04-10 11:02:58',9,'2019-04-10 11:02:58'),(1445,2161,'invoice','payment_open_delivered','2019-04-10',NULL,-535.57,NULL,NULL,NULL,NULL,NULL,9,'2019-04-10 11:03:46',9,'2019-04-10 11:03:46'),(1446,2156,'invoice','storno','2019-04-10',NULL,359.46,NULL,NULL,NULL,NULL,NULL,9,'2019-04-10 11:11:03',9,'2019-04-10 11:11:03'),(1447,2204,'invoice','payment_open_delivered','2019-04-11',NULL,-1235.49,NULL,NULL,NULL,NULL,NULL,9,'2019-04-11 14:47:23',9,'2019-04-11 14:47:23'),(1448,2186,NULL,'pay_in','2019-04-08',NULL,921.47,NULL,NULL,NULL,NULL,NULL,9,'2019-04-15 07:18:51',9,'2019-04-15 07:18:51'),(1449,2167,NULL,'pay_in','2019-04-10',NULL,1411.91,NULL,NULL,NULL,NULL,NULL,9,'2019-04-15 07:20:05',9,'2019-04-15 07:20:05'),(1450,2148,NULL,'pay_in','2019-04-10',NULL,2068.56,NULL,NULL,NULL,NULL,NULL,9,'2019-04-15 07:22:08',9,'2019-04-15 07:22:08'),(1451,2150,NULL,'pay_in','2019-04-10',NULL,1568.17,NULL,NULL,NULL,NULL,NULL,9,'2019-04-15 07:22:49',9,'2019-04-15 07:22:49'),(1452,2140,NULL,'pay_in','2019-04-10',NULL,383.58,NULL,NULL,NULL,NULL,NULL,9,'2019-04-15 07:23:55',9,'2019-04-15 07:23:55'),(1453,2187,'invoice','payment_open_delivered','2019-04-18',NULL,-1115.96,NULL,NULL,NULL,NULL,NULL,9,'2019-04-18 08:06:29',9,'2019-04-18 08:06:29'),(1454,2211,'invoice','payment_open_delivered','2019-04-18',NULL,-1551.17,NULL,NULL,NULL,NULL,NULL,9,'2019-04-18 09:43:10',9,'2019-04-18 09:43:10'),(1455,2169,'invoice','payment_open_delivered','2019-04-18',NULL,-1384.57,NULL,NULL,NULL,NULL,NULL,9,'2019-04-18 09:48:09',9,'2019-04-18 09:48:09'),(1456,2107,NULL,'pay_in','2019-04-12',NULL,1531.24,NULL,NULL,NULL,NULL,NULL,9,'2019-04-18 12:34:36',9,'2019-04-18 12:34:36'),(1457,2184,NULL,'pay_in','2019-04-12',NULL,480.25,NULL,NULL,NULL,NULL,NULL,9,'2019-04-18 12:35:53',9,'2019-04-18 12:35:53'),(1458,2210,'invoice','payment_open_delivered','2019-04-23',NULL,-1320.95,NULL,NULL,NULL,NULL,NULL,9,'2019-04-23 10:38:18',9,'2019-04-23 10:38:18'),(1459,2219,'invoice','payment_open_delivered','2019-04-24',NULL,-4338.83,NULL,NULL,NULL,NULL,NULL,9,'2019-04-24 10:16:34',9,'2019-04-24 10:16:34'),(1460,2226,'invoice','payment_open_delivered','2019-04-25',NULL,-1866.27,NULL,NULL,NULL,NULL,NULL,9,'2019-04-25 09:19:20',9,'2019-04-25 09:19:20'),(1461,2218,'invoice','payment_open_delivered','2019-04-25',NULL,-527.60,NULL,NULL,NULL,NULL,NULL,9,'2019-04-25 10:36:56',9,'2019-04-25 10:36:56'),(1462,2135,'invoice','payment_open_delivered','2019-04-30',NULL,-1538.99,NULL,NULL,NULL,NULL,NULL,9,'2019-04-30 06:30:40',9,'2019-04-30 06:30:40'),(1463,1664,'invoice','payment_open_delivered','2019-04-30',NULL,-644.54,NULL,NULL,NULL,NULL,NULL,9,'2019-04-30 06:33:44',9,'2019-04-30 06:33:44'),(1464,2216,'invoice','payment_open_delivered','2019-04-30',NULL,-1642.54,NULL,NULL,NULL,NULL,NULL,9,'2019-04-30 06:34:29',9,'2019-04-30 06:34:29'),(1465,2220,'invoice','payment_open_delivered','2019-05-16',NULL,-1592.78,NULL,NULL,NULL,NULL,NULL,9,'2019-05-16 06:13:11',9,'2019-05-16 06:13:11'),(1466,2254,'invoice','payment_open_delivered','2019-05-23',NULL,-691.28,NULL,NULL,NULL,NULL,NULL,9,'2019-05-23 06:53:24',9,'2019-05-23 06:53:24'),(1467,2303,'invoice','payment_open_delivered','2019-05-29',NULL,-637.92,NULL,NULL,NULL,NULL,NULL,9,'2019-05-29 06:53:51',9,'2019-05-29 06:53:51'),(1468,2304,'invoice','payment_open_delivered','2019-05-29',NULL,-228.06,NULL,NULL,NULL,NULL,NULL,9,'2019-05-29 06:55:02',9,'2019-05-29 06:55:02'),(1469,2305,'invoice','payment_open_delivered','2019-05-29',NULL,-440.54,NULL,NULL,NULL,NULL,NULL,9,'2019-05-29 06:56:59',9,'2019-05-29 06:56:59'),(1470,2272,'invoice','payment_open_delivered','2019-06-04',NULL,-502.46,NULL,NULL,NULL,NULL,NULL,9,'2019-06-04 09:55:05',9,'2019-06-04 09:55:05'),(1471,2284,'invoice','payment_open_delivered','2019-06-04',NULL,-740.31,NULL,NULL,NULL,NULL,NULL,9,'2019-06-04 09:55:13',9,'2019-06-04 09:55:13'),(1472,2306,'invoice','payment_open_delivered','2019-06-13',NULL,-582.24,NULL,NULL,NULL,NULL,NULL,9,'2019-06-13 06:48:48',9,'2019-06-13 06:48:48'),(1473,2183,'invoice','payment_open_delivered','2019-06-13',NULL,-901.31,NULL,NULL,NULL,NULL,NULL,9,'2019-06-13 06:49:07',9,'2019-06-13 06:49:07'),(1474,2314,'invoice','payment_open_delivered','2019-06-17',NULL,-412.95,NULL,NULL,NULL,NULL,NULL,9,'2019-06-17 06:09:10',9,'2019-06-17 06:09:10'),(1475,2326,'invoice','payment_open_delivered','2019-06-19',NULL,-996.37,NULL,NULL,NULL,NULL,NULL,9,'2019-06-19 06:09:09',9,'2019-06-19 06:09:09'),(1476,2327,'invoice','payment_open_delivered','2019-06-26',NULL,-823.61,NULL,NULL,NULL,NULL,NULL,9,'2019-06-26 06:24:04',9,'2019-06-26 06:24:04'),(1477,2325,'invoice','payment_open_delivered','2019-06-26',NULL,-131.28,NULL,NULL,NULL,NULL,NULL,9,'2019-06-26 13:20:28',9,'2019-06-26 13:20:28'),(1478,2282,'invoice','payment_open_delivered','2019-06-27',NULL,-273.69,NULL,NULL,NULL,NULL,NULL,9,'2019-06-27 06:38:39',9,'2019-06-27 06:38:39'),(1479,2329,'invoice','payment_open_delivered','2019-07-02',NULL,-201.41,NULL,NULL,NULL,NULL,NULL,9,'2019-07-02 06:06:14',9,'2019-07-02 06:06:14'),(1480,2308,'invoice','payment_open_delivered','2019-07-02',NULL,-735.74,NULL,NULL,NULL,NULL,NULL,9,'2019-07-02 06:57:59',9,'2019-07-02 06:57:59'),(1481,2331,'invoice','payment_open_delivered','2019-07-05',NULL,-812.64,NULL,NULL,NULL,NULL,NULL,9,'2019-07-05 11:16:56',9,'2019-07-05 11:16:56'),(1482,2348,'invoice','payment_open_delivered','2019-07-18',NULL,-470.89,NULL,NULL,NULL,NULL,NULL,9,'2019-07-18 06:39:53',9,'2019-07-18 06:39:53'),(1483,2352,'invoice','payment_open_delivered','2019-08-12',NULL,-1103.61,NULL,NULL,NULL,NULL,NULL,9,'2019-08-12 06:23:19',9,'2019-08-12 06:23:19'),(1484,2355,'invoice','payment_open_delivered','2019-08-21',NULL,-907.49,NULL,NULL,NULL,NULL,NULL,9,'2019-08-21 06:15:01',9,'2019-08-21 06:15:01'),(1485,2321,'invoice','payment_open_delivered','2019-09-03',NULL,-1210.66,NULL,NULL,NULL,NULL,NULL,9,'2019-09-03 14:14:16',9,'2019-09-03 14:14:16');

--
-- Table structure for table `ShopPaymentItemType`
--

CREATE TABLE `ShopPaymentItemType` (
  `ShopPaymentItemType_Code` varchar(40) NOT NULL,
  `ShopPaymentItemType_Name` varchar(255) NOT NULL,
  `Person_ID_Edit` int(10) unsigned DEFAULT NULL,
  `Table_Edit` timestamp NOT NULL DEFAULT CURRENT_TIMESTAMP ON UPDATE CURRENT_TIMESTAMP,
  `Person_ID_Create` int(10) unsigned DEFAULT NULL,
  `Table_Create` timestamp NOT NULL DEFAULT '0000-00-00 00:00:00',
  PRIMARY KEY (`ShopPaymentItemType_Code`),
  KEY `IDX_Person_Person_ID_Edit` (`Person_ID_Edit`),
  KEY `IDX_Person_Person_ID_Create` (`Person_ID_Create`),
  CONSTRAINT `ShopPaymentItemType_ibfk_1` FOREIGN KEY (`Person_ID_Edit`) REFERENCES `Person` (`Person_ID`) ON DELETE NO ACTION ON UPDATE NO ACTION,
  CONSTRAINT `ShopPaymentItemType_ibfk_2` FOREIGN KEY (`Person_ID_Create`) REFERENCES `Person` (`Person_ID`) ON DELETE NO ACTION ON UPDATE NO ACTION
) ENGINE=InnoDB DEFAULT CHARSET=utf8;

--
-- Dumping data for table `ShopPaymentItemType`
--

INSERT INTO `ShopPaymentItemType` VALUES ('credit_auth','Kreditkarte (autorisiert)',2,'2010-04-21 11:31:13',2,'0000-00-00 00:00:00'),('credit_canceled','Kreditkarte (storniert)',2,'2010-04-21 11:31:13',2,'0000-00-00 00:00:00'),('credit_cleared','Zahlungseingang (Kreditkarte, gecleared)',2,'2010-04-21 11:31:13',2,'0000-00-00 00:00:00'),('credit_clearing','Lieferung',2,'2010-04-21 11:31:13',2,'0000-00-00 00:00:00'),('credit_reordered','Kreditkarte nachbestellt',2,'2008-03-13 11:57:41',2,'0000-00-00 00:00:00'),('debit','Bankeinzug',NULL,'2010-04-21 11:30:04',NULL,'0000-00-00 00:00:00'),('none_delivered','Lieferung',2,'2010-04-21 11:31:13',2,'0000-00-00 00:00:00'),('none_ordered','Bestellt',2,'2008-04-08 17:40:58',2,'0000-00-00 00:00:00'),('payment_closed_delivered','Lieferung',2,'2010-04-21 11:31:13',2,'0000-00-00 00:00:00'),('payment_closed_ordered','Zahlungseingang (Vorauszahlung)',2,'2010-04-21 11:31:13',2,'0000-00-00 00:00:00'),('payment_open_delivered','Lieferung (Zahlung nachträglich)',2,'2010-04-21 11:31:13',2,'0000-00-00 00:00:00'),('payment_open_ordered','Nachnahme, Rechnung bestellt',2,'2008-03-12 07:49:30',2,'0000-00-00 00:00:00'),('pay_in','Zahlungseingang (manuell)',2,'2010-04-21 11:31:13',2,'0000-00-00 00:00:00'),('pay_out','Auszahlung (manuell)',2,'2010-04-21 11:31:13',2,'0000-00-00 00:00:00'),('skonto','Skonto',NULL,'2011-05-06 15:20:56',NULL,'2011-05-06 15:20:56'),('storno','Stornierung',2,'2010-04-21 11:31:13',2,'0000-00-00 00:00:00'),('supplementary_entry','Nachverrechnung',2,'2008-03-12 07:49:56',2,'0000-00-00 00:00:00'),('voucher','Auszahlung (per Gutschein)',2,'2010-04-21 11:31:13',2,'0000-00-00 00:00:00');

--
-- Table structure for table `ShopPaymentType`
--

CREATE TABLE `ShopPaymentType` (
  `ShopPaymentType_Code` varchar(50) NOT NULL,
  `ShopPaymentType_Order` int(11) DEFAULT NULL,
  `ShopPaymentType_Name` varchar(255) NOT NULL,
  `ShopPaymentType_Abo` enum('true','false') NOT NULL DEFAULT 'true',
  `ShopPaymentType_InvoiceText` text,
  `Person_ID_Edit` int(10) unsigned DEFAULT NULL,
  `Table_Edit` timestamp NOT NULL DEFAULT CURRENT_TIMESTAMP ON UPDATE CURRENT_TIMESTAMP,
  `Person_ID_Create` int(10) unsigned DEFAULT NULL,
  `Table_Create` timestamp NOT NULL DEFAULT '0000-00-00 00:00:00',
  PRIMARY KEY (`ShopPaymentType_Code`),
  KEY `IDX_ShopPaymentType_Order` (`ShopPaymentType_Order`),
  KEY `IDX_Person_Person_ID_Edit` (`Person_ID_Edit`),
  KEY `IDX_Person_Person_ID_Create` (`Person_ID_Create`),
  CONSTRAINT `ShopPaymentType_ibfk_1` FOREIGN KEY (`Person_ID_Edit`) REFERENCES `Person` (`Person_ID`) ON DELETE NO ACTION ON UPDATE NO ACTION,
  CONSTRAINT `ShopPaymentType_ibfk_2` FOREIGN KEY (`Person_ID_Create`) REFERENCES `Person` (`Person_ID`) ON DELETE NO ACTION ON UPDATE NO ACTION
) ENGINE=InnoDB DEFAULT CHARSET=utf8;

--
-- Dumping data for table `ShopPaymentType`
--

INSERT INTO `ShopPaymentType` VALUES ('amazon',14,'Amazon Payments','false',NULL,NULL,'2015-05-29 10:38:06',NULL,'0000-00-00 00:00:00'),('billpay_invoice',9,'Billpay Rechnung','false',NULL,NULL,'2015-05-29 10:38:06',NULL,'0000-00-00 00:00:00'),('bitcoin',6,'BitCoin','true',NULL,NULL,'2015-05-29 10:38:06',NULL,'0000-00-00 00:00:00'),('cash',12,'Barbezahlung','false',NULL,NULL,'2015-05-29 10:38:06',NULL,'0000-00-00 00:00:00'),('cashondelivery',7,'Nachnahme','true',NULL,NULL,'2015-05-29 10:38:06',NULL,'0000-00-00 00:00:00'),('credit',1,'Kreditkarte','true',NULL,NULL,'2015-05-29 10:38:06',NULL,'0000-00-00 00:00:00'),('debit',3,'Bankeinzug','true',NULL,NULL,'2015-05-29 10:38:06',NULL,'0000-00-00 00:00:00'),('eps',2,'EPS Online Überweisung','true',NULL,NULL,'2015-05-29 10:38:06',NULL,'0000-00-00 00:00:00'),('giropay',4,'giropay','true',NULL,NULL,'2015-05-29 10:38:06',NULL,'0000-00-00 00:00:00'),('invoice',8,'Rechnung','true',NULL,NULL,'2015-05-29 10:38:06',NULL,'0000-00-00 00:00:00'),('none',13,'Gutschein','true',NULL,2,'2015-09-16 16:14:23',NULL,'0000-00-00 00:00:00'),('paypal',11,'PayPal','false',NULL,NULL,'2015-05-29 10:38:06',NULL,'0000-00-00 00:00:00'),('prepayed',5,'Vorauskasse','true',NULL,NULL,'2015-05-29 10:38:06',NULL,'0000-00-00 00:00:00'),('sofortueberweisung',10,'Sofortüberweisung','true',NULL,NULL,'2015-05-29 10:38:06',NULL,'0000-00-00 00:00:00');

--
-- Table structure for table `ShopPaymentType_Language`
--

CREATE TABLE `ShopPaymentType_Language` (
  `ShopPaymentType_Code` varchar(50) NOT NULL,
  `Language_Code` varchar(3) NOT NULL,
  `ShopPaymentType_Language_Title` varchar(255) DEFAULT NULL,
  `ShopPaymentType_Language_Description` text,
  `Person_ID_Edit` int(10) unsigned DEFAULT NULL,
  `Table_Edit` timestamp NOT NULL DEFAULT CURRENT_TIMESTAMP ON UPDATE CURRENT_TIMESTAMP,
  `Person_ID_Create` int(10) unsigned DEFAULT NULL,
  `Table_Create` timestamp NOT NULL DEFAULT '0000-00-00 00:00:00',
  PRIMARY KEY (`ShopPaymentType_Code`,`Language_Code`),
  KEY `ShopPaymentType_Language_Language_Code` (`Language_Code`),
  KEY `IDX_ShopPaymentType_Language2` (`ShopPaymentType_Code`),
  KEY `IDX_Person_Person_ID_Edit` (`Person_ID_Edit`),
  KEY `IDX_Person_Person_ID_Create` (`Person_ID_Create`),
  CONSTRAINT `ShopPaymentType_Language_ibfk_1` FOREIGN KEY (`Language_Code`) REFERENCES `Language` (`Language_Code`),
  CONSTRAINT `ShopPaymentType_Language_ibfk_2` FOREIGN KEY (`ShopPaymentType_Code`) REFERENCES `ShopPaymentType` (`ShopPaymentType_Code`) ON DELETE CASCADE,
  CONSTRAINT `ShopPaymentType_Language_ibfk_3` FOREIGN KEY (`Person_ID_Edit`) REFERENCES `Person` (`Person_ID`) ON DELETE NO ACTION ON UPDATE NO ACTION,
  CONSTRAINT `ShopPaymentType_Language_ibfk_4` FOREIGN KEY (`Person_ID_Create`) REFERENCES `Person` (`Person_ID`) ON DELETE NO ACTION ON UPDATE NO ACTION
) ENGINE=InnoDB DEFAULT CHARSET=utf8;

--
-- Dumping data for table `ShopPaymentType_Language`
--

INSERT INTO `ShopPaymentType_Language` VALUES ('amazon','de','Amazon Payments','',NULL,'2015-05-29 10:38:06',NULL,'0000-00-00 00:00:00'),('billpay_invoice','de','Billpay Rechnung','',NULL,'2015-05-29 10:38:06',NULL,'0000-00-00 00:00:00'),('bitcoin','de','BitCoin','',NULL,'2015-05-29 10:38:06',NULL,'0000-00-00 00:00:00'),('cash','de','Barbezahlung','Bezahlen Sie Ihren Einkauf bei Abholung in unserem Shop.',NULL,'2015-05-29 10:38:06',NULL,'0000-00-00 00:00:00'),('cashondelivery','de','Nachnahme','Bezahlen Sie sicher und bequem bei Erhalt Ihrer Waren. Bitte beachten Sie, dass zusätzlich Gebühren für die Lieferung per Nachnahme anfallen können. Diese ersehen Sie noch vor Absenden Ihrer Bestellung in der Übersicht.',NULL,'2015-05-29 10:38:06',NULL,'0000-00-00 00:00:00'),('credit','de','Kreditkarte','Sicheres Einkaufen mit Ihrer Kreditkarte.',NULL,'2015-05-29 10:38:06',NULL,'0000-00-00 00:00:00'),('debit','de','Bankeinzug','Ermächtigen Sie uns zum Einzug der Bestellsumme von Ihrem Konto durch das Übermitteln Ihrer Kontodaten über eine gesicherte Verbindung.',NULL,'2015-05-29 10:38:06',NULL,'0000-00-00 00:00:00'),('eps','de','EPS Online Überweisung','Die eps Online-Überweisung ist die einfache und sichere Bezahlmethode der österreichischen Banken für Einkäufe im Internet. Einfach und vertraut, bequem und sicher.',NULL,'2015-05-29 10:38:06',NULL,'0000-00-00 00:00:00'),('giropay','de','giropay','Wenn Sie sich für die Bezahlung mit giropay entscheiden, werden Sie sicher zum Online-Banking Ihrer Bank oder Sparkasse geleitet, von wo aus Sie die Überweisung für Ihren Einkauf veranlassen.',NULL,'2015-05-29 10:38:06',NULL,'0000-00-00 00:00:00'),('invoice','de','Rechnung','Wenn Sie per Rechnung bezahlen möchten, dann müssen Sie nur nach Erhalt der Lieferung die beigelegt Rechnung innerhalb von 14 Tagen begleichen. Alle relevanten Informationen finden Sie auf der Rechnung.',NULL,'2015-05-29 10:38:06',NULL,'0000-00-00 00:00:00'),('none','de','Gutschein',NULL,2,'2015-09-16 16:14:23',NULL,'0000-00-00 00:00:00'),('paypal','de','PayPal','Sicher, einfach und rasch über Ihr PayPal-Konto bezahlen.',NULL,'2015-05-29 10:38:06',NULL,'0000-00-00 00:00:00'),('prepayed','de','Vorauskasse','Sie erhalten mit Ihrer Bestellbestätigung alle relevanten Daten zum Begleichen Ihres Einkaufs. Der Versand der Ware erfolgt umgehend nach dem Eintreffen der Bestellsumme auf unserem Konto.',NULL,'2015-05-29 10:38:06',NULL,'0000-00-00 00:00:00'),('sofortueberweisung','de','Sofortüberweisung','Mit sofortüberweisung.de stellen Sie noch während Ihrer Bestellung bequem eine Überweisung über den jeweiligen Betrag in Ihr Online-Banking-Konto ein. ',NULL,'2015-05-29 10:38:06',NULL,'0000-00-00 00:00:00');

--
-- Table structure for table `ShopPrice`
--

CREATE TABLE `ShopPrice` (
  `ShopPrice_ID` int(11) NOT NULL AUTO_INCREMENT,
  `ShopPriceType_Code` varchar(40) NOT NULL,
  `ShopArticleItem_ID` int(10) unsigned NOT NULL,
  `Country_Code` char(2) DEFAULT NULL,
  `Currency_Code` varchar(16) DEFAULT NULL,
  `Person_ID` int(10) unsigned DEFAULT NULL,
  `ShopPriceVariant_Code` varchar(40) DEFAULT NULL,
  `ShopPricelist_Code` varchar(40) DEFAULT NULL,
  `ShopPrice_Count` int(11) NOT NULL DEFAULT '1' COMMENT 'Preis gültig AB einer bestimmten Anzahl von Produkten im Warenkorb. (Ab/Staffel-Preis)',
  `ShopPrice_Price` double DEFAULT NULL,
  `ShopPrice_DeliveryInterval` int(11) DEFAULT NULL,
  `ShopPrice_ValidFrom` date DEFAULT NULL,
  `ShopPrice_ValidUntil` date DEFAULT NULL,
  `ShopPrice_ValidCount` int(11) DEFAULT NULL COMMENT 'Anzahl der Produkte für die der Preis noch gültig ist.',
  `ShopPrice_MinStock` int(10) unsigned DEFAULT NULL,
  `Person_ID_Edit` int(10) unsigned DEFAULT NULL,
  `Table_Edit` timestamp NOT NULL DEFAULT CURRENT_TIMESTAMP ON UPDATE CURRENT_TIMESTAMP,
  `Person_ID_Create` int(10) unsigned DEFAULT NULL,
  `Table_Create` timestamp NOT NULL DEFAULT '0000-00-00 00:00:00',
  PRIMARY KEY (`ShopPrice_ID`),
  KEY `IDX_ShopPrice_1` (`Country_Code`),
  KEY `IDX_ShopPrice_2` (`ShopArticleItem_ID`),
  KEY `IDX_ShopPrice_3` (`ShopPriceType_Code`),
  KEY `IDX_ShopPrice_4` (`Currency_Code`),
  KEY `IDX_ShopPrice_5` (`Person_ID`),
  KEY `IDX_ShopPrice_6` (`ShopPriceVariant_Code`),
  KEY `IDX_ShopPrice_7` (`ShopPricelist_Code`),
  KEY `IDX_Person_Person_ID_Edit` (`Person_ID_Edit`),
  KEY `IDX_Person_Person_ID_Create` (`Person_ID_Create`),
  CONSTRAINT `Country_ShopPrice_1` FOREIGN KEY (`Country_Code`) REFERENCES `Country` (`Country_Code`) ON DELETE CASCADE,
  CONSTRAINT `Currency_ShopPrice_4` FOREIGN KEY (`Currency_Code`) REFERENCES `Currency` (`Currency_Code`),
  CONSTRAINT `Person_ShopPrice_5` FOREIGN KEY (`Person_ID`) REFERENCES `Person` (`Person_ID`),
  CONSTRAINT `ShopArticleItem_ShopPrice_2` FOREIGN KEY (`ShopArticleItem_ID`) REFERENCES `ShopArticleItem` (`ShopArticleItem_ID`) ON DELETE CASCADE,
  CONSTRAINT `ShopPricelist_ShopPrice_7` FOREIGN KEY (`ShopPricelist_Code`) REFERENCES `ShopPricelist` (`ShopPricelist_Code`),
  CONSTRAINT `ShopPriceType_ShopPrice_3` FOREIGN KEY (`ShopPriceType_Code`) REFERENCES `ShopPriceType` (`ShopPriceType_Code`),
  CONSTRAINT `ShopPriceVariant_ShopPrice_6` FOREIGN KEY (`ShopPriceVariant_Code`) REFERENCES `ShopPriceVariant` (`ShopPriceVariant_Code`),
  CONSTRAINT `ShopPrice_ibfk_1` FOREIGN KEY (`Person_ID_Edit`) REFERENCES `Person` (`Person_ID`) ON DELETE NO ACTION ON UPDATE NO ACTION,
  CONSTRAINT `ShopPrice_ibfk_2` FOREIGN KEY (`Person_ID_Create`) REFERENCES `Person` (`Person_ID`) ON DELETE NO ACTION ON UPDATE NO ACTION
) ENGINE=InnoDB DEFAULT CHARSET=utf8;

--
-- Dumping data for table `ShopPrice`
--


--
-- Table structure for table `ShopPriceCache`
--

CREATE TABLE `ShopPriceCache` (
  `ShopPriceCache_ID` int(11) NOT NULL AUTO_INCREMENT,
  `ShopArticle_ID` int(10) unsigned NOT NULL,
  `ShopArticleItem_ID` int(10) unsigned DEFAULT NULL,
  `ShopArticleItem_ID_Parent` int(10) unsigned DEFAULT NULL,
  `ShopPricelist_Code` varchar(40) DEFAULT NULL,
  `Country_Code` char(2) DEFAULT NULL,
  `ShopPriceType_Code` varchar(40) NOT NULL,
  `Currency_Code` varchar(16) DEFAULT NULL,
  `ShopWAWITax_Code` varchar(40) DEFAULT NULL,
  `Person_ID` int(10) unsigned DEFAULT NULL,
  `ShopPrice_ID` int(11) DEFAULT NULL,
  `ShopPriceVariant_Code` varchar(40) DEFAULT NULL,
  `ShopPriceCache_Count` int(11) DEFAULT NULL,
  `ShopPriceCache_Price` double DEFAULT NULL,
  `ShopPriceCache_PriceWithTax` double DEFAULT NULL,
  `ShopPriceCache_PriceEUR` double DEFAULT NULL,
  `ShopPriceCache_PriceEURWithTax` double DEFAULT NULL,
  `ShopPriceCache_InsteadPrice` double DEFAULT NULL,
  `ShopPriceCache_InsteadPriceWithTax` double DEFAULT NULL,
  `ShopPriceCache_Tax` float DEFAULT NULL,
  `ShopPriceCache_Listprice` enum('true','false') NOT NULL DEFAULT 'false',
  `ShopPriceCache_IgnoreMinPrice` enum('true','false') NOT NULL DEFAULT 'false',
  `ShopPriceCache_IsMinPrice` enum('true','false') NOT NULL DEFAULT 'false',
  `ShopPriceCache_MinStock` int(10) unsigned NOT NULL DEFAULT '0',
  `Person_ID_Edit` int(10) unsigned DEFAULT NULL,
  `Table_Edit` timestamp NOT NULL DEFAULT CURRENT_TIMESTAMP ON UPDATE CURRENT_TIMESTAMP,
  `Person_ID_Create` int(10) unsigned DEFAULT NULL,
  `Table_Create` timestamp NOT NULL DEFAULT '0000-00-00 00:00:00',
  PRIMARY KEY (`ShopPriceCache_ID`),
  KEY `IDX_ShopPriceCache_1` (`ShopPricelist_Code`),
  KEY `IDX_ShopPriceCache_2` (`Country_Code`),
  KEY `IDX_ShopPriceCache_3` (`ShopArticle_ID`),
  KEY `IDX_ShopPriceCache_4` (`ShopPriceType_Code`),
  KEY `IDX_ShopPriceCache_5` (`Currency_Code`),
  KEY `IDX_ShopPriceCache_6` (`ShopWAWITax_Code`),
  KEY `IDX_ShopPriceCache_7` (`Person_ID`),
  KEY `IDX_ShopPriceCache_8` (`ShopArticleItem_ID`),
  KEY `IDX_ShopPriceCache_9` (`ShopArticleItem_ID_Parent`),
  KEY `IDX_ShopPriceCache_10` (`ShopPrice_ID`),
  KEY `IDX_ShopPriceCache_11` (`ShopPriceVariant_Code`),
  KEY `IDX_ShopPriceCache_12` (`ShopPriceCache_PriceEUR`,`ShopArticle_ID`),
  KEY `IDX_ShopPriceCache_13` (`ShopArticle_ID`,`ShopPriceVariant_Code`,`ShopArticleItem_ID_Parent`,`ShopPriceCache_IgnoreMinPrice`,`Country_Code`,`Person_ID`,`ShopPricelist_Code`),
  KEY `IDX_Person_Person_ID_Edit` (`Person_ID_Edit`),
  KEY `IDX_Person_Person_ID_Create` (`Person_ID_Create`),
  CONSTRAINT `Country_ShopPriceCache_2` FOREIGN KEY (`Country_Code`) REFERENCES `Country` (`Country_Code`) ON DELETE CASCADE,
  CONSTRAINT `Currency_ShopPriceCache_5` FOREIGN KEY (`Currency_Code`) REFERENCES `Currency` (`Currency_Code`),
  CONSTRAINT `Person_ShopPriceCache_7` FOREIGN KEY (`Person_ID`) REFERENCES `Person` (`Person_ID`) ON DELETE CASCADE,
  CONSTRAINT `ShopArticleItem_ShopPriceCache_8` FOREIGN KEY (`ShopArticleItem_ID`) REFERENCES `ShopArticleItem` (`ShopArticleItem_ID`) ON DELETE CASCADE,
  CONSTRAINT `ShopArticleItem_ShopPriceCache_9` FOREIGN KEY (`ShopArticleItem_ID_Parent`) REFERENCES `ShopArticleItem` (`ShopArticleItem_ID`) ON DELETE CASCADE,
  CONSTRAINT `ShopArticle_ShopPriceCache_3` FOREIGN KEY (`ShopArticle_ID`) REFERENCES `ShopArticle` (`ShopArticle_ID`) ON DELETE CASCADE,
  CONSTRAINT `ShopPriceCache_ibfk_1` FOREIGN KEY (`Person_ID_Edit`) REFERENCES `Person` (`Person_ID`) ON DELETE NO ACTION ON UPDATE NO ACTION,
  CONSTRAINT `ShopPriceCache_ibfk_2` FOREIGN KEY (`Person_ID_Create`) REFERENCES `Person` (`Person_ID`) ON DELETE NO ACTION ON UPDATE NO ACTION,
  CONSTRAINT `ShopPricelist_ShopPriceCache_1` FOREIGN KEY (`ShopPricelist_Code`) REFERENCES `ShopPricelist` (`ShopPricelist_Code`) ON DELETE CASCADE,
  CONSTRAINT `ShopPriceType_ShopPriceCache_4` FOREIGN KEY (`ShopPriceType_Code`) REFERENCES `ShopPriceType` (`ShopPriceType_Code`),
  CONSTRAINT `ShopPriceVariant_ShopPriceCache_11` FOREIGN KEY (`ShopPriceVariant_Code`) REFERENCES `ShopPriceVariant` (`ShopPriceVariant_Code`),
  CONSTRAINT `ShopPrice_ShopPriceCache_10` FOREIGN KEY (`ShopPrice_ID`) REFERENCES `ShopPrice` (`ShopPrice_ID`) ON DELETE CASCADE,
  CONSTRAINT `ShopWAWITax_ShopPriceCache_6` FOREIGN KEY (`ShopWAWITax_Code`) REFERENCES `ShopWAWITax` (`ShopWAWITax_Code`) ON DELETE CASCADE
) ENGINE=InnoDB AUTO_INCREMENT=1112 DEFAULT CHARSET=utf8;

--
-- Dumping data for table `ShopPriceCache`
--

INSERT INTO `ShopPriceCache` VALUES (1012,48,205,NULL,'Direktpreise',NULL,'netto','EUR','std',NULL,NULL,NULL,1,38.60724,46.328688,38.60724,46.328688,84,100.8,20,'false','false','false',0,NULL,'2019-09-09 12:43:52',NULL,'0000-00-00 00:00:00'),(1013,48,205,NULL,'25',NULL,'netto','EUR','std',NULL,NULL,NULL,1,63,75.6,63,75.6,84,100.8,20,'false','false','false',0,NULL,'2019-09-09 12:43:52',NULL,'0000-00-00 00:00:00'),(1015,48,205,NULL,NULL,NULL,'netto','EUR','std',NULL,NULL,NULL,1,84,100.8,84,100.8,84,100.8,20,'true','false','false',0,NULL,'2019-09-09 12:43:52',NULL,'0000-00-00 00:00:00'),(1016,54,211,NULL,'Direktpreise',NULL,'netto','EUR','std',NULL,NULL,NULL,1,16.08635,19.30362,16.08635,19.30362,35,42,20,'false','false','false',0,NULL,'2019-09-09 12:43:52',NULL,'0000-00-00 00:00:00'),(1017,54,211,NULL,'25',NULL,'netto','EUR','std',NULL,NULL,NULL,1,26.25,31.5,26.25,31.5,35,42,20,'false','false','false',0,NULL,'2019-09-09 12:43:52',NULL,'0000-00-00 00:00:00'),(1019,54,211,NULL,NULL,NULL,'netto','EUR','std',NULL,NULL,NULL,1,35,42,35,42,35,42,20,'true','false','false',0,NULL,'2019-09-09 12:43:52',NULL,'0000-00-00 00:00:00'),(1020,55,212,NULL,'Direktpreise',NULL,'netto','EUR','std',NULL,NULL,NULL,1,38.60724,46.328688,38.60724,46.328688,84,100.8,20,'false','false','false',0,NULL,'2019-09-09 12:43:52',NULL,'0000-00-00 00:00:00'),(1021,55,212,NULL,'25',NULL,'netto','EUR','std',NULL,NULL,NULL,1,63,75.6,63,75.6,84,100.8,20,'false','false','false',0,NULL,'2019-09-09 12:43:52',NULL,'0000-00-00 00:00:00'),(1023,55,212,NULL,NULL,NULL,'netto','EUR','std',NULL,NULL,NULL,1,84,100.8,84,100.8,84,100.8,20,'true','false','false',0,NULL,'2019-09-09 12:43:52',NULL,'0000-00-00 00:00:00'),(1024,61,218,NULL,'Direktpreise',NULL,'netto','EUR','std',NULL,NULL,NULL,1,38.60724,46.328688,38.60724,46.328688,84,100.8,20,'false','false','false',0,NULL,'2019-09-09 12:43:52',NULL,'0000-00-00 00:00:00'),(1025,61,218,NULL,'25',NULL,'netto','EUR','std',NULL,NULL,NULL,1,63,75.6,63,75.6,84,100.8,20,'false','false','false',0,NULL,'2019-09-09 12:43:52',NULL,'0000-00-00 00:00:00'),(1027,61,218,NULL,NULL,NULL,'netto','EUR','std',NULL,NULL,NULL,1,84,100.8,84,100.8,84,100.8,20,'true','false','false',0,NULL,'2019-09-09 12:43:52',NULL,'0000-00-00 00:00:00'),(1028,62,219,NULL,'Direktpreise',NULL,'netto','EUR','std',NULL,NULL,NULL,1,71.69916,86.038992,71.69916,86.038992,156,187.2,20,'false','false','false',0,NULL,'2019-09-09 12:43:52',NULL,'0000-00-00 00:00:00'),(1029,62,219,NULL,'25',NULL,'netto','EUR','std',NULL,NULL,NULL,1,117,140.4,117,140.4,156,187.2,20,'false','false','false',0,NULL,'2019-09-09 12:43:52',NULL,'0000-00-00 00:00:00'),(1031,62,219,NULL,NULL,NULL,'netto','EUR','std',NULL,NULL,NULL,1,156,187.2,156,187.2,156,187.2,20,'true','false','false',0,NULL,'2019-09-09 12:43:52',NULL,'0000-00-00 00:00:00'),(1032,63,220,NULL,'Direktpreise',NULL,'netto','EUR','std',NULL,NULL,NULL,1,84.8256216,101.79074592,84.8256216,101.79074592,184.56,221.472,20,'false','false','false',0,NULL,'2019-09-09 12:43:52',NULL,'0000-00-00 00:00:00'),(1033,63,220,NULL,'25',NULL,'netto','EUR','std',NULL,NULL,NULL,1,138.42,166.104,138.42,166.104,184.56,221.472,20,'false','false','false',0,NULL,'2019-09-09 12:43:52',NULL,'0000-00-00 00:00:00'),(1035,63,220,NULL,NULL,NULL,'netto','EUR','std',NULL,NULL,NULL,1,184.56,221.472,184.56,221.472,184.56,221.472,20,'true','false','false',0,NULL,'2019-09-09 12:43:52',NULL,'0000-00-00 00:00:00'),(1036,64,221,NULL,'Direktpreise',NULL,'netto','EUR','std',NULL,NULL,NULL,1,197.448456,236.9381472,197.448456,236.9381472,429.6,515.52,20,'false','false','false',0,NULL,'2019-09-09 12:43:52',NULL,'0000-00-00 00:00:00'),(1037,64,221,NULL,'25',NULL,'netto','EUR','std',NULL,NULL,NULL,1,322.2,386.64,322.2,386.64,429.6,515.52,20,'false','false','false',0,NULL,'2019-09-09 12:43:52',NULL,'0000-00-00 00:00:00'),(1039,64,221,NULL,NULL,NULL,'netto','EUR','std',NULL,NULL,NULL,1,429.6,515.52,429.6,515.52,429.6,515.52,20,'true','false','false',0,NULL,'2019-09-09 12:43:52',NULL,'0000-00-00 00:00:00'),(1040,65,222,NULL,'Direktpreise',NULL,'netto','EUR','std',NULL,NULL,NULL,1,263.632296,316.3587552,263.632296,316.3587552,573.6,688.32,20,'false','false','false',0,NULL,'2019-09-09 12:43:52',NULL,'0000-00-00 00:00:00'),(1041,65,222,NULL,'25',NULL,'netto','EUR','std',NULL,NULL,NULL,1,430.2,516.24,430.2,516.24,573.6,688.32,20,'false','false','false',0,NULL,'2019-09-09 12:43:52',NULL,'0000-00-00 00:00:00'),(1043,65,222,NULL,NULL,NULL,'netto','EUR','std',NULL,NULL,NULL,1,573.6,688.32,573.6,688.32,573.6,688.32,20,'true','false','false',0,NULL,'2019-09-09 12:43:52',NULL,'0000-00-00 00:00:00'),(1044,66,223,NULL,'Direktpreise',NULL,'netto','EUR','std',NULL,NULL,NULL,1,49.63788,59.565456,49.63788,59.565456,108,129.6,20,'false','false','false',0,NULL,'2019-09-09 12:43:52',NULL,'0000-00-00 00:00:00'),(1045,66,223,NULL,'25',NULL,'netto','EUR','std',NULL,NULL,NULL,1,81,97.2,81,97.2,108,129.6,20,'false','false','false',0,NULL,'2019-09-09 12:43:52',NULL,'0000-00-00 00:00:00'),(1047,66,223,NULL,NULL,NULL,'netto','EUR','std',NULL,NULL,NULL,1,108,129.6,108,129.6,108,129.6,20,'true','false','false',0,NULL,'2019-09-09 12:43:52',NULL,'0000-00-00 00:00:00'),(1048,67,224,NULL,'Direktpreise',NULL,'netto','EUR','std',NULL,NULL,NULL,1,36.401112,43.6813344,36.401112,43.6813344,79.2,95.04,20,'false','false','false',0,NULL,'2019-09-09 12:43:52',NULL,'0000-00-00 00:00:00'),(1049,67,224,NULL,'25',NULL,'netto','EUR','std',NULL,NULL,NULL,1,59.4,71.28,59.4,71.28,79.2,95.04,20,'false','false','false',0,NULL,'2019-09-09 12:43:52',NULL,'0000-00-00 00:00:00'),(1051,67,224,NULL,NULL,NULL,'netto','EUR','std',NULL,NULL,NULL,1,79.2,95.04,79.2,95.04,79.2,95.04,20,'true','false','false',0,NULL,'2019-09-09 12:43:52',NULL,'0000-00-00 00:00:00'),(1052,68,225,NULL,'Direktpreise',NULL,'netto','EUR','std',NULL,NULL,NULL,1,48.0935904,57.71230848,48.0935904,57.71230848,104.64,125.568,20,'false','false','false',0,NULL,'2019-09-09 12:43:52',NULL,'0000-00-00 00:00:00'),(1053,68,225,NULL,'25',NULL,'netto','EUR','std',NULL,NULL,NULL,1,78.48,94.176,78.48,94.176,104.64,125.568,20,'false','false','false',0,NULL,'2019-09-09 12:43:52',NULL,'0000-00-00 00:00:00'),(1055,68,225,NULL,NULL,NULL,'netto','EUR','std',NULL,NULL,NULL,1,104.64,125.568,104.64,125.568,104.64,125.568,20,'true','false','false',0,NULL,'2019-09-09 12:43:52',NULL,'0000-00-00 00:00:00'),(1056,69,226,NULL,'Direktpreise',NULL,'netto','EUR','std',NULL,NULL,NULL,1,43.019496,51.6233952,43.019496,51.6233952,93.6,112.32,20,'false','false','false',0,NULL,'2019-09-09 12:43:52',NULL,'0000-00-00 00:00:00'),(1057,69,226,NULL,'25',NULL,'netto','EUR','std',NULL,NULL,NULL,1,70.2,84.24,70.2,84.24,93.6,112.32,20,'false','false','false',0,NULL,'2019-09-09 12:43:52',NULL,'0000-00-00 00:00:00'),(1059,69,226,NULL,NULL,NULL,'netto','EUR','std',NULL,NULL,NULL,1,93.6,112.32,93.6,112.32,93.6,112.32,20,'true','false','false',0,NULL,'2019-09-09 12:43:52',NULL,'0000-00-00 00:00:00'),(1060,70,227,NULL,'Direktpreise',NULL,'netto','EUR','std',NULL,NULL,NULL,1,91.554312,109.8651744,91.554312,109.8651744,199.2,239.04,20,'false','false','false',0,NULL,'2019-09-09 12:43:52',NULL,'0000-00-00 00:00:00'),(1061,70,227,NULL,'25',NULL,'netto','EUR','std',NULL,NULL,NULL,1,149.4,179.28,149.4,179.28,199.2,239.04,20,'false','false','false',0,NULL,'2019-09-09 12:43:52',NULL,'0000-00-00 00:00:00'),(1063,70,227,NULL,NULL,NULL,'netto','EUR','std',NULL,NULL,NULL,1,199.2,239.04,199.2,239.04,199.2,239.04,20,'true','false','false',0,NULL,'2019-09-09 12:43:52',NULL,'0000-00-00 00:00:00'),(1064,71,228,NULL,'Direktpreise',NULL,'netto','EUR','std',NULL,NULL,NULL,1,207.376032,248.8512384,207.376032,248.8512384,451.2,541.44,20,'false','false','false',0,NULL,'2019-09-09 12:43:52',NULL,'0000-00-00 00:00:00'),(1065,71,228,NULL,'25',NULL,'netto','EUR','std',NULL,NULL,NULL,1,338.4,406.08,338.4,406.08,451.2,541.44,20,'false','false','false',0,NULL,'2019-09-09 12:43:52',NULL,'0000-00-00 00:00:00'),(1067,71,228,NULL,NULL,NULL,'netto','EUR','std',NULL,NULL,NULL,1,451.2,541.44,451.2,541.44,451.2,541.44,20,'true','false','false',0,NULL,'2019-09-09 12:43:52',NULL,'0000-00-00 00:00:00'),(1068,72,229,NULL,'Direktpreise',NULL,'netto','EUR','std',NULL,NULL,NULL,1,307.754856,369.3058272,307.754856,369.3058272,669.6,803.52,20,'false','false','false',0,NULL,'2019-09-09 12:43:52',NULL,'0000-00-00 00:00:00'),(1069,72,229,NULL,'25',NULL,'netto','EUR','std',NULL,NULL,NULL,1,502.2,602.64,502.2,602.64,669.6,803.52,20,'false','false','false',0,NULL,'2019-09-09 12:43:52',NULL,'0000-00-00 00:00:00'),(1071,72,229,NULL,NULL,NULL,'netto','EUR','std',NULL,NULL,NULL,1,669.6,803.52,669.6,803.52,669.6,803.52,20,'true','false','false',0,NULL,'2019-09-09 12:43:52',NULL,'0000-00-00 00:00:00'),(1072,73,230,NULL,'Direktpreise',NULL,'netto','EUR','std',NULL,NULL,NULL,1,13.1264616,15.75175392,13.1264616,15.75175392,28.56,34.272,20,'false','false','false',0,NULL,'2019-09-09 12:43:52',NULL,'0000-00-00 00:00:00'),(1073,73,230,NULL,'25',NULL,'netto','EUR','std',NULL,NULL,NULL,1,21.42,25.704,21.42,25.704,28.56,34.272,20,'false','false','false',0,NULL,'2019-09-09 12:43:52',NULL,'0000-00-00 00:00:00'),(1075,73,230,NULL,NULL,NULL,'netto','EUR','std',NULL,NULL,NULL,1,28.56,34.272,28.56,34.272,28.56,34.272,20,'true','false','false',0,NULL,'2019-09-09 12:43:52',NULL,'0000-00-00 00:00:00'),(1076,74,232,NULL,'Direktpreise',NULL,'netto','EUR','std',NULL,NULL,NULL,1,38.60724,46.328688,38.60724,46.328688,84,100.8,20,'false','false','false',0,NULL,'2019-09-09 12:43:52',NULL,'0000-00-00 00:00:00'),(1077,74,232,NULL,'25',NULL,'netto','EUR','std',NULL,NULL,NULL,1,63,75.6,63,75.6,84,100.8,20,'false','false','false',0,NULL,'2019-09-09 12:43:52',NULL,'0000-00-00 00:00:00'),(1079,74,232,NULL,NULL,NULL,'netto','EUR','std',NULL,NULL,NULL,1,84,100.8,84,100.8,84,100.8,20,'true','false','false',0,NULL,'2019-09-09 12:43:52',NULL,'0000-00-00 00:00:00'),(1080,75,233,NULL,'Direktpreise',NULL,'netto','EUR','std',NULL,NULL,NULL,1,0.7261838,0.87142056,0.7261838,0.87142056,1.58,1.896,20,'false','false','false',0,NULL,'2019-09-09 12:43:52',NULL,'0000-00-00 00:00:00'),(1081,75,233,NULL,'25',NULL,'netto','EUR','std',NULL,NULL,NULL,1,1.185,1.422,1.185,1.422,1.58,1.896,20,'false','false','false',0,NULL,'2019-09-09 12:43:52',NULL,'0000-00-00 00:00:00'),(1083,75,233,NULL,NULL,NULL,'netto','EUR','std',NULL,NULL,NULL,1,1.58,1.896,1.58,1.896,1.58,1.896,20,'true','false','false',0,NULL,'2019-09-09 12:43:52',NULL,'0000-00-00 00:00:00'),(1084,76,234,NULL,'Direktpreise',NULL,'netto','EUR','std',NULL,NULL,NULL,1,55.704732,66.8456784,55.704732,66.8456784,121.2,145.44,20,'false','false','false',0,NULL,'2019-09-09 12:43:52',NULL,'0000-00-00 00:00:00'),(1085,76,234,NULL,'25',NULL,'netto','EUR','std',NULL,NULL,NULL,1,90.9,109.08,90.9,109.08,121.2,145.44,20,'false','false','false',0,NULL,'2019-09-09 12:43:52',NULL,'0000-00-00 00:00:00'),(1087,76,234,NULL,NULL,NULL,'netto','EUR','std',NULL,NULL,NULL,1,121.2,145.44,121.2,145.44,121.2,145.44,20,'true','false','false',0,NULL,'2019-09-09 12:43:52',NULL,'0000-00-00 00:00:00'),(1088,77,237,NULL,'Direktpreise',NULL,'netto','EUR','std',NULL,NULL,NULL,1,29.87465,35.84958,29.87465,35.84958,65,78,20,'false','false','false',0,NULL,'2019-09-09 12:43:52',NULL,'0000-00-00 00:00:00'),(1089,77,237,NULL,'25',NULL,'netto','EUR','std',NULL,NULL,NULL,1,48.75,58.5,48.75,58.5,65,78,20,'false','false','false',0,NULL,'2019-09-09 12:43:52',NULL,'0000-00-00 00:00:00'),(1091,77,237,NULL,NULL,NULL,'netto','EUR','std',NULL,NULL,NULL,1,65,78,65,78,65,78,20,'true','false','false',0,NULL,'2019-09-09 12:43:52',NULL,'0000-00-00 00:00:00'),(1092,79,242,NULL,'Direktpreise',NULL,'netto','EUR','std',NULL,NULL,NULL,1,137.883,165.4596,137.883,165.4596,300,360,20,'false','false','false',0,NULL,'2019-09-09 12:43:52',NULL,'0000-00-00 00:00:00'),(1093,79,242,NULL,'25',NULL,'netto','EUR','std',NULL,NULL,NULL,1,225,270,225,270,300,360,20,'false','false','false',0,NULL,'2019-09-09 12:43:52',NULL,'0000-00-00 00:00:00'),(1095,79,242,NULL,NULL,NULL,'netto','EUR','std',NULL,NULL,NULL,1,300,360,300,360,300,360,20,'true','false','false',0,NULL,'2019-09-09 12:43:52',NULL,'0000-00-00 00:00:00'),(1096,80,243,NULL,'Direktpreise',NULL,'netto','EUR','std',NULL,NULL,NULL,1,137.883,165.4596,137.883,165.4596,300,360,20,'false','false','false',0,NULL,'2019-09-09 12:43:52',NULL,'0000-00-00 00:00:00'),(1097,80,243,NULL,'25',NULL,'netto','EUR','std',NULL,NULL,NULL,1,225,270,225,270,300,360,20,'false','false','false',0,NULL,'2019-09-09 12:43:52',NULL,'0000-00-00 00:00:00'),(1099,80,243,NULL,NULL,NULL,'netto','EUR','std',NULL,NULL,NULL,1,300,360,300,360,300,360,20,'true','false','false',0,NULL,'2019-09-09 12:43:52',NULL,'0000-00-00 00:00:00'),(1100,81,241,NULL,'Direktpreise',NULL,'netto','EUR','std',NULL,NULL,NULL,1,137.883,165.4596,137.883,165.4596,300,360,20,'false','false','false',0,NULL,'2019-09-09 12:43:52',NULL,'0000-00-00 00:00:00'),(1101,81,241,NULL,'25',NULL,'netto','EUR','std',NULL,NULL,NULL,1,225,270,225,270,300,360,20,'false','false','false',0,NULL,'2019-09-09 12:43:52',NULL,'0000-00-00 00:00:00'),(1103,81,241,NULL,NULL,NULL,'netto','EUR','std',NULL,NULL,NULL,1,300,360,300,360,300,360,20,'true','false','false',0,NULL,'2019-09-09 12:43:52',NULL,'0000-00-00 00:00:00'),(1104,82,238,NULL,'Direktpreise',NULL,'netto','EUR','std',NULL,NULL,NULL,1,71.69916,86.038992,71.69916,86.038992,156,187.2,20,'false','false','false',0,NULL,'2019-09-09 12:43:52',NULL,'0000-00-00 00:00:00'),(1105,82,238,NULL,'25',NULL,'netto','EUR','std',NULL,NULL,NULL,1,117,140.4,117,140.4,156,187.2,20,'false','false','false',0,NULL,'2019-09-09 12:43:52',NULL,'0000-00-00 00:00:00'),(1107,82,238,NULL,NULL,NULL,'netto','EUR','std',NULL,NULL,NULL,1,156,187.2,156,187.2,156,187.2,20,'true','false','false',0,NULL,'2019-09-09 12:43:52',NULL,'0000-00-00 00:00:00'),(1108,83,239,NULL,'Direktpreise',NULL,'netto','EUR','std',NULL,NULL,NULL,1,17.649024,21.1788288,17.649024,21.1788288,38.4,46.08,20,'false','false','false',0,NULL,'2019-09-09 12:43:52',NULL,'0000-00-00 00:00:00'),(1109,83,239,NULL,'25',NULL,'netto','EUR','std',NULL,NULL,NULL,1,28.8,34.56,28.8,34.56,38.4,46.08,20,'false','false','false',0,NULL,'2019-09-09 12:43:52',NULL,'0000-00-00 00:00:00'),(1111,83,239,NULL,NULL,NULL,'netto','EUR','std',NULL,NULL,NULL,1,38.4,46.08,38.4,46.08,38.4,46.08,20,'true','false','false',0,NULL,'2019-09-09 12:43:52',NULL,'0000-00-00 00:00:00');

--
-- Table structure for table `ShopPriceType`
--

CREATE TABLE `ShopPriceType` (
  `ShopPriceType_Code` varchar(40) NOT NULL,
  `ShopPriceType_Name` varchar(255) NOT NULL,
  `Person_ID_Edit` int(10) unsigned DEFAULT NULL,
  `Table_Edit` timestamp NOT NULL DEFAULT CURRENT_TIMESTAMP ON UPDATE CURRENT_TIMESTAMP,
  `Person_ID_Create` int(10) unsigned DEFAULT NULL,
  `Table_Create` timestamp NOT NULL DEFAULT '0000-00-00 00:00:00',
  PRIMARY KEY (`ShopPriceType_Code`),
  KEY `IDX_Person_Person_ID_Edit` (`Person_ID_Edit`),
  KEY `IDX_Person_Person_ID_Create` (`Person_ID_Create`),
  CONSTRAINT `ShopPriceType_ibfk_1` FOREIGN KEY (`Person_ID_Edit`) REFERENCES `Person` (`Person_ID`) ON DELETE NO ACTION ON UPDATE NO ACTION,
  CONSTRAINT `ShopPriceType_ibfk_2` FOREIGN KEY (`Person_ID_Create`) REFERENCES `Person` (`Person_ID`) ON DELETE NO ACTION ON UPDATE NO ACTION
) ENGINE=InnoDB DEFAULT CHARSET=utf8;

--
-- Dumping data for table `ShopPriceType`
--

INSERT INTO `ShopPriceType` VALUES ('brutto','Bruttopreis',1,'2007-11-28 13:40:54',1,'0000-00-00 00:00:00'),('netto','Nettopreis',1,'0000-00-00 00:00:00',1,'0000-00-00 00:00:00');

--
-- Table structure for table `ShopPriceVariant`
--

CREATE TABLE `ShopPriceVariant` (
  `ShopPriceVariant_Code` varchar(40) NOT NULL,
  `ShopPriceVariant_Name` varchar(255) NOT NULL,
  `Person_ID_Edit` int(10) unsigned DEFAULT NULL,
  `Table_Edit` timestamp NOT NULL DEFAULT CURRENT_TIMESTAMP ON UPDATE CURRENT_TIMESTAMP,
  `Person_ID_Create` int(10) unsigned DEFAULT NULL,
  `Table_Create` timestamp NOT NULL DEFAULT '0000-00-00 00:00:00',
  PRIMARY KEY (`ShopPriceVariant_Code`),
  KEY `IDX_Person_Person_ID_Edit` (`Person_ID_Edit`),
  KEY `IDX_Person_Person_ID_Create` (`Person_ID_Create`),
  CONSTRAINT `ShopPriceVariant_ibfk_1` FOREIGN KEY (`Person_ID_Edit`) REFERENCES `Person` (`Person_ID`) ON DELETE NO ACTION ON UPDATE NO ACTION,
  CONSTRAINT `ShopPriceVariant_ibfk_2` FOREIGN KEY (`Person_ID_Create`) REFERENCES `Person` (`Person_ID`) ON DELETE NO ACTION ON UPDATE NO ACTION
) ENGINE=InnoDB DEFAULT CHARSET=utf8;

--
-- Dumping data for table `ShopPriceVariant`
--

INSERT INTO `ShopPriceVariant` VALUES ('aboprice','Abopreis',NULL,'2010-04-21 11:30:04',NULL,'0000-00-00 00:00:00'),('free','Kostenlos',NULL,'2010-04-21 11:30:04',NULL,'0000-00-00 00:00:00'),('listprice','Listenpreis',NULL,'2010-04-21 11:30:04',NULL,'0000-00-00 00:00:00'),('locked','Gesperrtes Lieferland',NULL,'2010-04-21 11:30:04',NULL,'0000-00-00 00:00:00'),('specialprice','Aktionspreis',NULL,'2010-04-21 11:30:04',NULL,'0000-00-00 00:00:00');

--
-- Table structure for table `ShopPricelist`
--

CREATE TABLE `ShopPricelist` (
  `ShopPricelist_Code` varchar(40) NOT NULL,
  `ShopPricelist_Name` varchar(255) NOT NULL,
  `Person_ID_Edit` int(10) unsigned DEFAULT NULL,
  `Table_Edit` timestamp NOT NULL DEFAULT CURRENT_TIMESTAMP ON UPDATE CURRENT_TIMESTAMP,
  `Person_ID_Create` int(10) unsigned DEFAULT NULL,
  `Table_Create` timestamp NOT NULL DEFAULT '0000-00-00 00:00:00',
  PRIMARY KEY (`ShopPricelist_Code`),
  KEY `IDX_Person_Person_ID_Edit` (`Person_ID_Edit`),
  KEY `IDX_Person_Person_ID_Create` (`Person_ID_Create`),
  CONSTRAINT `ShopPricelist_ibfk_1` FOREIGN KEY (`Person_ID_Edit`) REFERENCES `Person` (`Person_ID`) ON DELETE NO ACTION ON UPDATE NO ACTION,
  CONSTRAINT `ShopPricelist_ibfk_2` FOREIGN KEY (`Person_ID_Create`) REFERENCES `Person` (`Person_ID`) ON DELETE NO ACTION ON UPDATE NO ACTION
) ENGINE=InnoDB DEFAULT CHARSET=utf8;

--
-- Dumping data for table `ShopPricelist`
--

INSERT INTO `ShopPricelist` VALUES ('25','25%',2,'2019-04-24 08:38:47',2,'2019-04-24 08:38:47'),('Direktpreise','Preise für Tischler die direkt bestellen',2,'2019-09-09 12:37:05',2,'2019-09-09 12:37:05'),('standard','Standardpreisliste',NULL,'2008-04-11 15:47:42',NULL,'0000-00-00 00:00:00');

--
-- Table structure for table `ShopSalesPartner`
--

CREATE TABLE `ShopSalesPartner` (
  `ShopSalesPartner_ID` int(10) unsigned NOT NULL AUTO_INCREMENT,
  `Person_ID_Indoor` int(10) unsigned DEFAULT NULL COMMENT 'Hauptverantwortlicher Innendienst-Mitarbeiter',
  `Country_Code` char(2) DEFAULT NULL,
  `ShopSalesPartner_Name` varchar(255) NOT NULL,
  `ShopSalesPartner_UID` varchar(255) DEFAULT NULL,
  `ShopSalesPartner_Street` varchar(255) DEFAULT NULL,
  `ShopSalesPartner_ZipCode` varchar(40) DEFAULT NULL,
  `ShopSalesPartner_City` varchar(40) DEFAULT NULL,
  `ShopSalesPartner_Phone` varchar(255) NOT NULL,
  `ShopSalesPartner_DiscountCarpenter` double unsigned DEFAULT '0',
  `ShopSalesPartner_DiscountInnendienst` double unsigned DEFAULT '0',
  `Person_ID_Edit` int(10) unsigned DEFAULT NULL,
  `Table_Edit` timestamp NOT NULL DEFAULT CURRENT_TIMESTAMP ON UPDATE CURRENT_TIMESTAMP,
  `Person_ID_Create` int(10) unsigned DEFAULT NULL,
  `Table_Create` timestamp NOT NULL DEFAULT '0000-00-00 00:00:00',
  PRIMARY KEY (`ShopSalesPartner_ID`),
  KEY `ShopUser_ShopSalesPartner_1` (`Person_ID_Indoor`),
  KEY `IDX_Person_Person_ID_Edit` (`Person_ID_Edit`),
  KEY `IDX_Person_Person_ID_Create` (`Person_ID_Create`),
  KEY `Country_ShopSalesPartner_2` (`Country_Code`),
  CONSTRAINT `Country_ShopSalesPartner_2` FOREIGN KEY (`Country_Code`) REFERENCES `Country` (`Country_Code`) ON UPDATE CASCADE,
  CONSTRAINT `ShopSalesPartner_ibfk_1` FOREIGN KEY (`Person_ID_Edit`) REFERENCES `Person` (`Person_ID`) ON DELETE NO ACTION ON UPDATE NO ACTION,
  CONSTRAINT `ShopSalesPartner_ibfk_2` FOREIGN KEY (`Person_ID_Create`) REFERENCES `Person` (`Person_ID`) ON DELETE NO ACTION ON UPDATE NO ACTION,
  CONSTRAINT `ShopUser_ShopSalesPartner_1` FOREIGN KEY (`Person_ID_Indoor`) REFERENCES `ShopUser` (`Person_ID`)
) ENGINE=InnoDB AUTO_INCREMENT=374 DEFAULT CHARSET=utf8;

--
-- Dumping data for table `ShopSalesPartner`
--

INSERT INTO `ShopSalesPartner` VALUES (1,NULL,'AT','J. u. A. Frischeis Gesellschaft m.b.H. Stockerau',NULL,'Gerbergasse 2','2000','Stockerau','',25,50,9,'2017-05-17 14:03:20',2,'2015-09-30 13:41:21'),(2,NULL,'AT','J. u. A. Frischeis Gesellschaft m.b.H. Linz',NULL,'Prinz-Eugen-Strasse 13','4021','Linz','',25,50,9,'2017-05-17 14:03:15',2,'2015-10-01 13:37:50'),(3,NULL,'AT','JAF Zengerer GmbH Graz',NULL,'Herrgottwiesgasse 170','8055','Graz','',25,50,9,'2017-05-17 14:03:27',2,'2015-10-01 13:38:07'),(4,NULL,'AT','J. u. A. Frischeis Gesellschaft m.b.H. Salzburg',NULL,'Handelszentrum 12','5101','Salzburg','',25,50,9,'2017-05-17 14:03:46',2,'2015-10-01 13:38:24'),(5,NULL,'AT','J. u. A. Frischeis Gesellschaft m.b.H. Kramsach',NULL,'Kramsach Amerling 119','6233','Kramsach','',25,50,9,'2017-05-17 14:04:21',2,'2015-10-01 13:38:43'),(6,NULL,'AT','J. u. A. Frischeis Gesellschaft m.b.H. Bad Hofgastein',NULL,'Gastein Weitgasse 5','5630','Bad Hofgastein','',25,50,9,'2017-05-17 14:03:42',2,'2015-10-01 13:39:12'),(7,NULL,'AT','J. u. A. Frischeis Gesellschaft m.b.H. Villach',NULL,'Holzstraße 1','9500','Villach','',25,50,9,'2017-05-17 14:04:29',2,'2015-10-01 13:39:29'),(8,NULL,'AT','J. u. A. Frischeis Gesellschaft m.b.H. St. Marein',NULL,'Mattnerstraße 10','8641','Sankt Marein im Mürztal','',25,50,9,'2017-05-17 14:04:36',2,'2015-10-01 13:39:50'),(9,26,'AT','Datenkraft',NULL,NULL,NULL,NULL,'',25,25,2,'2019-04-24 08:44:56',2,'2016-03-17 15:28:26'),(10,NULL,'AT','Haas & Haselgruber OG',NULL,'Steinbruchgasse 15','2540','Bad Vöslau','',50,50,9,'2017-05-17 14:05:11',9,'2016-05-12 12:09:45'),(11,NULL,'AT','TEST',NULL,NULL,'834',NULL,'',NULL,NULL,9,'2016-08-02 08:30:21',9,'2016-08-02 08:10:09'),(12,NULL,'AT','DAN Megastore Rum',NULL,'Siemensstraße 13','6063','Rum','',30,30,9,'2017-05-17 14:07:35',9,'2016-08-31 06:25:05'),(13,NULL,'AT','Küche & Co Studio Linz',NULL,'Freistädterstraße 313','4040','Linz','',30,30,9,'2017-05-17 14:07:45',9,'2016-08-31 06:29:27'),(14,NULL,'AT','Vonbank: Küche + Wohnen',NULL,'Landstraße 30','6714','Nüziders','',30,30,9,'2017-05-17 14:07:52',9,'2016-08-31 06:33:28'),(15,NULL,'AT','Eilmannsberger GmbH',NULL,'Scheiblberg 50','4150','Rohrbach','',30,30,9,'2017-05-17 14:08:01',9,'2016-09-01 09:35:50'),(16,NULL,'AT','Stocki´s Wohnstudion',NULL,'Gewerbegasse 17','4060','Leonding','',30,30,9,'2017-05-17 14:08:10',9,'2016-09-01 09:36:22'),(17,NULL,'AT','Tischlerei-Wohndesign Weber',NULL,'Raxendorf 46','3654','Raxendorf','',30,30,9,'2017-05-17 14:08:28',9,'2016-09-02 13:38:45'),(18,NULL,'AT','Küchenzentrum Breitschopf',NULL,'Dobler Straße 2','8502','Lannach','',30,30,9,'2017-05-17 14:08:37',9,'2016-09-06 12:29:02'),(19,NULL,'AT','Marko Wohnen GmbH',NULL,'Rinkenberg 70','9150','Bleiburg','',40,40,9,'2019-01-29 07:44:01',9,'2016-09-08 08:38:37'),(20,NULL,'AT','Küchenstudio Kaindorf Wiener GmbH',NULL,'Gewerbepark 300','8224','Kaindorf','',30,30,9,'2017-05-17 14:08:57',9,'2016-09-08 09:14:26'),(21,1044,'AT','Einrichtungsstudio Hasler Manfred',NULL,'Bad Gams 5','8524','Deutschlandsberg','',30,30,9,'2018-02-01 09:05:41',9,'2016-09-08 09:14:52'),(22,1535,'AT','Preissl - Möbel - Gesellschaft m.b.H.','ATU27085702','Wiener Straße 23','8600','Bruck an der Mur','',40,40,9,'2019-02-13 10:05:11',9,'2016-09-08 09:15:10'),(23,NULL,'AT','Ringhofer Reinhard - Design zum Leben',NULL,'Schlag 31','8241','Dechantskirchen','',30,30,9,'2017-05-17 14:09:22',9,'2016-09-08 09:15:31'),(24,NULL,'AT','Kerschner Wohndesign GmbH',NULL,'Götzgasse 4-6 Top 1','1100','Wien','',30,30,9,'2017-05-17 14:09:30',9,'2016-09-12 07:58:23'),(25,NULL,'AT','Tischlerei Kreuzmayr e. U.',NULL,'Winkeln 22','4710','Tollet/Grieskirchen','',30,30,9,'2017-05-17 14:09:38',9,'2016-09-13 06:52:59'),(26,NULL,'AT','Groiss Wohnkultur e. U.','ATU73908337','Baureith 5','4160','Aigen-Schlägl','',30,30,9,'2019-02-07 10:45:49',9,'2016-09-13 07:13:47'),(27,NULL,'AT','Ing. Franz Seiner e. U. ',NULL,'Hauptplatz 40','8524','Deutschlandsberg','',30,30,9,'2017-05-17 14:09:56',9,'2016-09-13 13:30:43'),(28,62,'AT','Austria Glas','ATU 48959505','Industriegasse 4','8311','Markt Hartmannsdorf','',30,54.039,9,'2019-03-07 09:32:18',9,'2016-09-13 14:15:59'),(29,NULL,'AT','Küchenstudio Margi Örtel',NULL,'Barawitzkagasse 23','1190','Wien','',30,30,9,'2017-05-17 14:10:18',9,'2016-09-14 12:38:53'),(30,NULL,'AT','DAN Küchen Salzburg',NULL,'Sterneckstraße 19','5020','Salzburg','',30,30,9,'2017-05-17 14:10:29',9,'2016-09-14 12:40:46'),(31,NULL,'AT','Wohnstudio Bauer & Staubmann',NULL,'Klagenfurter Straße 70','9462','Bad St. Leonhard/Lavanttal','',40,40,9,'2019-03-04 12:29:35',9,'2016-09-14 13:08:50'),(32,NULL,'AT','Schlager Küche und Raum',NULL,'Brauhausstraße 84q','8053','Graz','',30,30,9,'2017-05-17 14:10:45',9,'2016-09-15 06:33:15'),(33,NULL,'AT','Mosgöller Möbel GmbH',NULL,'Prager Straße 93-99/18/R1','1210','Wien','',30,30,9,'2017-05-17 14:10:54',9,'2016-09-15 09:12:03'),(34,NULL,'AT','Idea Küchen - Gerhard Lentner',NULL,'Au 41','6134','Vomp','',30,30,9,'2017-05-17 14:11:01',9,'2016-09-15 11:01:15'),(35,NULL,'AT','HEK Küchenwelt GmbH',NULL,'Eduard-Bodem-Gasse 2','6020','Innsbruck','',30,30,9,'2017-05-17 14:11:18',9,'2016-09-15 11:02:10'),(36,NULL,'AT','Wohn und Küchenwerkstatt - Greil Robert',NULL,'Gewerbezone 8','6404','Polling in Tirol','',30,30,9,'2017-05-17 14:11:14',9,'2016-09-15 11:03:15'),(37,NULL,'AT','B3-Wohnen GmbH',NULL,'Gerhardingerstraße 1','4240','Freistadt','',30,30,9,'2017-05-17 14:11:25',9,'2016-09-15 12:53:33'),(38,NULL,'AT','Einrichtungsstudio Trummer Gerhard','ATU69986358','Gnas 8a','8342','Gnas','',54.039,54.039,9,'2019-03-21 08:32:00',9,'2016-09-15 14:04:51'),(39,NULL,'AT','Tischlerei Hopfer Joachim',NULL,'Jamm 27','8354','St. Anna/Aigen','',30,30,9,'2017-05-17 14:11:38',9,'2016-09-16 13:07:29'),(40,1093,'AT','Franz Malzer - Malzer die Küchenprofis',NULL,'Bahnstraße 51a','7111','Parndorf','',30,30,9,'2018-02-22 14:18:39',9,'2016-09-21 06:22:17'),(41,NULL,'AT','Tischlerei Gegenleitner',NULL,'Adlwangerstraße 6','4540','Bad Hall','',30,30,9,'2017-05-17 14:11:57',9,'2016-09-21 11:36:34'),(42,NULL,'AT','EWR Handelsgesellschaft m.b.H.',NULL,'Großfeldstraße 10-14','6600','Reutte','',30,30,9,'2017-05-17 14:12:06',9,'2016-09-22 06:55:30'),(43,NULL,'AT','Tischlerei Ing. Gerald Martinschitz','ATU63160359','Kleinsattelstraße 50','9500','Villach','',54.039,54.039,9,'2019-04-04 11:51:05',9,'2016-09-22 07:42:57'),(44,NULL,'AT','Tischlerei Ing. Peter Nemeth',NULL,'Bundesstraße 7','7441','Deutsch-Gerisdorf','',30,30,9,'2017-05-17 14:12:19',9,'2016-09-23 09:12:04'),(45,NULL,'AT','DAN Küchen Studio Gleisdorf',NULL,'Hartbergerstraße 66','8200','Gleisdorf','',54.039,54.039,9,'2019-03-22 09:30:18',9,'2016-09-26 09:07:23'),(46,NULL,'AT','Reithner & Windsteig GmbH',NULL,'Wienerstraße 15','2230','Gänserndorf','',30,30,9,'2017-05-17 14:12:36',9,'2016-09-26 11:01:52'),(47,NULL,'AT','Tischlermeister Jürgen Kavalirek',NULL,'Klagenfurter Straße 10','9220','Velden am Wörthersee','',30,30,9,'2017-05-17 14:12:44',9,'2016-09-26 11:44:06'),(48,NULL,'AT','Einrichten fürs Leben - Ludwig Krenn',NULL,'Brüdergasse 2','3430','Tulln','',30,30,9,'2017-05-17 14:12:53',9,'2016-10-03 06:40:35'),(49,NULL,'AT','KAPP - Das Möbelhandwerk GmbH','ATU 69712858','Liechtensteinstraße 31','1090','Wien','',30,30,9,'2017-12-04 13:30:21',9,'2016-10-06 06:28:22'),(50,NULL,'AT','Josef Pintz Handels G.m.b.H.',NULL,'Lerchenfelderstraße 79','1070','Wien','',30,30,9,'2017-05-17 14:13:13',9,'2016-10-12 14:11:56'),(51,NULL,'AT','Mittelmeier-Reßl Tischlerei GmbH',NULL,'Barnabitengasse 7a','1060','Wien','',30,30,9,'2017-05-17 14:13:21',9,'2016-10-12 14:12:46'),(52,NULL,'AT','Nkara Qualitätsküchen Handel GmbH',NULL,'Burggasse 117','1070','Wien','',30,30,9,'2017-05-17 14:13:28',9,'2016-10-12 14:13:34'),(53,NULL,'AT','Stilix Handels GmbH - DAN Küchenzentrum Favoriten',NULL,'Laxenburgerstraße 59','1100','Wien','',30,30,9,'2017-05-17 14:13:36',9,'2016-10-13 09:32:16'),(54,NULL,'AT','Küchenatelier Poljakovic GmbH - DAN Küchen Citygate',NULL,'Wagramerstraße 195 Top 31a','1210','Wien','',30,30,9,'2017-05-17 14:13:46',9,'2016-10-14 07:39:18'),(55,NULL,'AT','K.M.V. Küchenstudio GmbH','ATU 43693204','Marktstraße 19/2b','2331','Vösendorf','',30,30,9,'2017-12-04 13:33:10',9,'2016-10-18 13:31:58'),(56,NULL,'AT','4Dmobil Küchen GmbH','ATU67062457','Hauptstraße 2','3034','Meierhöfen','',54.039,54.039,9,'2019-03-25 11:50:56',9,'2016-10-18 13:32:43'),(57,NULL,'AT','G&G Möbelhandel KG',NULL,'Sparkassaplatz 9/14','2000','Stockerau','',30,30,9,'2017-05-17 14:14:22',9,'2016-10-19 07:42:36'),(58,NULL,'AT','L. Wanzenböck GmbH','ATU 38758206','Wr. Neustädter Straße ','2544','Leobersdorf','',30,30,9,'2017-12-04 13:37:17',9,'2016-10-19 11:01:29'),(59,NULL,'AT','Weinviertler Wohnmanufaktur',NULL,'In den Jochen 51','2122','Ulrichskirchen','',30,30,9,'2017-05-17 14:14:37',9,'2016-10-19 13:27:40'),(60,NULL,'AT','Voak Andreas Küchen & Möbeldesign',NULL,'Mankerstraße 1a','3200','Ober-Grafendorf','',30,30,9,'2017-05-17 14:14:44',9,'2016-10-21 08:40:20'),(61,NULL,'AT','Küchenstudio Christ GmbH',NULL,'Hofhaymer Allee 15','5020','Salzburg','',30,30,9,'2017-05-17 14:14:52',9,'2016-11-02 09:36:56'),(62,NULL,'AT','Yunus Akca KG - DAN Küchen Langenrohr',NULL,'Europastraße 15/Shop 8','3442','Langenrohr','',30,30,9,'2017-05-17 14:14:59',9,'2016-11-03 14:50:08'),(63,NULL,'AT','Moser Einrichtungs GmbH - SieMatic',NULL,'Stauderplatz 1','9020','Klagenfurt','',30,30,9,'2017-05-17 14:15:04',9,'2016-11-03 14:50:35'),(64,NULL,'AT','Fischer Wohnarchitektur',NULL,'Hans-Wiegele-Straße 3','9100','Völkermarkt','',30,30,9,'2017-05-17 14:15:10',9,'2016-11-03 14:51:04'),(65,NULL,'AT','Logar Manfred - Küchenstudio Villach-Wernberg',NULL,'Landesstraße 4','9241','Wernberg','',30,30,9,'2017-05-17 14:15:17',9,'2016-11-03 14:51:41'),(66,NULL,'AT','Ing. Veronika Kotzent-Pietschnig - Möbel Pietschnig',NULL,'St. Veiter Straße 9-11','9360','Friesach','',30,30,9,'2017-05-17 14:15:24',9,'2016-11-03 14:52:31'),(67,NULL,'AT','Ing. Lucas Ziegelbauer - Küchen - á la carte',NULL,'Hetzendorferstraße 92a','1120','Wien','',30,30,9,'2017-05-17 14:15:33',9,'2016-11-04 12:09:34'),(68,NULL,'AT','Möbel Handl GmbH',NULL,'Pertholzerstraße 15 & 22','3860','Heidenreichstein','',30,30,9,'2017-05-17 14:15:40',9,'2016-11-04 12:25:58'),(69,NULL,'AT','Werner Rindlisbacher Küchen',NULL,'Handwerksstraße 22','9500','Villach','',30,30,9,'2017-05-17 14:15:46',9,'2016-11-07 09:44:12'),(70,NULL,'AT','Kapeller Naturholz Manufaktur GmbH',NULL,'Auf dem Kikel 343','9710','Feistritz/Drau','',30,30,9,'2017-05-17 14:15:53',9,'2016-11-07 12:09:26'),(71,NULL,'AT','Möbel Zimmermann GmbH',NULL,'Podlanig 9','9620','Hermagor','',30,30,9,'2017-05-17 14:16:08',9,'2016-11-08 14:49:28'),(72,NULL,'AT','fdw Faszination des Wohnens',NULL,'Bahnhofstraße 24','4810','Gmunden','',30,30,9,'2017-05-17 14:17:37',9,'2016-11-09 14:59:55'),(73,NULL,'AT','Einrichtung & Design Köck OG',NULL,'Klosterplatz 6','4810','Gmunden','',30,30,9,'2017-05-17 14:17:50',9,'2016-11-09 15:05:30'),(74,NULL,'AT','HGP-Küchen GmbH',NULL,'Ennser Straße 17','4400','Steyr','',30,30,9,'2017-05-17 14:17:42',9,'2016-11-09 15:05:52'),(75,NULL,'AT','Leicht GmbH & Co KG',NULL,'Mitterweg 9','4800','Attnang-Puchheim','',30,30,9,'2017-05-17 14:17:57',9,'2016-11-09 15:06:15'),(76,NULL,'AT','Koziol Küchenstudio',NULL,'Kapuzinerberg 6','4910','Ried im Innkreis','',30,30,9,'2017-05-17 14:18:04',9,'2016-11-10 10:33:11'),(77,NULL,'AT','Böhm Möbel GmbH',NULL,'Summerau Mitte 22','4261','Rainbach','',30,30,9,'2017-05-17 14:18:13',9,'2016-11-10 10:33:40'),(79,NULL,'AT','Herbst Möbel mit Pfiff',NULL,'Edelseestraße 44','8190','Birkfeld','',30,30,9,'2017-05-17 14:18:19',9,'2016-11-14 09:31:33'),(80,NULL,'AT','Ing. Klaus Pizzera - Lebensraumplaner',NULL,'Urgental 14','8600','Bruck/Mur','',30,30,9,'2017-05-17 14:18:26',9,'2016-11-15 13:20:03'),(81,NULL,'AT','Mitteregger GmbH',NULL,'Burggasse 121','8750','Judenburg','',40,40,9,'2019-01-28 13:15:50',9,'2016-11-15 13:20:29'),(82,NULL,'AT','Glas & Galerie Schönfelder GmbH',NULL,'Christalnickstraße 8','9330','Althofen','',50,50,9,'2017-05-17 14:18:44',9,'2016-11-22 15:01:06'),(83,NULL,'AT','Wohnstudio Günter Hofer',NULL,'Mühldorf 436','8330','Feldbach','',30,30,9,'2017-12-05 12:43:38',9,'2016-11-29 09:10:09'),(84,NULL,'AT','Einrichtungsstudio Enderle Manfred',NULL,'Studenzen 159','8322','Kirchberg an der Raab','',30,30,9,'2017-05-17 14:18:59',9,'2016-11-29 09:10:34'),(85,NULL,'AT','Family Küchen',NULL,'Mühldorf 3','8330','Feldbach','',30,30,9,'2017-05-17 14:19:10',9,'2016-11-29 15:31:08'),(86,NULL,'AT','Pendl Möbel - Radlingmaier GmbH',NULL,'Kärntnerstraße 101','8700','Leoben','',30,30,9,'2017-05-17 14:19:16',9,'2016-11-30 13:02:46'),(87,NULL,'AT','Möbel Derler GmbH',NULL,'Oberfeistritz 119','8184','Anger','',30,30,9,'2017-05-17 14:19:24',9,'2016-12-02 08:07:47'),(88,NULL,'AT','Putz Möbel GmbH',NULL,'Ferdinand-Leihs-Straße 57','8230','Hartberg','',30,30,9,'2017-05-17 14:19:33',9,'2016-12-02 08:08:21'),(89,NULL,'AT','Michael Berger GmbH',NULL,'Filzmoos 35','8673','Ratten','',30,30,9,'2017-05-17 14:19:46',9,'2016-12-02 08:08:46'),(90,NULL,'AT','Designstudio Baleah',NULL,'Pichlmayergasse 17','8700','Leoben','',40,40,9,'2019-01-28 13:16:12',9,'2016-12-07 13:06:52'),(91,NULL,'AT','Schwarzott GmbH',NULL,'Wienerstraße 13-21','2500','Baden','',35,35,9,'2018-01-24 12:31:07',9,'2016-12-14 14:23:45'),(92,NULL,'AT','hm Küchenstudio KG','ATU 58015999','Liechtensteinstraße 25','1090','Wien','',30,30,9,'2017-12-13 10:27:17',9,'2016-12-16 13:05:03'),(93,NULL,'AT','Gitsche GmbH',NULL,'Emil-von-Behring-Straße 22','9500','Villach','',54.039,54.039,9,'2019-08-30 09:05:34',9,'2017-02-10 10:24:26'),(94,NULL,'AT','Grünwald Roman - Glaserei',NULL,'Au, Glaneckerweg 1','5400','Hallein','',30,30,9,'2017-05-17 14:20:50',9,'2017-03-02 15:08:03'),(95,NULL,'AT','Firma Glas Krawanja - Inh. Gert Gratzer',NULL,'Jessenigstraße 7','9220','Velden','',30,30,9,'2017-05-17 14:20:58',9,'2017-03-03 14:27:56'),(96,NULL,'AT','Griesbacher GmbH - Möbelwerkstatt',NULL,'Kirchbach 235','8082','Kirchbach','',54.039,54.039,9,'2019-07-12 10:03:20',9,'2017-03-06 10:01:09'),(97,NULL,'AT','Schramek GmbH','ATU61282604','Sulzengasse 12','1230','Wien','',0,45,9,'2017-06-08 08:38:45',9,'2017-03-15 14:03:42'),(98,NULL,'AT','Möbelhaus Glanzer e. U.','ATU26330501','Millstätterstraße 86','9544','Feld am See','',40,40,9,'2019-01-29 13:01:09',9,'2017-03-16 09:42:44'),(99,NULL,'AT','Hans Streich GmbH','DE 131563547','Fabrikstraße 16','D-83371','Stein/Traun','',0,40,9,'2017-05-17 14:07:07',9,'2017-03-20 14:01:36'),(100,NULL,'AT','Pieber GmbH & Co KG',NULL,'Unterlimbach Nr. 33','8292','Unterlimbach','',30,30,9,'2017-05-17 14:21:31',9,'2017-03-20 14:08:34'),(101,NULL,'AT','Tischlerei Kühne e. U.',NULL,'Schmarütte 230','6863','Egg','',30,30,9,'2017-05-17 14:21:38',9,'2017-03-23 13:12:01'),(102,NULL,'AT','Gurdet GmbH',NULL,'Schulstraße 22','7572','Deutsch Kaltenbrunn','',30,30,9,'2017-05-17 14:21:49',9,'2017-03-28 06:06:25'),(103,NULL,'AT','DAN Küchen Studio Kufstein',NULL,'Weidach 12','6330','Kufstein','',30,30,9,'2017-05-17 14:21:44',9,'2017-04-04 11:32:44'),(104,NULL,'AT','Tischlerei Bauer GmbH','ATU070990519','Hohensteinstraße 14','3500','Krems a. d. Donau','',54.04,54.04,9,'2019-04-04 12:04:47',9,'2017-04-19 12:37:37'),(105,NULL,'AT','Haas Fertigbau Holzbauwerk GmbH & Co KG',NULL,'Radersdorf 62','8263','Großwilfersdorf','',30,30,9,'2017-05-17 14:22:01',9,'2017-05-03 13:02:16'),(106,NULL,'AT','Glauninger & Pletzer OG',NULL,'Hauptplatz 12','8380','Jennersdorf','',40,40,9,'2019-03-04 13:42:24',9,'2017-05-03 13:03:27'),(107,NULL,'AT','Teamwork Tischlerei Fechtig GmbH',NULL,'Bersbuch 673','6866','Andelsbuch','',30,30,9,'2017-05-17 14:22:12',9,'2017-05-03 13:04:01'),(108,NULL,'AT','Tischlerei Fidler',NULL,'Schrattenthal 99','2073','Schrattenthal','',30,30,9,'2017-05-17 14:22:18',9,'2017-05-09 07:30:43'),(109,NULL,'AT','Grima Design Tischlerei & Einrichtungsfachhandel','ATU69353656','Dambachstraße 35','4580','Windischgarsten','',30,30,9,'2017-06-06 12:33:46',9,'2017-06-06 12:33:46'),(110,NULL,'AT','Josef Göbel GmbH','ATU64479889','Fladnitzer Straße 37','8162','Passail','',30,30,9,'2017-06-06 12:34:55',9,'2017-06-06 12:34:55'),(111,NULL,'AT','EWA Energie- und Wirtschaftsbetriebe der Gemeinde St. Anton GmbH','ATU48449200','Dorfstraße 8','6580','St. Anton am Arlberg','',30,30,9,'2017-06-06 14:12:01',9,'2017-06-06 14:12:01'),(112,NULL,'AT','Otto Wallner GmbH & Co KG','ATU27093409','Wiener Straße 63','8600','Bruck an der Mur','',20,40,9,'2017-06-23 08:59:23',9,'2017-06-12 13:14:18'),(113,NULL,'AT','bhome GmbH',NULL,'Gewerbepark B50/3','7082','Donnerskirchen','',25,25,9,'2017-10-23 09:37:55',9,'2017-06-21 08:08:54'),(114,NULL,'AT','bulthaup spittelberg','ATU 54782105','Siebensterngasse 1','1070','Wien','',30,30,9,'2017-08-18 08:31:36',9,'2017-08-18 08:31:36'),(115,1602,'AT','Tischler Rohstoff e. Gen.','ATU 36270708','Ermenstraße 15','6845','Hohenems','',25,40,9,'2018-12-05 14:44:44',9,'2017-08-29 09:50:22'),(116,NULL,'AT','GLAS Hofstätter',NULL,'Rathausplatz 3','3270','Scheibbs','',54.039,54.039,9,'2019-03-21 08:37:41',9,'2017-08-29 11:54:11'),(117,NULL,'AT','Tischlerei Spanner GmbH','ATU 68684239','Linzbüchl 77','8271','Bad Waltersdorf','',54.039,54.039,9,'2019-03-11 13:16:06',9,'2017-09-04 09:31:45'),(118,NULL,'AT','Design vom Grein - Möbelbau','ATU54754902','Edelsbach bei Feldbach 37/1','8332','Edelsbach bei Feldbach','',30,30,9,'2017-10-05 09:46:35',9,'2017-10-05 09:46:35'),(119,NULL,'AT','Glas Hofer Bernhard','ATU 67674377','Hirnsdorf 118','8221','Hirnsdorf','',15,15,9,'2018-01-09 09:40:27',9,'2017-10-10 08:25:50'),(120,NULL,'AT','Glas Jandl - Inh. Manfred Göllner','ATU 65363867','Nonntaler Hauptstraße 41','5020','Salzburg','',30,30,9,'2017-10-25 07:27:28',9,'2017-10-25 07:27:28'),(121,NULL,'AT','Fischer Glasdesign Ges.m.b.H.','ATU 39601800','Grazer Vorstadt 2','8570','Voitsberg','',40,40,9,'2019-02-11 11:44:10',9,'2017-10-25 07:28:31'),(122,NULL,'AT','Leo Möbeldesign GmbH',NULL,'Florianiring 3','8522','Groß St. Florian','',30,30,9,'2017-12-05 08:12:08',9,'2017-11-09 09:18:02'),(123,NULL,'AT','Treusch & Co GmbH KG','ATU 29965605','Selzthaler Straße 24','8940','Liezen','',40,40,9,'2019-01-17 13:11:06',9,'2017-11-14 07:54:37'),(124,NULL,'AT','Elektro-Tisch GmbH','ATU 39259404','Millstätter Straße 82','9544','Feld am See','',30,30,9,'2017-11-15 13:35:43',9,'2017-11-15 13:35:43'),(125,NULL,'AT','Glasbau Ertl GmbH',NULL,'Franz Eigl Straße 10','3910','Zwettl','',30,30,9,'2017-11-16 08:45:49',9,'2017-11-16 08:45:49'),(126,NULL,'AT','Tischlerei Johannes Rosenwirth e. U.','ATU 65510814','Linzer Straße 4','3390','Melk','',30,30,9,'2017-11-30 10:48:18',9,'2017-11-22 09:30:16'),(127,NULL,'AT','Stockner Karl - Hafner-, Platten- und Fliesenlergermeister',NULL,'Götzenbichl 64','8160','Weiz','',30,30,9,'2017-11-28 09:19:00',9,'2017-11-28 09:15:26'),(128,NULL,'AT','Raischauer GmbH',NULL,'Feldgasse 3','8160','Weiz','',40,40,9,'2017-12-04 09:59:52',9,'2017-12-04 09:59:52'),(129,NULL,'AT','Rostas GmbH - Küchen City Süd','ATU 57408013','Schönbrunner Allee 1','2331','Vösendorf','',30,30,9,'2017-12-05 13:21:32',9,'2017-12-04 13:41:22'),(130,NULL,'AT','Wohndesign Maierhofer GmbH','ATU 53691401','Wiener Straße 17','2351','Wiener Neudorf','',30,30,9,'2017-12-04 14:15:45',9,'2017-12-04 14:15:45'),(131,NULL,'AT','Staudinger & Dolp OG','ATU 55233009','B1 Center Sarling','3370','Ybbs an der Donau','',30,30,9,'2017-12-04 14:17:27',9,'2017-12-04 14:17:27'),(132,NULL,'AT','Brunnthaler KG',NULL,'Mariazellerstraße 85','3100','St. Pölten','',30,30,9,'2017-12-04 14:20:01',9,'2017-12-04 14:20:01'),(133,NULL,'AT','DAN Küchen Design Baden',NULL,'Dammgasse 62 im EKZ','2500','Baden','',30,30,9,'2017-12-04 14:38:46',9,'2017-12-04 14:38:46'),(134,NULL,'AT','rosso.design Küchenstudio  GmbH','ATU 62755646','Vöslauerstraße 99a','2500','Baden','',30,30,9,'2017-12-04 14:39:49',9,'2017-12-04 14:39:49'),(135,NULL,'AT','Rudolf & Gössl GnbR','ATU 64746733','Wüstenrotplatz 3','8230','Hartberg','',30,30,9,'2017-12-04 14:41:05',9,'2017-12-04 14:41:05'),(136,NULL,'AT','Walter Adolf Schmölzer','ATU 62659938','Gleichenbergerstraße 59','8330','Feldbach','',30,30,9,'2017-12-05 12:51:11',9,'2017-12-05 12:51:11'),(137,NULL,'AT','Wohnanders GmbH - Heinrich Kaufmann',NULL,'Bismarckstraße 14','8280','Fürstenfeld','',30,30,9,'2017-12-05 12:52:07',9,'2017-12-05 12:52:07'),(138,NULL,'AT','Wohnen mit Greimel GmbH','ATU 68650444','Grazerstraße 16/Top 15','8280','Fürstenfeld','',30,30,9,'2017-12-05 12:52:39',9,'2017-12-05 12:52:39'),(139,1642,'AT','Steiner GmbH & Co KG','ATU 27575200','Siegersdorf 55','8322','Studenzen','',30,30,9,'2018-02-22 13:59:05',9,'2017-12-05 12:53:16'),(140,NULL,'AT','Jarda Vasile',NULL,'Feldbacherstraße 405','8311','Markt Hartmannsdorf','',0,30,9,'2017-12-15 13:03:36',9,'2017-12-13 10:12:24'),(141,NULL,'AT','Schachermayer-Großhandelsgesellschaft m.b.H.','ATU 23134409','Feldkirchner Straße 15','8054','Graz-Seiersberg','',30,30,9,'2017-12-22 09:57:17',9,'2017-12-22 09:57:17'),(142,1666,'AT','Möbel Anninger GmbH','ATU 30155202','Roseggerstraße 15','8670','Krieglach','',40,40,9,'2019-02-13 10:05:54',9,'2018-01-25 12:22:16'),(143,1667,'AT','Reinhard Krenn - Planungs- und Wohnstudio GMBH','ATU ','Kärntnerstraße 2','8820','Neumarkt','',30,30,9,'2018-02-01 07:45:29',9,'2018-01-25 12:41:51'),(144,1668,'AT','Maislinger GmbH',NULL,'Pfongau West 5','5202','Neumarkt am Wallersee','',30,30,9,'2018-02-01 09:05:57',9,'2018-01-25 12:54:06'),(145,1669,'AT','Hermann Rauscher GmbH',NULL,'Andritzer Reichsstraße 66','8045','Graz','',30,30,9,'2018-02-01 07:45:36',9,'2018-01-25 13:06:05'),(146,1670,'AT','Öfner GmbH',NULL,'Reindlau 228','6105','Leutschach','',30,30,9,'2018-02-01 09:05:33',9,'2018-01-25 13:13:09'),(147,1672,'AT','Möbeltischlerei Walter Inselsbacher',NULL,'Jägergasse 4','8600','Bruck/Mur','',40,40,9,'2019-01-15 09:07:41',9,'2018-01-25 13:28:34'),(148,NULL,'AT','Knauer Möbelhandwerk GmbH',NULL,'Edenlehen 678b','6290','Mayrhofen','',30,30,9,'2018-01-25 14:31:46',9,'2018-01-25 14:31:46'),(149,1675,'AT','Kletzl Norbert Einrichtungs- und Küchenstudio','ATU 46926607','Raiffeisenstraße 2','5222','Munderfing','',30,30,9,'2018-02-01 09:06:13',9,'2018-01-26 13:04:07'),(150,NULL,'AT','Tischlerei Christoph Gitterle GmbH','ATU ','Fließerau 390a','6500','Landeck','',54.039,54.039,9,'2019-03-19 13:11:16',9,'2018-01-29 07:50:00'),(151,1678,'AT','Burgstaller Johann Tischlermeister ',NULL,'Böcklinstraße 26','1020','Wien','',30,30,9,'2018-02-01 09:06:45',9,'2018-01-29 12:12:24'),(152,1679,'AT','Office Design GmbH',NULL,'Märzmühlweg 2','5161','Elixhausen','',30,30,9,'2018-02-01 09:06:20',9,'2018-01-29 12:24:57'),(153,1680,'AT','Tischlerei Edtmayer GmbH',NULL,'Wangau 21','5311','Innerschwand am Mondsee','',30,30,9,'2018-06-04 12:45:04',9,'2018-01-29 12:35:46'),(154,1681,'AT','Bau- und Möbeltischlerei Thomas Rief',NULL,'Oberhöfen 61','6675','Tannheim','',30,30,9,'2018-02-01 09:06:56',9,'2018-01-29 12:47:32'),(155,1682,'AT','Koller Tischlerei und Heimwerkerbedarf GmbH','ATU 39160901','Industriepark 13','8330','Feldbach','',30,30,9,'2018-02-01 07:45:16',9,'2018-01-29 13:28:39'),(156,1683,'AT','Tischlerei Holzdesign Huber Anton',NULL,'Waldfrieden 28','6143','Pfons','',30,30,9,'2018-02-01 09:05:49',9,'2018-01-29 13:51:22'),(157,1684,'AT','Zettel Möbel',NULL,'Gams 13','8130','Frohnleiten','',30,30,9,'2018-02-01 07:45:06',9,'2018-01-29 14:36:47'),(158,1686,'AT','Josef Marchhart',NULL,'Reither Straße 29','2620','Raglitz','',54.039,54.039,9,'2019-03-12 11:51:18',9,'2018-01-31 08:15:36'),(159,1687,'AT','Tischlerei Graf OG','ATU 64256478','Rathausstraße 23','2492','Zillingdorf','',30,30,9,'2018-02-01 09:12:18',9,'2018-01-31 08:16:45'),(160,1685,'AT','Tischlerei Schipflinger KG','ATU 63453444','Vorderer Sonnberg 8','6365','Kirchberg in Tirol','',30,30,9,'2018-02-01 09:12:36',9,'2018-01-31 08:17:42'),(161,1688,'AT','Tischlerei Renner Günter','ATU 21040308','Untere Hauptstraße 95','7122','Gols','',30,30,9,'2018-02-01 09:12:42',9,'2018-02-01 08:53:02'),(162,1689,'AT','Rieder GmbH & Co KG','ATU 33287109','Landstraße 33','6273','Ried im Zillertal','',30,30,9,'2018-02-01 09:39:05',9,'2018-02-01 09:15:21'),(163,1690,'AT','Tischlerei Kogl OG','ATU 68100379','Lerchenfeld 15','7442','Lockehaus','',30,30,9,'2018-02-01 09:38:53',9,'2018-02-01 09:15:46'),(164,1691,'AT','Holzmöbel Hubert Steiner','ATU 29462505','Fresen 7a','8853','Ranten in der Steiermark','',30,30,9,'2018-02-01 10:41:40',9,'2018-02-01 10:36:50'),(165,NULL,'AT','Glas Artauf GmbH','ATU 48959505','Industriegasse 4','8311','Markt Hartmannsdorf','',0,54.039,9,'2019-03-07 09:35:27',9,'2018-02-05 07:33:42'),(166,1694,'AT','Redstone OG',NULL,'Röthelstein 67','8131','Röthelstein','',30,30,9,'2018-02-05 12:38:31',9,'2018-02-05 09:13:18'),(167,1695,'AT','Küchen & Wohnen OG','ATU 41969802','Marburgerstraße 53','8160','Weiz','',30,30,9,'2018-02-22 13:59:24',9,'2018-02-05 09:39:56'),(168,1696,'AT','Tischlerei Winter GmbH & Co KG',NULL,'Fladnitz an der Teichalm 50','8163','Fladnitz an der Teichalm','',54.039,54.039,9,'2019-03-22 09:31:55',9,'2018-02-05 10:52:31'),(169,1697,'AT','Spenglerei & Glaserei Paul Wimmer GmbH',NULL,'Rettenbachstraße 4','5730','Mittersill','',30,30,9,'2018-02-05 12:38:23',9,'2018-02-05 12:35:04'),(170,NULL,'AT','Tischlerei Tockner - Heinrich Tockner','ATU 40406306','Krakauebene 62','8854','Krakau in Steiermark','',30,30,9,'2018-02-08 10:38:39',9,'2018-02-08 10:38:39'),(171,NULL,'AT','Glas Kahr - Andreas Kahr','ATU 72747003','Kastener Weg 10','8402','Werndorf','',30,30,9,'2018-02-09 10:33:35',9,'2018-02-09 10:33:35'),(172,NULL,'AT','Tischlerei Ecker GmbH','ATU14632502','Grünangergasse 2','1010','Wien','',40,40,9,'2019-02-11 12:18:40',9,'2018-02-15 10:17:36'),(173,NULL,'AT','Tischlerei Fuhrmann','ATU60309222','Lungitzerstraße 16','4222','St. Georgen/Gusen','',30,30,9,'2018-02-16 10:32:15',9,'2018-02-16 10:31:44'),(174,NULL,'AT','Tischlerei Johann Weibold','ATU23760008','Wippenham 5','4942','Wippenham','',30,30,9,'2018-02-16 10:47:35',9,'2018-02-16 10:47:35'),(175,NULL,'AT','Lammer Tec GmbH','ATU 61251399','Gewerbestraße 17','8063','Brodingberg','',54.039,54.039,9,'2019-04-18 08:49:23',9,'2018-02-19 08:25:09'),(176,NULL,'AT','Tischlerei Messner Manfred',NULL,'Wattnerstraße 10','6121','Baumkirchen','',30,30,9,'2018-02-22 10:49:47',9,'2018-02-22 10:49:47'),(177,740,'AT','Tischlerei Pauli Franz','ATU 21490009','Tulmen 205','7534','Olbendorf','',54.039,54.039,9,'2019-03-21 09:36:12',9,'2018-02-22 13:51:30'),(178,NULL,'AT','Tischlerei-Stockinger GmbH','ATU 56755256','Waltersdorfer Straße 2','8750','Judenburg','',30,30,9,'2018-02-22 14:02:02',9,'2018-02-22 14:02:02'),(179,1712,'AT','Tischlerei & Planung Maderebner',NULL,'Mitterberger Straße 40','8962','Gröbming','',30,30,9,'2018-02-22 14:31:23',9,'2018-02-22 14:24:37'),(180,NULL,'AT','Möbeldesign Poßnitz Harald','ATU62285066','Prarath 11','8443','Gleinstätten','',30,30,9,'2018-02-27 07:03:12',9,'2018-02-27 07:02:25'),(181,1715,'AT','Kleindienst KG','ATU 27305608','Hörmsdorf 136','8552','Eibiswald','',30,30,9,'2018-03-01 15:55:31',9,'2018-03-01 07:45:46'),(182,NULL,'AT','Holzfachmarkt Murau - Essl GmbH','ATU 39493507','Bundesstraße 14','8850','Murau','',30,30,9,'2018-03-01 08:14:06',9,'2018-03-01 08:14:06'),(183,NULL,'AT','Michaela Mattes / Wohnideen Mattes','ATU 573 70 339','Hauptplatz 6','2020','Hollabrunn','',30,30,9,'2018-03-01 13:47:49',9,'2018-03-01 13:47:49'),(184,NULL,'AT','Tischlerei Martin Schipfer','ATU 65809547','Nestelberg 101','8452','Goßklein','',30,30,9,'2018-03-02 14:09:27',9,'2018-03-02 14:09:27'),(185,NULL,'AT','Möbeldesign Körbisch Christian','ATU 58051958','Mostbauerstraße 18','8530','Deutschlandsberg','',30,30,9,'2018-03-02 14:10:09',9,'2018-03-02 14:10:09'),(186,NULL,'AT','Tischlerei Johann Fischl','ATU 40787207','Steinfurt 11','7522','Steinfurt','',30,30,9,'2018-03-05 07:52:28',9,'2018-03-05 07:52:28'),(187,NULL,'AT','Möbelwerkstätte Enzinger & Heidler GmbH','ATU 27091900','Mürzgasse 5','8600','Bruck an der Mur','',30,30,9,'2018-03-05 08:22:40',9,'2018-03-05 08:22:40'),(188,NULL,'AT','TISCHLEREI SCHWEITZER','ATU 21447502','Hauptstraße 46','7522','Strem','',30,30,9,'2018-03-05 08:49:45',9,'2018-03-05 08:49:45'),(189,NULL,'AT','Frischmann GmbH- Wohnarchitektur','ATU 65333114','Eisenstädterstraße 1A','7091','Breitenbrunn','',30,30,9,'2018-03-05 09:09:11',9,'2018-03-05 09:09:11'),(190,NULL,'AT','DAN Küchen Bruck Laming','ATU 68219288','Kaltschmidstraße 5','8600','Bruck an der Mur','',30,30,9,'2018-03-05 10:21:28',9,'2018-03-05 10:10:49'),(191,NULL,'AT','DAN Küchen Neusiedl','ATU 68797634','Wiener Straße 14','7100','Neusiedl am SEE','',30,30,9,'2018-03-05 10:38:05',9,'2018-03-05 10:38:05'),(192,NULL,'AT','Tischlerei Kreiner',NULL,'Tombach 27','8544','St. Ulrich i. G.','',30,30,9,'2018-03-06 09:16:38',9,'2018-03-06 09:16:38'),(193,NULL,'AT','B. Kumpusch GmbH','ATU 71290113','Gleinstätten 162','8443','Gleinstätten','',30,30,9,'2018-03-06 09:17:39',9,'2018-03-06 09:17:39'),(194,NULL,'AT','S-C-H Bau- und Möbeltischlerei GmbH',NULL,'Nestelberg 157','8452','Großklein','',30,30,9,'2018-03-06 09:18:45',9,'2018-03-06 09:18:45'),(195,NULL,'AT','Wohnen Polsinger',NULL,'Sonnhalberweg 3','9400','Wolfsberg','',54.039,54.039,9,'2019-03-21 13:14:49',9,'2018-03-06 10:55:19'),(196,NULL,'AT','Türen Hofer','ATU63225566','Holzbauweg 5','8522','Groß St. Florian','',54.039,54.039,9,'2019-03-28 11:50:09',9,'2018-03-09 10:15:54'),(197,NULL,'AT','Tischlerei Fasching OG',NULL,'Mogersdorf 205','8382','Mogersdorf','',30,30,9,'2018-03-09 10:16:20',9,'2018-03-09 10:16:20'),(198,NULL,'AT','Tischlerei Ulm Gerhard',NULL,'Meierhof 3','8692','Neuberg an der Mürz','',30,30,9,'2018-03-09 10:16:49',9,'2018-03-09 10:16:49'),(199,NULL,'AT','Tischlerei Christian Thaller',NULL,'Flutergasse 23a','8790','Eisenerz','',30,30,9,'2018-03-12 08:41:55',9,'2018-03-12 08:41:55'),(200,NULL,'AT','Kamper Handwerk + Bau GmbH','ATU 57563666','Gewerbepark 1','8434','Tillmitsch','',54.039,54.039,9,'2019-03-28 09:53:30',9,'2018-03-12 09:24:13'),(201,NULL,'AT','Tischlerei Obereder Martin','ATU 45934306','Markt 27','4280','Königswiesen','',30,30,9,'2018-03-12 10:12:27',9,'2018-03-12 10:12:27'),(202,NULL,NULL,'Holzplatten AG','CHE 107201534','Weberrütistraße 10','8833','Samstagern','',0,0,9,'2018-03-12 14:03:46',9,'2018-03-12 14:03:46'),(203,NULL,'AT','Sterling GmbH','ATU 67272024','Mühlgangweg 5','9400','Wolfsberg','',30,30,9,'2018-03-13 09:35:30',9,'2018-03-13 09:35:30'),(204,NULL,'AT','Planungsmöbel FAUTH GmbH',NULL,'Korbin 21','8542','St. Peter i. S.','',30,30,9,'2018-03-14 15:40:36',9,'2018-03-14 15:40:36'),(205,NULL,'AT','Tischlerei Deutsch',NULL,'Korbin 29','8542','St. Peter i. S.','',30,30,9,'2018-03-14 15:45:43',9,'2018-03-14 15:45:43'),(206,NULL,'AT','Möbeltischlerei Tragl Wilfried','ATU 61980299','Burgstall 102','9433','St. Andrä','',30,30,9,'2018-03-16 07:48:54',9,'2018-03-16 07:48:54'),(207,NULL,'AT','HAUS & WOHNEN Lechner e.U.','ATU65325579','Welchselbundesstraße 100','2840','Grimmenstein','',30,30,9,'2018-03-16 08:08:36',9,'2018-03-16 08:08:36'),(208,NULL,'AT','Georg Lerchegger',NULL,'Industriegasse 4','8311','Markt Hartmannsdorf','',30,30,9,'2018-03-16 08:21:51',9,'2018-03-16 08:21:51'),(209,NULL,'AT','Stadtwerke Mürzzuschlag GmbH','ATU 30207308','Mariazeller Straße 45c','8680','Mürzzuschlag','',30,30,9,'2018-03-16 08:36:49',9,'2018-03-16 08:36:49'),(210,NULL,'AT','Beim Huber in Linden - Rochus Mayer','DE304207199','Dietramszellerstraße 9','D-83623','Linden','',30,30,9,'2018-03-16 09:09:54',9,'2018-03-16 09:02:42'),(211,NULL,'AT','Faustmann Möbelmanufaktur GmbH','ATU 63284109','Schnellerviertel 6','8250','Vorau','',30,30,9,'2018-03-19 07:20:40',9,'2018-03-19 07:20:40'),(212,NULL,'AT','Bau- und Möbeltischlerei Kleinhappel',NULL,'Laubgasse 3','8063','Eggersdorf bei Graz','',54.04,54.04,9,'2019-05-03 06:47:07',9,'2018-03-20 10:34:44'),(213,NULL,'AT','Tischlerei Hermann Gruber','ATU 29406906','St. Lorenzen 112','8715','St. Lorenzen','',30,30,9,'2018-03-27 14:30:35',9,'2018-03-27 14:30:35'),(214,NULL,'AT','Puschan KREATIV GmbH','ATU 68151634','Altfinkenstein 28','9582','Latschach','',30,30,9,'2019-01-30 13:08:01',9,'2018-04-03 11:24:32'),(215,NULL,'AT','Tischlerei-Möbelhaus Gerald Koller',NULL,'Tischlerweg 1','8114','Stübing','',30,30,9,'2018-04-05 08:24:26',9,'2018-04-05 08:24:26'),(216,NULL,'AT','Fa. PAIER Ges.m.b.H.','ATU 50542809','Grazerstraße 8','8111','Gratwein-Straßengel','',30,30,9,'2018-04-09 13:24:17',9,'2018-04-09 13:24:17'),(217,NULL,'AT','Tischlerei Kranabetter e.U.','ATU 46322901','Salzburger Straße 7','5204','Straßwalchen','',35,35,9,'2018-04-17 08:50:33',9,'2018-04-17 08:40:27'),(218,NULL,'AT','GRECHI - Hermann Grechhamer',NULL,'Vichtenstein 163','4091','Vichtenstein','',30,30,9,'2018-04-18 11:44:18',9,'2018-04-18 11:40:28'),(219,NULL,'AT','Tischlerei Stefan Nössig',NULL,'Lehn 20','6444','Längenfeld','',30,30,9,'2018-04-20 12:02:49',9,'2018-04-20 12:02:49'),(220,NULL,'AT','Tischlerei Ing. Josef Reichmann',NULL,'Höll 93','2870','Aspangberg','',54.039,54.039,9,'2019-03-11 13:18:18',9,'2018-04-23 11:35:23'),(221,NULL,'AT','HACKMAIR GMBH','ATU 67579435','Leitenstraße 26','4812','Pinsdorf','',35,35,9,'2018-07-09 13:47:31',9,'2018-04-24 11:15:56'),(222,NULL,'AT','Tischlerei Maier GmbH','ATU 61642529','Frankenburgerstraße 31','4910','Ried im Innkreis','',35,35,9,'2018-04-26 07:59:46',9,'2018-04-26 07:59:46'),(223,NULL,'AT','Alois Mayr Bauwaren GmbH','ATU 32369200','Innsbrucker Straße 110','6300','Wörgl','',30,45,9,'2019-01-21 15:40:07',9,'2018-04-26 08:46:42'),(224,NULL,'AT','Aigner und Eder KG','ATU 67309067','Rosenegg 59','6391','Fieberbrunn','',30,30,9,'2018-05-03 13:30:42',9,'2018-05-03 13:30:42'),(225,NULL,'AT','Reitbauer - Spenglerei - Glaserei',NULL,'Kickhofstraße 25','8160 ','Thannhausen','',25,25,9,'2018-05-24 12:04:35',9,'2018-05-24 12:04:35'),(226,NULL,'AT','Tischlerei Lenz',NULL,'Werkstraße 113','8591','Maria Lankowitz','',30,30,9,'2018-05-29 13:28:54',9,'2018-05-29 13:28:54'),(227,NULL,'AT','Lenhart der Tischler GmbH','ATU 620 30 929','Unterer Auweg 2','6511','Zams','',30,30,9,'2018-06-18 08:02:56',9,'2018-06-18 08:02:56'),(228,NULL,'AT','Achleitner Heinz',NULL,'Imming 7b','6260','Bruck am Ziller','',30,30,9,'2018-06-18 08:56:03',9,'2018-06-18 08:56:03'),(229,NULL,'DE','Die exklusive Küche','DE 29 22 77 218','Tittmoninger Straße 4','83410','Laufen','',30,30,9,'2018-06-18 09:01:29',9,'2018-06-18 09:01:29'),(230,NULL,'AT','Weingut und Steirische Kellerei Johann Schneeberger GmbH',NULL,'Pernitschstraße 31','8451','Heimschuh','',0,0,9,'2018-06-18 14:20:25',9,'2018-06-18 14:18:40'),(231,NULL,'AT','Hans-Peter Haas Tischlerei','ATU 68 396 504','Franz-Peyerl-Straße 25','5082','Grödig','',35,35,9,'2018-06-27 07:37:12',9,'2018-06-27 07:37:12'),(232,NULL,'DE','Sanitär-Heinze GmbH & Co. KG','DE 12 89 94 101','Thomas-Dachser-Straße 2','83404','Ainring','',50,50,9,'2018-06-27 07:44:01',9,'2018-06-27 07:44:01'),(233,NULL,'AT','Franz Brunner - Tischlerei',NULL,'Reitern 48','4822','Bad Goisern','',35,35,9,'2018-06-29 14:17:26',9,'2018-06-29 14:15:24'),(234,NULL,'AT','Baustoff + Metall Gesellschaft m.b.H.','ATU 15229303','Gorskistrasse 5-7','1230','Wien','',35,55,9,'2019-02-27 12:13:59',9,'2018-08-31 08:57:39'),(235,NULL,'AT','Holzwurm KG',NULL,'Zehnergürtel 110','2700','Wiener Neustadt','',0,40,9,'2019-03-04 12:15:06',9,'2018-09-03 08:36:42'),(236,NULL,'AT','Haas GesmbH (Küchenstudio Haas)','ATU 46954005','Hauptstraße 65','8062','Kumberg','',30,30,9,'2018-10-09 14:30:52',9,'2018-10-09 14:30:52'),(237,NULL,'AT','Glaserei Windl Inh. Siegfried Menhard','ATU 63904617','Waasenstraße 25','8700','Leoben','',54.039,54.039,9,'2019-09-03 06:41:10',9,'2018-10-29 10:03:33'),(238,NULL,'AT','Glas Fasswald GesmbH','ATU 27346208','Gewerbepark 22','8510','Stainz','',54.039,54.039,9,'2019-07-11 07:10:50',9,'2018-10-29 10:20:27'),(239,NULL,'AT','Lieb Markt GmbH - Standort Graz-Nord','ATU37116205','Weinzöttlstraße 48','8045','Graz','',50,50,9,'2018-11-12 13:34:17',9,'2018-11-12 13:34:17'),(240,NULL,'AT','Tischlerei Gruber Anton',NULL,'Platz 71','2803','Schwarzenbach','',30,30,9,'2018-11-12 13:50:34',9,'2018-11-12 13:50:34'),(241,NULL,'AT','Tischlerei Bernhard Dettelbacher','ATU64914846','Schildberg 14','9470','St. Paul','',30,30,9,'2018-11-15 15:37:36',9,'2018-11-15 15:37:36'),(242,NULL,'AT','Der Tischler am See','ATU 61316436','Am Jochen II 2','7121','Weiden am See','',NULL,30,9,'2018-11-20 14:06:52',9,'2018-11-20 14:06:52'),(243,NULL,'AT','Tischlerei + Wohnstudio Franz Fürst e. U.','ATU 24286500','Engerwitzdorfer Straße 45','4209','Engerwitzdorf','',40,40,9,'2019-02-20 09:02:58',9,'2018-11-26 15:05:45'),(244,NULL,'AT','Laserer Tischlerei GmbH','ATU 68813723','Gosauseestraße 1','4824','Gosau','',30,30,9,'2018-11-26 15:19:52',9,'2018-11-26 15:19:52'),(245,NULL,'AT','Wölkart Reinhard (Reini Design)','ATU61642048','Kirchberg 94','8591','Maria Lankowitz','',35,35,9,'2018-12-13 12:16:14',9,'2018-12-13 12:16:14'),(246,NULL,'AT','Tischlermeister Schiberl Georg','ATU71101559','Haidach 10','9130 ','Poggersdorf','',35,35,9,'2019-01-07 10:27:44',9,'2019-01-07 10:16:47'),(247,NULL,'AT','Christian Urschinger - Tischlerei','ATU62605559','Handelsstraße 12','9300','St. Veit an der Glan','',35,35,9,'2019-01-14 10:27:00',9,'2019-01-14 10:27:00'),(248,NULL,'AT','Wurzwallner Tischlerei GmbH','ATU68765204','Lindenstraße 14-16','8665','Langenwang','',40,40,9,'2019-01-15 10:27:16',9,'2019-01-15 10:27:16'),(249,NULL,'AT','Stugeba Mobile Raumsysteme GmbH','ATU26918501','Prebl 71','9462','Bad St. Leonhard','',40,40,9,'2019-02-11 11:51:50',9,'2019-01-15 10:33:15'),(250,NULL,'AT','X-TEC GmbH','ATU63753833','Innovationspark 2','8321','St. Margarethen an der Raab','',40,40,9,'2019-01-15 10:46:01',9,'2019-01-15 10:46:01'),(251,NULL,'AT','Josef Feitl e.U.','ATU21464706','Bergen 21','8380','Jennersdorf','',40,40,9,'2019-01-15 11:47:50',9,'2019-01-15 11:47:50'),(252,NULL,'AT','Tischlerei Helmut Hirczy',NULL,'Laritzgraben 29','8380','Jennersdorf','',40,40,9,'2019-01-15 11:55:19',9,'2019-01-15 11:55:19'),(253,NULL,'AT','Tischlerei Sammer GmbH','ATU73521218','Brunnenplatz 1','4632','Pichl bei Wels','',40,40,9,'2019-01-17 13:04:38',9,'2019-01-17 13:04:38'),(254,NULL,'AT','Tischlerei Fritz Köck','ATU59772507','Seefeld 8','8774','Mautern in Steiermark','',40,40,9,'2019-01-17 13:13:29',9,'2019-01-17 13:13:29'),(255,NULL,'AT','Josef Prödl Tischlerei GmbH','ATU5552540601','Kirchberg/Raab 171','8324','Kirchberg/Raab','',40,40,9,'2019-01-17 13:19:00',9,'2019-01-17 13:19:00'),(256,NULL,'AT','GETHER - die Einrichter GmbH','ATU72461169','Dirnbach 49','8345','Straden','',35,35,9,'2019-01-17 13:41:09',9,'2019-01-17 13:41:09'),(257,NULL,'AT','Tischlerei Fuchs GmbH','ATU62745603','Mühlbachgasse 12','7341','Lindgraben','',40,40,9,'2019-01-22 09:00:09',9,'2019-01-22 09:00:09'),(258,NULL,'AT','Katzbauer Tischlerei GmbH','ATU67979556','Gleinalmstr. 11','8124','Übelbach','',40,40,9,'2019-01-22 12:54:16',9,'2019-01-22 12:54:16'),(259,NULL,'AT','arte faber GmbH & Co KG','ATU65795302','Dorfplatz 17','9121','Tainach','',40,40,9,'2019-01-22 13:05:36',9,'2019-01-22 13:05:36'),(260,NULL,'AT','Luxhome GmbH','ATU63854109','Augasse 292','8232','Grafendorf','',40,40,9,'2019-01-28 13:18:57',9,'2019-01-28 13:18:57'),(261,NULL,'AT','Tischlerei Maderecker','ATU53727702','Häusern 7','4893','Zell am Moos','',40,40,9,'2019-01-28 13:41:57',9,'2019-01-28 13:41:57'),(262,NULL,'AT','THL Tischlerei Holzdesign Lindner GmbH','ATU62729809','Josef-Fräß-Ehrfeld-Straße 18g','9754','Steinfeld','',40,40,9,'2019-01-29 12:38:36',9,'2019-01-29 12:38:36'),(263,NULL,'AT','Macher Fenster Türen Tore GmbH','ATU65042679','Hofstätten 180','8200','Gleisdorf','',40,40,9,'2019-01-30 13:12:18',9,'2019-01-30 13:10:42'),(264,NULL,'AT','A. Murrer Möbel GmbH','ATU39738307','Entschendorf 74','8093','St. Peter am Ottersbach','',40,40,9,'2019-01-30 13:17:13',9,'2019-01-30 13:17:13'),(265,NULL,'AT','Tischlerei Zach','ATU38717509','Marktl 10','8345','Straden','',40,40,9,'2019-01-30 13:22:30',9,'2019-01-30 13:22:30'),(266,NULL,'AT','Dan Küchen Wolfsberg','ATU70868279','Spanheimerstraße 30-32','9400','Wolfsberg','',40,40,9,'2019-02-05 13:06:52',9,'2019-02-05 13:06:52'),(267,NULL,'AT','Michaels Wohn- und Montagestudio GmbH','ATU71398356','Klagenfurterstraße 7/1','9400','Wolfsberg','',40,40,9,'2019-02-05 13:12:14',9,'2019-02-05 13:12:14'),(268,NULL,'AT','Tischlerei-Ausstellungshaus Griessner','ATU71268656','Bahnhofstraße 60','8820','Neumarkt','',40,40,9,'2019-02-11 11:54:54',9,'2019-02-11 11:54:54'),(269,NULL,'AT','Team Möbel Rohrbach/L. GmbH.','ATU47959106','Obere Hauptstraße 12/1','8234','Rohrbach/L.','',40,40,9,'2019-02-11 12:06:22',9,'2019-02-11 12:06:22'),(270,NULL,'AT','Tischlerei-Drechslerei Ing. Christoph Grünwald','ATU63983014','Obere Rabnitzstraße 2','7451','Oberloisdorf','',40,40,9,'2019-02-11 12:23:54',9,'2019-02-11 12:23:54'),(271,NULL,'AT','Wohn & Küchenstudio Moser GmbH','ATU65587377','Stollgasse 5a','1070','Wien','',40,40,9,'2019-02-13 09:11:53',9,'2019-02-13 09:11:53'),(272,NULL,'AT','Tischlerei Josef Bauer','ATU38881000','Ratschendorf 170','8483','Deutsch Goritz','',40,40,9,'2019-02-13 10:02:43',9,'2019-02-13 10:02:43'),(273,NULL,'AT','Schaden Lebensräume GmbH','ATU63048669','Jagerberg 91','8091','Jagerberg','',40,40,9,'2019-02-13 10:03:35',9,'2019-02-13 10:03:35'),(274,NULL,'AT','Ebner & Söhne GesmbH.','ATU30111508','Furt 43','8982','Bad Mitterndorf','',35,35,9,'2019-02-13 14:45:12',9,'2019-02-13 14:43:21'),(275,NULL,'AT','JKrammer, Böden Türen Stiegen Raumausstattung','ATU64917601','Moosgasse 1a','8570','Voitsberg','',40,40,9,'2019-03-04 12:25:24',9,'2019-03-04 12:25:24'),(276,NULL,'AT','Tischlerei und Einrichtungsstudio Maurer KG','ATU39920902','Industriezeile 28','8580','Köflach','',40,40,9,'2019-03-04 12:38:11',9,'2019-03-04 12:38:11'),(277,NULL,'AT','Baumgartner Tischlerwerkstatt GmbH','ATU 67121688','St. Anna-Weg 7','8742','Obdach','',40,40,9,'2019-03-04 12:45:01',9,'2019-03-04 12:45:01'),(278,NULL,'AT','Tischlerei Strobl Design','ATU 72848136','Angerstraße 2A','7533','Ollersdorf im Burgenland','',40,40,9,'2019-03-04 13:43:50',9,'2019-03-04 13:43:50'),(279,NULL,'AT','Bau- und Möbeltischlerei Nicole Fleck','ATU69133369','Stuben 60','7434','Bernstein','',54.039,54.039,9,'2019-03-13 12:55:41',9,'2019-03-06 09:44:13'),(280,NULL,'AT','Murtaler Tischler Montagen - Martin Ruß','ATU67995538','Feldgasse 8','8740','Zeltweg','',54.039,54.039,9,'2019-03-07 12:24:39',9,'2019-03-07 12:24:39'),(281,NULL,'AT','Pfannhauser Tischlerei und Treppenbau GesmbH','ATU45622704','Gewerbegebiet 200','5092','St. Martin','',54.04,54.04,9,'2019-03-07 13:11:02',9,'2019-03-07 12:46:35'),(282,NULL,'AT','Schöffmann Dietrich e. U. (Tischlerei Schöffmann)','ATU38314908','Wirtschaftspark 5','9300','St. Veit an der Glan','',54.039,54.039,9,'2019-03-07 13:25:00',9,'2019-03-07 13:25:00'),(283,NULL,'AT','Hubert Kraft - HK Montagetischler',NULL,'Windhag 7','6173','Oberperfuss','',54.039,54.039,9,'2019-03-07 13:37:38',9,'2019-03-07 13:37:38'),(284,NULL,'AT','Kotrasch GesmbH & Co. KG','ATU29939403','Marktstraße 43','8967','Haus im Ennstal','',54.039,54.039,9,'2019-03-07 13:50:39',9,'2019-03-07 13:50:39'),(285,NULL,'AT','Walter und Michael Müllner GmbH nfg KG','ATU41240509','Pernerstorfergasse 92','1100','Wien','',54.039,54.039,9,'2019-03-07 14:00:46',9,'2019-03-07 14:00:46'),(286,NULL,'AT','Gerald Schmid - Tischlerei',NULL,'Seefeld 22','8774','Mautern','',54.039,54.039,9,'2019-03-07 14:24:26',9,'2019-03-07 14:24:26'),(287,NULL,'AT','Wolfgang Günther Scherwitzl (Wohnstudio Scherwitzl)','ATU50866503','Bundesstraße 19','9241','Wernberg','',54.039,54.039,9,'2019-07-15 14:54:53',9,'2019-03-07 14:34:08'),(288,NULL,'AT','Tischlerei Smrekar',NULL,'Greinerweg 3','4111','Walding','',54.039,54.039,9,'2019-03-07 14:42:22',9,'2019-03-07 14:42:22'),(289,NULL,'AT','Wagenbichler Bau- und Möbeltischlerei','ATU66958768','Hochkönigstraße 1b','5760','Saalfelden','',54.039,54.039,9,'2019-03-07 14:47:48',9,'2019-03-07 14:47:48'),(290,NULL,'AT','Kühbacher Innenausbau GmbH','ATU63008836','Hägerau 43','6655','Steeg/Tirol','',54.039,54.039,9,'2019-03-07 15:11:33',9,'2019-03-07 15:11:33'),(291,NULL,'AT','Leim´s kreativ Holzwerkstatt','ATU65744448','Frühwärts 102','3842','Frühwärts','',54.039,54.039,9,'2019-03-07 15:16:05',9,'2019-03-07 15:16:05'),(292,NULL,'AT','Tischlerei Hubert Wallner',NULL,'Hochgallzein 15','6222','Gallzein','',54.04,54.04,9,'2019-03-07 15:26:39',9,'2019-03-07 15:23:38'),(293,NULL,'AT','Möbelmacher Moser','ATU35076207','Engerreich 15','5205','Schleedorf','',54.039,54.039,9,'2019-03-07 15:28:36',9,'2019-03-07 15:28:36'),(294,NULL,'AT','Tischlerei Peter Wirnsperger','ATU35381608','Dorfwerfen 8','5452','Pfarrwerfen','',54.04,54.04,9,'2019-03-07 15:34:29',9,'2019-03-07 15:32:59'),(295,NULL,'AT','Tischlerei Gregor Spornberger','ATU64173646','Triester Straße 166','8073','Feldkirchen bei Graz','',54.039,54.039,9,'2019-03-08 09:00:38',9,'2019-03-08 09:00:38'),(296,NULL,'AT','COOP Holz Rainer OG','ATU53691704','Moos 24','9971','Matrei','',54.039,54.039,9,'2019-03-08 09:06:11',9,'2019-03-08 09:06:11'),(297,NULL,'AT','Wohndesign Erwin Damberger','ATU61632199','Mitterreith 19','3533','Friedersbach','',54.039,54.039,9,'2019-03-08 09:11:27',9,'2019-03-08 09:11:27'),(298,NULL,'AT','Küchenstudio Josef Brunner','ATU56995318','Triesterstraße 24','8724','Spielberg','',54.039,54.039,9,'2019-03-08 09:34:06',9,'2019-03-08 09:34:06'),(299,NULL,'AT','Tischlerei Michael Eibisberger',NULL,'Hafning 38','8160','Weiz','',54.039,54.039,9,'2019-03-11 12:07:02',9,'2019-03-11 12:07:02'),(300,NULL,NULL,'Tischlerei Eisenstecken','IT00745560219','Handwerkerstraße 1','39040','Feldthurns','',54.039,54.039,9,'2019-03-11 12:42:19',9,'2019-03-11 12:42:19'),(301,NULL,'AT','Kernbichler GmbH & Co KG Tischler',NULL,'Waldangerweg 5','8230','Hartberg','',54.039,54.039,9,'2019-03-11 13:11:28',9,'2019-03-11 13:11:28'),(302,NULL,'AT','Safner Objekttischlerei GmbH','ATU57304018','Hofkirchen 69','8224','Kaindorf bei Hartberg','',54.039,54.039,9,'2019-03-11 13:21:03',9,'2019-03-11 13:21:03'),(303,NULL,'AT','Tischlerei Wilfinger GmbH & Co KG','ATU64467188','Schölbing 172','8230','Hartberg','',54.039,54.039,9,'2019-03-11 13:51:55',9,'2019-03-11 13:51:55'),(304,NULL,'AT','Möbeltischlerei HuPf',NULL,'Doktor-Ignaz-Semmelweis-Straße 5','2620','Neunkirchen','',54.039,54.039,9,'2019-03-11 13:59:15',9,'2019-03-11 13:59:15'),(305,NULL,'AT','Beko Tischlerei - Bernhard Kollmann',NULL,'Paildorfer Straße 35','9431','St. Stefan','',54.039,54.039,9,'2019-03-11 14:08:15',9,'2019-03-11 14:08:15'),(306,NULL,'AT','Tischlerei Hörtnagl Johann','ATU61191711','Stadtgraben 7','6060','Hall in Tirol','',54.039,54.039,9,'2019-03-11 14:16:00',9,'2019-03-11 14:16:00'),(307,NULL,'AT','Tischlerei Richard Niederleitner','ATU20198701','Feldgasse 7','3004','Ollern','',54.04,54.04,9,'2019-03-11 14:34:34',9,'2019-03-11 14:33:01'),(308,NULL,'AT','Reschwohndesign Hans Resch','ATU64727433','Lamm 121','5584','Zederhaus','',54.039,54.039,9,'2019-03-12 12:11:08',9,'2019-03-12 12:11:08'),(309,NULL,'AT','Glaserei Wolferlglas','ATU69554047','Hauptstraße 11','2603','Felixdorf','',54.039,54.039,9,'2019-03-13 11:52:33',9,'2019-03-13 11:52:33'),(310,NULL,'IT','Kreateam KG','IT02661730214','Ausserratschings - Schönau 3/A','39040','Ratschings','',54.039,54.039,9,'2019-03-18 12:14:54',9,'2019-03-18 12:14:54'),(311,NULL,'AT','Wellnessbereiche Setz GmbH','ATU66139699','Industriezone 57','6460','Imst','',50,50,9,'2019-04-29 09:23:12',9,'2019-03-18 12:50:56'),(312,NULL,'AT','Tischlerei Traar','ATU26730801','Untermöschach 18','9620','Hermagor','',54.039,54.039,9,'2019-03-19 15:24:52',9,'2019-03-19 15:24:52'),(313,NULL,'AT','Pointinger kochen & wohnen','ATU47903201','Höfterstraße 23','5280','Braunau am Inn','',54.039,54.039,9,'2019-03-21 08:19:28',9,'2019-03-21 08:19:28'),(314,NULL,'AT','Tischlerei Christöfl Johann','ATU54739207','Schilfgasse 9','8054','Seiersberg-Pirka','',54.039,54.039,9,'2019-03-22 09:25:28',9,'2019-03-22 09:25:28'),(315,NULL,'AT','Chili Küchen G. Hartbauer e.U.','ATU63142833','Sauerbrunnstraße 14','8510','Stainz','',54.039,54.039,9,'2019-03-25 10:29:24',9,'2019-03-25 10:29:24'),(316,NULL,'AT','Tischlerei Sailer Alex GmbH','ATU63623804','Moosanger 939','6473','Wenns','',54.039,54.039,9,'2019-03-26 09:18:34',9,'2019-03-26 09:18:34'),(317,NULL,'AT','Atelier Mario Collini','ATU38731903','Ringstraße 40','6830','Rankweil','',54.039,54.039,9,'2019-03-27 10:00:28',9,'2019-03-27 10:00:28'),(318,NULL,'AT','Wohn- & Designstudio Schranzer','ATU38219307','Mariahilfer Platz 5','8020','Graz','',54.039,54.039,9,'2019-03-28 09:03:50',9,'2019-03-28 09:03:50'),(319,NULL,'AT','Cookina Graz','ATU64657945','Plabutscher Straße 63','8051 ','Graz','',54.039,54.039,9,'2019-03-28 09:16:04',9,'2019-03-28 09:16:04'),(320,NULL,'AT','Oswald GmbH','ATU68922927','Kärtner Straße 442','8054','Graz','',54.04,54.04,9,'2019-03-28 09:37:01',9,'2019-03-28 09:28:44'),(321,NULL,'AT','Tischlerei Gegg GmbH','ATU58168869','Gressenberg 3','8541','Schwanberg','',54.039,54.039,9,'2019-03-28 09:59:33',9,'2019-03-28 09:59:33'),(322,NULL,'AT','Tischlerwerkstätte Grill','ATU27283301','Petzelsdorfestr. 21','8522','Groß St. Florian','',54.039,54.039,9,'2019-03-28 10:14:20',9,'2019-03-28 10:14:20'),(323,NULL,'AT','Tischlermeister DZ',NULL,'Gossendorf 103','8330','Feldbach','',54.039,54.039,9,'2019-03-28 10:23:47',9,'2019-03-28 10:23:47'),(324,NULL,'AT','Möbeltischlerei Bund KG','ATU64999666','Grazerstraße 223','8523 ','Frauental an der Laßnitz','',54.039,54.039,9,'2019-03-28 10:34:06',9,'2019-03-28 10:34:06'),(325,NULL,'AT','Hofer Türen','ATU63225566','Holzbauweg 5','8522','Groß Sankt Florian','',54.039,54.039,9,'2019-03-28 11:36:15',9,'2019-03-28 11:36:15'),(326,NULL,'AT','GP TRENDstore GmbH','ATU73430138','Alte Stadtgrenze 1','9020','Klagenfurt','',54.04,54.04,9,'2019-03-29 10:28:27',9,'2019-03-29 10:25:17'),(327,NULL,'AT','Josef Göbel GmbH','ATU64479889','Fladnitz 119','8163 ','Fladnitz a.d. Teichalm','',54.039,54.039,9,'2019-03-29 10:38:01',9,'2019-03-29 10:38:01'),(328,NULL,'AT','Ebner & Spuller GmbH','ATU63386222','Liebenauer Gürtel 10','8041','Graz','',54.04,54.04,9,'2019-04-02 09:31:54',9,'2019-03-29 10:48:32'),(329,NULL,'AT','Edin Pargan (Wohnstudio Graz)','ATU61538456','Hergottwiesgasse 149','8055','Graz','',54.039,54.039,9,'2019-03-29 10:59:07',9,'2019-03-29 10:59:07'),(330,NULL,'AT','Zechner Möbeldesign','ATU59895448','Wurzingerstraße 4','8410','Wildon','',54.039,54.039,9,'2019-04-02 09:50:28',9,'2019-04-02 09:50:28'),(331,NULL,'AT','Baumann Wohn und Küchen GmbH','ATU72761601','Pass Thurn Straße 19','6380 ','St. Johann in Tirol','',54.039,54.039,9,'2019-04-03 09:42:18',9,'2019-04-03 09:42:18'),(332,NULL,'AT','Holz Graf Ges.m.b.H','ATU39908105','Ludwig Walter Str. 52','9500','Villach','',54.04,54.04,9,'2019-04-04 11:38:18',9,'2019-04-04 09:06:21'),(333,NULL,'AT','M. Schön GmbH','ATU1883475','Hauptstraße 56','3683','Yspertal','',54.039,54.039,9,'2019-04-11 12:52:09',9,'2019-04-11 12:52:09'),(334,NULL,'AT','Glaserei Trummer','ATU45870103','St. Peter Hauptstraße 107','8042','Graz','',54.04,54.04,9,'2019-04-16 07:37:38',9,'2019-04-16 05:53:19'),(335,NULL,'AT','Cookuma Einrichtungs GmbH','ATU68381734','St.Peter-Gürtel 108','8042','Graz','',54.039,54.039,9,'2019-04-16 07:51:06',9,'2019-04-16 07:51:06'),(336,NULL,'AT','Möbel Aigner GmbH','ATU45720901','Tormäuerstraße 19','3292 ','Gaming','',54.039,54.039,9,'2019-04-16 08:03:18',9,'2019-04-16 08:03:18'),(337,NULL,'AT','Spirk Küche & Raum','ATU52133007','Kirchberg 2a','8324 ','Kirchberg an der Raab','',54.039,54.039,9,'2019-04-16 08:28:21',9,'2019-04-16 08:28:21'),(338,NULL,'AT','Hiebler GmbH','ATU66034123','Mariatrosterstraße 214','8044','Graz','',54.039,54.039,9,'2019-04-16 09:00:09',9,'2019-04-16 09:00:09'),(339,NULL,'AT','Hobel und Späne AS GmbH','ATU70187816','Brückenkopfgasse 7','8020','Graz','',54.04,54.04,9,'2019-04-16 09:11:28',9,'2019-04-16 09:07:51'),(340,NULL,'AT','Tischlerei Max Kogler','ATU26103409','Glantschach 20','9556','Liebenfels','',54.039,54.039,9,'2019-04-16 09:21:34',9,'2019-04-16 09:21:34'),(341,NULL,'AT','Mair Lorenz Wohnstudie & Tischlerei','IT014128201217','Antholzer Talstraße 31','39030','Rasen-Antholz','',54.039,54.039,9,'2019-04-16 09:30:49',9,'2019-04-16 09:30:49'),(342,NULL,'AT','Gerald Weichselberger Bau- und Möbeltischlerei','ATU63806634','Flurgasse 128','3942','Hirschbach','',54.039,54.039,9,'2019-04-16 09:42:11',9,'2019-04-16 09:42:11'),(343,NULL,'AT','Thomas Tuchecker Tischlerei & Glaserei','ATU43946708','Feld 7','4682','Geboltskirchen','',54.039,54.039,9,'2019-04-16 09:49:49',9,'2019-04-16 09:49:49'),(344,NULL,'AT','mijo Montagetischler','ATU61741057','Michael Haydn-Weg 1','5112','Lamprechtshausen','',54.039,54.039,9,'2019-04-16 09:55:41',9,'2019-04-16 09:55:41'),(345,NULL,'AT','Tischlerei & Wohnen Martin Daxberger','ATU53122703','Kaisitzberg 1a','3262 ','Wang','',54.039,54.039,9,'2019-04-16 11:25:18',9,'2019-04-16 11:25:18'),(346,NULL,'AT','Test 20190417',NULL,'Industriegasse 4','8311','Markt Hartmannsdorf','',54.039,54.039,9,'2019-04-17 06:19:13',9,'2019-04-17 06:19:13'),(347,NULL,'AT','Spezialtischlerei DERHOBEL.at e.U.','ATU27638303','Sackstraße 22','8010','Graz','',54.039,54.039,9,'2019-04-17 09:12:38',9,'2019-04-17 09:12:38'),(348,NULL,'AT','Alfred Solterer','ATU18585804','Schloßstraße 3','3485','Haitzendorf','',54.04,54.04,9,'2019-04-17 10:43:09',9,'2019-04-17 10:39:57'),(349,NULL,'AT','Manfred Kobler Werkstückl & Extrawürstl aus Holz','ATU44888109','Reisedt 3','4973','Senftenbach','',54.039,54.039,9,'2019-04-17 10:51:47',9,'2019-04-17 10:51:47'),(350,NULL,'AT','DAN Studio St. Johann',NULL,'Pass Thurn Straße 19','6380','St. Johann in Tirol','',54.039,54.039,9,'2019-04-17 11:31:54',9,'2019-04-17 11:31:24'),(351,NULL,'AT','Ing.Josef Halter GmbH & Co KG Möbel Halter','ATU72689968','Altstadt 22','2460','Bruck an der Leitha','',54.039,54.039,9,'2019-04-18 08:36:01',9,'2019-04-18 08:36:01'),(352,NULL,'AT','Tischlerei Franz Höllerer','ATU70332927','St. Leonhard am Hornerwald 149','3572','St. Leonhard am Hornerwald','',54.04,54.04,9,'2019-04-23 11:46:03',9,'2019-04-23 11:42:53'),(353,NULL,'AT','Tischlerei Daxberger','ATU63002315','Dorf 20','4942','Gurten','',54.39,54.039,9,'2019-04-24 10:54:16',9,'2019-04-24 10:54:16'),(354,NULL,'AT','Wohnstyle Josef Preinstorfer','ATU66591333','Obere Hochleithen 15','4694','Ohlsdorf','',54.039,54.039,9,'2019-05-03 06:46:05',9,'2019-05-03 06:46:05'),(355,NULL,'AT','Andreas Jagesberger','ATU55592709','Rosental 3A','2733','Schrattenbach','',54.039,54.039,9,'2019-05-09 12:43:13',9,'2019-05-09 12:42:36'),(356,NULL,'AT','Test Jasmin',NULL,NULL,NULL,NULL,'',54.039,54.039,9,'2019-06-06 11:51:16',9,'2019-06-06 11:51:16'),(357,NULL,'AT','Andrea Moser GbnR','ATU33347508','Bruckdorf 177','5571','Mariapfarr','',54.04,54.04,9,'2019-09-02 10:43:13',9,'2019-07-09 09:04:52'),(358,NULL,'AT','Tischlereimontagen Handel','ATU67643936','Schwarzau 84','8421','Wolfsberg','',54.039,54.039,9,'2019-07-12 09:22:35',9,'2019-07-12 09:22:35'),(359,NULL,'AT','Tischlerei Neureiter KG','ATU63860245','Georgenberg 21','5431','Kuchl','',54.039,54.039,9,'2019-07-17 14:58:24',9,'2019-07-17 14:58:24'),(360,NULL,'AT','Küchenparadies Altmann GesmbH','ATU19519509','Wörtherstrasse 133','2640','Gloggnitz','',54.039,54.039,9,'2019-07-18 10:37:27',9,'2019-07-18 10:37:27'),(361,NULL,'AT','Wohnkomfort Edlinger GmbH','ATU19518608','Franz Dittelbachstraße 16','2640','Gloggnitz','',54.039,54.039,9,'2019-07-18 10:46:49',9,'2019-07-18 10:46:49'),(362,NULL,'AT','Tischlerei Spiesberger','ATU25009406','Fasanweg 2','4616','Weißkirchen','',54.039,54.039,9,'2019-07-18 10:54:55',9,'2019-07-18 10:54:55'),(363,NULL,'AT','Tischlermeister Michael Kreisnegger','ATU70997237','10. Oktoberstraße 18','9754 ','Steinfeld','',54.039,54.039,9,'2019-07-19 10:14:42',9,'2019-07-19 10:14:42'),(364,NULL,'AT','Hutter Acustix GmbH','ATU69370619','Weizerstraße 9','8190','Birkfeld','',54.039,54.039,9,'2019-07-19 11:27:11',9,'2019-07-19 11:27:11'),(365,NULL,'AT','Höllwart Meisterbetriebe GmbH','ATU63843577','Salzburgerstraße 15','5600','St. Johann im Pongau','',54.039,54.039,9,'2019-07-26 08:33:16',9,'2019-07-26 08:33:16'),(366,NULL,'AT','Tischlerei Erschen Gmbh & Co KG','ATU25905009','Gewerbestraße 7','9141','Eberndorf','',54.039,54.039,9,'2019-07-31 09:23:48',9,'2019-07-31 09:23:48'),(367,NULL,'AT','Gruber & Weger OHG','IT01338510215','Pustertaler Straße 14','39030','Vintl','',54.04,54.04,9,'2019-08-29 07:42:03',9,'2019-08-06 10:40:12'),(368,NULL,'AT','Möbeltraum KG','ATU72655049','Bahnstraße 1','9141 ','Eberndorf','',54.039,54.039,9,'2019-08-07 13:06:17',9,'2019-08-07 13:06:17'),(369,NULL,'AT','Krobath Bad Heizung Service GmbH','ATU69232957','Brückenkopfgasse 7','8330','Feldbbach','',54.039,54.039,9,'2019-08-07 13:11:07',9,'2019-08-07 13:11:07'),(370,NULL,'AT','Tischlerei Walter Michael','ATU62502866','Pfaffenberg 12','3376','Karlsbach','',54.039,54.039,9,'2019-08-29 07:09:31',9,'2019-08-29 07:09:31'),(371,NULL,'AT','Edelseer Tischlereibetriebs- GmbH ​​​&​​ Co KG​','ATU 42272802','Gschaid 157','8190','Birkfeld','',54.039,54.039,9,'2019-08-29 14:26:05',9,'2019-08-29 14:26:05'),(372,NULL,'AT','Tischlerei Stangl GmbH','ATU64421156','Pruggern 35','8965','Michaelerberg-Pruggern','',54.039,54.039,9,'2019-09-02 14:27:00',9,'2019-09-02 14:27:00'),(373,NULL,'AT','Prehal Möbel GesmbH','ATU35424705','Tauernstraße 11','5550','Radstadt','',54.039,54.039,9,'2019-09-02 14:33:17',9,'2019-09-02 14:33:17');

--
