-- Table structure for table `ShopVariantItem_Language`
--

CREATE TABLE `ShopVariantItem_Language` (
  `ShopVariantItem_ID` int(10) unsigned NOT NULL,
  `Language_Code` varchar(3) NOT NULL,
  `ShopVariantItem_Language_Name` varchar(255) DEFAULT NULL,
  `ShopVariantItem_Language_Menu` varchar(255) DEFAULT NULL,
  `Person_ID_Edit` int(10) unsigned DEFAULT NULL,
  `Table_Edit` timestamp NOT NULL DEFAULT CURRENT_TIMESTAMP ON UPDATE CURRENT_TIMESTAMP,
  `Person_ID_Create` int(10) unsigned DEFAULT NULL,
  `Table_Create` timestamp NOT NULL DEFAULT '0000-00-00 00:00:00',
  PRIMARY KEY (`ShopVariantItem_ID`,`Language_Code`),
  KEY `ShopVariantItem_Language_Language_Code` (`Language_Code`),
  KEY `IDX_ShopVariantItem_Language2` (`ShopVariantItem_ID`),
  KEY `IDX_Person_Person_ID_Edit` (`Person_ID_Edit`),
  KEY `IDX_Person_Person_ID_Create` (`Person_ID_Create`),
  CONSTRAINT `ShopVariantItem_Language_ibfk_1` FOREIGN KEY (`Language_Code`) REFERENCES `Language` (`Language_Code`),
  CONSTRAINT `ShopVariantItem_Language_ibfk_2` FOREIGN KEY (`ShopVariantItem_ID`) REFERENCES `ShopVariantItem` (`ShopVariantItem_ID`) ON DELETE CASCADE,
  CONSTRAINT `ShopVariantItem_Language_ibfk_3` FOREIGN KEY (`Person_ID_Edit`) REFERENCES `Person` (`Person_ID`) ON DELETE NO ACTION ON UPDATE NO ACTION,
  CONSTRAINT `ShopVariantItem_Language_ibfk_4` FOREIGN KEY (`Person_ID_Create`) REFERENCES `Person` (`Person_ID`) ON DELETE NO ACTION ON UPDATE NO ACTION
) ENGINE=InnoDB DEFAULT CHARSET=utf8;

--
-- Dumping data for table `ShopVariantItem_Language`
--

INSERT INTO `ShopVariantItem_Language` VALUES (1,'de','Std. Einzelvariante','Std. Einzelvariante',NULL,'2015-05-29 10:38:06',NULL,'0000-00-00 00:00:00'),(2,'de','84,1 x 59,4 cm (A1)',NULL,2,'2015-09-03 10:10:03',2,'2015-06-10 14:39:04'),(3,'de','59,4 x 42 cm (A2)',NULL,2,'2015-09-03 10:09:54',2,'2015-06-10 14:39:11'),(4,'de','42 x 29,7 cm (A3)',NULL,2,'2015-09-03 10:09:45',2,'2015-06-10 14:39:17'),(5,'de','29,7 x 21 cm (A4)',NULL,2,'2015-09-03 10:09:35',2,'2015-06-10 14:39:22'),(6,'de','14,8 x 10,5 cm (A6)',NULL,2,'2015-09-03 10:09:02',2,'2015-06-10 14:39:34'),(7,'de','individuelle Größe',NULL,2,'2015-06-22 12:23:21',2,'2015-06-10 14:44:38');

--
-- Table structure for table `ShopVariantItem_Picture`
--

CREATE TABLE `ShopVariantItem_Picture` (
  `ShopVariantItem_ID` int(10) unsigned NOT NULL,
  `Picture_ID` int(10) unsigned NOT NULL,
  `Person_ID_Edit` int(10) unsigned DEFAULT NULL,
  `Table_Edit` timestamp NOT NULL DEFAULT CURRENT_TIMESTAMP ON UPDATE CURRENT_TIMESTAMP,
  `Person_ID_Create` int(10) unsigned DEFAULT NULL,
  `Table_Create` timestamp NOT NULL DEFAULT '0000-00-00 00:00:00',
  PRIMARY KEY (`ShopVariantItem_ID`,`Picture_ID`),
  KEY `IDX_ShopVariantItem_Picture_1` (`ShopVariantItem_ID`),
  KEY `IDX_ShopVariantItem_Picture_2` (`Picture_ID`),
  KEY `IDX_Person_Person_ID_Edit` (`Person_ID_Edit`),
  KEY `IDX_Person_Person_ID_Create` (`Person_ID_Create`),
  CONSTRAINT `Picture_ShopVariantItem_Picture_2` FOREIGN KEY (`Picture_ID`) REFERENCES `Picture` (`Picture_ID`) ON DELETE CASCADE,
  CONSTRAINT `ShopVariantItem_Picture_ibfk_1` FOREIGN KEY (`Person_ID_Edit`) REFERENCES `Person` (`Person_ID`) ON DELETE NO ACTION ON UPDATE NO ACTION,
  CONSTRAINT `ShopVariantItem_Picture_ibfk_2` FOREIGN KEY (`Person_ID_Create`) REFERENCES `Person` (`Person_ID`) ON DELETE NO ACTION ON UPDATE NO ACTION,
  CONSTRAINT `ShopVariantItem_ShopVariantItem_Picture_1` FOREIGN KEY (`ShopVariantItem_ID`) REFERENCES `ShopVariantItem` (`ShopVariantItem_ID`) ON DELETE CASCADE
) ENGINE=InnoDB DEFAULT CHARSET=utf8;

--
-- Dumping data for table `ShopVariantItem_Picture`
--


--
-- Table structure for table `ShopVariant_Language`
--

CREATE TABLE `ShopVariant_Language` (
  `ShopVariant_Code` varchar(40) NOT NULL,
  `Language_Code` varchar(3) NOT NULL,
  `ShopVariant_Language_TitleMain` varchar(255) DEFAULT NULL,
  `ShopVariant_Language_TitleSub` varchar(255) DEFAULT NULL,
  `Person_ID_Edit` int(10) unsigned DEFAULT NULL,
  `Table_Edit` timestamp NOT NULL DEFAULT CURRENT_TIMESTAMP ON UPDATE CURRENT_TIMESTAMP,
  `Person_ID_Create` int(10) unsigned DEFAULT NULL,
  `Table_Create` timestamp NOT NULL DEFAULT '0000-00-00 00:00:00',
  PRIMARY KEY (`ShopVariant_Code`,`Language_Code`),
  KEY `ShopVariant_Language_Language_Code` (`Language_Code`),
  KEY `IDX_ShopVariant_Language2` (`ShopVariant_Code`),
  KEY `IDX_Person_Person_ID_Edit` (`Person_ID_Edit`),
  KEY `IDX_Person_Person_ID_Create` (`Person_ID_Create`),
  CONSTRAINT `ShopVariant_Language_ibfk_1` FOREIGN KEY (`Language_Code`) REFERENCES `Language` (`Language_Code`),
  CONSTRAINT `ShopVariant_Language_ibfk_2` FOREIGN KEY (`ShopVariant_Code`) REFERENCES `ShopVariant` (`ShopVariant_Code`) ON DELETE CASCADE,
  CONSTRAINT `ShopVariant_Language_ibfk_3` FOREIGN KEY (`Person_ID_Edit`) REFERENCES `Person` (`Person_ID`) ON DELETE NO ACTION ON UPDATE NO ACTION,
  CONSTRAINT `ShopVariant_Language_ibfk_4` FOREIGN KEY (`Person_ID_Create`) REFERENCES `Person` (`Person_ID`) ON DELETE NO ACTION ON UPDATE NO ACTION
) ENGINE=InnoDB DEFAULT CHARSET=utf8;

--
-- Dumping data for table `ShopVariant_Language`
--

INSERT INTO `ShopVariant_Language` VALUES ('einzelvariante','de','Einzelvariante',NULL,2,'2016-01-26 09:21:41',1,'2012-03-07 15:06:34'),('format','de','Format','',2,'2015-06-10 14:44:19',2,'2015-06-10 14:44:19');

--
-- Table structure for table `ShopVoucher`
--

CREATE TABLE `ShopVoucher` (
  `ShopVoucher_ID` int(10) unsigned NOT NULL AUTO_INCREMENT,
  `ShopVoucher_ID_Parent` int(10) unsigned DEFAULT NULL,
  `ShopVoucherGroup_ID` int(10) unsigned DEFAULT NULL,
  `ShopOrder_ID` int(10) unsigned DEFAULT NULL,
  `Currency_Code` varchar(16) DEFAULT NULL,
  `Person_ID` int(10) unsigned DEFAULT NULL,
  `ShopVoucherType_Code` varchar(40) DEFAULT NULL,
  `Person_ID_Partner` int(10) unsigned DEFAULT NULL,
  `ShopVoucher_Type` enum('percent','absolute') NOT NULL DEFAULT 'absolute',
  `ShopVoucher_Value` double NOT NULL,
  `ShopVoucher_Code` varchar(20) DEFAULT NULL,
  `ShopVoucher_Active` enum('true','false') NOT NULL DEFAULT 'false',
  `ShopVoucher_Regenerate` enum('true','false') NOT NULL DEFAULT 'false',
  `ShopVoucher_AllowInvoice` enum('true','false') NOT NULL DEFAULT 'false',
  `ShopVoucher_Uniquely` enum('true','false') NOT NULL DEFAULT 'false',
  `ShopVoucher_ValidUntil` date NOT NULL,
  `ShopVoucher_Code_Used` varchar(20) DEFAULT NULL,
  `ShopVoucher_MinOrder` double DEFAULT '0',
  `Person_ID_Edit` int(10) unsigned DEFAULT NULL,
  `Table_Edit` timestamp NOT NULL DEFAULT CURRENT_TIMESTAMP ON UPDATE CURRENT_TIMESTAMP,
  `Person_ID_Create` int(10) unsigned DEFAULT NULL,
  `Table_Create` timestamp NOT NULL DEFAULT '0000-00-00 00:00:00',
  PRIMARY KEY (`ShopVoucher_ID`),
  UNIQUE KEY `IDX_ShopVoucher1` (`ShopVoucher_Code`),
  KEY `IDX_ShopVoucher_2` (`ShopOrder_ID`),
  KEY `IDX_ShopVoucher_3` (`ShopVoucherGroup_ID`),
  KEY `IDX_ShopVoucher_4` (`Currency_Code`),
  KEY `IDX_ShopVoucher_5` (`Person_ID`),
  KEY `IDX_ShopVoucher_6` (`ShopVoucherType_Code`),
  KEY `IDX_ShopVoucher_7` (`ShopVoucher_ID_Parent`),
  KEY `IDX_ShopVoucher_8` (`Person_ID_Partner`),
  KEY `IDX_Person_Person_ID_Edit` (`Person_ID_Edit`),
  KEY `IDX_Person_Person_ID_Create` (`Person_ID_Create`),
  CONSTRAINT `Currency_ShopVoucher_3` FOREIGN KEY (`Currency_Code`) REFERENCES `Currency` (`Currency_Code`),
  CONSTRAINT `Person_ShopVoucher_4` FOREIGN KEY (`Person_ID`) REFERENCES `Person` (`Person_ID`),
  CONSTRAINT `ShopOrder_ShopVoucher_2` FOREIGN KEY (`ShopOrder_ID`) REFERENCES `ShopOrder` (`ShopOrder_ID`),
  CONSTRAINT `ShopUser_ShopVoucher_7` FOREIGN KEY (`Person_ID_Partner`) REFERENCES `ShopUser` (`Person_ID`) ON DELETE SET NULL ON UPDATE CASCADE,
  CONSTRAINT `ShopVoucherGroup_ShopVoucher_1` FOREIGN KEY (`ShopVoucherGroup_ID`) REFERENCES `ShopVoucherGroup` (`ShopVoucherGroup_ID`) ON DELETE CASCADE,
  CONSTRAINT `ShopVoucherType_ShopVoucher_5` FOREIGN KEY (`ShopVoucherType_Code`) REFERENCES `ShopVoucherType` (`ShopVoucherType_Code`),
  CONSTRAINT `ShopVoucher_ibfk_1` FOREIGN KEY (`Person_ID_Edit`) REFERENCES `Person` (`Person_ID`) ON DELETE NO ACTION ON UPDATE NO ACTION,
  CONSTRAINT `ShopVoucher_ibfk_2` FOREIGN KEY (`Person_ID_Create`) REFERENCES `Person` (`Person_ID`) ON DELETE NO ACTION ON UPDATE NO ACTION,
  CONSTRAINT `ShopVoucher_ShopVoucher_6` FOREIGN KEY (`ShopVoucher_ID_Parent`) REFERENCES `ShopVoucher` (`ShopVoucher_ID`)
) ENGINE=InnoDB AUTO_INCREMENT=11 DEFAULT CHARSET=utf8;

--
-- Dumping data for table `ShopVoucher`
--

INSERT INTO `ShopVoucher` VALUES (1,NULL,15,214,NULL,NULL,'additional_voucher',NULL,'absolute',84,NULL,'true','false','false','false','0000-00-00','R7F5E9WF',0,9,'2016-07-04 14:41:12',9,'2016-07-04 14:41:12'),(2,NULL,16,214,NULL,NULL,'additional_voucher',NULL,'absolute',40.56,NULL,'true','false','false','false','0000-00-00','QHCDNYZ4',0,9,'2016-07-04 14:53:23',9,'2016-07-04 14:53:23'),(3,NULL,17,204,NULL,NULL,'additional_voucher',NULL,'percent',15,NULL,'true','false','false','false','0000-00-00','SGI575RX',0,9,'2016-07-05 11:11:06',9,'2016-07-05 11:11:06'),(4,NULL,17,NULL,NULL,NULL,'additional_voucher',NULL,'percent',15,'SGI575RX','true','false','false','false','0000-00-00',NULL,0,9,'0000-00-00 00:00:00',9,'0000-00-00 00:00:00'),(5,NULL,18,226,NULL,NULL,'additional_voucher',NULL,'percent',25,NULL,'true','false','false','false','0000-00-00','5EP7T4HK',0,9,'2016-07-07 13:50:32',9,'2016-07-07 13:50:32'),(6,NULL,19,226,NULL,NULL,'additional_voucher',NULL,'percent',50,NULL,'true','false','false','false','0000-00-00','QFXW9A8L',0,9,'2016-07-08 06:31:56',9,'2016-07-08 06:31:56'),(7,NULL,19,NULL,NULL,NULL,'additional_voucher',NULL,'percent',50,'QFXW9A8L','true','false','false','false','0000-00-00',NULL,0,9,'0000-00-00 00:00:00',9,'0000-00-00 00:00:00'),(8,NULL,20,226,NULL,NULL,'additional_voucher',NULL,'percent',50,NULL,'true','false','false','false','0000-00-00','BMJ3NYKW',0,9,'2016-07-08 14:24:06',9,'2016-07-08 14:24:06'),(9,NULL,20,NULL,NULL,NULL,'additional_voucher',NULL,'percent',50,'BMJ3NYKW','true','false','false','false','0000-00-00',NULL,0,9,'0000-00-00 00:00:00',9,'0000-00-00 00:00:00'),(10,NULL,21,226,NULL,NULL,'additional_voucher',NULL,'percent',50,NULL,'true','false','false','false','0000-00-00','Y8MBCHLG',0,9,'2016-07-15 14:03:41',9,'2016-07-15 14:03:41');

--
-- Table structure for table `ShopVoucherFunction`
--

CREATE TABLE `ShopVoucherFunction` (
  `ShopVoucherFunction_Code` varchar(40) NOT NULL,
  `ShopVoucherFunction_Name` varchar(255) DEFAULT NULL,
  `ShopVoucherFunction_Order` int(11) DEFAULT NULL,
  `ShopVoucherFunction_Active` enum('true','false') NOT NULL DEFAULT 'false',
  `ShopVoucherFunction_ShortCut` varchar(255) DEFAULT NULL,
  `Person_ID_Edit` int(10) unsigned DEFAULT NULL,
  `Table_Edit` timestamp NOT NULL DEFAULT CURRENT_TIMESTAMP ON UPDATE CURRENT_TIMESTAMP,
  `Person_ID_Create` int(10) unsigned DEFAULT NULL,
  `Table_Create` timestamp NOT NULL DEFAULT '0000-00-00 00:00:00',
  PRIMARY KEY (`ShopVoucherFunction_Code`),
  KEY `IDX_ShopVoucherFunction_Order` (`ShopVoucherFunction_Order`),
  KEY `IDX_Person_Person_ID_Edit` (`Person_ID_Edit`),
  KEY `IDX_Person_Person_ID_Create` (`Person_ID_Create`),
  CONSTRAINT `ShopVoucherFunction_ibfk_1` FOREIGN KEY (`Person_ID_Edit`) REFERENCES `Person` (`Person_ID`) ON DELETE NO ACTION ON UPDATE NO ACTION,
  CONSTRAINT `ShopVoucherFunction_ibfk_2` FOREIGN KEY (`Person_ID_Create`) REFERENCES `Person` (`Person_ID`) ON DELETE NO ACTION ON UPDATE NO ACTION
) ENGINE=InnoDB DEFAULT CHARSET=utf8;

--
-- Dumping data for table `ShopVoucherFunction`
--

INSERT INTO `ShopVoucherFunction` VALUES ('article_category','Nur für ausgewählte Artikel',7,'false','best. Artikel',NULL,'2013-02-27 14:09:26',NULL,'2013-02-27 14:09:33'),('campaign','Kampagnengutschein (mehrfach verwendbar)',1,'true','Kampagne',NULL,'2010-04-21 11:30:05',NULL,'0000-00-00 00:00:00'),('campaign_per_person','Kampagnengutschein (mehrfach verwendbar, 1x pro Kunde)',2,'true','1x pro Kunde',NULL,'2010-04-21 11:30:05',NULL,'0000-00-00 00:00:00'),('cashdesk_only','Nur an Kassa einlösbar',6,'false','Nur Kassa',NULL,'2011-04-18 12:34:51',NULL,'2011-04-18 12:34:51'),('free_delivery','Kostenlose Lieferung',4,'false','Kostenl. Lief.',NULL,'2010-04-21 11:31:13',NULL,'0000-00-00 00:00:00'),('one_per_order','Aktionsgutschein (nur 1 Aktionsgutschein pro Bestellung)',3,'true','Aktionsgutschein',NULL,'2010-04-21 11:31:13',NULL,'0000-00-00 00:00:00'),('pay_on_invoice','Zahlung per Rechnung',5,'false','p. Rechn.',NULL,'2010-04-21 11:30:05',NULL,'0000-00-00 00:00:00');

--
-- Table structure for table `ShopVoucherGroup`
--

CREATE TABLE `ShopVoucherGroup` (
  `ShopVoucherGroup_ID` int(10) unsigned NOT NULL AUTO_INCREMENT,
  `ShopVoucherGroup_Name` varchar(255) NOT NULL,
  `Person_ID_Edit` int(10) unsigned DEFAULT NULL,
  `Table_Edit` timestamp NOT NULL DEFAULT CURRENT_TIMESTAMP ON UPDATE CURRENT_TIMESTAMP,
  `Person_ID_Create` int(10) unsigned DEFAULT NULL,
  `Table_Create` timestamp NOT NULL DEFAULT '0000-00-00 00:00:00',
  PRIMARY KEY (`ShopVoucherGroup_ID`),
  KEY `IDX_Person_Person_ID_Edit` (`Person_ID_Edit`),
  KEY `IDX_Person_Person_ID_Create` (`Person_ID_Create`),
  CONSTRAINT `ShopVoucherGroup_ibfk_1` FOREIGN KEY (`Person_ID_Edit`) REFERENCES `Person` (`Person_ID`) ON DELETE NO ACTION ON UPDATE NO ACTION,
  CONSTRAINT `ShopVoucherGroup_ibfk_2` FOREIGN KEY (`Person_ID_Create`) REFERENCES `Person` (`Person_ID`) ON DELETE NO ACTION ON UPDATE NO ACTION
) ENGINE=InnoDB AUTO_INCREMENT=22 DEFAULT CHARSET=utf8;

--
-- Dumping data for table `ShopVoucherGroup`
--

INSERT INTO `ShopVoucherGroup` VALUES (1,'Gutschein (EUR 10,00)',2,'2015-08-10 14:28:23',2,'2015-08-10 14:28:23'),(2,'Gutschein (EUR 20,00)',2,'2015-09-03 13:18:24',2,'2015-09-03 13:18:24'),(3,'Gutschein (10,00)',2,'2015-09-07 09:44:21',2,'2015-09-07 09:44:21'),(4,'Gutschein (EUR 50,00)',9,'2015-09-14 07:45:30',9,'2015-09-14 07:45:30'),(5,'Gutschein (EUR 1.000,00)',9,'2015-09-16 10:58:14',9,'2015-09-16 10:58:14'),(6,'Gutschein (EUR 10,00)',9,'2015-09-16 11:17:42',9,'2015-09-16 11:17:42'),(7,'Fehlende Zahlung',9,'2015-09-17 05:55:05',9,'2015-09-17 05:55:05'),(8,'Gutschein (EUR 1.000,00)',9,'2015-09-17 06:38:26',9,'2015-09-17 06:38:26'),(9,'Gutschein (EUR 20,00)',9,'2015-09-25 07:56:04',9,'2015-09-25 07:56:04'),(10,'Gutschein (EUR 30,00)',9,'2015-09-25 07:56:50',9,'2015-09-25 07:56:50'),(11,'Sühac',9,'2015-09-25 07:59:31',9,'2015-09-25 07:59:31'),(12,'Gutschein (EUR 50,00)',9,'2015-09-25 08:07:33',9,'2015-09-25 08:07:33'),(13,'JAF',9,'2015-09-25 08:31:03',9,'2015-09-25 08:31:03'),(14,'Bekannte',9,'2015-09-28 09:47:42',9,'2015-09-28 09:47:42'),(15,'Selbstabholung',9,'2016-07-04 14:41:12',9,'2016-07-04 14:41:12'),(16,'Abzug Silikon-Kleber',9,'2016-07-04 14:53:23',9,'2016-07-04 14:53:23'),(17,'Preisfehler (Tischler)',9,'2016-07-05 11:11:06',9,'2016-07-05 11:11:06'),(18,'Rabatt-Eigenbedarf',9,'2016-07-07 13:50:32',9,'2016-07-07 13:50:32'),(19,'Rabatt-Eigenbedarf',9,'2016-07-08 06:31:56',9,'2016-07-08 06:31:56'),(20,'Rabatt-Eigenbedarf',9,'2016-07-08 14:24:06',9,'2016-07-08 14:24:06'),(21,'Eigenbedarf',9,'2016-07-15 14:03:41',9,'2016-07-15 14:03:41');

--
-- Table structure for table `ShopVoucherType`
--

CREATE TABLE `ShopVoucherType` (
  `ShopVoucherType_Code` varchar(40) NOT NULL,
  `ShopVoucherType_Name` varchar(255) DEFAULT NULL,
  `ShopVoucherType_Order` int(11) DEFAULT NULL,
  `ShopVoucherType_Active` enum('true','false') NOT NULL DEFAULT 'false',
  `ShopVoucherType_Discount` enum('true','false') NOT NULL DEFAULT 'false',
  `Person_ID_Edit` int(10) unsigned DEFAULT NULL,
  `Table_Edit` timestamp NOT NULL DEFAULT CURRENT_TIMESTAMP ON UPDATE CURRENT_TIMESTAMP,
  `Person_ID_Create` int(10) unsigned DEFAULT NULL,
  `Table_Create` timestamp NOT NULL DEFAULT '0000-00-00 00:00:00',
  PRIMARY KEY (`ShopVoucherType_Code`),
  KEY `IDX_ShopVoucherType_Order` (`ShopVoucherType_Order`),
  KEY `IDX_Person_Person_ID_Edit` (`Person_ID_Edit`),
  KEY `IDX_Person_Person_ID_Create` (`Person_ID_Create`),
  CONSTRAINT `ShopVoucherType_ibfk_1` FOREIGN KEY (`Person_ID_Edit`) REFERENCES `Person` (`Person_ID`) ON DELETE NO ACTION ON UPDATE NO ACTION,
  CONSTRAINT `ShopVoucherType_ibfk_2` FOREIGN KEY (`Person_ID_Create`) REFERENCES `Person` (`Person_ID`) ON DELETE NO ACTION ON UPDATE NO ACTION
) ENGINE=InnoDB DEFAULT CHARSET=utf8;

--
-- Dumping data for table `ShopVoucherType`
--

INSERT INTO `ShopVoucherType` VALUES ('additional_voucher','Nachträglich gewährter Rabatt',2,'true','true',NULL,'2010-04-21 11:31:13',NULL,'0000-00-00 00:00:00'),('advertising_voucher','Werbegutschein',1,'true','true',NULL,'2010-04-21 11:31:13',NULL,'0000-00-00 00:00:00'),('auction_voucher','Auktionsgutschein',6,'false','false',NULL,'2010-04-21 11:30:05',NULL,'0000-00-00 00:00:00'),('birthday_voucher','Geburtstagsgutschein',4,'true','true',NULL,'2010-04-21 11:30:05',NULL,'0000-00-00 00:00:00'),('order_payout_voucher','Auszahlung durch Gutschein',3,'true','false',NULL,'2010-04-21 11:30:05',NULL,'0000-00-00 00:00:00'),('sales_voucher','Kaufgutschein',5,'true','false',NULL,'2010-04-21 11:30:05',NULL,'0000-00-00 00:00:00'),('skonto','Skonto',7,'false','true',NULL,'2011-05-06 10:06:43',NULL,'2011-05-06 10:06:46');

--
-- Table structure for table `ShopVoucher_ShopArticle`
--

CREATE TABLE `ShopVoucher_ShopArticle` (
  `ShopVoucher_ID` int(10) unsigned NOT NULL,
  `ShopArticle_ID` int(10) unsigned NOT NULL,
  `Person_ID_Edit` int(10) unsigned DEFAULT NULL,
  `Table_Edit` timestamp NOT NULL DEFAULT CURRENT_TIMESTAMP ON UPDATE CURRENT_TIMESTAMP,
  `Person_ID_Create` int(10) unsigned DEFAULT NULL,
  `Table_Create` timestamp NOT NULL DEFAULT '0000-00-00 00:00:00',
  PRIMARY KEY (`ShopVoucher_ID`,`ShopArticle_ID`),
  KEY `IDX_ShopVoucher_ShopArticle_1` (`ShopVoucher_ID`),
  KEY `IDX_ShopVoucher_ShopArticle_2` (`ShopArticle_ID`),
  KEY `IDX_Person_Person_ID_Edit` (`Person_ID_Edit`),
  KEY `IDX_Person_Person_ID_Create` (`Person_ID_Create`),
  CONSTRAINT `ShopArticle_ShopVoucher_ShopArticle_2` FOREIGN KEY (`ShopArticle_ID`) REFERENCES `ShopArticle` (`ShopArticle_ID`) ON DELETE CASCADE,
  CONSTRAINT `ShopVoucher_ShopArticle_ibfk_1` FOREIGN KEY (`Person_ID_Edit`) REFERENCES `Person` (`Person_ID`) ON DELETE NO ACTION ON UPDATE NO ACTION,
  CONSTRAINT `ShopVoucher_ShopArticle_ibfk_2` FOREIGN KEY (`Person_ID_Create`) REFERENCES `Person` (`Person_ID`) ON DELETE NO ACTION ON UPDATE NO ACTION,
  CONSTRAINT `ShopVoucher_ShopVoucher_ShopArticle_1` FOREIGN KEY (`ShopVoucher_ID`) REFERENCES `ShopVoucher` (`ShopVoucher_ID`) ON DELETE CASCADE
) ENGINE=InnoDB DEFAULT CHARSET=utf8;

--
-- Dumping data for table `ShopVoucher_ShopArticle`
--


--
-- Table structure for table `ShopVoucher_ShopCategory`
--

CREATE TABLE `ShopVoucher_ShopCategory` (
  `ShopVoucher_ID` int(10) unsigned NOT NULL,
  `ShopCategory_ID` int(11) NOT NULL,
  `Person_ID_Edit` int(10) unsigned DEFAULT NULL,
  `Table_Edit` timestamp NOT NULL DEFAULT CURRENT_TIMESTAMP ON UPDATE CURRENT_TIMESTAMP,
  `Person_ID_Create` int(10) unsigned DEFAULT NULL,
  `Table_Create` timestamp NOT NULL DEFAULT '0000-00-00 00:00:00',
  PRIMARY KEY (`ShopVoucher_ID`,`ShopCategory_ID`),
  KEY `IDX_ShopVoucher_ShopCategory_1` (`ShopVoucher_ID`),
  KEY `IDX_ShopVoucher_ShopCategory_2` (`ShopCategory_ID`),
  KEY `IDX_Person_Person_ID_Edit` (`Person_ID_Edit`),
  KEY `IDX_Person_Person_ID_Create` (`Person_ID_Create`),
  CONSTRAINT `ShopCategory_ShopVoucher_ShopCategory_2` FOREIGN KEY (`ShopCategory_ID`) REFERENCES `ShopCategory` (`ShopCategory_ID`) ON DELETE CASCADE,
  CONSTRAINT `ShopVoucher_ShopCategory_ibfk_1` FOREIGN KEY (`Person_ID_Edit`) REFERENCES `Person` (`Person_ID`) ON DELETE NO ACTION ON UPDATE NO ACTION,
  CONSTRAINT `ShopVoucher_ShopCategory_ibfk_2` FOREIGN KEY (`Person_ID_Create`) REFERENCES `Person` (`Person_ID`) ON DELETE NO ACTION ON UPDATE NO ACTION,
  CONSTRAINT `ShopVoucher_ShopVoucher_ShopCategory_1` FOREIGN KEY (`ShopVoucher_ID`) REFERENCES `ShopVoucher` (`ShopVoucher_ID`) ON DELETE CASCADE
) ENGINE=InnoDB DEFAULT CHARSET=utf8;

--
-- Dumping data for table `ShopVoucher_ShopCategory`
--


--
-- Table structure for table `ShopVoucher_ShopVoucherFunction`
--

CREATE TABLE `ShopVoucher_ShopVoucherFunction` (
  `ShopVoucher_ID` int(10) unsigned NOT NULL,
  `ShopVoucherFunction_Code` varchar(40) NOT NULL,
  `Person_ID_Edit` int(10) unsigned DEFAULT NULL,
  `Table_Edit` timestamp NOT NULL DEFAULT CURRENT_TIMESTAMP ON UPDATE CURRENT_TIMESTAMP,
  `Person_ID_Create` int(10) unsigned DEFAULT NULL,
  `Table_Create` timestamp NOT NULL DEFAULT '0000-00-00 00:00:00',
  PRIMARY KEY (`ShopVoucher_ID`,`ShopVoucherFunction_Code`),
  KEY `IDX_ShopVoucher_ShopVoucherFunction_1` (`ShopVoucher_ID`),
  KEY `IDX_ShopVoucher_ShopVoucherFunction_2` (`ShopVoucherFunction_Code`),
  KEY `IDX_Person_Person_ID_Edit` (`Person_ID_Edit`),
  KEY `IDX_Person_Person_ID_Create` (`Person_ID_Create`),
  CONSTRAINT `ShopVoucherFunction_ShopVoucher_ShopVoucherFunction_2` FOREIGN KEY (`ShopVoucherFunction_Code`) REFERENCES `ShopVoucherFunction` (`ShopVoucherFunction_Code`),
  CONSTRAINT `ShopVoucher_ShopVoucherFunction_ibfk_1` FOREIGN KEY (`Person_ID_Edit`) REFERENCES `Person` (`Person_ID`) ON DELETE NO ACTION ON UPDATE NO ACTION,
  CONSTRAINT `ShopVoucher_ShopVoucherFunction_ibfk_2` FOREIGN KEY (`Person_ID_Create`) REFERENCES `Person` (`Person_ID`) ON DELETE NO ACTION ON UPDATE NO ACTION,
  CONSTRAINT `ShopVoucher_ShopVoucher_ShopVoucherFunction_1` FOREIGN KEY (`ShopVoucher_ID`) REFERENCES `ShopVoucher` (`ShopVoucher_ID`) ON DELETE CASCADE
) ENGINE=InnoDB DEFAULT CHARSET=utf8;

--
-- Dumping data for table `ShopVoucher_ShopVoucherFunction`
--

INSERT INTO `ShopVoucher_ShopVoucherFunction` VALUES (3,'campaign_per_person',2,'2015-09-07 09:44:21',2,'2015-09-07 09:44:21'),(3,'one_per_order',2,'2015-09-07 09:44:21',2,'2015-09-07 09:44:21'),(4,'campaign_per_person',9,'2015-09-14 07:45:30',9,'2015-09-14 07:45:30'),(4,'one_per_order',9,'2016-07-05 11:11:06',9,'2016-07-05 11:11:06'),(6,'campaign',9,'2015-09-16 10:58:15',9,'2015-09-16 10:58:15'),(7,'campaign',9,'2016-07-08 06:31:56',9,'2016-07-08 06:31:56'),(8,'campaign',1,'2015-09-16 10:59:12',1,'2015-09-16 10:59:12'),(9,'campaign',9,'2016-07-08 14:24:06',9,'2016-07-08 14:24:06'),(11,'campaign',1,'2015-09-16 11:40:02',1,'2015-09-16 11:40:02'),(13,'campaign',1,'2015-09-16 11:41:53',1,'2015-09-16 11:41:53'),(29,'campaign_per_person',9,'2015-09-28 09:47:42',9,'2015-09-28 09:47:42');

--
-- Table structure for table `ShopWAWIDelivery`
--

CREATE TABLE `ShopWAWIDelivery` (
  `ShopWAWIDelivery_ID` int(11) NOT NULL AUTO_INCREMENT,
  `ShopWAWISupplier_ID` int(11) NOT NULL,
  `ShopWAWIDeliveryState_Code` varchar(40) NOT NULL,
  `ShopWAWIDelivery_ID_Parent` int(11) DEFAULT NULL,
  `ShopWAWIDelivery_Name` varchar(255) DEFAULT NULL,
  `ShopWAWIDelivery_Start` datetime DEFAULT NULL,
  `ShopWAWIDelivery_End` datetime DEFAULT NULL,
  `ShopWAWIDelivery_Number` varchar(255) DEFAULT NULL,
  `ShopWAWIDelivery_InvoiceNumber` varchar(255) DEFAULT NULL,
  `ShopWAWIDelivery_InvoiceDate` date DEFAULT NULL,
  `ShopWAWIDelivery_Notice` text,
  `ShopWAWIDelivery_EmailNotice` text,
  `ShopWAWIDelivery_GrandTotal` double DEFAULT NULL,
  `Person_ID_Edit` int(10) unsigned DEFAULT NULL,
  `Table_Edit` timestamp NOT NULL DEFAULT CURRENT_TIMESTAMP ON UPDATE CURRENT_TIMESTAMP,
  `Person_ID_Create` int(10) unsigned DEFAULT NULL,
  `Table_Create` timestamp NOT NULL DEFAULT '0000-00-00 00:00:00',
  PRIMARY KEY (`ShopWAWIDelivery_ID`),
  KEY `IDX_ShopWAWIDelivery_1` (`ShopWAWIDeliveryState_Code`),
  KEY `IDX_ShopWAWIDelivery_2` (`ShopWAWISupplier_ID`),
  KEY `IDX_ShopWAWIDelivery_3` (`ShopWAWIDelivery_ID_Parent`),
  KEY `IDX_Person_Person_ID_Edit` (`Person_ID_Edit`),
  KEY `IDX_Person_Person_ID_Create` (`Person_ID_Create`),
  CONSTRAINT `ShopWAWIDeliveryState_ShopWAWIDelivery_1` FOREIGN KEY (`ShopWAWIDeliveryState_Code`) REFERENCES `ShopWAWIDeliveryState` (`ShopWAWIDeliveryState_Code`) ON DELETE CASCADE,
  CONSTRAINT `ShopWAWIDelivery_ibfk_1` FOREIGN KEY (`Person_ID_Edit`) REFERENCES `Person` (`Person_ID`) ON DELETE NO ACTION ON UPDATE NO ACTION,
  CONSTRAINT `ShopWAWIDelivery_ibfk_2` FOREIGN KEY (`Person_ID_Create`) REFERENCES `Person` (`Person_ID`) ON DELETE NO ACTION ON UPDATE NO ACTION,
  CONSTRAINT `ShopWAWIDelivery_ShopWAWIDelivery_3` FOREIGN KEY (`ShopWAWIDelivery_ID_Parent`) REFERENCES `ShopWAWIDelivery` (`ShopWAWIDelivery_ID`) ON DELETE SET NULL,
  CONSTRAINT `ShopWAWISupplier_ShopWAWIDelivery_2` FOREIGN KEY (`ShopWAWISupplier_ID`) REFERENCES `ShopWAWISupplier` (`ShopWAWISupplier_ID`) ON DELETE CASCADE
) ENGINE=InnoDB DEFAULT CHARSET=utf8;

--
-- Dumping data for table `ShopWAWIDelivery`
--


--
-- Table structure for table `ShopWAWIDeliveryProductValue`
--

CREATE TABLE `ShopWAWIDeliveryProductValue` (
  `ShopWAWIDelivery_ID` int(11) NOT NULL,
  `ShopWAWIProduct_ID` int(11) NOT NULL,
  `ShopWAWIDeliveryValue_Code` varchar(40) NOT NULL,
  `ShopWAWIDeliveryProductValue_OrderValue` double DEFAULT NULL,
  `ShopWAWIDeliveryProductValue_DeliverValue` double DEFAULT NULL,
  `Person_ID_Edit` int(10) unsigned DEFAULT NULL,
  `Table_Edit` timestamp NOT NULL DEFAULT CURRENT_TIMESTAMP ON UPDATE CURRENT_TIMESTAMP,
  `Person_ID_Create` int(10) unsigned DEFAULT NULL,
  `Table_Create` timestamp NOT NULL DEFAULT '0000-00-00 00:00:00',
  PRIMARY KEY (`ShopWAWIDelivery_ID`,`ShopWAWIProduct_ID`,`ShopWAWIDeliveryValue_Code`),
  KEY `IDX_ShopWAWIDeliveryProductValue_1` (`ShopWAWIDelivery_ID`,`ShopWAWIProduct_ID`),
  KEY `IDX_ShopWAWIDeliveryProductValue_2` (`ShopWAWIDeliveryValue_Code`),
  KEY `IDX_Person_Person_ID_Edit` (`Person_ID_Edit`),
  KEY `IDX_Person_Person_ID_Create` (`Person_ID_Create`),
  CONSTRAINT `ShopWAWIDeliveryProductValue_ibfk_1` FOREIGN KEY (`Person_ID_Edit`) REFERENCES `Person` (`Person_ID`) ON DELETE NO ACTION ON UPDATE NO ACTION,
  CONSTRAINT `ShopWAWIDeliveryProductValue_ibfk_2` FOREIGN KEY (`Person_ID_Create`) REFERENCES `Person` (`Person_ID`) ON DELETE NO ACTION ON UPDATE NO ACTION,
  CONSTRAINT `ShopWAWIDeliveryValue_ShopWAWIDeliveryProductValue_2` FOREIGN KEY (`ShopWAWIDeliveryValue_Code`) REFERENCES `ShopWAWIDeliveryValue` (`ShopWAWIDeliveryValue_Code`),
  CONSTRAINT `ShopWAWIDelivery_ShopWAWIProduct_ShopWAWIDeliveryProductValue_1` FOREIGN KEY (`ShopWAWIDelivery_ID`, `ShopWAWIProduct_ID`) REFERENCES `ShopWAWIDelivery_ShopWAWIProduct` (`ShopWAWIDelivery_ID`, `ShopWAWIProduct_ID`) ON DELETE CASCADE
) ENGINE=InnoDB DEFAULT CHARSET=utf8;

--
-- Dumping data for table `ShopWAWIDeliveryProductValue`
--


--
-- Table structure for table `ShopWAWIDeliveryState`
--

CREATE TABLE `ShopWAWIDeliveryState` (
  `ShopWAWIDeliveryState_Code` varchar(40) NOT NULL,
  `ShopWAWIDeliveryState_Name` varchar(255) NOT NULL,
  `Person_ID_Edit` int(10) unsigned DEFAULT NULL,
  `Table_Edit` timestamp NOT NULL DEFAULT CURRENT_TIMESTAMP ON UPDATE CURRENT_TIMESTAMP,
  `Person_ID_Create` int(10) unsigned DEFAULT NULL,
  `Table_Create` timestamp NOT NULL DEFAULT '0000-00-00 00:00:00',
  PRIMARY KEY (`ShopWAWIDeliveryState_Code`),
  KEY `IDX_Person_Person_ID_Edit` (`Person_ID_Edit`),
  KEY `IDX_Person_Person_ID_Create` (`Person_ID_Create`),
  CONSTRAINT `ShopWAWIDeliveryState_ibfk_1` FOREIGN KEY (`Person_ID_Edit`) REFERENCES `Person` (`Person_ID`) ON DELETE NO ACTION ON UPDATE NO ACTION,
  CONSTRAINT `ShopWAWIDeliveryState_ibfk_2` FOREIGN KEY (`Person_ID_Create`) REFERENCES `Person` (`Person_ID`) ON DELETE NO ACTION ON UPDATE NO ACTION
) ENGINE=InnoDB DEFAULT CHARSET=utf8;

--
-- Dumping data for table `ShopWAWIDeliveryState`
--

INSERT INTO `ShopWAWIDeliveryState` VALUES ('delivering','Wird geliefert',NULL,'2008-08-13 06:34:35',NULL,'0000-00-00 00:00:00'),('finished','Abgeschlossen',NULL,'2008-08-13 06:39:34',NULL,'0000-00-00 00:00:00'),('open','Offen',NULL,'2008-08-13 06:39:40',NULL,'0000-00-00 00:00:00'),('partly','Teillieferung',NULL,'2008-08-13 06:39:45',NULL,'0000-00-00 00:00:00');

--
-- Table structure for table `ShopWAWIDeliveryValue`
--

CREATE TABLE `ShopWAWIDeliveryValue` (
  `ShopWAWIDeliveryValue_Code` varchar(40) NOT NULL,
  `ShopWAWIDeliveryValueType_Code` varchar(40) DEFAULT NULL,
  `ShopWAWIDeliveryValue_Order` int(11) NOT NULL,
  `ShopWAWIDeliveryValue_Name` varchar(255) NOT NULL,
  `Person_ID_Edit` int(10) unsigned DEFAULT NULL,
  `Table_Edit` timestamp NOT NULL DEFAULT CURRENT_TIMESTAMP ON UPDATE CURRENT_TIMESTAMP,
  `Person_ID_Create` int(10) unsigned DEFAULT NULL,
  `Table_Create` timestamp NOT NULL DEFAULT '0000-00-00 00:00:00',
  PRIMARY KEY (`ShopWAWIDeliveryValue_Code`),
  KEY `IDX_ShopWAWIDeliveryValue_1` (`ShopWAWIDeliveryValueType_Code`),
  KEY `IDX_ShopWAWIDeliveryValue_Order` (`ShopWAWIDeliveryValue_Order`),
  KEY `IDX_Person_Person_ID_Edit` (`Person_ID_Edit`),
  KEY `IDX_Person_Person_ID_Create` (`Person_ID_Create`),
  CONSTRAINT `ShopWAWIDeliveryValueType_ShopWAWIDeliveryValue_1` FOREIGN KEY (`ShopWAWIDeliveryValueType_Code`) REFERENCES `ShopWAWIDeliveryValueType` (`ShopWAWIDeliveryValueType_Code`),
  CONSTRAINT `ShopWAWIDeliveryValue_ibfk_1` FOREIGN KEY (`Person_ID_Edit`) REFERENCES `Person` (`Person_ID`) ON DELETE NO ACTION ON UPDATE NO ACTION,
  CONSTRAINT `ShopWAWIDeliveryValue_ibfk_2` FOREIGN KEY (`Person_ID_Create`) REFERENCES `Person` (`Person_ID`) ON DELETE NO ACTION ON UPDATE NO ACTION
) ENGINE=InnoDB DEFAULT CHARSET=utf8;

--
-- Dumping data for table `ShopWAWIDeliveryValue`
--

INSERT INTO `ShopWAWIDeliveryValue` VALUES ('delivery_breakinsurance','delivery',16,'Bruckversicherung',NULL,'2010-04-21 11:30:07',NULL,'0000-00-00 00:00:00'),('delivery_breakinsurance_per','delivery',20,'Bruckversicherung (%)',NULL,'2010-04-21 11:30:07',NULL,'0000-00-00 00:00:00'),('delivery_cargo','delivery',14,'Fracht',NULL,'2010-04-21 11:30:07',NULL,'0000-00-00 00:00:00'),('delivery_cargo_per','delivery',18,'Fracht (%)',NULL,'2010-04-21 11:30:07',NULL,'0000-00-00 00:00:00'),('delivery_deliverycosts','delivery',11,'Lieferkosten',NULL,'2010-04-21 11:30:07',NULL,'0000-00-00 00:00:00'),('delivery_discount','delivery',10,'Rabatt (Wert)',NULL,'2010-04-21 11:30:07',NULL,'0000-00-00 00:00:00'),('delivery_discount_amount','delivery',30,'Rabatt (Wert)',NULL,'2010-04-21 11:30:07',NULL,'0000-00-00 00:00:00'),('delivery_extracharge','delivery',13,'Mindermengenzuschlag',NULL,'2010-04-21 11:30:07',NULL,'0000-00-00 00:00:00'),('delivery_extracharge_per','delivery',17,'Mindermengenzuschlag (%)',NULL,'2010-04-21 11:30:07',NULL,'0000-00-00 00:00:00'),('delivery_grandtotal','delivery',9,'Summe',NULL,'2010-04-21 11:30:07',NULL,'0000-00-00 00:00:00'),('delivery_grandtotal_net','delivery',31,'Summe (netto)',NULL,'2010-04-21 11:30:07',NULL,'0000-00-00 00:00:00'),('delivery_packing','delivery',15,'Verpackung',NULL,'2010-04-21 11:30:07',NULL,'0000-00-00 00:00:00'),('delivery_packing_per','delivery',19,'Verpackung (%)',NULL,'2010-04-21 11:30:07',NULL,'0000-00-00 00:00:00'),('delviery_deliverycosts_per','delivery',21,'Lieferkosten (%)',NULL,'2010-04-21 11:30:07',NULL,'0000-00-00 00:00:00'),('orderprice','product',12,'Bestellter EK',NULL,'2010-04-21 11:30:07',NULL,'0000-00-00 00:00:00'),('product_discount_1','product',5,'Rabatt 1',NULL,'2010-04-21 11:30:07',NULL,'0000-00-00 00:00:00'),('product_discount_2','product',6,'Rabatt 2',NULL,'2010-04-21 11:30:07',NULL,'0000-00-00 00:00:00'),('product_discount_3','product',7,'Rabatt 3',NULL,'2010-04-21 11:30:07',NULL,'0000-00-00 00:00:00'),('product_discount_4','product',8,'Rabatt 4',NULL,'2010-04-21 11:30:07',NULL,'0000-00-00 00:00:00'),('product_grandtotal','product',2,'Summe',NULL,'2010-04-21 11:30:07',NULL,'0000-00-00 00:00:00'),('product_grandtotal_diff','product',4,'Differenz Summe',NULL,'2010-04-21 11:30:07',NULL,'0000-00-00 00:00:00'),('product_singleprice','product',1,'Einzelpreis',NULL,'2010-04-21 11:30:07',NULL,'0000-00-00 00:00:00'),('product_singleprice_diff','product',3,'Differenz EP',NULL,'2010-04-21 11:30:07',NULL,'0000-00-00 00:00:00'),('supplier_breakinsurance','supplier',28,'Bruchversicherung',NULL,'2010-04-21 11:30:07',NULL,'0000-00-00 00:00:00'),('supplier_breakinsurance_per','supplier',29,'Bruchversicherung (%)',NULL,'2010-04-21 11:30:07',NULL,'0000-00-00 00:00:00'),('supplier_cargo','supplier',24,'Fracht',NULL,'2010-04-21 11:30:07',NULL,'0000-00-00 00:00:00'),('supplier_cargo_per','supplier',25,'Fracht (%)',NULL,'2010-04-21 11:30:07',NULL,'0000-00-00 00:00:00'),('supplier_discount_1','supplier',4,'Rabatt 1',NULL,'2010-04-21 11:30:07',NULL,'0000-00-00 00:00:00'),('supplier_discount_2','supplier',5,'Rabatt 2',NULL,'2010-04-21 11:30:07',NULL,'0000-00-00 00:00:00'),('supplier_discount_3','supplier',7,'Rabatt 3',NULL,'2010-04-21 11:30:07',NULL,'0000-00-00 00:00:00'),('supplier_discount_4','supplier',8,'Rabatt 4',NULL,'2010-04-21 11:30:07',NULL,'0000-00-00 00:00:00'),('supplier_extracharge','supplier',22,'Mindermengenzuschlag',NULL,'2010-04-21 11:30:07',NULL,'0000-00-00 00:00:00'),('supplier_extracharge_per','supplier',23,'Mindermengenzuschlag (%)',NULL,'2010-04-21 11:30:07',NULL,'0000-00-00 00:00:00'),('supplier_packing','supplier',26,'Verpackung',NULL,'2010-04-21 11:30:07',NULL,'0000-00-00 00:00:00'),('supplier_packing_per','supplier',27,'Verpackung (%)',NULL,'2010-04-21 11:30:07',NULL,'0000-00-00 00:00:00');

--
-- Table structure for table `ShopWAWIDeliveryValueType`
--

CREATE TABLE `ShopWAWIDeliveryValueType` (
  `ShopWAWIDeliveryValueType_Code` varchar(40) NOT NULL,
  `ShopWAWIDeliveryValueType_Name` varchar(255) NOT NULL,
  `Person_ID_Edit` int(10) unsigned DEFAULT NULL,
  `Table_Edit` timestamp NOT NULL DEFAULT CURRENT_TIMESTAMP ON UPDATE CURRENT_TIMESTAMP,
  `Person_ID_Create` int(10) unsigned DEFAULT NULL,
  `Table_Create` timestamp NOT NULL DEFAULT '0000-00-00 00:00:00',
  PRIMARY KEY (`ShopWAWIDeliveryValueType_Code`),
  KEY `IDX_Person_Person_ID_Edit` (`Person_ID_Edit`),
  KEY `IDX_Person_Person_ID_Create` (`Person_ID_Create`),
  CONSTRAINT `ShopWAWIDeliveryValueType_ibfk_1` FOREIGN KEY (`Person_ID_Edit`) REFERENCES `Person` (`Person_ID`) ON DELETE NO ACTION ON UPDATE NO ACTION,
  CONSTRAINT `ShopWAWIDeliveryValueType_ibfk_2` FOREIGN KEY (`Person_ID_Create`) REFERENCES `Person` (`Person_ID`) ON DELETE NO ACTION ON UPDATE NO ACTION
) ENGINE=InnoDB DEFAULT CHARSET=utf8;

--
-- Dumping data for table `ShopWAWIDeliveryValueType`
--

INSERT INTO `ShopWAWIDeliveryValueType` VALUES ('delivery','Lieferung',NULL,'2010-04-21 11:30:05',NULL,'0000-00-00 00:00:00'),('product','Produkte',NULL,'2010-04-21 11:30:05',NULL,'0000-00-00 00:00:00'),('supplier','Lieferant',NULL,'2010-04-21 11:30:05',NULL,'0000-00-00 00:00:00');

--
-- Table structure for table `ShopWAWIDelivery_ShopWAWIDeliveryValue`
--

CREATE TABLE `ShopWAWIDelivery_ShopWAWIDeliveryValue` (
  `ShopWAWIDelivery_ID` int(11) NOT NULL,
  `ShopWAWIDeliveryValue_Code` varchar(40) NOT NULL,
  `ShopWAWIDelivery_ShopWAWIDeliveryValue_OrderValue` double DEFAULT NULL,
  `ShopWAWIDelivery_ShopWAWIDeliveryValue_DeliverValue` double DEFAULT NULL,
  `Person_ID_Edit` int(10) unsigned DEFAULT NULL,
  `Table_Edit` timestamp NOT NULL DEFAULT CURRENT_TIMESTAMP ON UPDATE CURRENT_TIMESTAMP,
  `Person_ID_Create` int(10) unsigned DEFAULT NULL,
  `Table_Create` timestamp NOT NULL DEFAULT '0000-00-00 00:00:00',
  PRIMARY KEY (`ShopWAWIDelivery_ID`,`ShopWAWIDeliveryValue_Code`),
  KEY `IDX_ShopWAWIDelivery_ShopWAWIDeliveryValue_1` (`ShopWAWIDelivery_ID`),
  KEY `IDX_ShopWAWIDelivery_ShopWAWIDeliveryValue_2` (`ShopWAWIDeliveryValue_Code`),
  KEY `IDX_Person_Person_ID_Edit` (`Person_ID_Edit`),
  KEY `IDX_Person_Person_ID_Create` (`Person_ID_Create`),
  CONSTRAINT `ShopWAWIDeliveryValue_ShopWAWIDelivery_ShopWAWIDeliveryValue_2` FOREIGN KEY (`ShopWAWIDeliveryValue_Code`) REFERENCES `ShopWAWIDeliveryValue` (`ShopWAWIDeliveryValue_Code`),
  CONSTRAINT `ShopWAWIDelivery_ShopWAWIDeliveryValue_ibfk_1` FOREIGN KEY (`Person_ID_Edit`) REFERENCES `Person` (`Person_ID`) ON DELETE NO ACTION ON UPDATE NO ACTION,
  CONSTRAINT `ShopWAWIDelivery_ShopWAWIDeliveryValue_ibfk_2` FOREIGN KEY (`Person_ID_Create`) REFERENCES `Person` (`Person_ID`) ON DELETE NO ACTION ON UPDATE NO ACTION,
  CONSTRAINT `ShopWAWIDelivery_ShopWAWIDelivery_ShopWAWIDeliveryValue_1` FOREIGN KEY (`ShopWAWIDelivery_ID`) REFERENCES `ShopWAWIDelivery` (`ShopWAWIDelivery_ID`) ON DELETE CASCADE
) ENGINE=InnoDB DEFAULT CHARSET=utf8;

--
-- Dumping data for table `ShopWAWIDelivery_ShopWAWIDeliveryValue`
--


--
-- Table structure for table `ShopWAWIDelivery_ShopWAWIProduct`
--

CREATE TABLE `ShopWAWIDelivery_ShopWAWIProduct` (
  `ShopWAWIDelivery_ID` int(11) NOT NULL,
  `ShopWAWIProduct_ID` int(11) NOT NULL,
  `Currency_Code` varchar(16) DEFAULT NULL,
  `ShopWAWIDelivery_ShopWAWIProduct_OrderCount` int(11) NOT NULL,
  `ShopWAWIDelivery_ShopWAWIProduct_DeliverCount` int(11) NOT NULL,
  `ShopWAWIDelivery_ShopWAWIProduct_ClearedCount` int(11) DEFAULT NULL,
  `ShopWAWIDelivery_ShopWAWIProduct_OrderPrice` double DEFAULT NULL,
  `ShopWAWIDelivery_ShopWAWIProduct_DeliverPrice` double DEFAULT NULL,
  `ShopWAWIDelivery_ShopWAWIProduct_OrderClosed` enum('true','false') NOT NULL DEFAULT 'false',
  `ShopWAWIDelivery_ShopWAWIProduct_DeliverClosed` enum('true','false') NOT NULL DEFAULT 'false',
  `ShopWAWIDelivery_ShopWAWIProduct_Einstandspreis` double DEFAULT NULL,
  `Person_ID_Edit` int(10) unsigned DEFAULT NULL,
  `Table_Edit` timestamp NOT NULL DEFAULT CURRENT_TIMESTAMP ON UPDATE CURRENT_TIMESTAMP,
  `Person_ID_Create` int(10) unsigned DEFAULT NULL,
  `Table_Create` timestamp NOT NULL DEFAULT '0000-00-00 00:00:00',
  PRIMARY KEY (`ShopWAWIDelivery_ID`,`ShopWAWIProduct_ID`),
  KEY `IDX_ShopWAWIDelivery_ShopWAWIProduct_1` (`ShopWAWIDelivery_ID`),
  KEY `IDX_ShopWAWIDelivery_ShopWAWIProduct_2` (`ShopWAWIProduct_ID`),
  KEY `IDX_ShopWAWIDelivery_ShopWAWIProduct_3` (`Currency_Code`),
  KEY `IDX_Person_Person_ID_Edit` (`Person_ID_Edit`),
  KEY `IDX_Person_Person_ID_Create` (`Person_ID_Create`),
  CONSTRAINT `Currency_ShopWAWIDelivery_ShopWAWIProduct_3` FOREIGN KEY (`Currency_Code`) REFERENCES `Currency` (`Currency_Code`),
  CONSTRAINT `ShopWAWIDelivery_ShopWAWIDelivery_ShopWAWIProduct_1` FOREIGN KEY (`ShopWAWIDelivery_ID`) REFERENCES `ShopWAWIDelivery` (`ShopWAWIDelivery_ID`) ON DELETE CASCADE,
  CONSTRAINT `ShopWAWIDelivery_ShopWAWIProduct_ibfk_1` FOREIGN KEY (`Person_ID_Edit`) REFERENCES `Person` (`Person_ID`) ON DELETE NO ACTION ON UPDATE NO ACTION,
  CONSTRAINT `ShopWAWIDelivery_ShopWAWIProduct_ibfk_2` FOREIGN KEY (`Person_ID_Create`) REFERENCES `Person` (`Person_ID`) ON DELETE NO ACTION ON UPDATE NO ACTION,
  CONSTRAINT `ShopWAWIProduct_ShopWAWIDelivery_ShopWAWIProduct_2` FOREIGN KEY (`ShopWAWIProduct_ID`) REFERENCES `ShopWAWIProduct` (`ShopWAWIProduct_ID`)
) ENGINE=InnoDB DEFAULT CHARSET=utf8;

--
-- Dumping data for table `ShopWAWIDelivery_ShopWAWIProduct`
--


--
-- Table structure for table `ShopWAWIJournal`
--

CREATE TABLE `ShopWAWIJournal` (
  `ShopWAWIJournal_ID` int(11) NOT NULL AUTO_INCREMENT,
  `ShopWAWIProduct_ID` int(11) NOT NULL,
  `ShopWAWIJournalType_Code` varchar(40) DEFAULT NULL,
  `ShopWAWIDelivery_ID` int(11) DEFAULT NULL,
  `ShopAccountJournalLine_ID` int(11) DEFAULT NULL,
  `ShopWAWIJournal_Date` datetime DEFAULT NULL,
  `ShopWAWIJournal_Subject` varchar(255) DEFAULT NULL,
  `ShopWAWIJournal_Text` text,
  `ShopWAWIJournal_Delta` int(11) DEFAULT NULL,
  `ShopWAWIJournal_Old` int(11) DEFAULT NULL,
  `ShopWAWIJournal_Price` double DEFAULT NULL,
  `Person_ID_Edit` int(10) unsigned DEFAULT NULL,
  `Table_Edit` timestamp NOT NULL DEFAULT CURRENT_TIMESTAMP ON UPDATE CURRENT_TIMESTAMP,
  `Person_ID_Create` int(10) unsigned DEFAULT NULL,
  `Table_Create` timestamp NOT NULL DEFAULT '0000-00-00 00:00:00',
  PRIMARY KEY (`ShopWAWIJournal_ID`),
  KEY `IDX_ShopWAWIJournal_1` (`ShopWAWIProduct_ID`),
  KEY `IDX_ShopWAWIJournal_2` (`ShopWAWIJournalType_Code`),
  KEY `IDX_ShopWAWIJournal_3` (`ShopWAWIDelivery_ID`),
  KEY `IDX_ShopWAWIJournal_4` (`ShopAccountJournalLine_ID`),
  KEY `IDX_Person_Person_ID_Edit` (`Person_ID_Edit`),
  KEY `IDX_Person_Person_ID_Create` (`Person_ID_Create`),
  CONSTRAINT `ShopAccountJournalLine_ShopWAWIJournal_4` FOREIGN KEY (`ShopAccountJournalLine_ID`) REFERENCES `ShopAccountJournalLine` (`ShopAccountJournalLine_ID`) ON DELETE SET NULL,
  CONSTRAINT `ShopWAWIDelivery_ShopWAWIJournal_3` FOREIGN KEY (`ShopWAWIDelivery_ID`) REFERENCES `ShopWAWIDelivery` (`ShopWAWIDelivery_ID`) ON DELETE SET NULL,
  CONSTRAINT `ShopWAWIJournalType_ShopWAWIJournal_2` FOREIGN KEY (`ShopWAWIJournalType_Code`) REFERENCES `ShopWAWIJournalType` (`ShopWAWIJournalType_Code`),
  CONSTRAINT `ShopWAWIJournal_ibfk_1` FOREIGN KEY (`Person_ID_Edit`) REFERENCES `Person` (`Person_ID`) ON DELETE NO ACTION ON UPDATE NO ACTION,
  CONSTRAINT `ShopWAWIJournal_ibfk_2` FOREIGN KEY (`Person_ID_Create`) REFERENCES `Person` (`Person_ID`) ON DELETE NO ACTION ON UPDATE NO ACTION,
  CONSTRAINT `ShopWAWIProduct_ShopWAWIJournal_1` FOREIGN KEY (`ShopWAWIProduct_ID`) REFERENCES `ShopWAWIProduct` (`ShopWAWIProduct_ID`) ON DELETE CASCADE
) ENGINE=InnoDB AUTO_INCREMENT=1530 DEFAULT CHARSET=utf8;

--
-- Dumping data for table `ShopWAWIJournal`
--

INSERT INTO `ShopWAWIJournal` VALUES (280,195,'packening',NULL,NULL,'2016-02-05 13:35:45','Bestell-Nr.: 000012',NULL,-1,9999999,NULL,9,'2016-02-05 12:35:45',9,'2016-02-05 12:35:45'),(281,195,'packening',NULL,NULL,'2016-02-26 11:23:43','Bestell-Nr.: 000045',NULL,-1,9999998,NULL,2,'2016-02-26 10:23:43',2,'2016-02-26 10:23:43'),(282,228,'backendchange',NULL,NULL,'2016-03-03 17:28:42',NULL,NULL,9999999,0,NULL,2,'2016-03-03 16:28:42',2,'2016-03-03 16:28:42'),(283,195,'packening',NULL,NULL,'2016-03-17 18:40:25','Bestell-Nr.: 000088',NULL,-1,9999997,NULL,2,'2016-03-17 17:40:25',2,'2016-03-17 17:40:25'),(284,195,'packening',NULL,NULL,'2016-03-17 18:40:25','Bestell-Nr.: 000088',NULL,-1,9999996,NULL,2,'2016-03-17 17:40:25',2,'2016-03-17 17:40:25'),(285,195,'packening',NULL,NULL,'2016-03-18 10:29:07','Bestell-Nr.: 000090',NULL,-1,9999995,NULL,2,'2016-03-18 09:29:07',2,'2016-03-18 09:29:07'),(286,195,'packening',NULL,NULL,'2016-03-18 16:03:29','Bestell-Nr.: 000040',NULL,-1,9999994,NULL,9,'2016-03-18 15:03:29',9,'2016-03-18 15:03:29'),(287,195,'packening',NULL,NULL,'2016-03-18 16:03:32','Bestell-Nr.: 000063',NULL,-1,9999993,NULL,9,'2016-03-18 15:03:32',9,'2016-03-18 15:03:32'),(288,195,'packening',NULL,NULL,'2016-03-18 16:03:33','Bestell-Nr.: 000081',NULL,-1,9999992,NULL,9,'2016-03-18 15:03:33',9,'2016-03-18 15:03:33'),(289,195,'packening',NULL,NULL,'2016-03-18 16:03:34','Bestell-Nr.: 000081',NULL,-1,9999991,NULL,9,'2016-03-18 15:03:33',9,'2016-03-18 15:03:33'),(290,195,'packening',NULL,NULL,'2016-03-18 16:03:34','Bestell-Nr.: 000081',NULL,-1,9999990,NULL,9,'2016-03-18 15:03:34',9,'2016-03-18 15:03:34'),(291,195,'packening',NULL,NULL,'2016-03-18 16:03:34','Bestell-Nr.: 000081',NULL,-1,9999989,NULL,9,'2016-03-18 15:03:34',9,'2016-03-18 15:03:34'),(292,195,'packening',NULL,NULL,'2016-03-18 16:03:34','Bestell-Nr.: 000096',NULL,-1,9999988,NULL,9,'2016-03-18 15:03:34',9,'2016-03-18 15:03:34'),(293,195,'packening',NULL,NULL,'2016-03-21 09:08:10','Bestell-Nr.: 000095',NULL,-1,9999987,NULL,9,'2016-03-21 08:08:10',9,'2016-03-21 08:08:10'),(294,195,'packening',NULL,NULL,'2016-03-21 09:08:10','Bestell-Nr.: 000095',NULL,-1,9999986,NULL,9,'2016-03-21 08:08:10',9,'2016-03-21 08:08:10'),(295,195,'packening',NULL,NULL,'2016-03-21 09:08:14','Bestell-Nr.: 000041',NULL,-1,9999985,NULL,9,'2016-03-21 08:08:14',9,'2016-03-21 08:08:14'),(296,195,'packening',NULL,NULL,'2016-03-21 09:08:14','Bestell-Nr.: 000041',NULL,-1,9999984,NULL,9,'2016-03-21 08:08:14',9,'2016-03-21 08:08:14'),(297,195,'packening',NULL,NULL,'2016-03-21 09:08:14','Bestell-Nr.: 000041',NULL,-1,9999983,NULL,9,'2016-03-21 08:08:14',9,'2016-03-21 08:08:14'),(298,195,'packening',NULL,NULL,'2016-03-22 15:33:16','Bestell-Nr.: 000042',NULL,-1,9999982,NULL,9,'2016-03-22 14:33:16',9,'2016-03-22 14:33:16'),(299,195,'packening',NULL,NULL,'2016-03-22 15:33:18','Bestell-Nr.: 000054',NULL,-1,9999981,NULL,9,'2016-03-22 14:33:18',9,'2016-03-22 14:33:18'),(300,195,'packening',NULL,NULL,'2016-03-22 15:33:19','Bestell-Nr.: 000058',NULL,-1,9999980,NULL,9,'2016-03-22 14:33:19',9,'2016-03-22 14:33:19'),(301,195,'packening',NULL,NULL,'2016-03-22 15:33:20','Bestell-Nr.: 000063',NULL,-1,9999979,NULL,9,'2016-03-22 14:33:20',9,'2016-03-22 14:33:20'),(302,195,'packening',NULL,NULL,'2016-03-22 15:33:21','Bestell-Nr.: 000071',NULL,-1,9999978,NULL,9,'2016-03-22 14:33:21',9,'2016-03-22 14:33:21'),(303,195,'packening',NULL,NULL,'2016-03-22 15:33:21','Bestell-Nr.: 000071',NULL,-1,9999977,NULL,9,'2016-03-22 14:33:21',9,'2016-03-22 14:33:21'),(304,195,'packening',NULL,NULL,'2016-03-22 15:33:21','Bestell-Nr.: 000072',NULL,-1,9999976,NULL,9,'2016-03-22 14:33:21',9,'2016-03-22 14:33:21'),(305,195,'packening',NULL,NULL,'2016-03-22 15:33:21','Bestell-Nr.: 000072',NULL,-1,9999975,NULL,9,'2016-03-22 14:33:21',9,'2016-03-22 14:33:21'),(306,195,'packening',NULL,NULL,'2016-03-22 15:33:21','Bestell-Nr.: 000072',NULL,-1,9999974,NULL,9,'2016-03-22 14:33:21',9,'2016-03-22 14:33:21'),(307,195,'packening',NULL,NULL,'2016-03-22 15:33:21','Bestell-Nr.: 000072',NULL,-1,9999973,NULL,9,'2016-03-22 14:33:21',9,'2016-03-22 14:33:21'),(308,195,'packening',NULL,NULL,'2016-03-22 15:33:22','Bestell-Nr.: 000073',NULL,-1,9999972,NULL,9,'2016-03-22 14:33:22',9,'2016-03-22 14:33:22'),(309,195,'packening',NULL,NULL,'2016-03-22 15:33:22','Bestell-Nr.: 000073',NULL,-1,9999971,NULL,9,'2016-03-22 14:33:22',9,'2016-03-22 14:33:22'),(310,195,'packening',NULL,NULL,'2016-03-22 15:33:22','Bestell-Nr.: 000073',NULL,-1,9999970,NULL,9,'2016-03-22 14:33:22',9,'2016-03-22 14:33:22'),(311,195,'packening',NULL,NULL,'2016-03-22 15:33:22','Bestell-Nr.: 000073',NULL,-1,9999969,NULL,9,'2016-03-22 14:33:22',9,'2016-03-22 14:33:22'),(312,195,'packening',NULL,NULL,'2016-03-22 15:33:23','Bestell-Nr.: 000074',NULL,-1,9999968,NULL,9,'2016-03-22 14:33:23',9,'2016-03-22 14:33:23'),(313,195,'packening',NULL,NULL,'2016-03-22 15:33:23','Bestell-Nr.: 000074',NULL,-1,9999967,NULL,9,'2016-03-22 14:33:23',9,'2016-03-22 14:33:23'),(314,195,'packening',NULL,NULL,'2016-03-22 15:33:23','Bestell-Nr.: 000074',NULL,-1,9999966,NULL,9,'2016-03-22 14:33:23',9,'2016-03-22 14:33:23'),(315,195,'packening',NULL,NULL,'2016-03-22 15:33:23','Bestell-Nr.: 000074',NULL,-1,9999965,NULL,9,'2016-03-22 14:33:23',9,'2016-03-22 14:33:23'),(316,195,'packening',NULL,NULL,'2016-03-22 15:33:23','Bestell-Nr.: 000075',NULL,-1,9999964,NULL,9,'2016-03-22 14:33:23',9,'2016-03-22 14:33:23'),(317,195,'packening',NULL,NULL,'2016-03-22 15:33:23','Bestell-Nr.: 000075',NULL,-1,9999963,NULL,9,'2016-03-22 14:33:23',9,'2016-03-22 14:33:23'),(318,195,'packening',NULL,NULL,'2016-03-22 15:33:23','Bestell-Nr.: 000075',NULL,-1,9999962,NULL,9,'2016-03-22 14:33:23',9,'2016-03-22 14:33:23'),(319,195,'packening',NULL,NULL,'2016-03-22 15:33:23','Bestell-Nr.: 000075',NULL,-1,9999961,NULL,9,'2016-03-22 14:33:23',9,'2016-03-22 14:33:23'),(320,195,'packening',NULL,NULL,'2016-03-22 15:33:24','Bestell-Nr.: 000076',NULL,-1,9999960,NULL,9,'2016-03-22 14:33:24',9,'2016-03-22 14:33:24'),(321,195,'packening',NULL,NULL,'2016-03-22 15:33:24','Bestell-Nr.: 000076',NULL,-1,9999959,NULL,9,'2016-03-22 14:33:24',9,'2016-03-22 14:33:24'),(322,195,'packening',NULL,NULL,'2016-03-22 15:33:24','Bestell-Nr.: 000076',NULL,-1,9999958,NULL,9,'2016-03-22 14:33:24',9,'2016-03-22 14:33:24'),(323,195,'packening',NULL,NULL,'2016-03-22 15:33:25','Bestell-Nr.: 000076',NULL,-1,9999957,NULL,9,'2016-03-22 14:33:25',9,'2016-03-22 14:33:25'),(324,195,'packening',NULL,NULL,'2016-03-22 15:33:25','Bestell-Nr.: 000077',NULL,-1,9999956,NULL,9,'2016-03-22 14:33:25',9,'2016-03-22 14:33:25'),(325,195,'packening',NULL,NULL,'2016-03-22 15:33:25','Bestell-Nr.: 000077',NULL,-1,9999955,NULL,9,'2016-03-22 14:33:25',9,'2016-03-22 14:33:25'),(326,195,'packening',NULL,NULL,'2016-03-22 15:33:25','Bestell-Nr.: 000077',NULL,-1,9999954,NULL,9,'2016-03-22 14:33:25',9,'2016-03-22 14:33:25'),(327,195,'packening',NULL,NULL,'2016-03-22 15:33:25','Bestell-Nr.: 000077',NULL,-1,9999953,NULL,9,'2016-03-22 14:33:25',9,'2016-03-22 14:33:25'),(328,195,'packening',NULL,NULL,'2016-03-22 15:33:26','Bestell-Nr.: 000078',NULL,-1,9999952,NULL,9,'2016-03-22 14:33:26',9,'2016-03-22 14:33:26'),(329,195,'packening',NULL,NULL,'2016-03-22 15:33:26','Bestell-Nr.: 000078',NULL,-1,9999951,NULL,9,'2016-03-22 14:33:26',9,'2016-03-22 14:33:26'),(330,195,'packening',NULL,NULL,'2016-03-22 15:33:26','Bestell-Nr.: 000078',NULL,-1,9999950,NULL,9,'2016-03-22 14:33:26',9,'2016-03-22 14:33:26'),(331,195,'packening',NULL,NULL,'2016-03-22 15:33:26','Bestell-Nr.: 000078',NULL,-1,9999949,NULL,9,'2016-03-22 14:33:26',9,'2016-03-22 14:33:26'),(332,195,'packening',NULL,NULL,'2016-03-22 15:33:27','Bestell-Nr.: 000079',NULL,-1,9999948,NULL,9,'2016-03-22 14:33:27',9,'2016-03-22 14:33:27'),(333,195,'packening',NULL,NULL,'2016-03-22 15:33:27','Bestell-Nr.: 000079',NULL,-1,9999947,NULL,9,'2016-03-22 14:33:27',9,'2016-03-22 14:33:27'),(334,195,'packening',NULL,NULL,'2016-03-22 15:33:27','Bestell-Nr.: 000079',NULL,-1,9999946,NULL,9,'2016-03-22 14:33:27',9,'2016-03-22 14:33:27'),(335,195,'packening',NULL,NULL,'2016-03-22 15:33:27','Bestell-Nr.: 000079',NULL,-1,9999945,NULL,9,'2016-03-22 14:33:27',9,'2016-03-22 14:33:27'),(336,195,'packening',NULL,NULL,'2016-03-22 15:33:28','Bestell-Nr.: 000080',NULL,-1,9999944,NULL,9,'2016-03-22 14:33:28',9,'2016-03-22 14:33:28'),(337,195,'packening',NULL,NULL,'2016-03-22 15:33:28','Bestell-Nr.: 000080',NULL,-1,9999943,NULL,9,'2016-03-22 14:33:28',9,'2016-03-22 14:33:28'),(338,195,'packening',NULL,NULL,'2016-03-22 15:33:28','Bestell-Nr.: 000080',NULL,-1,9999942,NULL,9,'2016-03-22 14:33:28',9,'2016-03-22 14:33:28'),(339,195,'packening',NULL,NULL,'2016-03-22 15:33:28','Bestell-Nr.: 000080',NULL,-1,9999941,NULL,9,'2016-03-22 14:33:28',9,'2016-03-22 14:33:28'),(340,195,'packening',NULL,NULL,'2016-03-22 15:33:29','Bestell-Nr.: 000092',NULL,-1,9999940,NULL,9,'2016-03-22 14:33:29',9,'2016-03-22 14:33:29'),(341,201,'packening',NULL,NULL,'2016-03-22 15:33:29','Bestell-Nr.: 000092',NULL,-1,999999,NULL,9,'2016-03-22 14:33:29',9,'2016-03-22 14:33:29'),(342,201,'packening',NULL,NULL,'2016-03-22 15:33:29','Bestell-Nr.: 000092',NULL,-1,999998,NULL,9,'2016-03-22 14:33:29',9,'2016-03-22 14:33:29'),(343,195,'packening',NULL,NULL,'2016-03-22 15:33:29','Bestell-Nr.: 000092',NULL,-1,9999939,NULL,9,'2016-03-22 14:33:29',9,'2016-03-22 14:33:29'),(344,195,'packening',NULL,NULL,'2016-03-22 15:33:30','Bestell-Nr.: 000093',NULL,-1,9999938,NULL,9,'2016-03-22 14:33:30',9,'2016-03-22 14:33:30'),(345,201,'packening',NULL,NULL,'2016-03-22 15:33:30','Bestell-Nr.: 000093',NULL,-1,999997,NULL,9,'2016-03-22 14:33:30',9,'2016-03-22 14:33:30'),(346,195,'packening',NULL,NULL,'2016-03-22 15:33:31','Bestell-Nr.: 000102',NULL,-1,9999937,NULL,9,'2016-03-22 14:33:31',9,'2016-03-22 14:33:31'),(347,201,'packening',NULL,NULL,'2016-03-22 15:33:31','Bestell-Nr.: 000102',NULL,-1,999996,NULL,9,'2016-03-22 14:33:31',9,'2016-03-22 14:33:31'),(348,195,'packening',NULL,NULL,'2016-03-22 15:33:32','Bestell-Nr.: 000103',NULL,-1,9999936,NULL,9,'2016-03-22 14:33:32',9,'2016-03-22 14:33:32'),(349,195,'packening',NULL,NULL,'2016-03-22 15:33:33','Bestell-Nr.: 000096',NULL,-1,9999935,NULL,9,'2016-03-22 14:33:33',9,'2016-03-22 14:33:33'),(350,195,'packening',NULL,NULL,'2016-04-08 16:26:34','Bestell-Nr.: 000122',NULL,-1,9999934,NULL,9,'2016-04-08 14:26:34',9,'2016-04-08 14:26:34'),(351,195,'packening',NULL,NULL,'2016-04-08 16:26:38','Bestell-Nr.: 000125',NULL,-1,9999933,NULL,9,'2016-04-08 14:26:38',9,'2016-04-08 14:26:38'),(352,195,'packening',NULL,NULL,'2016-04-08 16:26:38','Bestell-Nr.: 000125',NULL,-1,9999932,NULL,9,'2016-04-08 14:26:38',9,'2016-04-08 14:26:38'),(353,195,'packening',NULL,NULL,'2016-04-08 16:26:39','Bestell-Nr.: 000127',NULL,-1,9999931,NULL,9,'2016-04-08 14:26:39',9,'2016-04-08 14:26:39'),(354,195,'packening',NULL,NULL,'2016-04-08 16:26:39','Bestell-Nr.: 000128',NULL,-1,9999930,NULL,9,'2016-04-08 14:26:39',9,'2016-04-08 14:26:39'),(355,201,'packening',NULL,NULL,'2016-04-08 16:26:40','Bestell-Nr.: 000128',NULL,-1,999995,NULL,9,'2016-04-08 14:26:40',9,'2016-04-08 14:26:40'),(356,195,'packening',NULL,NULL,'2016-04-15 15:57:28','Bestell-Nr.: 000114',NULL,-1,9999929,NULL,9,'2016-04-15 13:57:28',9,'2016-04-15 13:57:28'),(357,201,'packening',NULL,NULL,'2016-04-15 15:57:28','Bestell-Nr.: 000114',NULL,-1,999994,NULL,9,'2016-04-15 13:57:28',9,'2016-04-15 13:57:28'),(358,195,'packening',NULL,NULL,'2016-05-12 16:27:29','Bestell-Nr.: 000011',NULL,-1,9999928,NULL,22,'2016-05-12 14:27:29',22,'2016-05-12 14:27:29'),(359,201,'packening',NULL,NULL,'2016-05-12 16:27:29','Bestell-Nr.: 000011',NULL,-1,999993,NULL,22,'2016-05-12 14:27:29',22,'2016-05-12 14:27:29'),(360,195,'packening',NULL,NULL,'2016-05-12 16:27:35','Bestell-Nr.: 000018',NULL,-1,9999927,NULL,22,'2016-05-12 14:27:35',22,'2016-05-12 14:27:35'),(361,195,'packening',NULL,NULL,'2016-05-12 16:27:36','Bestell-Nr.: 000012',NULL,-1,9999926,NULL,22,'2016-05-12 14:27:36',22,'2016-05-12 14:27:36'),(362,195,'packening',NULL,NULL,'2016-05-12 16:27:37','Bestell-Nr.: 000019',NULL,-1,9999925,NULL,22,'2016-05-12 14:27:37',22,'2016-05-12 14:27:37'),(363,201,'packening',NULL,NULL,'2016-05-12 16:27:37','Bestell-Nr.: 000019',NULL,-1,999992,NULL,22,'2016-05-12 14:27:37',22,'2016-05-12 14:27:37'),(364,195,'packening',NULL,NULL,'2016-05-19 09:09:20','Bestell-Nr.: 000003',NULL,-1,9999924,NULL,9,'2016-05-19 07:09:20',9,'2016-05-19 07:09:20'),(365,195,'packening',NULL,NULL,'2016-05-19 09:28:59','Bestell-Nr.: 000028',NULL,-1,9999923,NULL,9,'2016-05-19 07:28:59',9,'2016-05-19 07:28:59'),(366,195,'packening',NULL,NULL,'2016-05-25 10:48:12','Bestell-Nr.: 000051',NULL,-1,9999922,NULL,9,'2016-05-25 08:48:12',9,'2016-05-25 08:48:12'),(367,195,'packening',NULL,NULL,'2016-05-25 10:48:12','Bestell-Nr.: 000051',NULL,-1,9999921,NULL,9,'2016-05-25 08:48:12',9,'2016-05-25 08:48:12'),(368,201,'packening',NULL,NULL,'2016-05-25 10:48:12','Bestell-Nr.: 000051',NULL,-1,999991,NULL,9,'2016-05-25 08:48:12',9,'2016-05-25 08:48:12'),(369,195,'packening',NULL,NULL,'2016-05-25 10:48:15','Bestell-Nr.: 000038',NULL,-1,9999920,NULL,9,'2016-05-25 08:48:15',9,'2016-05-25 08:48:15'),(370,195,'packening',NULL,NULL,'2016-05-25 10:48:16','Bestell-Nr.: 000041',NULL,-1,9999919,NULL,9,'2016-05-25 08:48:16',9,'2016-05-25 08:48:16'),(371,195,'packening',NULL,NULL,'2016-05-25 10:48:16','Bestell-Nr.: 000041',NULL,-1,9999918,NULL,9,'2016-05-25 08:48:16',9,'2016-05-25 08:48:16'),(372,195,'packening',NULL,NULL,'2016-05-25 10:48:16','Bestell-Nr.: 000055',NULL,-1,9999917,NULL,9,'2016-05-25 08:48:16',9,'2016-05-25 08:48:16'),(373,195,'packening',NULL,NULL,'2016-06-01 11:16:11','Bestell-Nr.: 000021',NULL,-1,9999916,NULL,9,'2016-06-01 09:16:11',9,'2016-06-01 09:16:11'),(374,195,'packening',NULL,NULL,'2016-06-01 11:16:27','Bestell-Nr.: 000036',NULL,-1,9999915,NULL,9,'2016-06-01 09:16:27',9,'2016-06-01 09:16:27'),(375,195,'packening',NULL,NULL,'2016-06-01 11:16:40','Bestell-Nr.: 000069',NULL,-1,9999914,NULL,9,'2016-06-01 09:16:40',9,'2016-06-01 09:16:40'),(376,195,'packening',NULL,NULL,'2016-06-02 14:40:11','Bestell-Nr.: 000054',NULL,-1,9999913,NULL,9,'2016-06-02 12:40:11',9,'2016-06-02 12:40:11'),(377,201,'packening',NULL,NULL,'2016-06-02 14:40:11','Bestell-Nr.: 000054',NULL,-2,999990,NULL,9,'2016-06-02 12:40:11',9,'2016-06-02 12:40:11'),(378,195,'packening',NULL,NULL,'2016-06-06 16:01:49','Bestell-Nr.: 000046',NULL,-1,9999912,NULL,9,'2016-06-06 14:01:49',9,'2016-06-06 14:01:49'),(379,195,'packening',NULL,NULL,'2016-06-06 16:01:56','Bestell-Nr.: 000076',NULL,-1,9999911,NULL,9,'2016-06-06 14:01:56',9,'2016-06-06 14:01:56'),(380,195,'packening',NULL,NULL,'2016-06-06 16:01:56','Bestell-Nr.: 000076',NULL,-2,9999910,NULL,9,'2016-06-06 14:01:56',9,'2016-06-06 14:01:56'),(381,195,'packening',NULL,NULL,'2016-06-06 16:01:56','Bestell-Nr.: 000076',NULL,-1,9999908,NULL,9,'2016-06-06 14:01:56',9,'2016-06-06 14:01:56'),(382,195,'packening',NULL,NULL,'2016-06-08 11:11:18','Bestell-Nr.: 000073',NULL,-1,9999907,NULL,9,'2016-06-08 09:11:18',9,'2016-06-08 09:11:18'),(383,195,'packening',NULL,NULL,'2016-06-08 16:53:59','Bestell-Nr.: 000077',NULL,-1,9999906,NULL,9,'2016-06-08 14:53:59',9,'2016-06-08 14:53:59'),(384,201,'packening',NULL,NULL,'2016-06-08 16:53:59','Bestell-Nr.: 000077',NULL,-2,999988,NULL,9,'2016-06-08 14:53:59',9,'2016-06-08 14:53:59'),(385,195,'packening',NULL,NULL,'2016-06-08 16:53:59','Bestell-Nr.: 000077',NULL,-1,9999905,NULL,9,'2016-06-08 14:53:59',9,'2016-06-08 14:53:59'),(386,201,'packening',NULL,NULL,'2016-06-13 11:43:39','Bestell-Nr.: 000056',NULL,-1,999986,NULL,9,'2016-06-13 09:43:39',9,'2016-06-13 09:43:39'),(387,195,'packening',NULL,NULL,'2016-06-13 11:43:39','Bestell-Nr.: 000056',NULL,-1,9999904,NULL,9,'2016-06-13 09:43:39',9,'2016-06-13 09:43:39'),(388,195,'packening',NULL,NULL,'2016-06-13 11:43:43','Bestell-Nr.: 000086',NULL,-1,9999903,NULL,9,'2016-06-13 09:43:43',9,'2016-06-13 09:43:43'),(389,201,'packening',NULL,NULL,'2016-06-13 11:43:43','Bestell-Nr.: 000086',NULL,-2,999985,NULL,9,'2016-06-13 09:43:43',9,'2016-06-13 09:43:43'),(390,195,'packening',NULL,NULL,'2016-06-16 14:44:50','Bestell-Nr.: 000092',NULL,-1,9999902,NULL,9,'2016-06-16 12:44:50',9,'2016-06-16 12:44:50'),(391,201,'packening',NULL,NULL,'2016-06-16 14:44:50','Bestell-Nr.: 000092',NULL,-1,999983,NULL,9,'2016-06-16 12:44:50',9,'2016-06-16 12:44:50'),(392,195,'packening',NULL,NULL,'2016-06-16 14:45:48','Bestell-Nr.: 000114',NULL,-1,9999901,NULL,9,'2016-06-16 12:45:48',9,'2016-06-16 12:45:48'),(393,201,'packening',NULL,NULL,'2016-06-16 14:45:48','Bestell-Nr.: 000114',NULL,-1,999982,NULL,9,'2016-06-16 12:45:48',9,'2016-06-16 12:45:48'),(394,195,'packening',NULL,NULL,'2016-06-16 14:45:48','Bestell-Nr.: 000114',NULL,-1,9999900,NULL,9,'2016-06-16 12:45:48',9,'2016-06-16 12:45:48'),(395,195,'packening',NULL,NULL,'2016-06-28 15:52:20','Bestell-Nr.: 000130',NULL,-1,9999899,NULL,9,'2016-06-28 13:52:20',9,'2016-06-28 13:52:20'),(396,201,'packening',NULL,NULL,'2016-06-28 15:52:20','Bestell-Nr.: 000130',NULL,-1,999981,NULL,9,'2016-06-28 13:52:20',9,'2016-06-28 13:52:20'),(397,195,'packening',NULL,NULL,'2016-06-29 15:56:58','Bestell-Nr.: 000103',NULL,-1,9999898,NULL,9,'2016-06-29 13:56:58',9,'2016-06-29 13:56:58'),(398,195,'packening',NULL,NULL,'2016-06-29 15:56:58','Bestell-Nr.: 000103',NULL,-1,9999897,NULL,9,'2016-06-29 13:56:58',9,'2016-06-29 13:56:58'),(399,195,'packening',NULL,NULL,'2016-06-29 15:58:08','Bestell-Nr.: 000033',NULL,-1,9999896,NULL,9,'2016-06-29 13:58:08',9,'2016-06-29 13:58:08'),(400,195,'packening',NULL,NULL,'2016-06-29 15:59:48','Bestell-Nr.: 000183',NULL,-1,9999895,NULL,9,'2016-06-29 13:59:48',9,'2016-06-29 13:59:48'),(401,195,'packening',NULL,NULL,'2016-06-30 13:10:00','Bestell-Nr.: 000078',NULL,-1,9999894,NULL,9,'2016-06-30 11:10:00',9,'2016-06-30 11:10:00'),(402,195,'packening',NULL,NULL,'2016-06-30 13:10:00','Bestell-Nr.: 000078',NULL,-1,9999893,NULL,9,'2016-06-30 11:10:00',9,'2016-06-30 11:10:00'),(403,195,'packening',NULL,NULL,'2016-06-30 13:11:08','Bestell-Nr.: 000117',NULL,-1,9999892,NULL,9,'2016-06-30 11:11:08',9,'2016-06-30 11:11:08'),(404,201,'packening',NULL,NULL,'2016-06-30 13:11:08','Bestell-Nr.: 000117',NULL,-2,999980,NULL,9,'2016-06-30 11:11:08',9,'2016-06-30 11:11:08'),(405,195,'packening',NULL,NULL,'2016-07-05 16:32:33','Bestell-Nr.: 000115',NULL,-1,9999891,NULL,9,'2016-07-05 14:32:33',9,'2016-07-05 14:32:33'),(406,195,'packening',NULL,NULL,'2016-07-08 15:13:03','Bestell-Nr.: 000204',NULL,-1,9999890,NULL,9,'2016-07-08 13:13:03',9,'2016-07-08 13:13:03'),(407,195,'packening',NULL,NULL,'2016-07-08 15:13:03','Bestell-Nr.: 000204',NULL,-1,9999889,NULL,9,'2016-07-08 13:13:03',9,'2016-07-08 13:13:03'),(408,195,'packening',NULL,NULL,'2016-07-08 15:13:03','Bestell-Nr.: 000204',NULL,-1,9999888,NULL,9,'2016-07-08 13:13:03',9,'2016-07-08 13:13:03'),(409,195,'packening',NULL,NULL,'2016-07-08 15:13:03','Bestell-Nr.: 000204',NULL,-1,9999887,NULL,9,'2016-07-08 13:13:03',9,'2016-07-08 13:13:03'),(410,195,'packening',NULL,NULL,'2016-07-08 15:13:03','Bestell-Nr.: 000204',NULL,-1,9999886,NULL,9,'2016-07-08 13:13:03',9,'2016-07-08 13:13:03'),(411,195,'packening',NULL,NULL,'2016-07-08 15:16:57','Bestell-Nr.: 000127',NULL,-1,9999885,NULL,9,'2016-07-08 13:16:57',9,'2016-07-08 13:16:57'),(412,201,'packening',NULL,NULL,'2016-07-08 15:16:57','Bestell-Nr.: 000127',NULL,-1,999978,NULL,9,'2016-07-08 13:16:57',9,'2016-07-08 13:16:57'),(413,195,'packening',NULL,NULL,'2016-07-13 14:01:36','Bestell-Nr.: 000233',NULL,-1,9999884,NULL,9,'2016-07-13 12:01:36',9,'2016-07-13 12:01:36'),(414,195,'packening',NULL,NULL,'2016-07-19 08:46:37','Bestell-Nr.: 000214',NULL,-1,9999883,NULL,9,'2016-07-19 06:46:37',9,'2016-07-19 06:46:37'),(415,201,'packening',NULL,NULL,'2016-07-19 08:46:37','Bestell-Nr.: 000214',NULL,-2,999977,NULL,9,'2016-07-19 06:46:37',9,'2016-07-19 06:46:37'),(416,195,'packening',NULL,NULL,'2016-07-20 14:28:57','Bestell-Nr.: 000238',NULL,-1,9999882,NULL,9,'2016-07-20 12:28:57',9,'2016-07-20 12:28:57'),(417,195,'packening',NULL,NULL,'2016-07-20 14:45:58','Bestell-Nr.: 000229',NULL,-1,9999881,NULL,9,'2016-07-20 12:45:58',9,'2016-07-20 12:45:58'),(418,195,'packening',NULL,NULL,'2016-07-20 14:45:58','Bestell-Nr.: 000229',NULL,-1,9999880,NULL,9,'2016-07-20 12:45:58',9,'2016-07-20 12:45:58'),(419,195,'packening',NULL,NULL,'2016-07-20 14:45:58','Bestell-Nr.: 000229',NULL,-1,9999879,NULL,9,'2016-07-20 12:45:58',9,'2016-07-20 12:45:58'),(420,195,'packening',NULL,NULL,'2016-07-20 14:45:58','Bestell-Nr.: 000229',NULL,-1,9999878,NULL,9,'2016-07-20 12:45:58',9,'2016-07-20 12:45:58'),(421,195,'packening',NULL,NULL,'2016-07-21 13:29:21','Bestell-Nr.: 000235',NULL,-1,9999877,NULL,9,'2016-07-21 11:29:21',9,'2016-07-21 11:29:21'),(422,195,'packening',NULL,NULL,'2016-07-21 13:33:07','Bestell-Nr.: 000236',NULL,-1,9999876,NULL,9,'2016-07-21 11:33:07',9,'2016-07-21 11:33:07'),(423,195,'packening',NULL,NULL,'2016-07-21 13:36:25','Bestell-Nr.: 000231',NULL,-1,9999875,NULL,9,'2016-07-21 11:36:25',9,'2016-07-21 11:36:25'),(424,195,'packening',NULL,NULL,'2016-07-22 11:53:57','Bestell-Nr.: 000250',NULL,-1,9999874,NULL,9,'2016-07-22 09:53:57',9,'2016-07-22 09:53:57'),(425,195,'packening',NULL,NULL,'2016-07-22 11:54:01','Bestell-Nr.: 000241',NULL,-1,9999873,NULL,9,'2016-07-22 09:54:01',9,'2016-07-22 09:54:01'),(426,195,'packening',NULL,NULL,'2016-07-25 14:58:48','Bestell-Nr.: 000226',NULL,-1,9999872,NULL,9,'2016-07-25 12:58:48',9,'2016-07-25 12:58:48'),(427,201,'packening',NULL,NULL,'2016-07-25 14:58:48','Bestell-Nr.: 000226',NULL,-1,999975,NULL,9,'2016-07-25 12:58:48',9,'2016-07-25 12:58:48'),(428,195,'packening',NULL,NULL,'2016-07-25 14:58:48','Bestell-Nr.: 000226',NULL,-1,9999871,NULL,9,'2016-07-25 12:58:48',9,'2016-07-25 12:58:48'),(429,195,'packening',NULL,NULL,'2016-07-28 11:02:03','Bestell-Nr.: 000266',NULL,-1,9999870,NULL,9,'2016-07-28 09:02:03',9,'2016-07-28 09:02:03'),(430,195,'packening',NULL,NULL,'2016-08-03 13:54:07','Bestell-Nr.: 000265',NULL,-1,9999869,NULL,9,'2016-08-03 11:54:07',9,'2016-08-03 11:54:07'),(431,195,'packening',NULL,NULL,'2016-08-03 13:54:09','Bestell-Nr.: 000258',NULL,-1,9999868,NULL,9,'2016-08-03 11:54:09',9,'2016-08-03 11:54:09'),(432,201,'packening',NULL,NULL,'2016-08-03 13:54:10','Bestell-Nr.: 000258',NULL,-1,999974,NULL,9,'2016-08-03 11:54:10',9,'2016-08-03 11:54:10'),(433,195,'packening',NULL,NULL,'2016-08-03 13:54:11','Bestell-Nr.: 000263',NULL,-1,9999867,NULL,9,'2016-08-03 11:54:11',9,'2016-08-03 11:54:11'),(434,195,'packening',NULL,NULL,'2016-08-03 13:54:13','Bestell-Nr.: 000268',NULL,-1,9999866,NULL,9,'2016-08-03 11:54:13',9,'2016-08-03 11:54:13'),(435,195,'packening',NULL,NULL,'2016-08-03 13:54:14','Bestell-Nr.: 000269',NULL,-1,9999865,NULL,9,'2016-08-03 11:54:14',9,'2016-08-03 11:54:14'),(436,195,'packening',NULL,NULL,'2016-08-03 13:54:16','Bestell-Nr.: 000274',NULL,-1,9999864,NULL,9,'2016-08-03 11:54:16',9,'2016-08-03 11:54:16'),(437,195,'packening',NULL,NULL,'2016-08-03 13:54:17','Bestell-Nr.: 000282',NULL,-1,9999863,NULL,9,'2016-08-03 11:54:17',9,'2016-08-03 11:54:17'),(438,201,'packening',NULL,NULL,'2016-08-03 13:54:17','Bestell-Nr.: 000282',NULL,-1,999973,NULL,9,'2016-08-03 11:54:17',9,'2016-08-03 11:54:17'),(439,195,'packening',NULL,NULL,'2016-08-09 09:06:24','Bestell-Nr.: 000217',NULL,-1,9999862,NULL,9,'2016-08-09 07:06:24',9,'2016-08-09 07:06:24'),(440,195,'packening',NULL,NULL,'2016-08-09 09:06:26','Bestell-Nr.: 000287',NULL,-1,9999861,NULL,9,'2016-08-09 07:06:26',9,'2016-08-09 07:06:26'),(441,195,'packening',NULL,NULL,'2016-08-09 09:06:26','Bestell-Nr.: 000287',NULL,-1,9999860,NULL,9,'2016-08-09 07:06:26',9,'2016-08-09 07:06:26'),(442,195,'packening',NULL,NULL,'2016-08-09 09:06:26','Bestell-Nr.: 000287',NULL,-1,9999859,NULL,9,'2016-08-09 07:06:26',9,'2016-08-09 07:06:26'),(443,195,'packening',NULL,NULL,'2016-08-09 09:06:29','Bestell-Nr.: 000273',NULL,-1,9999858,NULL,9,'2016-08-09 07:06:29',9,'2016-08-09 07:06:29'),(444,195,'packening',NULL,NULL,'2016-08-09 09:11:52','Bestell-Nr.: 000289',NULL,-1,9999857,NULL,9,'2016-08-09 07:11:52',9,'2016-08-09 07:11:52'),(445,201,'packening',NULL,NULL,'2016-08-09 09:11:52','Bestell-Nr.: 000289',NULL,-1,999972,NULL,9,'2016-08-09 07:11:52',9,'2016-08-09 07:11:52'),(446,195,'packening',NULL,NULL,'2016-08-10 08:57:33','Bestell-Nr.: 000292',NULL,-1,9999856,NULL,9,'2016-08-10 06:57:33',9,'2016-08-10 06:57:33'),(447,201,'packening',NULL,NULL,'2016-08-10 08:57:33','Bestell-Nr.: 000292',NULL,-1,999971,NULL,9,'2016-08-10 06:57:33',9,'2016-08-10 06:57:33'),(448,195,'packening',NULL,NULL,'2016-08-11 14:14:35','Bestell-Nr.: 000298',NULL,-1,9999855,NULL,9,'2016-08-11 12:14:35',9,'2016-08-11 12:14:35'),(449,195,'packening',NULL,NULL,'2016-08-11 14:16:36','Bestell-Nr.: 000300',NULL,-1,9999854,NULL,9,'2016-08-11 12:16:36',9,'2016-08-11 12:16:36'),(450,195,'packening',NULL,NULL,'2016-08-11 14:17:31','Bestell-Nr.: 000196',NULL,-1,9999853,NULL,9,'2016-08-11 12:17:31',9,'2016-08-11 12:17:31'),(451,195,'packening',NULL,NULL,'2016-08-11 14:17:31','Bestell-Nr.: 000196',NULL,-1,9999852,NULL,9,'2016-08-11 12:17:31',9,'2016-08-11 12:17:31'),(452,195,'packening',NULL,NULL,'2016-08-11 14:17:31','Bestell-Nr.: 000196',NULL,-1,9999851,NULL,9,'2016-08-11 12:17:31',9,'2016-08-11 12:17:31'),(453,195,'packening',NULL,NULL,'2016-08-18 14:50:34','Bestell-Nr.: 000261',NULL,-1,9999850,NULL,9,'2016-08-18 12:50:34',9,'2016-08-18 12:50:34'),(454,195,'packening',NULL,NULL,'2016-08-18 14:50:34','Bestell-Nr.: 000261',NULL,-1,9999849,NULL,9,'2016-08-18 12:50:34',9,'2016-08-18 12:50:34'),(455,195,'packening',NULL,NULL,'2016-08-18 14:50:36','Bestell-Nr.: 000096',NULL,-1,9999848,NULL,9,'2016-08-18 12:50:36',9,'2016-08-18 12:50:36'),(456,195,'packening',NULL,NULL,'2016-08-18 14:50:36','Bestell-Nr.: 000096',NULL,-1,9999847,NULL,9,'2016-08-18 12:50:36',9,'2016-08-18 12:50:36'),(457,195,'packening',NULL,NULL,'2016-08-18 14:50:37','Bestell-Nr.: 000302',NULL,-1,9999846,NULL,9,'2016-08-18 12:50:37',9,'2016-08-18 12:50:37'),(458,195,'packening',NULL,NULL,'2016-08-18 14:50:38','Bestell-Nr.: 000310',NULL,-1,9999845,NULL,9,'2016-08-18 12:50:38',9,'2016-08-18 12:50:38'),(459,201,'packening',NULL,NULL,'2016-08-18 14:50:38','Bestell-Nr.: 000310',NULL,-1,999970,NULL,9,'2016-08-18 12:50:38',9,'2016-08-18 12:50:38'),(460,195,'packening',NULL,NULL,'2016-08-18 14:50:39','Bestell-Nr.: 000311',NULL,-1,9999844,NULL,9,'2016-08-18 12:50:39',9,'2016-08-18 12:50:39'),(461,201,'packening',NULL,NULL,'2016-08-18 14:50:39','Bestell-Nr.: 000311',NULL,-1,999969,NULL,9,'2016-08-18 12:50:39',9,'2016-08-18 12:50:39'),(462,195,'packening',NULL,NULL,'2016-08-18 14:50:41','Bestell-Nr.: 000313',NULL,-1,9999843,NULL,9,'2016-08-18 12:50:41',9,'2016-08-18 12:50:41'),(463,195,'packening',NULL,NULL,'2016-08-18 14:50:42','Bestell-Nr.: 000312',NULL,-1,9999842,NULL,9,'2016-08-18 12:50:42',9,'2016-08-18 12:50:42'),(464,195,'packening',NULL,NULL,'2016-08-18 14:50:43','Bestell-Nr.: 000317',NULL,-1,9999841,NULL,9,'2016-08-18 12:50:43',9,'2016-08-18 12:50:43'),(465,195,'packening',NULL,NULL,'2016-08-18 14:50:43','Bestell-Nr.: 000317',NULL,-1,9999840,NULL,9,'2016-08-18 12:50:43',9,'2016-08-18 12:50:43'),(466,195,'packening',NULL,NULL,'2016-08-18 14:50:43','Bestell-Nr.: 000317',NULL,-1,9999839,NULL,9,'2016-08-18 12:50:43',9,'2016-08-18 12:50:43'),(467,195,'packening',NULL,NULL,'2016-08-18 15:12:13','Bestell-Nr.: 000306',NULL,-1,9999838,NULL,9,'2016-08-18 13:12:13',9,'2016-08-18 13:12:13'),(468,195,'packening',NULL,NULL,'2016-08-29 11:15:37','Bestell-Nr.: 000308',NULL,-1,9999837,NULL,9,'2016-08-29 09:15:37',9,'2016-08-29 09:15:37'),(469,201,'packening',NULL,NULL,'2016-08-29 11:15:37','Bestell-Nr.: 000308',NULL,-1,999968,NULL,9,'2016-08-29 09:15:37',9,'2016-08-29 09:15:37'),(470,195,'packening',NULL,NULL,'2016-08-29 11:15:41','Bestell-Nr.: 000275',NULL,-1,9999836,NULL,9,'2016-08-29 09:15:41',9,'2016-08-29 09:15:41'),(471,195,'packening',NULL,NULL,'2016-08-29 11:15:43','Bestell-Nr.: 000320',NULL,-1,9999835,NULL,9,'2016-08-29 09:15:43',9,'2016-08-29 09:15:43'),(472,195,'packening',NULL,NULL,'2016-08-29 11:15:43','Bestell-Nr.: 000320',NULL,-1,9999834,NULL,9,'2016-08-29 09:15:43',9,'2016-08-29 09:15:43'),(473,195,'packening',NULL,NULL,'2016-08-29 11:15:43','Bestell-Nr.: 000320',NULL,-1,9999833,NULL,9,'2016-08-29 09:15:43',9,'2016-08-29 09:15:43'),(474,195,'packening',NULL,NULL,'2016-08-29 15:35:51','Bestell-Nr.: 000267',NULL,-1,9999832,NULL,9,'2016-08-29 13:35:51',9,'2016-08-29 13:35:51'),(475,248,'korrektur',NULL,NULL,'2016-08-29 15:38:30','Easylager',NULL,1,0,NULL,9,'2016-08-29 13:38:30',9,'2016-08-29 13:38:30'),(476,250,'korrektur',NULL,NULL,'2016-08-29 15:38:37','Easylager',NULL,1,0,NULL,9,'2016-08-29 13:38:37',9,'2016-08-29 13:38:37'),(477,248,'packening',NULL,NULL,'2016-08-29 15:38:51','Bestell-Nr.: 000267',NULL,-1,1,NULL,9,'2016-08-29 13:38:51',9,'2016-08-29 13:38:51'),(478,250,'packening',NULL,NULL,'2016-08-29 15:38:51','Bestell-Nr.: 000267',NULL,-1,1,NULL,9,'2016-08-29 13:38:51',9,'2016-08-29 13:38:51'),(479,195,'packening',NULL,NULL,'2016-09-02 13:24:45','Bestell-Nr.: 000336',NULL,-1,9999831,NULL,9,'2016-09-02 11:24:45',9,'2016-09-02 11:24:45'),(480,195,'packening',NULL,NULL,'2016-09-02 13:24:47','Bestell-Nr.: 000334',NULL,-1,9999830,NULL,9,'2016-09-02 11:24:47',9,'2016-09-02 11:24:47'),(481,195,'packening',NULL,NULL,'2016-09-02 13:24:49','Bestell-Nr.: 000344',NULL,-1,9999829,NULL,9,'2016-09-02 11:24:49',9,'2016-09-02 11:24:49'),(482,195,'packening',NULL,NULL,'2016-09-06 13:47:45','Bestell-Nr.: 000341',NULL,-1,9999828,NULL,9,'2016-09-06 11:47:45',9,'2016-09-06 11:47:45'),(483,195,'packening',NULL,NULL,'2016-09-06 13:47:48','Bestell-Nr.: 000355',NULL,-1,9999827,NULL,9,'2016-09-06 11:47:48',9,'2016-09-06 11:47:48'),(484,195,'packening',NULL,NULL,'2016-09-06 13:47:50','Bestell-Nr.: 000290',NULL,-1,9999826,NULL,9,'2016-09-06 11:47:50',9,'2016-09-06 11:47:50'),(485,201,'packening',NULL,NULL,'2016-09-06 13:47:50','Bestell-Nr.: 000290',NULL,-1,999967,NULL,9,'2016-09-06 11:47:50',9,'2016-09-06 11:47:50'),(486,195,'packening',NULL,NULL,'2016-09-09 13:39:15','Bestell-Nr.: 000356',NULL,-1,9999825,NULL,9,'2016-09-09 11:39:15',9,'2016-09-09 11:39:15'),(487,201,'packening',NULL,NULL,'2016-09-09 13:39:15','Bestell-Nr.: 000356',NULL,-3,999966,NULL,9,'2016-09-09 11:39:15',9,'2016-09-09 11:39:15'),(488,195,'packening',NULL,NULL,'2016-09-09 13:39:18','Bestell-Nr.: 000382',NULL,-1,9999824,NULL,9,'2016-09-09 11:39:18',9,'2016-09-09 11:39:18'),(489,195,'packening',NULL,NULL,'2016-09-12 09:38:15','Bestell-Nr.: 000363',NULL,-1,9999823,NULL,9,'2016-09-12 07:38:15',9,'2016-09-12 07:38:15'),(490,201,'packening',NULL,NULL,'2016-09-12 09:38:15','Bestell-Nr.: 000363',NULL,-2,999963,NULL,9,'2016-09-12 07:38:15',9,'2016-09-12 07:38:15'),(491,195,'packening',NULL,NULL,'2016-09-14 08:23:25','Bestell-Nr.: 000429',NULL,-1,9999822,NULL,9,'2016-09-14 06:23:25',9,'2016-09-14 06:23:25'),(492,195,'packening',NULL,NULL,'2016-09-14 08:23:27','Bestell-Nr.: 000404',NULL,-1,9999821,NULL,9,'2016-09-14 06:23:27',9,'2016-09-14 06:23:27'),(493,201,'packening',NULL,NULL,'2016-09-14 08:23:27','Bestell-Nr.: 000404',NULL,-1,999961,NULL,9,'2016-09-14 06:23:27',9,'2016-09-14 06:23:27'),(494,195,'packening',NULL,NULL,'2016-09-14 08:33:12','Bestell-Nr.: 000401',NULL,-1,9999820,NULL,9,'2016-09-14 06:33:12',9,'2016-09-14 06:33:12'),(495,195,'packening',NULL,NULL,'2016-09-14 08:33:14','Bestell-Nr.: 000389',NULL,-1,9999819,NULL,9,'2016-09-14 06:33:14',9,'2016-09-14 06:33:14'),(496,195,'packening',NULL,NULL,'2016-09-14 14:30:31','Bestell-Nr.: 000376',NULL,-1,9999818,NULL,9,'2016-09-14 12:30:31',9,'2016-09-14 12:30:31'),(497,195,'packening',NULL,NULL,'2016-09-14 14:30:50','Bestell-Nr.: 000361',NULL,-1,9999817,NULL,9,'2016-09-14 12:30:50',9,'2016-09-14 12:30:50'),(498,195,'packening',NULL,NULL,'2016-09-14 14:30:50','Bestell-Nr.: 000361',NULL,-1,9999816,NULL,9,'2016-09-14 12:30:50',9,'2016-09-14 12:30:50'),(499,195,'packening',NULL,NULL,'2016-09-20 13:13:22','Bestell-Nr.: 000461',NULL,-1,9999815,NULL,9,'2016-09-20 11:13:22',9,'2016-09-20 11:13:22'),(500,201,'packening',NULL,NULL,'2016-09-20 13:13:22','Bestell-Nr.: 000461',NULL,-1,999960,NULL,9,'2016-09-20 11:13:22',9,'2016-09-20 11:13:22'),(501,195,'packening',NULL,NULL,'2016-09-20 13:13:24','Bestell-Nr.: 000431',NULL,-1,9999814,NULL,9,'2016-09-20 11:13:24',9,'2016-09-20 11:13:24'),(502,195,'packening',NULL,NULL,'2016-09-20 13:13:27','Bestell-Nr.: 000425',NULL,-1,9999813,NULL,9,'2016-09-20 11:13:27',9,'2016-09-20 11:13:27'),(503,195,'packening',NULL,NULL,'2016-09-20 13:22:33','Bestell-Nr.: 000409',NULL,-1,9999812,NULL,9,'2016-09-20 11:22:33',9,'2016-09-20 11:22:33'),(504,201,'packening',NULL,NULL,'2016-09-20 13:22:33','Bestell-Nr.: 000409',NULL,-3,999959,NULL,9,'2016-09-20 11:22:33',9,'2016-09-20 11:22:33'),(505,195,'packening',NULL,NULL,'2016-09-20 13:22:36','Bestell-Nr.: 000439',NULL,-1,9999811,NULL,9,'2016-09-20 11:22:36',9,'2016-09-20 11:22:36'),(506,201,'packening',NULL,NULL,'2016-09-20 13:22:36','Bestell-Nr.: 000439',NULL,-2,999956,NULL,9,'2016-09-20 11:22:36',9,'2016-09-20 11:22:36'),(507,195,'packening',NULL,NULL,'2016-09-20 13:22:39','Bestell-Nr.: 000433',NULL,-1,9999810,NULL,9,'2016-09-20 11:22:39',9,'2016-09-20 11:22:39'),(508,201,'packening',NULL,NULL,'2016-09-20 13:22:41','Bestell-Nr.: 000304',NULL,-1,999954,NULL,9,'2016-09-20 11:22:41',9,'2016-09-20 11:22:41'),(509,195,'packening',NULL,NULL,'2016-09-20 13:22:41','Bestell-Nr.: 000304',NULL,-1,9999809,NULL,9,'2016-09-20 11:22:41',9,'2016-09-20 11:22:41'),(510,195,'packening',NULL,NULL,'2016-09-20 13:22:43','Bestell-Nr.: 000464',NULL,-1,9999808,NULL,9,'2016-09-20 11:22:43',9,'2016-09-20 11:22:43'),(511,195,'packening',NULL,NULL,'2016-09-20 13:22:43','Bestell-Nr.: 000464',NULL,-1,9999807,NULL,9,'2016-09-20 11:22:43',9,'2016-09-20 11:22:43'),(512,195,'packening',NULL,NULL,'2016-09-20 14:32:04','Bestell-Nr.: 000467',NULL,-1,9999806,NULL,9,'2016-09-20 12:32:04',9,'2016-09-20 12:32:04'),(513,195,'packening',NULL,NULL,'2016-09-20 14:32:04','Bestell-Nr.: 000467',NULL,-1,9999805,NULL,9,'2016-09-20 12:32:04',9,'2016-09-20 12:32:04'),(514,242,'backendchange',NULL,NULL,'2016-09-20 14:33:35',NULL,NULL,2,0,NULL,9,'2016-09-20 12:33:35',9,'2016-09-20 12:33:35'),(515,242,'packening',NULL,NULL,'2016-09-20 14:33:48','Bestell-Nr.: 000467',NULL,-2,2,NULL,9,'2016-09-20 12:33:48',9,'2016-09-20 12:33:48'),(516,195,'packening',NULL,NULL,'2016-09-26 10:35:18','Bestell-Nr.: 000475',NULL,-1,9999804,NULL,9,'2016-09-26 08:35:18',9,'2016-09-26 08:35:18'),(517,201,'packening',NULL,NULL,'2016-09-26 10:35:18','Bestell-Nr.: 000475',NULL,-1,999953,NULL,9,'2016-09-26 08:35:18',9,'2016-09-26 08:35:18'),(518,195,'packening',NULL,NULL,'2016-09-26 10:51:33','Bestell-Nr.: 000343',NULL,-1,9999803,NULL,9,'2016-09-26 08:51:33',9,'2016-09-26 08:51:33'),(519,201,'packening',NULL,NULL,'2016-09-26 10:51:33','Bestell-Nr.: 000343',NULL,-1,999952,NULL,9,'2016-09-26 08:51:33',9,'2016-09-26 08:51:33'),(520,195,'packening',NULL,NULL,'2016-09-29 16:02:29','Bestell-Nr.: 000497',NULL,-1,9999802,NULL,9,'2016-09-29 14:02:29',9,'2016-09-29 14:02:29'),(521,201,'packening',NULL,NULL,'2016-09-29 16:02:29','Bestell-Nr.: 000497',NULL,-1,999951,NULL,9,'2016-09-29 14:02:29',9,'2016-09-29 14:02:29'),(522,195,'packening',NULL,NULL,'2016-09-29 16:02:31','Bestell-Nr.: 000493',NULL,-1,9999801,NULL,9,'2016-09-29 14:02:31',9,'2016-09-29 14:02:31'),(523,195,'packening',NULL,NULL,'2016-10-04 16:25:21','Bestell-Nr.: 000326',NULL,-1,9999800,NULL,9,'2016-10-04 14:25:21',9,'2016-10-04 14:25:21'),(524,195,'packening',NULL,NULL,'2016-10-04 16:25:23','Bestell-Nr.: 000479',NULL,-1,9999799,NULL,9,'2016-10-04 14:25:23',9,'2016-10-04 14:25:23'),(525,195,'packening',NULL,NULL,'2016-10-04 16:25:25','Bestell-Nr.: 000502',NULL,-1,9999798,NULL,9,'2016-10-04 14:25:25',9,'2016-10-04 14:25:25'),(526,195,'packening',NULL,NULL,'2016-10-04 16:25:27','Bestell-Nr.: 000506',NULL,-1,9999797,NULL,9,'2016-10-04 14:25:27',9,'2016-10-04 14:25:27'),(527,195,'packening',NULL,NULL,'2016-10-04 16:25:27','Bestell-Nr.: 000506',NULL,-1,9999796,NULL,9,'2016-10-04 14:25:27',9,'2016-10-04 14:25:27'),(528,195,'packening',NULL,NULL,'2016-10-04 16:25:27','Bestell-Nr.: 000506',NULL,-1,9999795,NULL,9,'2016-10-04 14:25:27',9,'2016-10-04 14:25:27'),(529,195,'packening',NULL,NULL,'2016-10-04 16:25:29','Bestell-Nr.: 000510',NULL,-1,9999794,NULL,9,'2016-10-04 14:25:29',9,'2016-10-04 14:25:29'),(530,195,'packening',NULL,NULL,'2016-10-04 16:25:31','Bestell-Nr.: 000350',NULL,-1,9999793,NULL,9,'2016-10-04 14:25:31',9,'2016-10-04 14:25:31'),(531,195,'packening',NULL,NULL,'2016-10-04 16:25:34','Bestell-Nr.: 000494',NULL,-1,9999792,NULL,9,'2016-10-04 14:25:34',9,'2016-10-04 14:25:34'),(532,195,'packening',NULL,NULL,'2016-10-04 16:25:35','Bestell-Nr.: 000494',NULL,-1,9999791,NULL,9,'2016-10-04 14:25:34',9,'2016-10-04 14:25:34'),(533,195,'packening',NULL,NULL,'2016-10-04 16:25:35','Bestell-Nr.: 000494',NULL,-1,9999790,NULL,9,'2016-10-04 14:25:35',9,'2016-10-04 14:25:35'),(534,201,'packening',NULL,NULL,'2016-10-04 16:25:35','Bestell-Nr.: 000494',NULL,-2,999950,NULL,9,'2016-10-04 14:25:35',9,'2016-10-04 14:25:35'),(535,195,'packening',NULL,NULL,'2016-10-11 09:17:32','Bestell-Nr.: 000099',NULL,-1,9999789,NULL,9,'2016-10-11 07:17:32',9,'2016-10-11 07:17:32'),(536,201,'packening',NULL,NULL,'2016-10-11 09:17:32','Bestell-Nr.: 000099',NULL,-2,999948,NULL,9,'2016-10-11 07:17:32',9,'2016-10-11 07:17:32'),(537,195,'packening',NULL,NULL,'2016-10-13 11:08:30','Bestell-Nr.: 000531',NULL,-1,9999788,NULL,9,'2016-10-13 09:08:30',9,'2016-10-13 09:08:30'),(538,201,'packening',NULL,NULL,'2016-10-13 11:08:30','Bestell-Nr.: 000531',NULL,-2,999946,NULL,9,'2016-10-13 09:08:30',9,'2016-10-13 09:08:30'),(539,195,'packening',NULL,NULL,'2016-10-13 11:08:33','Bestell-Nr.: 000511',NULL,-1,9999787,NULL,9,'2016-10-13 09:08:33',9,'2016-10-13 09:08:33'),(540,201,'packening',NULL,NULL,'2016-10-13 11:08:33','Bestell-Nr.: 000511',NULL,-3,999944,NULL,9,'2016-10-13 09:08:33',9,'2016-10-13 09:08:33'),(541,195,'packening',NULL,NULL,'2016-10-13 11:08:33','Bestell-Nr.: 000511',NULL,-1,9999786,NULL,9,'2016-10-13 09:08:33',9,'2016-10-13 09:08:33'),(542,195,'packening',NULL,NULL,'2016-10-13 11:11:28','Bestell-Nr.: 000373',NULL,-1,9999785,NULL,9,'2016-10-13 09:11:28',9,'2016-10-13 09:11:28'),(543,201,'packening',NULL,NULL,'2016-10-13 11:11:28','Bestell-Nr.: 000373',NULL,-2,999941,NULL,9,'2016-10-13 09:11:28',9,'2016-10-13 09:11:28'),(544,195,'packening',NULL,NULL,'2016-10-13 11:11:28','Bestell-Nr.: 000373',NULL,-1,9999784,NULL,9,'2016-10-13 09:11:28',9,'2016-10-13 09:11:28'),(545,195,'packening',NULL,NULL,'2016-10-13 13:27:29','Bestell-Nr.: 000491',NULL,-1,9999783,NULL,9,'2016-10-13 11:27:29',9,'2016-10-13 11:27:29'),(546,195,'packening',NULL,NULL,'2016-10-13 13:27:30','Bestell-Nr.: 000222',NULL,-1,9999782,NULL,9,'2016-10-13 11:27:30',9,'2016-10-13 11:27:30'),(547,201,'packening',NULL,NULL,'2016-10-13 13:27:30','Bestell-Nr.: 000222',NULL,-1,999939,NULL,9,'2016-10-13 11:27:30',9,'2016-10-13 11:27:30'),(548,195,'packening',NULL,NULL,'2016-10-13 13:50:24','Bestell-Nr.: 000523',NULL,-1,9999781,NULL,9,'2016-10-13 11:50:24',9,'2016-10-13 11:50:24'),(549,195,'packening',NULL,NULL,'2016-10-18 09:17:50','Bestell-Nr.: 000535',NULL,-1,9999780,NULL,9,'2016-10-18 07:17:50',9,'2016-10-18 07:17:50'),(550,195,'packening',NULL,NULL,'2016-10-18 09:17:52','Bestell-Nr.: 000538',NULL,-1,9999779,NULL,9,'2016-10-18 07:17:52',9,'2016-10-18 07:17:52'),(551,201,'packening',NULL,NULL,'2016-10-18 09:17:52','Bestell-Nr.: 000538',NULL,-1,999938,NULL,9,'2016-10-18 07:17:52',9,'2016-10-18 07:17:52'),(552,195,'packening',NULL,NULL,'2016-10-18 09:17:54','Bestell-Nr.: 000499',NULL,-1,9999778,NULL,9,'2016-10-18 07:17:54',9,'2016-10-18 07:17:54'),(553,195,'packening',NULL,NULL,'2016-10-18 09:17:57','Bestell-Nr.: 000549',NULL,-1,9999777,NULL,9,'2016-10-18 07:17:57',9,'2016-10-18 07:17:57'),(554,195,'packening',NULL,NULL,'2016-10-18 09:17:59','Bestell-Nr.: 000550',NULL,-1,9999776,NULL,9,'2016-10-18 07:17:59',9,'2016-10-18 07:17:59'),(555,195,'packening',NULL,NULL,'2016-10-19 11:58:43','Bestell-Nr.: 000568',NULL,-1,9999775,NULL,9,'2016-10-19 09:58:43',9,'2016-10-19 09:58:43'),(556,195,'packening',NULL,NULL,'2016-10-21 11:23:46','Bestell-Nr.: 000516',NULL,-1,9999774,NULL,9,'2016-10-21 09:23:46',9,'2016-10-21 09:23:46'),(557,201,'packening',NULL,NULL,'2016-10-21 11:23:46','Bestell-Nr.: 000516',NULL,-1,999937,NULL,9,'2016-10-21 09:23:46',9,'2016-10-21 09:23:46'),(558,195,'packening',NULL,NULL,'2016-10-21 11:23:48','Bestell-Nr.: 000562',NULL,-1,9999773,NULL,9,'2016-10-21 09:23:48',9,'2016-10-21 09:23:48'),(559,195,'packening',NULL,NULL,'2016-10-21 11:23:49','Bestell-Nr.: 000563',NULL,-1,9999772,NULL,9,'2016-10-21 09:23:49',9,'2016-10-21 09:23:49'),(560,195,'packening',NULL,NULL,'2016-11-02 16:45:50','Bestell-Nr.: 000472',NULL,-1,9999771,NULL,9,'2016-11-02 15:45:50',9,'2016-11-02 15:45:50'),(561,195,'packening',NULL,NULL,'2016-11-02 16:45:52','Bestell-Nr.: 000364',NULL,-1,9999770,NULL,9,'2016-11-02 15:45:52',9,'2016-11-02 15:45:52'),(562,195,'packening',NULL,NULL,'2016-11-02 17:03:39','Bestell-Nr.: 000571',NULL,-1,9999769,NULL,9,'2016-11-02 16:03:39',9,'2016-11-02 16:03:39'),(563,195,'packening',NULL,NULL,'2016-11-02 17:03:41','Bestell-Nr.: 000572',NULL,-1,9999768,NULL,9,'2016-11-02 16:03:41',9,'2016-11-02 16:03:41'),(564,195,'packening',NULL,NULL,'2016-11-02 17:03:41','Bestell-Nr.: 000572',NULL,-1,9999767,NULL,9,'2016-11-02 16:03:41',9,'2016-11-02 16:03:41'),(565,201,'packening',NULL,NULL,'2016-11-02 17:03:41','Bestell-Nr.: 000572',NULL,-2,999936,NULL,9,'2016-11-02 16:03:41',9,'2016-11-02 16:03:41'),(566,195,'packening',NULL,NULL,'2016-11-03 11:35:11','Bestell-Nr.: 000564',NULL,-1,9999766,NULL,9,'2016-11-03 10:35:11',9,'2016-11-03 10:35:11'),(567,195,'packening',NULL,NULL,'2016-11-03 11:35:13','Bestell-Nr.: 000136',NULL,-1,9999765,NULL,9,'2016-11-03 10:35:13',9,'2016-11-03 10:35:13'),(568,201,'packening',NULL,NULL,'2016-11-03 11:35:13','Bestell-Nr.: 000136',NULL,-1,999934,NULL,9,'2016-11-03 10:35:13',9,'2016-11-03 10:35:13'),(569,195,'packening',NULL,NULL,'2016-11-03 11:35:15','Bestell-Nr.: 000578',NULL,-1,9999764,NULL,9,'2016-11-03 10:35:15',9,'2016-11-03 10:35:15'),(570,195,'packening',NULL,NULL,'2016-11-03 11:35:17','Bestell-Nr.: 000579',NULL,-1,9999763,NULL,9,'2016-11-03 10:35:17',9,'2016-11-03 10:35:17'),(571,195,'packening',NULL,NULL,'2016-11-03 13:20:16','Bestell-Nr.: 000546',NULL,-1,9999762,NULL,9,'2016-11-03 12:20:16',9,'2016-11-03 12:20:16'),(572,201,'packening',NULL,NULL,'2016-11-03 13:20:16','Bestell-Nr.: 000546',NULL,-1,999933,NULL,9,'2016-11-03 12:20:16',9,'2016-11-03 12:20:16'),(573,195,'packening',NULL,NULL,'2016-11-03 14:03:53','Bestell-Nr.: 000591',NULL,-1,9999761,NULL,9,'2016-11-03 13:03:53',9,'2016-11-03 13:03:53'),(574,195,'packening',NULL,NULL,'2016-11-08 08:30:33','Bestell-Nr.: 000612',NULL,-1,9999760,NULL,9,'2016-11-08 07:30:33',9,'2016-11-08 07:30:33'),(575,201,'packening',NULL,NULL,'2016-11-08 08:30:33','Bestell-Nr.: 000612',NULL,-2,999932,NULL,9,'2016-11-08 07:30:33',9,'2016-11-08 07:30:33'),(576,195,'packening',NULL,NULL,'2016-11-08 08:30:33','Bestell-Nr.: 000612',NULL,-1,9999759,NULL,9,'2016-11-08 07:30:33',9,'2016-11-08 07:30:33'),(577,263,'packening',NULL,NULL,'2016-11-08 08:30:33','Bestell-Nr.: 000612',NULL,-1,9999999,NULL,9,'2016-11-08 07:30:33',9,'2016-11-08 07:30:33'),(578,195,'packening',NULL,NULL,'2016-11-08 08:30:35','Bestell-Nr.: 000589',NULL,-1,9999758,NULL,9,'2016-11-08 07:30:35',9,'2016-11-08 07:30:35'),(579,201,'packening',NULL,NULL,'2016-11-08 08:30:35','Bestell-Nr.: 000589',NULL,-1,999930,NULL,9,'2016-11-08 07:30:35',9,'2016-11-08 07:30:35'),(580,195,'packening',NULL,NULL,'2016-11-08 08:30:37','Bestell-Nr.: 000585',NULL,-1,9999757,NULL,9,'2016-11-08 07:30:37',9,'2016-11-08 07:30:37'),(581,195,'packening',NULL,NULL,'2016-11-08 08:32:34','Bestell-Nr.: 000394',NULL,-1,9999756,NULL,9,'2016-11-08 07:32:34',9,'2016-11-08 07:32:34'),(582,201,'packening',NULL,NULL,'2016-11-08 08:32:34','Bestell-Nr.: 000394',NULL,-1,999929,NULL,9,'2016-11-08 07:32:34',9,'2016-11-08 07:32:34'),(583,195,'packening',NULL,NULL,'2016-11-08 08:32:37','Bestell-Nr.: 000560',NULL,-1,9999755,NULL,9,'2016-11-08 07:32:37',9,'2016-11-08 07:32:37'),(584,195,'packening',NULL,NULL,'2016-11-08 08:32:37','Bestell-Nr.: 000560',NULL,-1,9999754,NULL,9,'2016-11-08 07:32:37',9,'2016-11-08 07:32:37'),(585,201,'packening',NULL,NULL,'2016-11-08 08:32:39','Bestell-Nr.: 000449',NULL,-2,999928,NULL,9,'2016-11-08 07:32:39',9,'2016-11-08 07:32:39'),(586,195,'packening',NULL,NULL,'2016-11-08 08:32:39','Bestell-Nr.: 000449',NULL,-1,9999753,NULL,9,'2016-11-08 07:32:39',9,'2016-11-08 07:32:39'),(587,195,'packening',NULL,NULL,'2016-11-08 08:32:41','Bestell-Nr.: 000536',NULL,-1,9999752,NULL,9,'2016-11-08 07:32:41',9,'2016-11-08 07:32:41'),(588,201,'packening',NULL,NULL,'2016-11-08 08:32:41','Bestell-Nr.: 000536',NULL,-1,999926,NULL,9,'2016-11-08 07:32:41',9,'2016-11-08 07:32:41'),(589,195,'packening',NULL,NULL,'2016-11-10 13:23:29','Bestell-Nr.: 000615',NULL,-1,9999751,NULL,9,'2016-11-10 12:23:29',9,'2016-11-10 12:23:29'),(590,201,'packening',NULL,NULL,'2016-11-10 13:23:29','Bestell-Nr.: 000615',NULL,-2,999925,NULL,9,'2016-11-10 12:23:29',9,'2016-11-10 12:23:29'),(591,195,'packening',NULL,NULL,'2016-11-10 13:23:31','Bestell-Nr.: 000614',NULL,-1,9999750,NULL,9,'2016-11-10 12:23:31',9,'2016-11-10 12:23:31'),(592,201,'packening',NULL,NULL,'2016-11-10 13:23:31','Bestell-Nr.: 000614',NULL,-1,999923,NULL,9,'2016-11-10 12:23:31',9,'2016-11-10 12:23:31'),(593,195,'packening',NULL,NULL,'2016-11-11 14:27:32','Bestell-Nr.: 000594',NULL,-1,9999749,NULL,9,'2016-11-11 13:27:32',9,'2016-11-11 13:27:32'),(594,201,'packening',NULL,NULL,'2016-11-11 14:27:32','Bestell-Nr.: 000594',NULL,-1,999922,NULL,9,'2016-11-11 13:27:32',9,'2016-11-11 13:27:32'),(595,195,'packening',NULL,NULL,'2016-11-11 14:40:19','Bestell-Nr.: 000616',NULL,-1,9999748,NULL,9,'2016-11-11 13:40:19',9,'2016-11-11 13:40:19'),(596,201,'packening',NULL,NULL,'2016-11-11 14:40:19','Bestell-Nr.: 000616',NULL,-1,999921,NULL,9,'2016-11-11 13:40:19',9,'2016-11-11 13:40:19'),(597,195,'packening',NULL,NULL,'2016-11-11 14:41:40','Bestell-Nr.: 000613',NULL,-1,9999747,NULL,9,'2016-11-11 13:41:40',9,'2016-11-11 13:41:40'),(598,201,'packening',NULL,NULL,'2016-11-11 14:41:40','Bestell-Nr.: 000613',NULL,-1,999920,NULL,9,'2016-11-11 13:41:40',9,'2016-11-11 13:41:40'),(599,195,'packening',NULL,NULL,'2016-11-11 14:44:30','Bestell-Nr.: 000470',NULL,-1,9999746,NULL,9,'2016-11-11 13:44:30',9,'2016-11-11 13:44:30'),(600,195,'packening',NULL,NULL,'2016-11-11 14:44:35','Bestell-Nr.: 000624',NULL,-1,9999745,NULL,9,'2016-11-11 13:44:35',9,'2016-11-11 13:44:35'),(601,195,'packening',NULL,NULL,'2016-11-11 14:44:37','Bestell-Nr.: 000623',NULL,-1,9999744,NULL,9,'2016-11-11 13:44:37',9,'2016-11-11 13:44:37'),(602,195,'packening',NULL,NULL,'2016-11-11 14:44:39','Bestell-Nr.: 000621',NULL,-1,9999743,NULL,9,'2016-11-11 13:44:39',9,'2016-11-11 13:44:39'),(603,201,'packening',NULL,NULL,'2016-11-11 14:44:39','Bestell-Nr.: 000621',NULL,-1,999919,NULL,9,'2016-11-11 13:44:39',9,'2016-11-11 13:44:39'),(604,195,'packening',NULL,NULL,'2016-11-11 14:44:39','Bestell-Nr.: 000621',NULL,-1,9999742,NULL,9,'2016-11-11 13:44:39',9,'2016-11-11 13:44:39'),(605,265,'packening',NULL,NULL,'2016-11-11 14:44:41','Bestell-Nr.: 000620',NULL,-1,9999999,NULL,9,'2016-11-11 13:44:41',9,'2016-11-11 13:44:41'),(606,265,'packening',NULL,NULL,'2016-11-11 14:44:41','Bestell-Nr.: 000620',NULL,-1,9999998,NULL,9,'2016-11-11 13:44:41',9,'2016-11-11 13:44:41'),(607,195,'packening',NULL,NULL,'2016-11-11 16:27:52','Bestell-Nr.: 000635',NULL,-1,9999741,NULL,9,'2016-11-11 15:27:52',9,'2016-11-11 15:27:52'),(608,195,'packening',NULL,NULL,'2016-11-11 16:27:52','Bestell-Nr.: 000635',NULL,-1,9999740,NULL,9,'2016-11-11 15:27:52',9,'2016-11-11 15:27:52'),(609,195,'packening',NULL,NULL,'2016-11-11 16:27:52','Bestell-Nr.: 000635',NULL,-1,9999739,NULL,9,'2016-11-11 15:27:52',9,'2016-11-11 15:27:52'),(610,195,'packening',NULL,NULL,'2016-11-11 16:27:55','Bestell-Nr.: 000630',NULL,-1,9999738,NULL,9,'2016-11-11 15:27:55',9,'2016-11-11 15:27:55'),(611,195,'packening',NULL,NULL,'2016-11-11 16:27:55','Bestell-Nr.: 000630',NULL,-1,9999737,NULL,9,'2016-11-11 15:27:55',9,'2016-11-11 15:27:55'),(612,195,'packening',NULL,NULL,'2016-11-11 16:27:55','Bestell-Nr.: 000630',NULL,-1,9999736,NULL,9,'2016-11-11 15:27:55',9,'2016-11-11 15:27:55'),(613,195,'packening',NULL,NULL,'2016-11-11 16:27:57','Bestell-Nr.: 000518',NULL,-1,9999735,NULL,9,'2016-11-11 15:27:57',9,'2016-11-11 15:27:57'),(614,201,'packening',NULL,NULL,'2016-11-11 16:27:57','Bestell-Nr.: 000518',NULL,-1,999918,NULL,9,'2016-11-11 15:27:57',9,'2016-11-11 15:27:57'),(615,195,'packening',NULL,NULL,'2016-11-11 16:27:57','Bestell-Nr.: 000518',NULL,-1,9999734,NULL,9,'2016-11-11 15:27:57',9,'2016-11-11 15:27:57'),(616,195,'packening',NULL,NULL,'2016-11-16 15:59:40','Bestell-Nr.: 000619',NULL,-1,9999733,NULL,9,'2016-11-16 14:59:40',9,'2016-11-16 14:59:40'),(617,201,'packening',NULL,NULL,'2016-11-16 15:59:40','Bestell-Nr.: 000619',NULL,-2,999917,NULL,9,'2016-11-16 14:59:40',9,'2016-11-16 14:59:40'),(618,195,'packening',NULL,NULL,'2016-11-17 14:32:07','Bestell-Nr.: 000451',NULL,-1,9999732,NULL,9,'2016-11-17 13:32:07',9,'2016-11-17 13:32:07'),(619,201,'packening',NULL,NULL,'2016-11-17 14:32:07','Bestell-Nr.: 000451',NULL,-2,999915,NULL,9,'2016-11-17 13:32:07',9,'2016-11-17 13:32:07'),(620,195,'packening',NULL,NULL,'2016-11-18 09:01:38','Bestell-Nr.: 000633',NULL,-1,9999731,NULL,9,'2016-11-18 08:01:38',9,'2016-11-18 08:01:38'),(621,195,'packening',NULL,NULL,'2016-11-21 10:49:48','Bestell-Nr.: 000586',NULL,-1,9999730,NULL,9,'2016-11-21 09:49:48',9,'2016-11-21 09:49:48'),(622,195,'packening',NULL,NULL,'2016-11-21 10:49:50','Bestell-Nr.: 000649',NULL,-1,9999729,NULL,9,'2016-11-21 09:49:50',9,'2016-11-21 09:49:50'),(623,195,'packening',NULL,NULL,'2016-11-23 10:58:08','Bestell-Nr.: 000655',NULL,-1,9999728,NULL,9,'2016-11-23 09:58:08',9,'2016-11-23 09:58:08'),(624,201,'packening',NULL,NULL,'2016-11-23 10:58:08','Bestell-Nr.: 000655',NULL,-1,999913,NULL,9,'2016-11-23 09:58:08',9,'2016-11-23 09:58:08'),(625,195,'packening',NULL,NULL,'2016-11-23 10:58:10','Bestell-Nr.: 000658',NULL,-1,9999727,NULL,9,'2016-11-23 09:58:10',9,'2016-11-23 09:58:10'),(626,195,'packening',NULL,NULL,'2016-11-23 10:58:12','Bestell-Nr.: 000653',NULL,-1,9999726,NULL,9,'2016-11-23 09:58:12',9,'2016-11-23 09:58:12'),(627,201,'packening',NULL,NULL,'2016-11-23 10:58:12','Bestell-Nr.: 000653',NULL,-1,999912,NULL,9,'2016-11-23 09:58:12',9,'2016-11-23 09:58:12'),(628,195,'packening',NULL,NULL,'2016-11-23 11:18:40','Bestell-Nr.: 000652',NULL,-1,9999725,NULL,9,'2016-11-23 10:18:40',9,'2016-11-23 10:18:40'),(629,195,'packening',NULL,NULL,'2016-11-23 11:18:43','Bestell-Nr.: 000628',NULL,-1,9999724,NULL,9,'2016-11-23 10:18:43',9,'2016-11-23 10:18:43'),(630,201,'packening',NULL,NULL,'2016-11-23 11:18:43','Bestell-Nr.: 000628',NULL,-1,999911,NULL,9,'2016-11-23 10:18:43',9,'2016-11-23 10:18:43'),(631,195,'packening',NULL,NULL,'2016-11-23 11:35:40','Bestell-Nr.: 000552',NULL,-1,9999723,NULL,9,'2016-11-23 10:35:40',9,'2016-11-23 10:35:40'),(632,195,'packening',NULL,NULL,'2016-11-23 11:35:43','Bestell-Nr.: 000667',NULL,-1,9999722,NULL,9,'2016-11-23 10:35:43',9,'2016-11-23 10:35:43'),(633,201,'packening',NULL,NULL,'2016-11-23 11:35:43','Bestell-Nr.: 000667',NULL,-1,999910,NULL,9,'2016-11-23 10:35:43',9,'2016-11-23 10:35:43'),(634,195,'packening',NULL,NULL,'2016-11-23 11:35:45','Bestell-Nr.: 000659',NULL,-1,9999721,NULL,9,'2016-11-23 10:35:45',9,'2016-11-23 10:35:45'),(635,195,'packening',NULL,NULL,'2016-11-23 11:35:45','Bestell-Nr.: 000659',NULL,-1,9999720,NULL,9,'2016-11-23 10:35:45',9,'2016-11-23 10:35:45'),(636,195,'packening',NULL,NULL,'2016-11-28 14:13:22','Bestell-Nr.: 000670',NULL,-1,9999719,NULL,9,'2016-11-28 13:13:22',9,'2016-11-28 13:13:22'),(637,195,'packening',NULL,NULL,'2016-11-28 14:13:24','Bestell-Nr.: 000674',NULL,-1,9999718,NULL,9,'2016-11-28 13:13:24',9,'2016-11-28 13:13:24'),(638,201,'packening',NULL,NULL,'2016-11-28 14:13:24','Bestell-Nr.: 000674',NULL,-1,999909,NULL,9,'2016-11-28 13:13:24',9,'2016-11-28 13:13:24'),(639,195,'packening',NULL,NULL,'2016-11-28 14:13:25','Bestell-Nr.: 000676',NULL,-1,9999717,NULL,9,'2016-11-28 13:13:25',9,'2016-11-28 13:13:25'),(640,195,'packening',NULL,NULL,'2016-11-28 14:13:27','Bestell-Nr.: 000677',NULL,-1,9999716,NULL,9,'2016-11-28 13:13:27',9,'2016-11-28 13:13:27'),(641,201,'packening',NULL,NULL,'2016-11-28 14:13:29','Bestell-Nr.: 000485',NULL,-2,999908,NULL,9,'2016-11-28 13:13:29',9,'2016-11-28 13:13:29'),(642,195,'packening',NULL,NULL,'2016-11-28 14:13:29','Bestell-Nr.: 000485',NULL,-1,9999715,NULL,9,'2016-11-28 13:13:29',9,'2016-11-28 13:13:29'),(643,195,'packening',NULL,NULL,'2016-11-28 14:13:32','Bestell-Nr.: 000632',NULL,-1,9999714,NULL,9,'2016-11-28 13:13:32',9,'2016-11-28 13:13:32'),(644,195,'packening',NULL,NULL,'2016-11-28 14:28:36','Bestell-Nr.: 000672',NULL,-1,9999713,NULL,9,'2016-11-28 13:28:36',9,'2016-11-28 13:28:36'),(645,201,'packening',NULL,NULL,'2016-11-28 14:28:36','Bestell-Nr.: 000672',NULL,-1,999906,NULL,9,'2016-11-28 13:28:36',9,'2016-11-28 13:28:36'),(646,195,'packening',NULL,NULL,'2016-11-28 14:28:38','Bestell-Nr.: 000681',NULL,-1,9999712,NULL,9,'2016-11-28 13:28:38',9,'2016-11-28 13:28:38'),(647,201,'packening',NULL,NULL,'2016-12-01 11:33:31','Bestell-Nr.: 000682',NULL,-2,999905,NULL,9,'2016-12-01 10:33:31',9,'2016-12-01 10:33:31'),(648,195,'packening',NULL,NULL,'2016-12-01 11:33:31','Bestell-Nr.: 000682',NULL,-1,9999711,NULL,9,'2016-12-01 10:33:31',9,'2016-12-01 10:33:31'),(649,195,'packening',NULL,NULL,'2016-12-01 11:33:31','Bestell-Nr.: 000682',NULL,-1,9999710,NULL,9,'2016-12-01 10:33:31',9,'2016-12-01 10:33:31'),(650,195,'packening',NULL,NULL,'2016-12-02 15:06:11','Bestell-Nr.: 000696',NULL,-1,9999709,NULL,9,'2016-12-02 14:06:11',9,'2016-12-02 14:06:11'),(651,201,'packening',NULL,NULL,'2016-12-02 15:06:11','Bestell-Nr.: 000696',NULL,-1,999903,NULL,9,'2016-12-02 14:06:11',9,'2016-12-02 14:06:11'),(652,195,'packening',NULL,NULL,'2016-12-02 15:06:14','Bestell-Nr.: 000693',NULL,-1,9999708,NULL,9,'2016-12-02 14:06:14',9,'2016-12-02 14:06:14'),(653,195,'packening',NULL,NULL,'2016-12-02 15:06:15','Bestell-Nr.: 000686',NULL,-1,9999707,NULL,9,'2016-12-02 14:06:15',9,'2016-12-02 14:06:15'),(654,201,'packening',NULL,NULL,'2016-12-02 15:06:16','Bestell-Nr.: 000686',NULL,-2,999902,NULL,9,'2016-12-02 14:06:16',9,'2016-12-02 14:06:16'),(655,195,'packening',NULL,NULL,'2016-12-02 15:06:19','Bestell-Nr.: 000684',NULL,-1,9999706,NULL,9,'2016-12-02 14:06:19',9,'2016-12-02 14:06:19'),(656,201,'packening',NULL,NULL,'2016-12-02 15:06:19','Bestell-Nr.: 000684',NULL,-3,999900,NULL,9,'2016-12-02 14:06:19',9,'2016-12-02 14:06:19'),(657,195,'packening',NULL,NULL,'2016-12-02 15:06:22','Bestell-Nr.: 000675',NULL,-1,9999705,NULL,9,'2016-12-02 14:06:22',9,'2016-12-02 14:06:22'),(658,195,'packening',NULL,NULL,'2016-12-02 15:06:24','Bestell-Nr.: 000642',NULL,-1,9999704,NULL,9,'2016-12-02 14:06:24',9,'2016-12-02 14:06:24'),(659,195,'packening',NULL,NULL,'2016-12-02 15:06:26','Bestell-Nr.: 000679',NULL,-1,9999703,NULL,9,'2016-12-02 14:06:26',9,'2016-12-02 14:06:26'),(660,195,'packening',NULL,NULL,'2016-12-02 15:46:25','Bestell-Nr.: 000622',NULL,-1,9999702,NULL,9,'2016-12-02 14:46:25',9,'2016-12-02 14:46:25'),(661,201,'packening',NULL,NULL,'2016-12-02 15:46:25','Bestell-Nr.: 000622',NULL,-1,999897,NULL,9,'2016-12-02 14:46:25',9,'2016-12-02 14:46:25'),(662,265,'packening',NULL,NULL,'2016-12-06 16:45:14','Bestell-Nr.: 000706',NULL,-1,9999997,NULL,9,'2016-12-06 15:45:14',9,'2016-12-06 15:45:14'),(663,195,'packening',NULL,NULL,'2016-12-06 16:45:16','Bestell-Nr.: 000711',NULL,-1,9999701,NULL,9,'2016-12-06 15:45:16',9,'2016-12-06 15:45:16'),(664,195,'packening',NULL,NULL,'2016-12-07 13:16:03','Bestell-Nr.: 000639',NULL,-1,9999700,NULL,9,'2016-12-07 12:16:03',9,'2016-12-07 12:16:03'),(665,195,'packening',NULL,NULL,'2016-12-07 13:16:06','Bestell-Nr.: 000338',NULL,-1,9999699,NULL,9,'2016-12-07 12:16:06',9,'2016-12-07 12:16:06'),(666,201,'packening',NULL,NULL,'2016-12-07 13:16:06','Bestell-Nr.: 000338',NULL,-1,999896,NULL,9,'2016-12-07 12:16:06',9,'2016-12-07 12:16:06'),(667,195,'packening',NULL,NULL,'2016-12-07 13:16:09','Bestell-Nr.: 000710',NULL,-1,9999698,NULL,9,'2016-12-07 12:16:09',9,'2016-12-07 12:16:09'),(668,195,'packening',NULL,NULL,'2016-12-07 13:16:11','Bestell-Nr.: 000705',NULL,-1,9999697,NULL,9,'2016-12-07 12:16:11',9,'2016-12-07 12:16:11'),(669,195,'packening',NULL,NULL,'2016-12-07 13:16:15','Bestell-Nr.: 000557',NULL,-1,9999696,NULL,9,'2016-12-07 12:16:15',9,'2016-12-07 12:16:15'),(670,195,'packening',NULL,NULL,'2016-12-07 13:16:17','Bestell-Nr.: 000528',NULL,-1,9999695,NULL,9,'2016-12-07 12:16:17',9,'2016-12-07 12:16:17'),(671,195,'packening',NULL,NULL,'2016-12-15 14:50:30','Bestell-Nr.: 000725',NULL,-1,9999694,NULL,9,'2016-12-15 13:50:30',9,'2016-12-15 13:50:30'),(672,195,'packening',NULL,NULL,'2016-12-15 14:50:32','Bestell-Nr.: 000688',NULL,-1,9999693,NULL,9,'2016-12-15 13:50:32',9,'2016-12-15 13:50:32'),(673,265,'packening',NULL,NULL,'2016-12-15 14:54:41','Bestell-Nr.: 000729',NULL,-1,9999996,NULL,9,'2016-12-15 13:54:41',9,'2016-12-15 13:54:41'),(674,195,'packening',NULL,NULL,'2016-12-15 14:54:44','Bestell-Nr.: 000610',NULL,-1,9999692,NULL,9,'2016-12-15 13:54:44',9,'2016-12-15 13:54:44'),(675,195,'packening',NULL,NULL,'2016-12-15 15:48:14','Bestell-Nr.: 000721',NULL,-1,9999691,NULL,9,'2016-12-15 14:48:14',9,'2016-12-15 14:48:14'),(676,201,'packening',NULL,NULL,'2016-12-15 15:48:14','Bestell-Nr.: 000721',NULL,-1,999895,NULL,9,'2016-12-15 14:48:14',9,'2016-12-15 14:48:14'),(677,195,'packening',NULL,NULL,'2016-12-19 16:26:37','Bestell-Nr.: 000736',NULL,-1,9999690,NULL,9,'2016-12-19 15:26:37',9,'2016-12-19 15:26:37'),(678,195,'packening',NULL,NULL,'2016-12-19 16:26:39','Bestell-Nr.: 000734',NULL,-1,9999689,NULL,9,'2016-12-19 15:26:39',9,'2016-12-19 15:26:39'),(679,195,'packening',NULL,NULL,'2016-12-19 16:26:41','Bestell-Nr.: 000732',NULL,-1,9999688,NULL,9,'2016-12-19 15:26:41',9,'2016-12-19 15:26:41'),(680,195,'packening',NULL,NULL,'2016-12-21 14:25:02','Bestell-Nr.: 000145',NULL,-1,9999687,NULL,9,'2016-12-21 13:25:02',9,'2016-12-21 13:25:02'),(681,195,'packening',NULL,NULL,'2016-12-21 14:25:02','Bestell-Nr.: 000145',NULL,-1,9999686,NULL,9,'2016-12-21 13:25:02',9,'2016-12-21 13:25:02'),(682,201,'packening',NULL,NULL,'2016-12-21 14:25:02','Bestell-Nr.: 000145',NULL,-1,999894,NULL,9,'2016-12-21 13:25:02',9,'2016-12-21 13:25:02'),(683,195,'packening',NULL,NULL,'2016-12-21 14:25:08','Bestell-Nr.: 000532',NULL,-1,9999685,NULL,9,'2016-12-21 13:25:08',9,'2016-12-21 13:25:08'),(684,195,'packening',NULL,NULL,'2016-12-21 14:25:16','Bestell-Nr.: 000735',NULL,-1,9999684,NULL,9,'2016-12-21 13:25:16',9,'2016-12-21 13:25:16'),(685,201,'packening',NULL,NULL,'2016-12-21 14:25:17','Bestell-Nr.: 000735',NULL,-1,999893,NULL,9,'2016-12-21 13:25:17',9,'2016-12-21 13:25:17'),(686,195,'packening',NULL,NULL,'2016-12-21 14:25:26','Bestell-Nr.: 000525',NULL,-1,9999683,NULL,9,'2016-12-21 13:25:26',9,'2016-12-21 13:25:26'),(687,201,'packening',NULL,NULL,'2016-12-21 14:25:26','Bestell-Nr.: 000525',NULL,-3,999892,NULL,9,'2016-12-21 13:25:26',9,'2016-12-21 13:25:26'),(688,195,'packening',NULL,NULL,'2016-12-21 14:25:37','Bestell-Nr.: 000714',NULL,-1,9999682,NULL,9,'2016-12-21 13:25:37',9,'2016-12-21 13:25:37'),(689,252,'backendchange',NULL,NULL,'2017-01-12 09:43:17',NULL,NULL,50,0,NULL,9,'2017-01-12 08:43:17',9,'2017-01-12 08:43:17'),(690,195,'packening',NULL,NULL,'2017-01-13 14:06:24','Bestell-Nr.: 000757',NULL,-1,9999681,NULL,1254,'2017-01-13 13:06:24',1254,'2017-01-13 13:06:24'),(691,201,'packening',NULL,NULL,'2017-01-13 14:06:24','Bestell-Nr.: 000757',NULL,-1,999889,NULL,1254,'2017-01-13 13:06:24',1254,'2017-01-13 13:06:24'),(692,195,'packening',NULL,NULL,'2017-01-13 14:06:27','Bestell-Nr.: 000755',NULL,-1,9999680,NULL,1254,'2017-01-13 13:06:27',1254,'2017-01-13 13:06:27'),(693,252,'packening',NULL,NULL,'2017-01-13 14:06:27','Bestell-Nr.: 000755',NULL,-1,50,NULL,1254,'2017-01-13 13:06:27',1254,'2017-01-13 13:06:27'),(694,195,'packening',NULL,NULL,'2017-01-13 14:06:29','Bestell-Nr.: 000750',NULL,-1,9999679,NULL,1254,'2017-01-13 13:06:29',1254,'2017-01-13 13:06:29'),(695,195,'packening',NULL,NULL,'2017-01-16 15:36:52','Bestell-Nr.: 000743',NULL,-1,9999678,NULL,1254,'2017-01-16 14:36:52',1254,'2017-01-16 14:36:52'),(696,195,'packening',NULL,NULL,'2017-01-17 13:39:01','Bestell-Nr.: 000767',NULL,-1,9999677,NULL,1254,'2017-01-17 12:39:01',1254,'2017-01-17 12:39:01'),(697,195,'packening',NULL,NULL,'2017-01-17 13:39:03','Bestell-Nr.: 000759',NULL,-1,9999676,NULL,1254,'2017-01-17 12:39:03',1254,'2017-01-17 12:39:03'),(698,201,'packening',NULL,NULL,'2017-01-17 13:39:03','Bestell-Nr.: 000759',NULL,-2,999888,NULL,1254,'2017-01-17 12:39:03',1254,'2017-01-17 12:39:03'),(699,195,'packening',NULL,NULL,'2017-01-17 13:39:05','Bestell-Nr.: 000762',NULL,-1,9999675,NULL,1254,'2017-01-17 12:39:05',1254,'2017-01-17 12:39:05'),(700,201,'packening',NULL,NULL,'2017-01-17 13:39:05','Bestell-Nr.: 000762',NULL,-2,999886,NULL,1254,'2017-01-17 12:39:05',1254,'2017-01-17 12:39:05'),(701,195,'packening',NULL,NULL,'2017-01-20 14:24:43','Bestell-Nr.: 000753',NULL,-1,9999674,NULL,1254,'2017-01-20 13:24:43',1254,'2017-01-20 13:24:43'),(702,201,'packening',NULL,NULL,'2017-01-20 14:24:43','Bestell-Nr.: 000753',NULL,-1,999884,NULL,1254,'2017-01-20 13:24:43',1254,'2017-01-20 13:24:43'),(703,195,'packening',NULL,NULL,'2017-01-20 14:24:46','Bestell-Nr.: 000784',NULL,-1,9999673,NULL,1254,'2017-01-20 13:24:46',1254,'2017-01-20 13:24:46'),(704,201,'packening',NULL,NULL,'2017-01-20 14:24:46','Bestell-Nr.: 000784',NULL,-1,999883,NULL,1254,'2017-01-20 13:24:46',1254,'2017-01-20 13:24:46'),(705,195,'packening',NULL,NULL,'2017-01-20 14:24:46','Bestell-Nr.: 000784',NULL,-1,9999672,NULL,1254,'2017-01-20 13:24:46',1254,'2017-01-20 13:24:46'),(706,195,'packening',NULL,NULL,'2017-01-20 14:24:48','Bestell-Nr.: 000765',NULL,-1,9999671,NULL,1254,'2017-01-20 13:24:48',1254,'2017-01-20 13:24:48'),(707,201,'packening',NULL,NULL,'2017-01-20 14:24:48','Bestell-Nr.: 000765',NULL,-1,999882,NULL,1254,'2017-01-20 13:24:48',1254,'2017-01-20 13:24:48'),(708,195,'packening',NULL,NULL,'2017-01-20 14:24:49','Bestell-Nr.: 000764',NULL,-1,9999670,NULL,1254,'2017-01-20 13:24:49',1254,'2017-01-20 13:24:49'),(709,195,'packening',NULL,NULL,'2017-01-27 09:53:47','Bestell-Nr.: 000761',NULL,-1,9999669,NULL,1254,'2017-01-27 08:53:47',1254,'2017-01-27 08:53:47'),(710,201,'packening',NULL,NULL,'2017-01-27 09:53:47','Bestell-Nr.: 000761',NULL,-1,999881,NULL,1254,'2017-01-27 08:53:47',1254,'2017-01-27 08:53:47'),(711,195,'packening',NULL,NULL,'2017-01-27 09:53:49','Bestell-Nr.: 000783',NULL,-1,9999668,NULL,1254,'2017-01-27 08:53:49',1254,'2017-01-27 08:53:49'),(712,201,'packening',NULL,NULL,'2017-01-27 09:53:49','Bestell-Nr.: 000783',NULL,-1,999880,NULL,1254,'2017-01-27 08:53:49',1254,'2017-01-27 08:53:49'),(713,195,'packening',NULL,NULL,'2017-01-27 10:00:43','Bestell-Nr.: 000774',NULL,-1,9999667,NULL,1254,'2017-01-27 09:00:43',1254,'2017-01-27 09:00:43'),(714,201,'packening',NULL,NULL,'2017-01-27 10:00:43','Bestell-Nr.: 000774',NULL,-1,999879,NULL,1254,'2017-01-27 09:00:43',1254,'2017-01-27 09:00:43'),(715,195,'packening',NULL,NULL,'2017-01-27 10:00:45','Bestell-Nr.: 000790',NULL,-1,9999666,NULL,1254,'2017-01-27 09:00:45',1254,'2017-01-27 09:00:45'),(716,195,'packening',NULL,NULL,'2017-01-27 10:00:45','Bestell-Nr.: 000790',NULL,-1,9999665,NULL,1254,'2017-01-27 09:00:45',1254,'2017-01-27 09:00:45'),(717,195,'packening',NULL,NULL,'2017-01-27 10:00:47','Bestell-Nr.: 000796',NULL,-1,9999664,NULL,1254,'2017-01-27 09:00:47',1254,'2017-01-27 09:00:47'),(718,195,'packening',NULL,NULL,'2017-01-27 10:06:25','Bestell-Nr.: 000813',NULL,-1,9999663,NULL,1254,'2017-01-27 09:06:25',1254,'2017-01-27 09:06:25'),(719,201,'packening',NULL,NULL,'2017-01-27 10:06:25','Bestell-Nr.: 000813',NULL,-1,999878,NULL,1254,'2017-01-27 09:06:25',1254,'2017-01-27 09:06:25'),(720,195,'packening',NULL,NULL,'2017-02-06 10:11:17','Bestell-Nr.: 000815',NULL,-1,9999662,NULL,1254,'2017-02-06 09:11:17',1254,'2017-02-06 09:11:17'),(721,195,'packening',NULL,NULL,'2017-02-06 10:11:17','Bestell-Nr.: 000815',NULL,-1,9999661,NULL,1254,'2017-02-06 09:11:17',1254,'2017-02-06 09:11:17'),(722,195,'packening',NULL,NULL,'2017-02-06 10:11:17','Bestell-Nr.: 000815',NULL,-1,9999660,NULL,1254,'2017-02-06 09:11:17',1254,'2017-02-06 09:11:17'),(723,201,'packening',NULL,NULL,'2017-02-06 10:11:17','Bestell-Nr.: 000815',NULL,-1,999877,NULL,1254,'2017-02-06 09:11:17',1254,'2017-02-06 09:11:17'),(724,195,'packening',NULL,NULL,'2017-02-06 10:11:19','Bestell-Nr.: 000751',NULL,-1,9999659,NULL,1254,'2017-02-06 09:11:19',1254,'2017-02-06 09:11:19'),(725,195,'packening',NULL,NULL,'2017-02-07 16:01:51','Bestell-Nr.: 000835',NULL,-1,9999658,NULL,1254,'2017-02-07 15:01:51',1254,'2017-02-07 15:01:51'),(726,195,'packening',NULL,NULL,'2017-02-10 10:37:48','Bestell-Nr.: 000786',NULL,-1,9999657,NULL,1254,'2017-02-10 09:37:48',1254,'2017-02-10 09:37:48'),(727,195,'packening',NULL,NULL,'2017-02-10 10:37:48','Bestell-Nr.: 000786',NULL,-1,9999656,NULL,1254,'2017-02-10 09:37:48',1254,'2017-02-10 09:37:48'),(728,195,'packening',NULL,NULL,'2017-02-10 10:37:50','Bestell-Nr.: 000766',NULL,-1,9999655,NULL,1254,'2017-02-10 09:37:50',1254,'2017-02-10 09:37:50'),(729,195,'packening',NULL,NULL,'2017-02-10 10:37:50','Bestell-Nr.: 000766',NULL,-1,9999654,NULL,1254,'2017-02-10 09:37:50',1254,'2017-02-10 09:37:50'),(730,195,'packening',NULL,NULL,'2017-02-10 10:37:50','Bestell-Nr.: 000766',NULL,-1,9999653,NULL,1254,'2017-02-10 09:37:50',1254,'2017-02-10 09:37:50'),(731,195,'packening',NULL,NULL,'2017-02-10 10:37:54','Bestell-Nr.: 000831',NULL,-1,9999652,NULL,1254,'2017-02-10 09:37:54',1254,'2017-02-10 09:37:54'),(732,201,'packening',NULL,NULL,'2017-02-10 10:37:54','Bestell-Nr.: 000831',NULL,-1,999876,NULL,1254,'2017-02-10 09:37:54',1254,'2017-02-10 09:37:54'),(733,195,'packening',NULL,NULL,'2017-02-10 10:37:56','Bestell-Nr.: 000826',NULL,-1,9999651,NULL,1254,'2017-02-10 09:37:56',1254,'2017-02-10 09:37:56'),(734,201,'packening',NULL,NULL,'2017-02-10 10:37:56','Bestell-Nr.: 000826',NULL,-1,999875,NULL,1254,'2017-02-10 09:37:56',1254,'2017-02-10 09:37:56'),(735,195,'packening',NULL,NULL,'2017-02-15 13:39:27','Bestell-Nr.: 000823',NULL,-1,9999650,NULL,1254,'2017-02-15 12:39:27',1254,'2017-02-15 12:39:27'),(736,201,'packening',NULL,NULL,'2017-02-15 13:39:27','Bestell-Nr.: 000823',NULL,-1,999874,NULL,1254,'2017-02-15 12:39:27',1254,'2017-02-15 12:39:27'),(737,195,'packening',NULL,NULL,'2017-02-15 13:39:36','Bestell-Nr.: 000848',NULL,-1,9999649,NULL,1254,'2017-02-15 12:39:36',1254,'2017-02-15 12:39:36'),(738,201,'packening',NULL,NULL,'2017-02-15 13:39:36','Bestell-Nr.: 000848',NULL,-1,999873,NULL,1254,'2017-02-15 12:39:36',1254,'2017-02-15 12:39:36'),(739,195,'packening',NULL,NULL,'2017-02-15 13:39:41','Bestell-Nr.: 000844',NULL,-1,9999648,NULL,1254,'2017-02-15 12:39:41',1254,'2017-02-15 12:39:41'),(740,195,'packening',NULL,NULL,'2017-02-15 13:39:46','Bestell-Nr.: 000794',NULL,-1,9999647,NULL,1254,'2017-02-15 12:39:46',1254,'2017-02-15 12:39:46'),(741,195,'packening',NULL,NULL,'2017-02-20 10:54:19','Bestell-Nr.: 000862',NULL,-1,9999646,NULL,1254,'2017-02-20 09:54:19',1254,'2017-02-20 09:54:19'),(742,201,'packening',NULL,NULL,'2017-02-20 10:54:19','Bestell-Nr.: 000862',NULL,-1,999872,NULL,1254,'2017-02-20 09:54:19',1254,'2017-02-20 09:54:19'),(743,195,'packening',NULL,NULL,'2017-02-20 10:54:25','Bestell-Nr.: 000861',NULL,-1,9999645,NULL,1254,'2017-02-20 09:54:25',1254,'2017-02-20 09:54:25'),(744,201,'packening',NULL,NULL,'2017-02-20 10:54:25','Bestell-Nr.: 000861',NULL,-1,999871,NULL,1254,'2017-02-20 09:54:25',1254,'2017-02-20 09:54:25'),(745,195,'packening',NULL,NULL,'2017-02-20 13:33:07','Bestell-Nr.: 000756',NULL,-1,9999644,NULL,1254,'2017-02-20 12:33:07',1254,'2017-02-20 12:33:07'),(746,201,'packening',NULL,NULL,'2017-02-20 13:33:07','Bestell-Nr.: 000756',NULL,-1,999870,NULL,1254,'2017-02-20 12:33:07',1254,'2017-02-20 12:33:07'),(747,195,'packening',NULL,NULL,'2017-02-21 10:48:26','Bestell-Nr.: 000880',NULL,-1,9999643,NULL,1254,'2017-02-21 09:48:26',1254,'2017-02-21 09:48:26'),(748,201,'packening',NULL,NULL,'2017-02-21 10:48:26','Bestell-Nr.: 000880',NULL,-1,999869,NULL,1254,'2017-02-21 09:48:26',1254,'2017-02-21 09:48:26'),(749,195,'packening',NULL,NULL,'2017-02-22 15:16:51','Bestell-Nr.: 000814',NULL,-1,9999642,NULL,1254,'2017-02-22 14:16:51',1254,'2017-02-22 14:16:51'),(750,201,'packening',NULL,NULL,'2017-02-22 15:16:51','Bestell-Nr.: 000814',NULL,-1,999868,NULL,1254,'2017-02-22 14:16:51',1254,'2017-02-22 14:16:51'),(751,195,'packening',NULL,NULL,'2017-02-22 15:16:54','Bestell-Nr.: 000855',NULL,-1,9999641,NULL,1254,'2017-02-22 14:16:54',1254,'2017-02-22 14:16:54'),(752,195,'packening',NULL,NULL,'2017-02-24 10:45:12','Bestell-Nr.: 000834',NULL,-1,9999640,NULL,1254,'2017-02-24 09:45:12',1254,'2017-02-24 09:45:12'),(753,195,'packening',NULL,NULL,'2017-02-24 10:45:15','Bestell-Nr.: 000839',NULL,-1,9999639,NULL,1254,'2017-02-24 09:45:15',1254,'2017-02-24 09:45:15'),(754,195,'packening',NULL,NULL,'2017-03-01 11:39:57','Bestell-Nr.: 000902',NULL,-1,9999638,NULL,1254,'2017-03-01 10:39:57',1254,'2017-03-01 10:39:57'),(755,201,'packening',NULL,NULL,'2017-03-01 11:39:57','Bestell-Nr.: 000902',NULL,-1,999867,NULL,1254,'2017-03-01 10:39:57',1254,'2017-03-01 10:39:57'),(756,195,'packening',NULL,NULL,'2017-03-01 11:39:59','Bestell-Nr.: 000897',NULL,-1,9999637,NULL,1254,'2017-03-01 10:39:59',1254,'2017-03-01 10:39:59'),(757,195,'packening',NULL,NULL,'2017-03-07 13:43:50','Bestell-Nr.: 000896',NULL,-1,9999636,NULL,9,'2017-03-07 12:43:50',9,'2017-03-07 12:43:50'),(758,201,'packening',NULL,NULL,'2017-03-07 13:43:50','Bestell-Nr.: 000896',NULL,-1,999866,NULL,9,'2017-03-07 12:43:50',9,'2017-03-07 12:43:50'),(759,195,'packening',NULL,NULL,'2017-03-07 13:43:53','Bestell-Nr.: 000903',NULL,-1,9999635,NULL,9,'2017-03-07 12:43:53',9,'2017-03-07 12:43:53'),(760,201,'packening',NULL,NULL,'2017-03-07 13:43:53','Bestell-Nr.: 000903',NULL,-2,999865,NULL,9,'2017-03-07 12:43:53',9,'2017-03-07 12:43:53'),(761,195,'packening',NULL,NULL,'2017-03-07 13:43:55','Bestell-Nr.: 000789',NULL,-1,9999634,NULL,9,'2017-03-07 12:43:55',9,'2017-03-07 12:43:55'),(762,201,'packening',NULL,NULL,'2017-03-07 13:43:58','Bestell-Nr.: 000881',NULL,-1,999863,NULL,9,'2017-03-07 12:43:58',9,'2017-03-07 12:43:58'),(763,195,'packening',NULL,NULL,'2017-03-07 13:43:58','Bestell-Nr.: 000881',NULL,-1,9999633,NULL,9,'2017-03-07 12:43:58',9,'2017-03-07 12:43:58'),(764,195,'packening',NULL,NULL,'2017-03-07 13:44:00','Bestell-Nr.: 000911',NULL,-1,9999632,NULL,9,'2017-03-07 12:44:00',9,'2017-03-07 12:44:00'),(765,201,'packening',NULL,NULL,'2017-03-07 13:44:00','Bestell-Nr.: 000911',NULL,-1,999862,NULL,9,'2017-03-07 12:44:00',9,'2017-03-07 12:44:00'),(766,195,'packening',NULL,NULL,'2017-03-10 13:15:23','Bestell-Nr.: 000922',NULL,-1,9999631,NULL,9,'2017-03-10 12:15:23',9,'2017-03-10 12:15:23'),(767,201,'packening',NULL,NULL,'2017-03-10 13:15:23','Bestell-Nr.: 000922',NULL,-2,999861,NULL,9,'2017-03-10 12:15:23',9,'2017-03-10 12:15:23'),(768,195,'packening',NULL,NULL,'2017-03-10 13:15:32','Bestell-Nr.: 000507',NULL,-1,9999630,NULL,9,'2017-03-10 12:15:32',9,'2017-03-10 12:15:32'),(769,195,'packening',NULL,NULL,'2017-03-10 13:15:42','Bestell-Nr.: 000932',NULL,-1,9999629,NULL,9,'2017-03-10 12:15:42',9,'2017-03-10 12:15:42'),(770,195,'packening',NULL,NULL,'2017-03-14 10:29:53','Bestell-Nr.: 000863',NULL,-1,9999628,NULL,9,'2017-03-14 09:29:53',9,'2017-03-14 09:29:53'),(771,195,'packening',NULL,NULL,'2017-03-14 10:29:57','Bestell-Nr.: 000941',NULL,-1,9999627,NULL,9,'2017-03-14 09:29:57',9,'2017-03-14 09:29:57'),(772,195,'packening',NULL,NULL,'2017-03-16 10:04:01','Bestell-Nr.: 000923',NULL,-1,9999626,NULL,9,'2017-03-16 09:04:01',9,'2017-03-16 09:04:01'),(773,195,'packening',NULL,NULL,'2017-03-16 10:04:15','Bestell-Nr.: 000915',NULL,-1,9999625,NULL,9,'2017-03-16 09:04:15',9,'2017-03-16 09:04:15'),(774,195,'packening',NULL,NULL,'2017-03-16 10:04:28','Bestell-Nr.: 000921',NULL,-1,9999624,NULL,9,'2017-03-16 09:04:28',9,'2017-03-16 09:04:28'),(775,201,'packening',NULL,NULL,'2017-03-16 10:04:28','Bestell-Nr.: 000921',NULL,-1,999859,NULL,9,'2017-03-16 09:04:28',9,'2017-03-16 09:04:28'),(776,195,'packening',NULL,NULL,'2017-03-16 10:04:36','Bestell-Nr.: 000937',NULL,-1,9999623,NULL,9,'2017-03-16 09:04:36',9,'2017-03-16 09:04:36'),(777,195,'packening',NULL,NULL,'2017-03-16 10:04:43','Bestell-Nr.: 000719',NULL,-1,9999622,NULL,9,'2017-03-16 09:04:43',9,'2017-03-16 09:04:43'),(778,195,'packening',NULL,NULL,'2017-03-16 10:04:43','Bestell-Nr.: 000719',NULL,-1,9999621,NULL,9,'2017-03-16 09:04:43',9,'2017-03-16 09:04:43'),(779,201,'packening',NULL,NULL,'2017-03-16 10:04:43','Bestell-Nr.: 000719',NULL,-1,999858,NULL,9,'2017-03-16 09:04:43',9,'2017-03-16 09:04:43'),(780,195,'packening',NULL,NULL,'2017-03-17 14:47:43','Bestell-Nr.: 000411',NULL,-1,9999620,NULL,9,'2017-03-17 13:47:43',9,'2017-03-17 13:47:43'),(781,195,'packening',NULL,NULL,'2017-03-17 14:56:15','Bestell-Nr.: 000946',NULL,-1,9999619,NULL,9,'2017-03-17 13:56:15',9,'2017-03-17 13:56:15'),(782,195,'packening',NULL,NULL,'2017-03-17 14:56:18','Bestell-Nr.: 000947',NULL,-1,9999618,NULL,9,'2017-03-17 13:56:18',9,'2017-03-17 13:56:18'),(783,201,'packening',NULL,NULL,'2017-03-17 14:56:18','Bestell-Nr.: 000947',NULL,-1,999857,NULL,9,'2017-03-17 13:56:18',9,'2017-03-17 13:56:18'),(784,195,'packening',NULL,NULL,'2017-03-17 14:56:21','Bestell-Nr.: 000920',NULL,-1,9999617,NULL,9,'2017-03-17 13:56:21',9,'2017-03-17 13:56:21'),(785,201,'packening',NULL,NULL,'2017-03-17 14:56:21','Bestell-Nr.: 000920',NULL,-1,999856,NULL,9,'2017-03-17 13:56:21',9,'2017-03-17 13:56:21'),(786,195,'packening',NULL,NULL,'2017-03-17 14:56:24','Bestell-Nr.: 000858',NULL,-1,9999616,NULL,9,'2017-03-17 13:56:24',9,'2017-03-17 13:56:24'),(787,201,'packening',NULL,NULL,'2017-03-17 14:56:24','Bestell-Nr.: 000858',NULL,-1,999855,NULL,9,'2017-03-17 13:56:24',9,'2017-03-17 13:56:24'),(788,195,'packening',NULL,NULL,'2017-03-17 14:56:26','Bestell-Nr.: 000701',NULL,-1,9999615,NULL,9,'2017-03-17 13:56:26',9,'2017-03-17 13:56:26'),(789,201,'packening',NULL,NULL,'2017-03-17 14:56:26','Bestell-Nr.: 000701',NULL,-3,999854,NULL,9,'2017-03-17 13:56:26',9,'2017-03-17 13:56:26'),(790,195,'packening',NULL,NULL,'2017-03-21 16:07:53','Bestell-Nr.: 000964',NULL,-1,9999614,NULL,9,'2017-03-21 15:07:53',9,'2017-03-21 15:07:53'),(791,195,'packening',NULL,NULL,'2017-03-27 10:57:20','Bestell-Nr.: 000953',NULL,-1,9999613,NULL,9,'2017-03-27 08:57:20',9,'2017-03-27 08:57:20'),(792,201,'packening',NULL,NULL,'2017-03-27 10:57:20','Bestell-Nr.: 000953',NULL,-1,999851,NULL,9,'2017-03-27 08:57:20',9,'2017-03-27 08:57:20'),(793,195,'packening',NULL,NULL,'2017-03-27 10:57:31','Bestell-Nr.: 000956',NULL,-1,9999612,NULL,9,'2017-03-27 08:57:31',9,'2017-03-27 08:57:31'),(794,201,'packening',NULL,NULL,'2017-03-27 10:57:31','Bestell-Nr.: 000956',NULL,-1,999850,NULL,9,'2017-03-27 08:57:31',9,'2017-03-27 08:57:31'),(795,195,'packening',NULL,NULL,'2017-03-27 10:57:38','Bestell-Nr.: 000960',NULL,-1,9999611,NULL,9,'2017-03-27 08:57:38',9,'2017-03-27 08:57:38'),(796,195,'packening',NULL,NULL,'2017-03-27 10:57:47','Bestell-Nr.: 000602',NULL,-1,9999610,NULL,9,'2017-03-27 08:57:47',9,'2017-03-27 08:57:47'),(797,201,'packening',NULL,NULL,'2017-03-27 10:57:47','Bestell-Nr.: 000602',NULL,-1,999849,NULL,9,'2017-03-27 08:57:47',9,'2017-03-27 08:57:47'),(798,195,'packening',NULL,NULL,'2017-03-27 10:57:53','Bestell-Nr.: 000986',NULL,-1,9999609,NULL,9,'2017-03-27 08:57:53',9,'2017-03-27 08:57:53'),(799,195,'packening',NULL,NULL,'2017-03-28 14:25:14','Bestell-Nr.: 000976',NULL,-1,9999608,NULL,9,'2017-03-28 12:25:14',9,'2017-03-28 12:25:14'),(800,201,'packening',NULL,NULL,'2017-03-28 14:25:14','Bestell-Nr.: 000976',NULL,-1,999848,NULL,9,'2017-03-28 12:25:14',9,'2017-03-28 12:25:14'),(801,195,'packening',NULL,NULL,'2017-03-30 16:08:56','Bestell-Nr.: 000973',NULL,-1,9999607,NULL,9,'2017-03-30 14:08:56',9,'2017-03-30 14:08:56'),(802,201,'packening',NULL,NULL,'2017-03-30 16:08:56','Bestell-Nr.: 000973',NULL,-1,999847,NULL,9,'2017-03-30 14:08:56',9,'2017-03-30 14:08:56'),(803,195,'packening',NULL,NULL,'2017-03-31 14:44:29','Bestell-Nr.: 000962',NULL,-1,9999606,NULL,9,'2017-03-31 12:44:29',9,'2017-03-31 12:44:29'),(804,201,'packening',NULL,NULL,'2017-03-31 14:44:29','Bestell-Nr.: 000962',NULL,-1,999846,NULL,9,'2017-03-31 12:44:29',9,'2017-03-31 12:44:29'),(805,195,'packening',NULL,NULL,'2017-03-31 14:44:36','Bestell-Nr.: 000716',NULL,-1,9999605,NULL,9,'2017-03-31 12:44:36',9,'2017-03-31 12:44:36'),(806,195,'packening',NULL,NULL,'2017-03-31 14:44:47','Bestell-Nr.: 000999',NULL,-1,9999604,NULL,9,'2017-03-31 12:44:47',9,'2017-03-31 12:44:47'),(807,201,'packening',NULL,NULL,'2017-03-31 14:44:47','Bestell-Nr.: 000999',NULL,-1,999845,NULL,9,'2017-03-31 12:44:47',9,'2017-03-31 12:44:47'),(808,195,'packening',NULL,NULL,'2017-03-31 14:44:52','Bestell-Nr.: 001007',NULL,-1,9999603,NULL,9,'2017-03-31 12:44:52',9,'2017-03-31 12:44:52'),(809,265,'packening',NULL,NULL,'2017-03-31 14:44:59','Bestell-Nr.: 000979',NULL,-1,9999995,NULL,9,'2017-03-31 12:44:59',9,'2017-03-31 12:44:59'),(810,195,'packening',NULL,NULL,'2017-04-04 13:46:51','Bestell-Nr.: 001010',NULL,-1,9999602,NULL,9,'2017-04-04 11:46:51',9,'2017-04-04 11:46:51'),(811,195,'packening',NULL,NULL,'2017-04-07 14:00:42','Bestell-Nr.: 000934',NULL,-1,9999601,NULL,9,'2017-04-07 12:00:42',9,'2017-04-07 12:00:42'),(812,195,'packening',NULL,NULL,'2017-04-07 14:00:45','Bestell-Nr.: 000981',NULL,-1,9999600,NULL,9,'2017-04-07 12:00:45',9,'2017-04-07 12:00:45'),(813,201,'packening',NULL,NULL,'2017-04-07 14:00:45','Bestell-Nr.: 000981',NULL,-2,999844,NULL,9,'2017-04-07 12:00:45',9,'2017-04-07 12:00:45'),(814,195,'packening',NULL,NULL,'2017-04-07 14:00:47','Bestell-Nr.: 001002',NULL,-1,9999599,NULL,9,'2017-04-07 12:00:47',9,'2017-04-07 12:00:47'),(815,201,'packening',NULL,NULL,'2017-04-07 14:00:47','Bestell-Nr.: 001002',NULL,-1,999842,NULL,9,'2017-04-07 12:00:47',9,'2017-04-07 12:00:47'),(816,195,'packening',NULL,NULL,'2017-04-07 14:00:48','Bestell-Nr.: 000959',NULL,-1,9999598,NULL,9,'2017-04-07 12:00:48',9,'2017-04-07 12:00:48'),(817,201,'packening',NULL,NULL,'2017-04-07 14:00:48','Bestell-Nr.: 000959',NULL,-1,999841,NULL,9,'2017-04-07 12:00:48',9,'2017-04-07 12:00:48'),(818,195,'packening',NULL,NULL,'2017-04-12 14:03:58','Bestell-Nr.: 001026',NULL,-1,9999597,NULL,9,'2017-04-12 12:03:58',9,'2017-04-12 12:03:58'),(819,195,'packening',NULL,NULL,'2017-04-12 14:04:00','Bestell-Nr.: 001021',NULL,-1,9999596,NULL,9,'2017-04-12 12:04:00',9,'2017-04-12 12:04:00'),(820,195,'packening',NULL,NULL,'2017-04-12 14:04:02','Bestell-Nr.: 001014',NULL,-1,9999595,NULL,9,'2017-04-12 12:04:02',9,'2017-04-12 12:04:02'),(821,201,'packening',NULL,NULL,'2017-04-12 14:04:02','Bestell-Nr.: 001014',NULL,-2,999840,NULL,9,'2017-04-12 12:04:02',9,'2017-04-12 12:04:02'),(822,265,'packening',NULL,NULL,'2017-04-12 14:04:05','Bestell-Nr.: 000963',NULL,-1,9999994,NULL,9,'2017-04-12 12:04:05',9,'2017-04-12 12:04:05'),(823,195,'packening',NULL,NULL,'2017-04-18 15:40:18','Bestell-Nr.: 000925',NULL,-1,9999594,NULL,9,'2017-04-18 13:40:18',9,'2017-04-18 13:40:18'),(824,201,'packening',NULL,NULL,'2017-04-18 15:40:18','Bestell-Nr.: 000925',NULL,-1,999838,NULL,9,'2017-04-18 13:40:18',9,'2017-04-18 13:40:18'),(825,195,'packening',NULL,NULL,'2017-04-18 15:40:27','Bestell-Nr.: 000975',NULL,-1,9999593,NULL,9,'2017-04-18 13:40:27',9,'2017-04-18 13:40:27'),(826,201,'packening',NULL,NULL,'2017-04-18 15:40:27','Bestell-Nr.: 000975',NULL,-1,999837,NULL,9,'2017-04-18 13:40:27',9,'2017-04-18 13:40:27'),(827,195,'packening',NULL,NULL,'2017-04-18 15:40:36','Bestell-Nr.: 001012',NULL,-1,9999592,NULL,9,'2017-04-18 13:40:36',9,'2017-04-18 13:40:36'),(828,201,'packening',NULL,NULL,'2017-04-18 15:40:36','Bestell-Nr.: 001012',NULL,-2,999836,NULL,9,'2017-04-18 13:40:36',9,'2017-04-18 13:40:36'),(829,195,'packening',NULL,NULL,'2017-04-18 15:40:44','Bestell-Nr.: 001019',NULL,-1,9999591,NULL,9,'2017-04-18 13:40:44',9,'2017-04-18 13:40:44'),(830,195,'packening',NULL,NULL,'2017-04-18 15:40:50','Bestell-Nr.: 000997',NULL,-1,9999590,NULL,9,'2017-04-18 13:40:50',9,'2017-04-18 13:40:50'),(831,195,'packening',NULL,NULL,'2017-04-18 15:40:58','Bestell-Nr.: 000993',NULL,-1,9999589,NULL,9,'2017-04-18 13:40:58',9,'2017-04-18 13:40:58'),(832,195,'packening',NULL,NULL,'2017-04-18 15:41:07','Bestell-Nr.: 000555',NULL,-1,9999588,NULL,9,'2017-04-18 13:41:07',9,'2017-04-18 13:41:07'),(833,201,'packening',NULL,NULL,'2017-04-18 15:41:07','Bestell-Nr.: 000555',NULL,-1,999834,NULL,9,'2017-04-18 13:41:07',9,'2017-04-18 13:41:07'),(834,195,'packening',NULL,NULL,'2017-04-18 15:41:19','Bestell-Nr.: 000288',NULL,-1,9999587,NULL,9,'2017-04-18 13:41:19',9,'2017-04-18 13:41:19'),(835,195,'packening',NULL,NULL,'2017-04-18 15:41:27','Bestell-Nr.: 001003',NULL,-1,9999586,NULL,9,'2017-04-18 13:41:27',9,'2017-04-18 13:41:27'),(836,201,'packening',NULL,NULL,'2017-04-18 15:41:27','Bestell-Nr.: 001003',NULL,-1,999833,NULL,9,'2017-04-18 13:41:27',9,'2017-04-18 13:41:27'),(837,195,'packening',NULL,NULL,'2017-04-18 15:41:36','Bestell-Nr.: 001016',NULL,-1,9999585,NULL,9,'2017-04-18 13:41:36',9,'2017-04-18 13:41:36'),(838,195,'packening',NULL,NULL,'2017-04-18 15:41:51','Bestell-Nr.: 001030',NULL,-1,9999584,NULL,9,'2017-04-18 13:41:51',9,'2017-04-18 13:41:51'),(839,195,'packening',NULL,NULL,'2017-04-24 10:32:11','Bestell-Nr.: 001053',NULL,-1,9999583,NULL,9,'2017-04-24 08:32:11',9,'2017-04-24 08:32:11'),(840,201,'packening',NULL,NULL,'2017-04-24 10:32:11','Bestell-Nr.: 001053',NULL,-1,999832,NULL,9,'2017-04-24 08:32:11',9,'2017-04-24 08:32:11'),(841,195,'packening',NULL,NULL,'2017-04-24 10:32:13','Bestell-Nr.: 001052',NULL,-1,9999582,NULL,9,'2017-04-24 08:32:13',9,'2017-04-24 08:32:13'),(842,201,'packening',NULL,NULL,'2017-04-24 10:32:13','Bestell-Nr.: 001052',NULL,-1,999831,NULL,9,'2017-04-24 08:32:13',9,'2017-04-24 08:32:13'),(843,195,'packening',NULL,NULL,'2017-04-24 10:32:16','Bestell-Nr.: 001025',NULL,-1,9999581,NULL,9,'2017-04-24 08:32:16',9,'2017-04-24 08:32:16'),(844,195,'packening',NULL,NULL,'2017-04-24 10:32:18','Bestell-Nr.: 001038',NULL,-1,9999580,NULL,9,'2017-04-24 08:32:18',9,'2017-04-24 08:32:18'),(845,195,'packening',NULL,NULL,'2017-04-26 14:19:39','Bestell-Nr.: 001040',NULL,-1,9999579,NULL,9,'2017-04-26 12:19:39',9,'2017-04-26 12:19:39'),(846,195,'packening',NULL,NULL,'2017-04-26 14:19:44','Bestell-Nr.: 001041',NULL,-1,9999578,NULL,9,'2017-04-26 12:19:44',9,'2017-04-26 12:19:44'),(847,195,'packening',NULL,NULL,'2017-04-26 14:19:58','Bestell-Nr.: 001042',NULL,-1,9999577,NULL,9,'2017-04-26 12:19:58',9,'2017-04-26 12:19:58'),(848,195,'packening',NULL,NULL,'2017-04-26 14:20:13','Bestell-Nr.: 001034',NULL,-1,9999576,NULL,9,'2017-04-26 12:20:13',9,'2017-04-26 12:20:13'),(849,195,'packening',NULL,NULL,'2017-04-26 14:20:18','Bestell-Nr.: 001049',NULL,-1,9999575,NULL,9,'2017-04-26 12:20:18',9,'2017-04-26 12:20:18'),(850,195,'packening',NULL,NULL,'2017-04-26 14:20:23','Bestell-Nr.: 000943',NULL,-1,9999574,NULL,9,'2017-04-26 12:20:23',9,'2017-04-26 12:20:23'),(851,195,'packening',NULL,NULL,'2017-04-27 08:38:35','Bestell-Nr.: 001061',NULL,-1,9999573,NULL,9,'2017-04-27 06:38:35',9,'2017-04-27 06:38:35'),(852,195,'packening',NULL,NULL,'2017-04-27 14:31:18','Bestell-Nr.: 001051',NULL,-1,9999572,NULL,9,'2017-04-27 12:31:18',9,'2017-04-27 12:31:18'),(853,201,'packening',NULL,NULL,'2017-04-27 14:31:18','Bestell-Nr.: 001051',NULL,-1,999830,NULL,9,'2017-04-27 12:31:18',9,'2017-04-27 12:31:18'),(854,195,'packening',NULL,NULL,'2017-05-05 10:09:06','Bestell-Nr.: 001060',NULL,-1,9999571,NULL,9,'2017-05-05 08:09:06',9,'2017-05-05 08:09:06'),(855,201,'packening',NULL,NULL,'2017-05-05 10:09:06','Bestell-Nr.: 001060',NULL,-2,999829,NULL,9,'2017-05-05 08:09:06',9,'2017-05-05 08:09:06'),(856,195,'packening',NULL,NULL,'2017-05-05 10:09:06','Bestell-Nr.: 001060',NULL,-1,9999570,NULL,9,'2017-05-05 08:09:06',9,'2017-05-05 08:09:06'),(857,195,'packening',NULL,NULL,'2017-05-05 13:07:59','Bestell-Nr.: 001059',NULL,-1,9999569,NULL,9,'2017-05-05 11:07:59',9,'2017-05-05 11:07:59'),(858,201,'packening',NULL,NULL,'2017-05-05 13:07:59','Bestell-Nr.: 001059',NULL,-2,999827,NULL,9,'2017-05-05 11:07:59',9,'2017-05-05 11:07:59'),(859,195,'packening',NULL,NULL,'2017-05-05 13:08:01','Bestell-Nr.: 001013',NULL,-1,9999568,NULL,9,'2017-05-05 11:08:01',9,'2017-05-05 11:08:01'),(860,195,'packening',NULL,NULL,'2017-05-05 13:08:05','Bestell-Nr.: 000876',NULL,-1,9999567,NULL,9,'2017-05-05 11:08:05',9,'2017-05-05 11:08:05'),(861,195,'packening',NULL,NULL,'2017-05-05 13:08:07','Bestell-Nr.: 001006',NULL,-1,9999566,NULL,9,'2017-05-05 11:08:07',9,'2017-05-05 11:08:07'),(862,201,'packening',NULL,NULL,'2017-05-05 13:08:07','Bestell-Nr.: 001006',NULL,-1,999825,NULL,9,'2017-05-05 11:08:07',9,'2017-05-05 11:08:07'),(863,195,'packening',NULL,NULL,'2017-05-05 13:08:09','Bestell-Nr.: 001064',NULL,-1,9999565,NULL,9,'2017-05-05 11:08:09',9,'2017-05-05 11:08:09'),(864,265,'packening',NULL,NULL,'2017-05-05 13:08:11','Bestell-Nr.: 000811',NULL,-1,9999993,NULL,9,'2017-05-05 11:08:11',9,'2017-05-05 11:08:11'),(865,201,'packening',NULL,NULL,'2017-05-05 13:08:11','Bestell-Nr.: 000811',NULL,-1,999824,NULL,9,'2017-05-05 11:08:11',9,'2017-05-05 11:08:11'),(866,195,'packening',NULL,NULL,'2017-05-12 10:29:51','Bestell-Nr.: 001070',NULL,-2,9999564,NULL,9,'2017-05-12 08:29:51',9,'2017-05-12 08:29:51'),(867,195,'packening',NULL,NULL,'2017-05-12 10:30:00','Bestell-Nr.: 001082',NULL,-1,9999562,NULL,9,'2017-05-12 08:30:00',9,'2017-05-12 08:30:00'),(868,201,'packening',NULL,NULL,'2017-05-12 10:30:00','Bestell-Nr.: 001082',NULL,-2,999823,NULL,9,'2017-05-12 08:30:00',9,'2017-05-12 08:30:00'),(869,201,'packening',NULL,NULL,'2017-05-12 10:30:05','Bestell-Nr.: 000966',NULL,-1,999821,NULL,9,'2017-05-12 08:30:05',9,'2017-05-12 08:30:05'),(870,195,'packening',NULL,NULL,'2017-05-12 10:30:05','Bestell-Nr.: 000966',NULL,-1,9999561,NULL,9,'2017-05-12 08:30:05',9,'2017-05-12 08:30:05'),(871,265,'packening',NULL,NULL,'2017-05-12 10:30:11','Bestell-Nr.: 000419',NULL,-1,9999992,NULL,9,'2017-05-12 08:30:11',9,'2017-05-12 08:30:11'),(872,201,'packening',NULL,NULL,'2017-05-12 10:30:11','Bestell-Nr.: 000419',NULL,-1,999820,NULL,9,'2017-05-12 08:30:11',9,'2017-05-12 08:30:11'),(873,195,'packening',NULL,NULL,'2017-05-12 10:30:21','Bestell-Nr.: 001085',NULL,-1,9999560,NULL,9,'2017-05-12 08:30:21',9,'2017-05-12 08:30:21'),(874,195,'packening',NULL,NULL,'2017-05-12 10:30:31','Bestell-Nr.: 001068',NULL,-1,9999559,NULL,9,'2017-05-12 08:30:31',9,'2017-05-12 08:30:31'),(875,195,'packening',NULL,NULL,'2017-05-12 10:30:31','Bestell-Nr.: 001068',NULL,-1,9999558,NULL,9,'2017-05-12 08:30:31',9,'2017-05-12 08:30:31'),(876,201,'packening',NULL,NULL,'2017-05-12 10:30:31','Bestell-Nr.: 001068',NULL,-2,999819,NULL,9,'2017-05-12 08:30:31',9,'2017-05-12 08:30:31'),(877,195,'packening',NULL,NULL,'2017-05-12 10:30:31','Bestell-Nr.: 001068',NULL,-1,9999557,NULL,9,'2017-05-12 08:30:31',9,'2017-05-12 08:30:31'),(878,195,'packening',NULL,NULL,'2017-05-12 10:30:41','Bestell-Nr.: 001063',NULL,-1,9999556,NULL,9,'2017-05-12 08:30:41',9,'2017-05-12 08:30:41'),(879,195,'packening',NULL,NULL,'2017-05-12 10:30:47','Bestell-Nr.: 001090',NULL,-1,9999555,NULL,9,'2017-05-12 08:30:47',9,'2017-05-12 08:30:47'),(880,195,'packening',NULL,NULL,'2017-05-12 10:30:54','Bestell-Nr.: 000978',NULL,-1,9999554,NULL,9,'2017-05-12 08:30:54',9,'2017-05-12 08:30:54'),(881,309,'backendchange',NULL,NULL,'2017-05-18 11:38:43',NULL,NULL,1000,0,NULL,9,'2017-05-18 09:38:43',9,'2017-05-18 09:38:43'),(882,308,'backendchange',NULL,NULL,'2017-05-18 11:38:55',NULL,NULL,1000,0,NULL,9,'2017-05-18 09:38:55',9,'2017-05-18 09:38:55'),(883,307,'backendchange',NULL,NULL,'2017-05-18 11:39:04',NULL,NULL,1000,0,NULL,9,'2017-05-18 09:39:04',9,'2017-05-18 09:39:04'),(884,305,'backendchange',NULL,NULL,'2017-05-18 11:39:09',NULL,NULL,1000,0,NULL,9,'2017-05-18 09:39:09',9,'2017-05-18 09:39:09'),(885,304,'backendchange',NULL,NULL,'2017-05-18 11:39:21',NULL,NULL,100000,0,NULL,9,'2017-05-18 09:39:21',9,'2017-05-18 09:39:21'),(886,248,'backendchange',NULL,NULL,'2017-05-19 09:43:18',NULL,NULL,2,0,NULL,9,'2017-05-19 07:43:18',9,'2017-05-19 07:43:18'),(887,248,'packening',NULL,NULL,'2017-05-19 09:45:18','Bestell-Nr.: 001068',NULL,-1,2,NULL,9,'2017-05-19 07:45:18',9,'2017-05-19 07:45:18'),(888,195,'packening',NULL,NULL,'2017-05-19 11:01:01','Bestell-Nr.: 001086',NULL,-1,9999553,NULL,9,'2017-05-19 09:01:01',9,'2017-05-19 09:01:01'),(889,201,'packening',NULL,NULL,'2017-05-19 11:01:01','Bestell-Nr.: 001086',NULL,-1,999817,NULL,9,'2017-05-19 09:01:01',9,'2017-05-19 09:01:01'),(890,195,'packening',NULL,NULL,'2017-05-19 11:01:05','Bestell-Nr.: 001084',NULL,-1,9999552,NULL,9,'2017-05-19 09:01:05',9,'2017-05-19 09:01:05'),(891,195,'packening',NULL,NULL,'2017-05-19 11:01:08','Bestell-Nr.: 001087',NULL,-1,9999551,NULL,9,'2017-05-19 09:01:08',9,'2017-05-19 09:01:08'),(892,195,'packening',NULL,NULL,'2017-05-19 11:01:12','Bestell-Nr.: 001088',NULL,-1,9999550,NULL,9,'2017-05-19 09:01:12',9,'2017-05-19 09:01:12'),(893,195,'packening',NULL,NULL,'2017-05-19 11:01:15','Bestell-Nr.: 001089',NULL,-1,9999549,NULL,9,'2017-05-19 09:01:15',9,'2017-05-19 09:01:15'),(894,195,'packening',NULL,NULL,'2017-05-22 11:36:39','Bestell-Nr.: 000869',NULL,-1,9999548,NULL,9,'2017-05-22 09:36:39',9,'2017-05-22 09:36:39'),(895,195,'packening',NULL,NULL,'2017-05-22 11:36:47','Bestell-Nr.: 001015',NULL,-1,9999547,NULL,9,'2017-05-22 09:36:47',9,'2017-05-22 09:36:47'),(896,201,'packening',NULL,NULL,'2017-05-22 11:36:47','Bestell-Nr.: 001015',NULL,-1,999816,NULL,9,'2017-05-22 09:36:47',9,'2017-05-22 09:36:47'),(897,195,'packening',NULL,NULL,'2017-05-22 11:36:52','Bestell-Nr.: 000291',NULL,-1,9999546,NULL,9,'2017-05-22 09:36:52',9,'2017-05-22 09:36:52'),(898,201,'packening',NULL,NULL,'2017-05-22 11:36:52','Bestell-Nr.: 000291',NULL,-1,999815,NULL,9,'2017-05-22 09:36:52',9,'2017-05-22 09:36:52'),(899,195,'packening',NULL,NULL,'2017-05-22 11:37:00','Bestell-Nr.: 000477',NULL,-1,9999545,NULL,9,'2017-05-22 09:37:00',9,'2017-05-22 09:37:00'),(900,195,'packening',NULL,NULL,'2017-05-22 11:37:07','Bestell-Nr.: 001099',NULL,-1,9999544,NULL,9,'2017-05-22 09:37:07',9,'2017-05-22 09:37:07'),(901,201,'packening',NULL,NULL,'2017-05-22 11:37:07','Bestell-Nr.: 001099',NULL,-1,999814,NULL,9,'2017-05-22 09:37:07',9,'2017-05-22 09:37:07'),(902,195,'packening',NULL,NULL,'2017-05-22 11:37:12','Bestell-Nr.: 001096',NULL,-1,9999543,NULL,9,'2017-05-22 09:37:12',9,'2017-05-22 09:37:12'),(903,195,'packening',NULL,NULL,'2017-05-22 11:37:21','Bestell-Nr.: 001054',NULL,-1,9999542,NULL,9,'2017-05-22 09:37:21',9,'2017-05-22 09:37:21'),(904,201,'packening',NULL,NULL,'2017-05-22 11:37:21','Bestell-Nr.: 001054',NULL,-1,999813,NULL,9,'2017-05-22 09:37:21',9,'2017-05-22 09:37:21'),(905,195,'packening',NULL,NULL,'2017-05-30 10:28:05','Bestell-Nr.: 001117',NULL,-1,9999541,NULL,9,'2017-05-30 08:28:05',9,'2017-05-30 08:28:05'),(906,195,'packening',NULL,NULL,'2017-05-30 10:28:07','Bestell-Nr.: 001120',NULL,-1,9999540,NULL,9,'2017-05-30 08:28:07',9,'2017-05-30 08:28:07'),(907,201,'packening',NULL,NULL,'2017-05-30 10:28:07','Bestell-Nr.: 001120',NULL,-1,999812,NULL,9,'2017-05-30 08:28:07',9,'2017-05-30 08:28:07'),(908,195,'packening',NULL,NULL,'2017-05-30 10:28:09','Bestell-Nr.: 001118',NULL,-1,9999539,NULL,9,'2017-05-30 08:28:09',9,'2017-05-30 08:28:09'),(909,201,'packening',NULL,NULL,'2017-05-30 10:28:09','Bestell-Nr.: 001118',NULL,-1,999811,NULL,9,'2017-05-30 08:28:09',9,'2017-05-30 08:28:09'),(910,195,'packening',NULL,NULL,'2017-05-30 10:28:09','Bestell-Nr.: 001118',NULL,-1,9999538,NULL,9,'2017-05-30 08:28:09',9,'2017-05-30 08:28:09'),(911,265,'packening',NULL,NULL,'2017-05-30 10:28:12','Bestell-Nr.: 001102',NULL,-1,9999991,NULL,9,'2017-05-30 08:28:12',9,'2017-05-30 08:28:12'),(912,195,'packening',NULL,NULL,'2017-05-30 10:28:15','Bestell-Nr.: 001114',NULL,-1,9999537,NULL,9,'2017-05-30 08:28:15',9,'2017-05-30 08:28:15'),(913,195,'packening',NULL,NULL,'2017-05-30 10:28:15','Bestell-Nr.: 001114',NULL,-1,9999536,NULL,9,'2017-05-30 08:28:15',9,'2017-05-30 08:28:15'),(914,195,'packening',NULL,NULL,'2017-05-30 10:28:15','Bestell-Nr.: 001114',NULL,-1,9999535,NULL,9,'2017-05-30 08:28:15',9,'2017-05-30 08:28:15'),(915,195,'packening',NULL,NULL,'2017-05-30 10:28:15','Bestell-Nr.: 001114',NULL,-1,9999534,NULL,9,'2017-05-30 08:28:15',9,'2017-05-30 08:28:15'),(916,195,'packening',NULL,NULL,'2017-05-30 10:28:15','Bestell-Nr.: 001114',NULL,-1,9999533,NULL,9,'2017-05-30 08:28:15',9,'2017-05-30 08:28:15'),(917,201,'packening',NULL,NULL,'2017-05-30 10:28:15','Bestell-Nr.: 001114',NULL,-3,999810,NULL,9,'2017-05-30 08:28:15',9,'2017-05-30 08:28:15'),(918,195,'packening',NULL,NULL,'2017-05-30 10:28:17','Bestell-Nr.: 001098',NULL,-2,9999532,NULL,9,'2017-05-30 08:28:17',9,'2017-05-30 08:28:17'),(919,195,'packening',NULL,NULL,'2017-05-30 10:28:20','Bestell-Nr.: 001111',NULL,-1,9999530,NULL,9,'2017-05-30 08:28:20',9,'2017-05-30 08:28:20'),(920,195,'packening',NULL,NULL,'2017-05-30 10:28:22','Bestell-Nr.: 001005',NULL,-1,9999529,NULL,9,'2017-05-30 08:28:22',9,'2017-05-30 08:28:22'),(921,201,'packening',NULL,NULL,'2017-05-30 10:28:22','Bestell-Nr.: 001005',NULL,-1,999807,NULL,9,'2017-05-30 08:28:22',9,'2017-05-30 08:28:22'),(922,195,'packening',NULL,NULL,'2017-05-30 10:28:24','Bestell-Nr.: 001046',NULL,-1,9999528,NULL,9,'2017-05-30 08:28:24',9,'2017-05-30 08:28:24'),(923,195,'packening',NULL,NULL,'2017-05-30 10:28:26','Bestell-Nr.: 001108',NULL,-1,9999527,NULL,9,'2017-05-30 08:28:26',9,'2017-05-30 08:28:26'),(924,195,'packening',NULL,NULL,'2017-05-30 10:28:28','Bestell-Nr.: 001092',NULL,-1,9999526,NULL,9,'2017-05-30 08:28:28',9,'2017-05-30 08:28:28'),(925,195,'packening',NULL,NULL,'2017-05-30 10:28:30','Bestell-Nr.: 001081',NULL,-1,9999525,NULL,9,'2017-05-30 08:28:30',9,'2017-05-30 08:28:30'),(926,201,'packening',NULL,NULL,'2017-05-30 10:28:30','Bestell-Nr.: 001081',NULL,-1,999806,NULL,9,'2017-05-30 08:28:30',9,'2017-05-30 08:28:30'),(927,195,'packening',NULL,NULL,'2017-05-30 10:28:32','Bestell-Nr.: 001104',NULL,-1,9999524,NULL,9,'2017-05-30 08:28:32',9,'2017-05-30 08:28:32'),(928,195,'packening',NULL,NULL,'2017-05-30 10:28:35','Bestell-Nr.: 001103',NULL,-1,9999523,NULL,9,'2017-05-30 08:28:35',9,'2017-05-30 08:28:35'),(929,201,'packening',NULL,NULL,'2017-05-30 10:28:35','Bestell-Nr.: 001103',NULL,-2,999805,NULL,9,'2017-05-30 08:28:35',9,'2017-05-30 08:28:35'),(930,195,'packening',NULL,NULL,'2017-06-08 09:46:23','Bestell-Nr.: 001141',NULL,-1,9999522,NULL,9,'2017-06-08 07:46:23',9,'2017-06-08 07:46:23'),(931,304,'packening',NULL,NULL,'2017-06-08 09:46:23','Bestell-Nr.: 001141',NULL,-1,100000,NULL,9,'2017-06-08 07:46:23',9,'2017-06-08 07:46:23'),(932,195,'packening',NULL,NULL,'2017-06-08 09:46:26','Bestell-Nr.: 001131',NULL,-1,9999521,NULL,9,'2017-06-08 07:46:26',9,'2017-06-08 07:46:26'),(933,195,'packening',NULL,NULL,'2017-06-08 09:46:30','Bestell-Nr.: 001130',NULL,-1,9999520,NULL,9,'2017-06-08 07:46:30',9,'2017-06-08 07:46:30'),(934,195,'packening',NULL,NULL,'2017-06-08 09:46:41','Bestell-Nr.: 001125',NULL,-1,9999519,NULL,9,'2017-06-08 07:46:41',9,'2017-06-08 07:46:41'),(935,195,'packening',NULL,NULL,'2017-06-08 09:46:44','Bestell-Nr.: 001115',NULL,-1,9999518,NULL,9,'2017-06-08 07:46:44',9,'2017-06-08 07:46:44'),(936,201,'packening',NULL,NULL,'2017-06-08 09:46:44','Bestell-Nr.: 001115',NULL,-1,999803,NULL,9,'2017-06-08 07:46:44',9,'2017-06-08 07:46:44'),(937,195,'packening',NULL,NULL,'2017-06-08 09:46:44','Bestell-Nr.: 001115',NULL,-1,9999517,NULL,9,'2017-06-08 07:46:44',9,'2017-06-08 07:46:44'),(938,195,'packening',NULL,NULL,'2017-06-14 08:59:26','Bestell-Nr.: 001139',NULL,-1,9999516,NULL,9,'2017-06-14 06:59:26',9,'2017-06-14 06:59:26'),(939,195,'packening',NULL,NULL,'2017-06-14 08:59:31','Bestell-Nr.: 000124',NULL,-1,9999515,NULL,9,'2017-06-14 06:59:31',9,'2017-06-14 06:59:31'),(940,201,'packening',NULL,NULL,'2017-06-14 08:59:31','Bestell-Nr.: 000124',NULL,-1,999802,NULL,9,'2017-06-14 06:59:31',9,'2017-06-14 06:59:31'),(941,195,'packening',NULL,NULL,'2017-06-14 12:24:56','Bestell-Nr.: 000501',NULL,-1,9999514,NULL,9,'2017-06-14 10:24:56',9,'2017-06-14 10:24:56'),(942,195,'packening',NULL,NULL,'2017-06-14 12:24:56','Bestell-Nr.: 000501',NULL,-1,9999513,NULL,9,'2017-06-14 10:24:56',9,'2017-06-14 10:24:56'),(943,265,'packening',NULL,NULL,'2017-06-16 12:01:48','Bestell-Nr.: 000958',NULL,-1,9999990,NULL,9,'2017-06-16 10:01:48',9,'2017-06-16 10:01:48'),(944,195,'packening',NULL,NULL,'2017-06-16 12:02:03','Bestell-Nr.: 001105',NULL,-1,9999512,NULL,9,'2017-06-16 10:02:03',9,'2017-06-16 10:02:03'),(945,195,'packening',NULL,NULL,'2017-06-16 12:02:14','Bestell-Nr.: 001135',NULL,-1,9999511,NULL,9,'2017-06-16 10:02:14',9,'2017-06-16 10:02:14'),(946,201,'packening',NULL,NULL,'2017-06-16 12:02:14','Bestell-Nr.: 001135',NULL,-1,999801,NULL,9,'2017-06-16 10:02:14',9,'2017-06-16 10:02:14'),(947,195,'packening',NULL,NULL,'2017-06-16 12:02:30','Bestell-Nr.: 001155',NULL,-1,9999510,NULL,9,'2017-06-16 10:02:30',9,'2017-06-16 10:02:30'),(948,201,'packening',NULL,NULL,'2017-06-16 12:02:30','Bestell-Nr.: 001155',NULL,-1,999800,NULL,9,'2017-06-16 10:02:30',9,'2017-06-16 10:02:30'),(949,265,'packening',NULL,NULL,'2017-06-16 12:02:36','Bestell-Nr.: 001156',NULL,-1,9999989,NULL,9,'2017-06-16 10:02:36',9,'2017-06-16 10:02:36'),(950,304,'packening',NULL,NULL,'2017-06-16 12:02:36','Bestell-Nr.: 001156',NULL,-1,99999,NULL,9,'2017-06-16 10:02:36',9,'2017-06-16 10:02:36'),(951,195,'packening',NULL,NULL,'2017-06-22 13:28:27','Bestell-Nr.: 001164',NULL,-1,9999509,NULL,9,'2017-06-22 11:28:27',9,'2017-06-22 11:28:27'),(952,195,'packening',NULL,NULL,'2017-06-23 14:18:59','Bestell-Nr.: 001160',NULL,-1,9999508,NULL,9,'2017-06-23 12:18:59',9,'2017-06-23 12:18:59'),(953,201,'packening',NULL,NULL,'2017-06-23 14:18:59','Bestell-Nr.: 001160',NULL,-2,999799,NULL,9,'2017-06-23 12:18:59',9,'2017-06-23 12:18:59'),(954,195,'packening',NULL,NULL,'2017-06-23 14:19:07','Bestell-Nr.: 001163',NULL,-1,9999507,NULL,9,'2017-06-23 12:19:07',9,'2017-06-23 12:19:07'),(955,201,'packening',NULL,NULL,'2017-06-23 14:19:07','Bestell-Nr.: 001163',NULL,-2,999797,NULL,9,'2017-06-23 12:19:07',9,'2017-06-23 12:19:07'),(956,195,'packening',NULL,NULL,'2017-06-23 14:19:07','Bestell-Nr.: 001163',NULL,-1,9999506,NULL,9,'2017-06-23 12:19:07',9,'2017-06-23 12:19:07'),(957,195,'packening',NULL,NULL,'2017-06-23 14:19:07','Bestell-Nr.: 001163',NULL,-1,9999505,NULL,9,'2017-06-23 12:19:07',9,'2017-06-23 12:19:07'),(958,195,'packening',NULL,NULL,'2017-06-23 14:19:14','Bestell-Nr.: 001147',NULL,-1,9999504,NULL,9,'2017-06-23 12:19:14',9,'2017-06-23 12:19:14'),(959,195,'packening',NULL,NULL,'2017-06-28 11:18:27','Bestell-Nr.: 001170',NULL,-1,9999503,NULL,9,'2017-06-28 09:18:27',9,'2017-06-28 09:18:27'),(960,195,'packening',NULL,NULL,'2017-06-28 11:18:27','Bestell-Nr.: 001170',NULL,-1,9999502,NULL,9,'2017-06-28 09:18:27',9,'2017-06-28 09:18:27'),(961,195,'packening',NULL,NULL,'2017-06-28 11:18:31','Bestell-Nr.: 001168',NULL,-1,9999501,NULL,9,'2017-06-28 09:18:31',9,'2017-06-28 09:18:31'),(962,195,'packening',NULL,NULL,'2017-06-28 11:18:36','Bestell-Nr.: 001172',NULL,-1,9999500,NULL,9,'2017-06-28 09:18:36',9,'2017-06-28 09:18:36'),(963,195,'packening',NULL,NULL,'2017-06-28 11:18:40','Bestell-Nr.: 001173',NULL,-1,9999499,NULL,9,'2017-06-28 09:18:40',9,'2017-06-28 09:18:40'),(964,201,'packening',NULL,NULL,'2017-06-28 11:18:40','Bestell-Nr.: 001173',NULL,-1,999795,NULL,9,'2017-06-28 09:18:40',9,'2017-06-28 09:18:40'),(965,195,'packening',NULL,NULL,'2017-06-28 11:18:44','Bestell-Nr.: 001179',NULL,-1,9999498,NULL,9,'2017-06-28 09:18:44',9,'2017-06-28 09:18:44'),(966,195,'packening',NULL,NULL,'2017-06-28 11:18:50','Bestell-Nr.: 001094',NULL,-1,9999497,NULL,9,'2017-06-28 09:18:50',9,'2017-06-28 09:18:50'),(967,201,'packening',NULL,NULL,'2017-06-28 11:18:50','Bestell-Nr.: 001094',NULL,-1,999794,NULL,9,'2017-06-28 09:18:50',9,'2017-06-28 09:18:50'),(968,195,'packening',NULL,NULL,'2017-06-28 11:18:53','Bestell-Nr.: 001181',NULL,-1,9999496,NULL,9,'2017-06-28 09:18:53',9,'2017-06-28 09:18:53'),(969,195,'packening',NULL,NULL,'2017-06-28 11:18:56','Bestell-Nr.: 001187',NULL,-1,9999495,NULL,9,'2017-06-28 09:18:56',9,'2017-06-28 09:18:56'),(970,304,'packening',NULL,NULL,'2017-06-28 11:18:56','Bestell-Nr.: 001187',NULL,-1,99998,NULL,9,'2017-06-28 09:18:56',9,'2017-06-28 09:18:56'),(971,195,'packening',NULL,NULL,'2017-06-28 11:18:58','Bestell-Nr.: 001020',NULL,-1,9999494,NULL,9,'2017-06-28 09:18:58',9,'2017-06-28 09:18:58'),(972,304,'packening',NULL,NULL,'2017-06-28 11:18:58','Bestell-Nr.: 001020',NULL,-1,99997,NULL,9,'2017-06-28 09:18:58',9,'2017-06-28 09:18:58'),(973,195,'packening',NULL,NULL,'2017-06-30 11:37:38','Bestell-Nr.: 001149',NULL,-1,9999493,NULL,9,'2017-06-30 09:37:38',9,'2017-06-30 09:37:38'),(974,201,'packening',NULL,NULL,'2017-06-30 11:37:38','Bestell-Nr.: 001149',NULL,-2,999793,NULL,9,'2017-06-30 09:37:38',9,'2017-06-30 09:37:38'),(975,195,'packening',NULL,NULL,'2017-06-30 13:33:49','Bestell-Nr.: 001174',NULL,-1,9999492,NULL,9,'2017-06-30 11:33:49',9,'2017-06-30 11:33:49'),(976,201,'packening',NULL,NULL,'2017-06-30 13:33:49','Bestell-Nr.: 001174',NULL,-2,999791,NULL,9,'2017-06-30 11:33:49',9,'2017-06-30 11:33:49'),(977,265,'packening',NULL,NULL,'2017-06-30 14:02:20','Bestell-Nr.: 001182',NULL,-1,9999988,NULL,9,'2017-06-30 12:02:20',9,'2017-06-30 12:02:20'),(978,195,'packening',NULL,NULL,'2017-06-30 14:02:25','Bestell-Nr.: 001186',NULL,-1,9999491,NULL,9,'2017-06-30 12:02:25',9,'2017-06-30 12:02:25'),(979,195,'packening',NULL,NULL,'2017-06-30 14:02:30','Bestell-Nr.: 001183',NULL,-1,9999490,NULL,9,'2017-06-30 12:02:30',9,'2017-06-30 12:02:30'),(980,195,'packening',NULL,NULL,'2017-06-30 14:02:35','Bestell-Nr.: 001191',NULL,-1,9999489,NULL,9,'2017-06-30 12:02:35',9,'2017-06-30 12:02:35'),(981,195,'packening',NULL,NULL,'2017-06-30 14:02:40','Bestell-Nr.: 001192',NULL,-1,9999488,NULL,9,'2017-06-30 12:02:40',9,'2017-06-30 12:02:40'),(982,201,'packening',NULL,NULL,'2017-06-30 14:02:40','Bestell-Nr.: 001192',NULL,-1,999789,NULL,9,'2017-06-30 12:02:40',9,'2017-06-30 12:02:40'),(983,195,'packening',NULL,NULL,'2017-06-30 14:02:45','Bestell-Nr.: 001196',NULL,-1,9999487,NULL,9,'2017-06-30 12:02:45',9,'2017-06-30 12:02:45'),(984,201,'packening',NULL,NULL,'2017-06-30 14:02:45','Bestell-Nr.: 001196',NULL,-2,999788,NULL,9,'2017-06-30 12:02:45',9,'2017-06-30 12:02:45'),(985,195,'packening',NULL,NULL,'2017-07-11 11:58:23','Bestell-Nr.: 001212',NULL,-1,9999486,NULL,9,'2017-07-11 09:58:23',9,'2017-07-11 09:58:23'),(986,195,'packening',NULL,NULL,'2017-07-11 11:58:30','Bestell-Nr.: 001217',NULL,-1,9999485,NULL,9,'2017-07-11 09:58:30',9,'2017-07-11 09:58:30'),(987,195,'packening',NULL,NULL,'2017-07-11 11:58:35','Bestell-Nr.: 001220',NULL,-1,9999484,NULL,9,'2017-07-11 09:58:35',9,'2017-07-11 09:58:35'),(988,195,'packening',NULL,NULL,'2017-07-11 11:58:40','Bestell-Nr.: 000215',NULL,-1,9999483,NULL,9,'2017-07-11 09:58:40',9,'2017-07-11 09:58:40'),(989,201,'packening',NULL,NULL,'2017-07-11 11:58:40','Bestell-Nr.: 000215',NULL,-1,999786,NULL,9,'2017-07-11 09:58:40',9,'2017-07-11 09:58:40'),(990,265,'packening',NULL,NULL,'2017-07-11 11:58:54','Bestell-Nr.: 001065',NULL,-1,9999987,NULL,9,'2017-07-11 09:58:54',9,'2017-07-11 09:58:54'),(991,195,'packening',NULL,NULL,'2017-07-11 11:59:02','Bestell-Nr.: 001205',NULL,-1,9999482,NULL,9,'2017-07-11 09:59:02',9,'2017-07-11 09:59:02'),(992,195,'packening',NULL,NULL,'2017-07-11 11:59:02','Bestell-Nr.: 001205',NULL,-1,9999481,NULL,9,'2017-07-11 09:59:02',9,'2017-07-11 09:59:02'),(993,195,'packening',NULL,NULL,'2017-07-12 10:00:11','Bestell-Nr.: 001226',NULL,-1,9999480,NULL,9,'2017-07-12 08:00:11',9,'2017-07-12 08:00:11'),(994,195,'packening',NULL,NULL,'2017-07-14 10:01:02','Bestell-Nr.: 001222',NULL,-1,9999479,NULL,9,'2017-07-14 08:01:02',9,'2017-07-14 08:01:02'),(995,195,'packening',NULL,NULL,'2017-07-14 10:01:08','Bestell-Nr.: 001223',NULL,-1,9999478,NULL,9,'2017-07-14 08:01:08',9,'2017-07-14 08:01:08'),(996,195,'packening',NULL,NULL,'2017-07-14 10:01:08','Bestell-Nr.: 001223',NULL,-1,9999477,NULL,9,'2017-07-14 08:01:08',9,'2017-07-14 08:01:08'),(997,195,'packening',NULL,NULL,'2017-07-14 10:01:40','Bestell-Nr.: 001123',NULL,-1,9999476,NULL,9,'2017-07-14 08:01:40',9,'2017-07-14 08:01:40'),(998,201,'packening',NULL,NULL,'2017-07-14 10:01:40','Bestell-Nr.: 001123',NULL,-2,999785,NULL,9,'2017-07-14 08:01:40',9,'2017-07-14 08:01:40'),(999,265,'packening',NULL,NULL,'2017-07-14 10:01:44','Bestell-Nr.: 001216',NULL,-1,9999986,NULL,9,'2017-07-14 08:01:44',9,'2017-07-14 08:01:44'),(1000,265,'packening',NULL,NULL,'2017-07-14 10:01:48','Bestell-Nr.: 001219',NULL,-1,9999985,NULL,9,'2017-07-14 08:01:48',9,'2017-07-14 08:01:48'),(1001,265,'packening',NULL,NULL,'2017-07-14 10:01:48','Bestell-Nr.: 001219',NULL,-1,9999984,NULL,9,'2017-07-14 08:01:48',9,'2017-07-14 08:01:48'),(1002,195,'packening',NULL,NULL,'2017-07-14 14:37:04','Bestell-Nr.: 001221',NULL,-1,9999475,NULL,9,'2017-07-14 12:37:04',9,'2017-07-14 12:37:04'),(1003,195,'packening',NULL,NULL,'2017-07-14 14:37:06','Bestell-Nr.: 001239',NULL,-1,9999474,NULL,9,'2017-07-14 12:37:06',9,'2017-07-14 12:37:06'),(1004,195,'packening',NULL,NULL,'2017-07-20 13:59:36','Bestell-Nr.: 001229',NULL,-1,9999473,NULL,9,'2017-07-20 11:59:36',9,'2017-07-20 11:59:36'),(1005,195,'packening',NULL,NULL,'2017-07-21 08:45:58','Bestell-Nr.: 001263',NULL,-1,9999472,NULL,9,'2017-07-21 06:45:58',9,'2017-07-21 06:45:58'),(1006,201,'packening',NULL,NULL,'2017-07-25 15:17:41','Bestell-Nr.: 001222',NULL,-2,999783,NULL,9,'2017-07-25 13:17:41',9,'2017-07-25 13:17:41'),(1007,195,'packening',NULL,NULL,'2017-08-11 14:33:50','Bestell-Nr.: 001245',NULL,-1,9999471,NULL,9,'2017-08-11 12:33:50',9,'2017-08-11 12:33:50'),(1008,195,'packening',NULL,NULL,'2017-08-11 14:33:57','Bestell-Nr.: 001241',NULL,-1,9999470,NULL,9,'2017-08-11 12:33:57',9,'2017-08-11 12:33:57'),(1009,195,'packening',NULL,NULL,'2017-08-11 14:34:05','Bestell-Nr.: 001247',NULL,-1,9999469,NULL,9,'2017-08-11 12:34:05',9,'2017-08-11 12:34:05'),(1010,195,'packening',NULL,NULL,'2017-08-11 14:34:13','Bestell-Nr.: 001244',NULL,-1,9999468,NULL,9,'2017-08-11 12:34:13',9,'2017-08-11 12:34:13'),(1011,201,'packening',NULL,NULL,'2017-08-11 14:34:13','Bestell-Nr.: 001244',NULL,-1,999781,NULL,9,'2017-08-11 12:34:13',9,'2017-08-11 12:34:13'),(1012,195,'packening',NULL,NULL,'2017-08-11 14:34:30','Bestell-Nr.: 001278',NULL,-1,9999467,NULL,9,'2017-08-11 12:34:30',9,'2017-08-11 12:34:30'),(1013,201,'packening',NULL,NULL,'2017-08-11 14:34:30','Bestell-Nr.: 001278',NULL,-1,999780,NULL,9,'2017-08-11 12:34:30',9,'2017-08-11 12:34:30'),(1014,195,'packening',NULL,NULL,'2017-08-11 14:34:40','Bestell-Nr.: 001269',NULL,-1,9999466,NULL,9,'2017-08-11 12:34:40',9,'2017-08-11 12:34:40'),(1015,195,'packening',NULL,NULL,'2017-08-11 14:34:46','Bestell-Nr.: 001260',NULL,-1,9999465,NULL,9,'2017-08-11 12:34:46',9,'2017-08-11 12:34:46'),(1016,195,'packening',NULL,NULL,'2017-08-11 14:34:58','Bestell-Nr.: 001290',NULL,-1,9999464,NULL,9,'2017-08-11 12:34:58',9,'2017-08-11 12:34:58'),(1017,201,'packening',NULL,NULL,'2017-08-11 14:34:58','Bestell-Nr.: 001290',NULL,-1,999779,NULL,9,'2017-08-11 12:34:58',9,'2017-08-11 12:34:58'),(1018,195,'packening',NULL,NULL,'2017-08-11 14:35:06','Bestell-Nr.: 001285',NULL,-1,9999463,NULL,9,'2017-08-11 12:35:06',9,'2017-08-11 12:35:06'),(1019,304,'packening',NULL,NULL,'2017-08-11 14:35:06','Bestell-Nr.: 001285',NULL,-1,99996,NULL,9,'2017-08-11 12:35:06',9,'2017-08-11 12:35:06'),(1020,195,'packening',NULL,NULL,'2017-08-11 14:35:59','Bestell-Nr.: 001276',NULL,-1,9999462,NULL,9,'2017-08-11 12:35:59',9,'2017-08-11 12:35:59'),(1021,195,'packening',NULL,NULL,'2017-08-11 14:35:59','Bestell-Nr.: 001276',NULL,-1,9999461,NULL,9,'2017-08-11 12:35:59',9,'2017-08-11 12:35:59'),(1022,201,'packening',NULL,NULL,'2017-08-11 14:35:59','Bestell-Nr.: 001276',NULL,-1,999778,NULL,9,'2017-08-11 12:35:59',9,'2017-08-11 12:35:59'),(1023,195,'packening',NULL,NULL,'2017-08-11 14:36:07','Bestell-Nr.: 001282',NULL,-1,9999460,NULL,9,'2017-08-11 12:36:07',9,'2017-08-11 12:36:07'),(1024,201,'packening',NULL,NULL,'2017-08-11 14:36:07','Bestell-Nr.: 001282',NULL,-1,999777,NULL,9,'2017-08-11 12:36:07',9,'2017-08-11 12:36:07'),(1025,195,'packening',NULL,NULL,'2017-08-11 14:36:27','Bestell-Nr.: 001240',NULL,-1,9999459,NULL,9,'2017-08-11 12:36:27',9,'2017-08-11 12:36:27'),(1026,201,'packening',NULL,NULL,'2017-08-11 14:36:27','Bestell-Nr.: 001240',NULL,-1,999776,NULL,9,'2017-08-11 12:36:27',9,'2017-08-11 12:36:27'),(1027,195,'packening',NULL,NULL,'2017-08-11 14:36:36','Bestell-Nr.: 001281',NULL,-1,9999458,NULL,9,'2017-08-11 12:36:36',9,'2017-08-11 12:36:36'),(1028,195,'packening',NULL,NULL,'2017-08-11 14:36:46','Bestell-Nr.: 001256',NULL,-1,9999457,NULL,9,'2017-08-11 12:36:46',9,'2017-08-11 12:36:46'),(1029,195,'packening',NULL,NULL,'2017-08-11 14:37:36','Bestell-Nr.: 001293',NULL,-1,9999456,NULL,9,'2017-08-11 12:37:36',9,'2017-08-11 12:37:36'),(1030,195,'packening',NULL,NULL,'2017-08-16 09:27:04','Bestell-Nr.: 001294',NULL,-1,9999455,NULL,9,'2017-08-16 07:27:04',9,'2017-08-16 07:27:04'),(1031,201,'packening',NULL,NULL,'2017-08-16 09:27:04','Bestell-Nr.: 001294',NULL,-1,999775,NULL,9,'2017-08-16 07:27:04',9,'2017-08-16 07:27:04'),(1032,195,'packening',NULL,NULL,'2017-08-23 11:31:15','Bestell-Nr.: 001208',NULL,-1,9999454,NULL,9,'2017-08-23 09:31:15',9,'2017-08-23 09:31:15'),(1033,195,'packening',NULL,NULL,'2017-08-23 11:31:15','Bestell-Nr.: 001208',NULL,-1,9999453,NULL,9,'2017-08-23 09:31:15',9,'2017-08-23 09:31:15'),(1034,243,'backendchange',NULL,NULL,'2017-08-23 11:58:24',NULL,NULL,2,0,NULL,9,'2017-08-23 09:58:24',9,'2017-08-23 09:58:24'),(1035,243,'packening',NULL,NULL,'2017-08-23 11:58:40','Bestell-Nr.: 001208',NULL,-1,2,NULL,9,'2017-08-23 09:58:40',9,'2017-08-23 09:58:40'),(1036,195,'packening',NULL,NULL,'2017-08-23 12:08:14','Bestell-Nr.: 001296',NULL,-1,9999452,NULL,9,'2017-08-23 10:08:14',9,'2017-08-23 10:08:14'),(1037,195,'packening',NULL,NULL,'2017-08-23 12:08:14','Bestell-Nr.: 001296',NULL,-1,9999451,NULL,9,'2017-08-23 10:08:14',9,'2017-08-23 10:08:14'),(1038,195,'packening',NULL,NULL,'2017-09-04 13:07:11','Bestell-Nr.: 001299',NULL,-1,9999450,NULL,9,'2017-09-04 11:07:11',9,'2017-09-04 11:07:11'),(1039,195,'packening',NULL,NULL,'2017-09-04 13:07:11','Bestell-Nr.: 001299',NULL,-1,9999449,NULL,9,'2017-09-04 11:07:11',9,'2017-09-04 11:07:11'),(1040,304,'packening',NULL,NULL,'2017-09-04 13:07:11','Bestell-Nr.: 001299',NULL,-1,99995,NULL,9,'2017-09-04 11:07:11',9,'2017-09-04 11:07:11'),(1041,195,'packening',NULL,NULL,'2017-09-04 13:07:15','Bestell-Nr.: 001177',NULL,-1,9999448,NULL,9,'2017-09-04 11:07:15',9,'2017-09-04 11:07:15'),(1042,201,'packening',NULL,NULL,'2017-09-04 13:07:15','Bestell-Nr.: 001177',NULL,-1,999774,NULL,9,'2017-09-04 11:07:15',9,'2017-09-04 11:07:15'),(1043,195,'packening',NULL,NULL,'2017-09-04 13:39:39','Bestell-Nr.: 001307',NULL,-1,9999447,NULL,9,'2017-09-04 11:39:39',9,'2017-09-04 11:39:39'),(1044,195,'packening',NULL,NULL,'2017-09-04 13:39:46','Bestell-Nr.: 001311',NULL,-1,9999446,NULL,9,'2017-09-04 11:39:46',9,'2017-09-04 11:39:46'),(1045,195,'packening',NULL,NULL,'2017-09-04 13:39:56','Bestell-Nr.: 001312',NULL,-1,9999445,NULL,9,'2017-09-04 11:39:56',9,'2017-09-04 11:39:56'),(1046,304,'packening',NULL,NULL,'2017-09-04 13:39:56','Bestell-Nr.: 001312',NULL,-1,99994,NULL,9,'2017-09-04 11:39:56',9,'2017-09-04 11:39:56'),(1047,265,'packening',NULL,NULL,'2017-09-04 13:40:06','Bestell-Nr.: 000982',NULL,-1,9999983,NULL,9,'2017-09-04 11:40:06',9,'2017-09-04 11:40:06'),(1048,201,'packening',NULL,NULL,'2017-09-04 13:40:06','Bestell-Nr.: 000982',NULL,-1,999773,NULL,9,'2017-09-04 11:40:06',9,'2017-09-04 11:40:06'),(1049,263,'packening',NULL,NULL,'2017-09-04 13:40:06','Bestell-Nr.: 000982',NULL,-1,9999998,NULL,9,'2017-09-04 11:40:06',9,'2017-09-04 11:40:06'),(1050,309,'packening',NULL,NULL,'2017-09-04 13:40:13','Bestell-Nr.: 001301',NULL,-1,1000,NULL,9,'2017-09-04 11:40:13',9,'2017-09-04 11:40:13'),(1051,195,'packening',NULL,NULL,'2017-09-04 13:40:13','Bestell-Nr.: 001301',NULL,-1,9999444,NULL,9,'2017-09-04 11:40:13',9,'2017-09-04 11:40:13'),(1052,201,'packening',NULL,NULL,'2017-09-04 13:40:13','Bestell-Nr.: 001301',NULL,-2,999772,NULL,9,'2017-09-04 11:40:13',9,'2017-09-04 11:40:13'),(1053,195,'packening',NULL,NULL,'2017-09-04 13:40:23','Bestell-Nr.: 001323',NULL,-1,9999443,NULL,9,'2017-09-04 11:40:23',9,'2017-09-04 11:40:23'),(1054,304,'packening',NULL,NULL,'2017-09-04 13:40:23','Bestell-Nr.: 001323',NULL,-1,99993,NULL,9,'2017-09-04 11:40:23',9,'2017-09-04 11:40:23'),(1055,201,'packening',NULL,NULL,'2017-09-04 14:00:42','Bestell-Nr.: 001306',NULL,-2,999770,NULL,9,'2017-09-04 12:00:42',9,'2017-09-04 12:00:42'),(1056,195,'packening',NULL,NULL,'2017-09-04 14:00:42','Bestell-Nr.: 001306',NULL,-1,9999442,NULL,9,'2017-09-04 12:00:42',9,'2017-09-04 12:00:42'),(1057,195,'packening',NULL,NULL,'2017-09-12 13:18:23','Bestell-Nr.: 001339',NULL,-1,9999441,NULL,9,'2017-09-12 11:18:23',9,'2017-09-12 11:18:23'),(1058,195,'packening',NULL,NULL,'2017-09-12 13:18:36','Bestell-Nr.: 001291',NULL,-1,9999440,NULL,9,'2017-09-12 11:18:36',9,'2017-09-12 11:18:36'),(1059,195,'packening',NULL,NULL,'2017-09-12 13:18:43','Bestell-Nr.: 001346',NULL,-1,9999439,NULL,9,'2017-09-12 11:18:43',9,'2017-09-12 11:18:43'),(1060,195,'packening',NULL,NULL,'2017-09-12 13:19:07','Bestell-Nr.: 001333',NULL,-1,9999438,NULL,9,'2017-09-12 11:19:07',9,'2017-09-12 11:19:07'),(1061,305,'packening',NULL,NULL,'2017-09-12 13:19:07','Bestell-Nr.: 001333',NULL,-1,1000,NULL,9,'2017-09-12 11:19:07',9,'2017-09-12 11:19:07'),(1062,195,'packening',NULL,NULL,'2017-09-12 13:19:20','Bestell-Nr.: 001337',NULL,-1,9999437,NULL,9,'2017-09-12 11:19:20',9,'2017-09-12 11:19:20'),(1063,201,'packening',NULL,NULL,'2017-09-12 13:19:20','Bestell-Nr.: 001337',NULL,-2,999768,NULL,9,'2017-09-12 11:19:20',9,'2017-09-12 11:19:20'),(1064,195,'packening',NULL,NULL,'2017-09-12 13:19:30','Bestell-Nr.: 001050',NULL,-1,9999436,NULL,9,'2017-09-12 11:19:30',9,'2017-09-12 11:19:30'),(1065,201,'packening',NULL,NULL,'2017-09-12 13:19:30','Bestell-Nr.: 001050',NULL,-2,999766,NULL,9,'2017-09-12 11:19:30',9,'2017-09-12 11:19:30'),(1066,195,'packening',NULL,NULL,'2017-09-12 13:19:37','Bestell-Nr.: 001326',NULL,-1,9999435,NULL,9,'2017-09-12 11:19:37',9,'2017-09-12 11:19:37'),(1067,195,'packening',NULL,NULL,'2017-09-12 13:19:43','Bestell-Nr.: 001322',NULL,-1,9999434,NULL,9,'2017-09-12 11:19:43',9,'2017-09-12 11:19:43'),(1068,195,'packening',NULL,NULL,'2017-09-12 13:19:43','Bestell-Nr.: 001322',NULL,-1,9999433,NULL,9,'2017-09-12 11:19:43',9,'2017-09-12 11:19:43'),(1069,195,'packening',NULL,NULL,'2017-09-12 13:19:50','Bestell-Nr.: 001124',NULL,-1,9999432,NULL,9,'2017-09-12 11:19:50',9,'2017-09-12 11:19:50'),(1070,195,'packening',NULL,NULL,'2017-09-12 13:19:55','Bestell-Nr.: 001327',NULL,-1,9999431,NULL,9,'2017-09-12 11:19:55',9,'2017-09-12 11:19:55'),(1071,265,'packening',NULL,NULL,'2017-09-18 10:38:32','Bestell-Nr.: 001288',NULL,-1,9999982,NULL,9,'2017-09-18 08:38:32',9,'2017-09-18 08:38:32'),(1072,195,'packening',NULL,NULL,'2017-09-20 15:48:53','Bestell-Nr.: 001185',NULL,-1,9999430,NULL,9,'2017-09-20 13:48:53',9,'2017-09-20 13:48:53'),(1073,201,'packening',NULL,NULL,'2017-09-20 15:48:53','Bestell-Nr.: 001185',NULL,-1,999764,NULL,9,'2017-09-20 13:48:53',9,'2017-09-20 13:48:53'),(1074,195,'packening',NULL,NULL,'2017-09-20 15:48:53','Bestell-Nr.: 001185',NULL,-1,9999429,NULL,9,'2017-09-20 13:48:53',9,'2017-09-20 13:48:53'),(1075,195,'packening',NULL,NULL,'2017-09-20 15:48:58','Bestell-Nr.: 001347',NULL,-1,9999428,NULL,9,'2017-09-20 13:48:58',9,'2017-09-20 13:48:58'),(1076,195,'packening',NULL,NULL,'2017-09-20 15:49:02','Bestell-Nr.: 001351',NULL,-1,9999427,NULL,9,'2017-09-20 13:49:02',9,'2017-09-20 13:49:02'),(1077,201,'packening',NULL,NULL,'2017-09-20 15:49:03','Bestell-Nr.: 001351',NULL,-1,999763,NULL,9,'2017-09-20 13:49:03',9,'2017-09-20 13:49:03'),(1078,195,'packening',NULL,NULL,'2017-09-20 15:49:06','Bestell-Nr.: 001355',NULL,-1,9999426,NULL,9,'2017-09-20 13:49:06',9,'2017-09-20 13:49:06'),(1079,195,'packening',NULL,NULL,'2017-09-21 13:59:33','Bestell-Nr.: 001343',NULL,-1,9999425,NULL,9,'2017-09-21 11:59:33',9,'2017-09-21 11:59:33'),(1080,201,'packening',NULL,NULL,'2017-09-21 13:59:33','Bestell-Nr.: 001343',NULL,-1,999762,NULL,9,'2017-09-21 11:59:33',9,'2017-09-21 11:59:33'),(1081,195,'packening',NULL,NULL,'2017-09-26 14:21:08','Bestell-Nr.: 000906',NULL,-1,9999424,NULL,9,'2017-09-26 12:21:08',9,'2017-09-26 12:21:08'),(1082,195,'packening',NULL,NULL,'2017-09-26 14:21:11','Bestell-Nr.: 001356',NULL,-1,9999423,NULL,9,'2017-09-26 12:21:10',9,'2017-09-26 12:21:10'),(1083,201,'packening',NULL,NULL,'2017-09-26 14:21:11','Bestell-Nr.: 001356',NULL,-1,999761,NULL,9,'2017-09-26 12:21:11',9,'2017-09-26 12:21:11'),(1084,195,'packening',NULL,NULL,'2017-09-26 14:21:11','Bestell-Nr.: 001356',NULL,-1,9999422,NULL,9,'2017-09-26 12:21:11',9,'2017-09-26 12:21:11'),(1085,195,'packening',NULL,NULL,'2017-09-26 14:21:13','Bestell-Nr.: 001318',NULL,-1,9999421,NULL,9,'2017-09-26 12:21:13',9,'2017-09-26 12:21:13'),(1086,195,'packening',NULL,NULL,'2017-09-29 09:30:05','Bestell-Nr.: 001357',NULL,-1,9999420,NULL,9,'2017-09-29 07:30:05',9,'2017-09-29 07:30:05'),(1087,201,'packening',NULL,NULL,'2017-09-29 09:30:05','Bestell-Nr.: 001357',NULL,-2,999760,NULL,9,'2017-09-29 07:30:05',9,'2017-09-29 07:30:05'),(1088,308,'packening',NULL,NULL,'2017-10-02 15:13:27','Bestell-Nr.: 001354',NULL,-1,1000,NULL,9,'2017-10-02 13:13:27',9,'2017-10-02 13:13:27'),(1089,195,'packening',NULL,NULL,'2017-10-03 15:55:52','Bestell-Nr.: 001381',NULL,-1,9999419,NULL,9,'2017-10-03 13:55:52',9,'2017-10-03 13:55:52'),(1090,195,'packening',NULL,NULL,'2017-10-03 16:28:21','Bestell-Nr.: 001371',NULL,-1,9999418,NULL,9,'2017-10-03 14:28:21',9,'2017-10-03 14:28:21'),(1091,195,'packening',NULL,NULL,'2017-10-03 16:28:21','Bestell-Nr.: 001371',NULL,-1,9999417,NULL,9,'2017-10-03 14:28:21',9,'2017-10-03 14:28:21'),(1092,195,'packening',NULL,NULL,'2017-10-05 11:22:29','Bestell-Nr.: 001385',NULL,-1,9999416,NULL,9,'2017-10-05 09:22:29',9,'2017-10-05 09:22:29'),(1093,201,'packening',NULL,NULL,'2017-10-05 11:22:29','Bestell-Nr.: 001385',NULL,-1,999758,NULL,9,'2017-10-05 09:22:29',9,'2017-10-05 09:22:29'),(1094,304,'packening',NULL,NULL,'2017-10-05 11:22:29','Bestell-Nr.: 001385',NULL,-1,99992,NULL,9,'2017-10-05 09:22:29',9,'2017-10-05 09:22:29'),(1095,195,'packening',NULL,NULL,'2017-10-06 11:44:05','Bestell-Nr.: 001378',NULL,-1,9999415,NULL,9,'2017-10-06 09:44:05',9,'2017-10-06 09:44:05'),(1096,195,'packening',NULL,NULL,'2017-10-06 11:44:08','Bestell-Nr.: 001383',NULL,-1,9999414,NULL,9,'2017-10-06 09:44:08',9,'2017-10-06 09:44:08'),(1097,195,'packening',NULL,NULL,'2017-10-06 14:26:33','Bestell-Nr.: 001341',NULL,-1,9999413,NULL,9,'2017-10-06 12:26:33',9,'2017-10-06 12:26:33'),(1098,201,'packening',NULL,NULL,'2017-10-06 14:26:33','Bestell-Nr.: 001341',NULL,-1,999757,NULL,9,'2017-10-06 12:26:33',9,'2017-10-06 12:26:33'),(1099,195,'packening',NULL,NULL,'2017-10-10 10:09:22','Bestell-Nr.: 001401',NULL,-1,9999412,NULL,9,'2017-10-10 08:09:22',9,'2017-10-10 08:09:22'),(1100,304,'packening',NULL,NULL,'2017-10-10 10:09:22','Bestell-Nr.: 001401',NULL,-1,99991,NULL,9,'2017-10-10 08:09:22',9,'2017-10-10 08:09:22'),(1101,201,'packening',NULL,NULL,'2017-10-11 09:39:29','Bestell-Nr.: 001414',NULL,-2,999756,NULL,9,'2017-10-11 07:39:29',9,'2017-10-11 07:39:29'),(1102,195,'packening',NULL,NULL,'2017-10-11 15:00:05','Bestell-Nr.: 001394',NULL,-1,9999411,NULL,9,'2017-10-11 13:00:05',9,'2017-10-11 13:00:05'),(1103,201,'packening',NULL,NULL,'2017-10-11 15:00:05','Bestell-Nr.: 001394',NULL,-1,999754,NULL,9,'2017-10-11 13:00:05',9,'2017-10-11 13:00:05'),(1104,195,'packening',NULL,NULL,'2017-10-11 15:07:21','Bestell-Nr.: 001405',NULL,-1,9999410,NULL,9,'2017-10-11 13:07:21',9,'2017-10-11 13:07:21'),(1105,195,'packening',NULL,NULL,'2017-10-12 10:18:57','Bestell-Nr.: 001379',NULL,-1,9999409,NULL,9,'2017-10-12 08:18:57',9,'2017-10-12 08:18:57'),(1106,195,'packening',NULL,NULL,'2017-10-18 13:29:38','Bestell-Nr.: 001415',NULL,-1,9999408,NULL,9,'2017-10-18 11:29:38',9,'2017-10-18 11:29:38'),(1107,195,'packening',NULL,NULL,'2017-10-18 13:29:45','Bestell-Nr.: 001369',NULL,-1,9999407,NULL,9,'2017-10-18 11:29:45',9,'2017-10-18 11:29:45'),(1108,195,'packening',NULL,NULL,'2017-10-18 13:29:51','Bestell-Nr.: 001384',NULL,-1,9999406,NULL,9,'2017-10-18 11:29:51',9,'2017-10-18 11:29:51'),(1109,201,'packening',NULL,NULL,'2017-10-18 13:29:51','Bestell-Nr.: 001384',NULL,-1,999753,NULL,9,'2017-10-18 11:29:51',9,'2017-10-18 11:29:51'),(1110,195,'packening',NULL,NULL,'2017-10-18 13:30:18','Bestell-Nr.: 001408',NULL,-1,9999405,NULL,9,'2017-10-18 11:30:18',9,'2017-10-18 11:30:18'),(1111,195,'packening',NULL,NULL,'2017-10-19 11:13:19','Bestell-Nr.: 001353',NULL,-1,9999404,NULL,9,'2017-10-19 09:13:19',9,'2017-10-19 09:13:19'),(1112,195,'packening',NULL,NULL,'2017-10-19 11:13:19','Bestell-Nr.: 001353',NULL,-1,9999403,NULL,9,'2017-10-19 09:13:19',9,'2017-10-19 09:13:19'),(1113,195,'packening',NULL,NULL,'2017-10-19 11:13:19','Bestell-Nr.: 001353',NULL,-1,9999402,NULL,9,'2017-10-19 09:13:19',9,'2017-10-19 09:13:19'),(1114,195,'packening',NULL,NULL,'2017-10-19 11:13:19','Bestell-Nr.: 001353',NULL,-1,9999401,NULL,9,'2017-10-19 09:13:19',9,'2017-10-19 09:13:19'),(1115,195,'packening',NULL,NULL,'2017-10-19 11:13:19','Bestell-Nr.: 001353',NULL,-1,9999400,NULL,9,'2017-10-19 09:13:19',9,'2017-10-19 09:13:19'),(1116,195,'packening',NULL,NULL,'2017-10-20 11:02:01','Bestell-Nr.: 001309',NULL,-1,9999399,NULL,9,'2017-10-20 09:02:01',9,'2017-10-20 09:02:01'),(1117,195,'packening',NULL,NULL,'2017-10-20 11:02:01','Bestell-Nr.: 001309',NULL,-1,9999398,NULL,9,'2017-10-20 09:02:01',9,'2017-10-20 09:02:01'),(1118,195,'packening',NULL,NULL,'2017-10-20 11:02:01','Bestell-Nr.: 001309',NULL,-1,9999397,NULL,9,'2017-10-20 09:02:01',9,'2017-10-20 09:02:01'),(1119,201,'packening',NULL,NULL,'2017-10-20 11:02:01','Bestell-Nr.: 001309',NULL,-1,999752,NULL,9,'2017-10-20 09:02:01',9,'2017-10-20 09:02:01'),(1120,304,'packening',NULL,NULL,'2017-10-20 11:02:01','Bestell-Nr.: 001309',NULL,-3,99990,NULL,9,'2017-10-20 09:02:01',9,'2017-10-20 09:02:01'),(1121,195,'packening',NULL,NULL,'2017-10-27 10:58:17','Bestell-Nr.: 001392',NULL,-1,9999396,NULL,9,'2017-10-27 08:58:17',9,'2017-10-27 08:58:17'),(1122,195,'packening',NULL,NULL,'2017-10-27 10:58:17','Bestell-Nr.: 001392',NULL,-1,9999395,NULL,9,'2017-10-27 08:58:17',9,'2017-10-27 08:58:17'),(1123,195,'packening',NULL,NULL,'2017-10-27 10:58:17','Bestell-Nr.: 001392',NULL,-1,9999394,NULL,9,'2017-10-27 08:58:17',9,'2017-10-27 08:58:17'),(1124,195,'packening',NULL,NULL,'2017-10-27 10:58:17','Bestell-Nr.: 001392',NULL,-1,9999393,NULL,9,'2017-10-27 08:58:17',9,'2017-10-27 08:58:17'),(1125,195,'packening',NULL,NULL,'2017-10-27 10:58:17','Bestell-Nr.: 001392',NULL,-1,9999392,NULL,9,'2017-10-27 08:58:17',9,'2017-10-27 08:58:17'),(1126,195,'packening',NULL,NULL,'2017-10-27 10:58:17','Bestell-Nr.: 001392',NULL,-1,9999391,NULL,9,'2017-10-27 08:58:17',9,'2017-10-27 08:58:17'),(1127,195,'packening',NULL,NULL,'2017-10-27 10:58:17','Bestell-Nr.: 001392',NULL,-1,9999390,NULL,9,'2017-10-27 08:58:17',9,'2017-10-27 08:58:17'),(1128,201,'packening',NULL,NULL,'2017-10-30 11:42:15','Bestell-Nr.: 001445',NULL,-1,999751,NULL,9,'2017-10-30 10:42:15',9,'2017-10-30 10:42:15'),(1129,252,'packening',NULL,NULL,'2017-10-30 11:42:15','Bestell-Nr.: 001445',NULL,-1,49,NULL,9,'2017-10-30 10:42:15',9,'2017-10-30 10:42:15'),(1130,195,'packening',NULL,NULL,'2017-10-30 13:11:38','Bestell-Nr.: 001340',NULL,-1,9999389,NULL,9,'2017-10-30 12:11:38',9,'2017-10-30 12:11:38'),(1131,195,'packening',NULL,NULL,'2017-10-31 13:54:49','Bestell-Nr.: 001433',NULL,-1,9999388,NULL,9,'2017-10-31 12:54:49',9,'2017-10-31 12:54:49'),(1132,201,'packening',NULL,NULL,'2017-10-31 13:54:49','Bestell-Nr.: 001433',NULL,-1,999750,NULL,9,'2017-10-31 12:54:49',9,'2017-10-31 12:54:49'),(1133,195,'packening',NULL,NULL,'2017-10-31 13:54:56','Bestell-Nr.: 001424',NULL,-1,9999387,NULL,9,'2017-10-31 12:54:56',9,'2017-10-31 12:54:56'),(1134,201,'packening',NULL,NULL,'2017-10-31 13:54:57','Bestell-Nr.: 001424',NULL,-1,999749,NULL,9,'2017-10-31 12:54:57',9,'2017-10-31 12:54:57'),(1135,265,'packening',NULL,NULL,'2017-10-31 13:55:07','Bestell-Nr.: 001190',NULL,-1,9999981,NULL,9,'2017-10-31 12:55:07',9,'2017-10-31 12:55:07'),(1136,195,'packening',NULL,NULL,'2017-11-02 10:51:51','Bestell-Nr.: 001439',NULL,-1,9999386,NULL,9,'2017-11-02 09:51:51',9,'2017-11-02 09:51:51'),(1137,195,'packening',NULL,NULL,'2017-11-03 10:16:03','Bestell-Nr.: 001416',NULL,-1,9999385,NULL,9,'2017-11-03 09:16:03',9,'2017-11-03 09:16:03'),(1138,201,'packening',NULL,NULL,'2017-11-03 10:16:03','Bestell-Nr.: 001416',NULL,-1,999748,NULL,9,'2017-11-03 09:16:03',9,'2017-11-03 09:16:03'),(1139,195,'packening',NULL,NULL,'2017-11-03 11:45:33','Bestell-Nr.: 001441',NULL,-1,9999384,NULL,9,'2017-11-03 10:45:33',9,'2017-11-03 10:45:33'),(1140,195,'packening',NULL,NULL,'2017-11-07 14:48:39','Bestell-Nr.: 001315',NULL,-1,9999383,NULL,9,'2017-11-07 13:48:39',9,'2017-11-07 13:48:39'),(1141,201,'packening',NULL,NULL,'2017-11-07 14:48:39','Bestell-Nr.: 001315',NULL,-1,999747,NULL,9,'2017-11-07 13:48:39',9,'2017-11-07 13:48:39'),(1142,195,'packening',NULL,NULL,'2017-11-07 14:48:49','Bestell-Nr.: 001402',NULL,-1,9999382,NULL,9,'2017-11-07 13:48:49',9,'2017-11-07 13:48:49'),(1143,195,'packening',NULL,NULL,'2017-11-07 14:48:49','Bestell-Nr.: 001402',NULL,-1,9999381,NULL,9,'2017-11-07 13:48:49',9,'2017-11-07 13:48:49'),(1144,195,'packening',NULL,NULL,'2017-11-07 14:49:19','Bestell-Nr.: 001407',NULL,-1,9999380,NULL,9,'2017-11-07 13:49:19',9,'2017-11-07 13:49:19'),(1145,195,'packening',NULL,NULL,'2017-11-07 14:49:19','Bestell-Nr.: 001407',NULL,-1,9999379,NULL,9,'2017-11-07 13:49:19',9,'2017-11-07 13:49:19'),(1146,195,'packening',NULL,NULL,'2017-11-07 14:49:31','Bestell-Nr.: 001448',NULL,-1,9999378,NULL,9,'2017-11-07 13:49:31',9,'2017-11-07 13:49:31'),(1147,201,'packening',NULL,NULL,'2017-11-07 14:49:31','Bestell-Nr.: 001448',NULL,-3,999746,NULL,9,'2017-11-07 13:49:31',9,'2017-11-07 13:49:31'),(1148,195,'packening',NULL,NULL,'2017-11-07 14:49:31','Bestell-Nr.: 001448',NULL,-1,9999377,NULL,9,'2017-11-07 13:49:31',9,'2017-11-07 13:49:31'),(1149,195,'packening',NULL,NULL,'2017-11-07 14:49:31','Bestell-Nr.: 001448',NULL,-1,9999376,NULL,9,'2017-11-07 13:49:31',9,'2017-11-07 13:49:31'),(1150,195,'packening',NULL,NULL,'2017-11-07 14:49:31','Bestell-Nr.: 001448',NULL,-1,9999375,NULL,9,'2017-11-07 13:49:31',9,'2017-11-07 13:49:31'),(1151,195,'packening',NULL,NULL,'2017-11-07 14:49:31','Bestell-Nr.: 001448',NULL,-1,9999374,NULL,9,'2017-11-07 13:49:31',9,'2017-11-07 13:49:31'),(1152,195,'packening',NULL,NULL,'2017-11-07 14:49:31','Bestell-Nr.: 001448',NULL,-1,9999373,NULL,9,'2017-11-07 13:49:31',9,'2017-11-07 13:49:31'),(1153,195,'packening',NULL,NULL,'2017-11-07 15:09:41','Bestell-Nr.: 001395',NULL,-1,9999372,NULL,9,'2017-11-07 14:09:41',9,'2017-11-07 14:09:41'),(1154,195,'packening',NULL,NULL,'2017-11-09 10:58:06','Bestell-Nr.: 001452',NULL,-1,9999371,NULL,9,'2017-11-09 09:58:06',9,'2017-11-09 09:58:06'),(1155,201,'packening',NULL,NULL,'2017-11-09 10:58:06','Bestell-Nr.: 001452',NULL,-1,999743,NULL,9,'2017-11-09 09:58:06',9,'2017-11-09 09:58:06'),(1156,195,'packening',NULL,NULL,'2017-11-10 10:47:56','Bestell-Nr.: 001454',NULL,-1,9999370,NULL,9,'2017-11-10 09:47:56',9,'2017-11-10 09:47:56'),(1157,195,'packening',NULL,NULL,'2017-11-14 13:09:49','Bestell-Nr.: 001453',NULL,-1,9999369,NULL,9,'2017-11-14 12:09:49',9,'2017-11-14 12:09:49'),(1158,195,'packening',NULL,NULL,'2017-11-14 13:09:55','Bestell-Nr.: 001447',NULL,-1,9999368,NULL,9,'2017-11-14 12:09:55',9,'2017-11-14 12:09:55'),(1159,195,'packening',NULL,NULL,'2017-11-14 13:10:00','Bestell-Nr.: 001456',NULL,-1,9999367,NULL,9,'2017-11-14 12:10:00',9,'2017-11-14 12:10:00'),(1160,201,'packening',NULL,NULL,'2017-11-14 13:10:00','Bestell-Nr.: 001456',NULL,-1,999742,NULL,9,'2017-11-14 12:10:00',9,'2017-11-14 12:10:00'),(1161,195,'packening',NULL,NULL,'2017-11-14 13:10:20','Bestell-Nr.: 001458',NULL,-1,9999366,NULL,9,'2017-11-14 12:10:20',9,'2017-11-14 12:10:20'),(1162,195,'packening',NULL,NULL,'2017-11-14 13:10:25','Bestell-Nr.: 001457',NULL,-1,9999365,NULL,9,'2017-11-14 12:10:25',9,'2017-11-14 12:10:25'),(1163,201,'packening',NULL,NULL,'2017-11-14 13:10:25','Bestell-Nr.: 001457',NULL,-1,999741,NULL,9,'2017-11-14 12:10:25',9,'2017-11-14 12:10:25'),(1164,195,'packening',NULL,NULL,'2017-11-14 13:10:32','Bestell-Nr.: 001434',NULL,-1,9999364,NULL,9,'2017-11-14 12:10:32',9,'2017-11-14 12:10:32'),(1165,201,'packening',NULL,NULL,'2017-11-14 13:10:32','Bestell-Nr.: 001434',NULL,-1,999740,NULL,9,'2017-11-14 12:10:32',9,'2017-11-14 12:10:32'),(1166,304,'packening',NULL,NULL,'2017-11-14 13:10:32','Bestell-Nr.: 001434',NULL,-1,99987,NULL,9,'2017-11-14 12:10:32',9,'2017-11-14 12:10:32'),(1167,195,'packening',NULL,NULL,'2017-11-16 10:25:58','Bestell-Nr.: 001464',NULL,-1,9999363,NULL,9,'2017-11-16 09:25:58',9,'2017-11-16 09:25:58'),(1168,304,'packening',NULL,NULL,'2017-11-16 10:25:58','Bestell-Nr.: 001464',NULL,-1,99986,NULL,9,'2017-11-16 09:25:58',9,'2017-11-16 09:25:58'),(1169,195,'packening',NULL,NULL,'2017-11-16 10:37:37','Bestell-Nr.: 001466',NULL,-1,9999362,NULL,9,'2017-11-16 09:37:37',9,'2017-11-16 09:37:37'),(1170,265,'packening',NULL,NULL,'2017-11-21 13:41:12','Bestell-Nr.: 001446',NULL,-1,9999980,NULL,9,'2017-11-21 12:41:12',9,'2017-11-21 12:41:12'),(1171,263,'packening',NULL,NULL,'2017-11-21 13:41:12','Bestell-Nr.: 001446',NULL,-9,9999997,NULL,9,'2017-11-21 12:41:12',9,'2017-11-21 12:41:12'),(1172,252,'packening',NULL,NULL,'2017-11-21 13:41:12','Bestell-Nr.: 001446',NULL,-1,48,NULL,9,'2017-11-21 12:41:12',9,'2017-11-21 12:41:12'),(1173,195,'packening',NULL,NULL,'2017-11-21 13:41:18','Bestell-Nr.: 001406',NULL,-1,9999361,NULL,9,'2017-11-21 12:41:18',9,'2017-11-21 12:41:18'),(1174,306,'backendchange',NULL,NULL,'2017-11-24 10:30:36',NULL,NULL,10,0,NULL,9,'2017-11-24 09:30:36',9,'2017-11-24 09:30:36'),(1175,306,'packening',NULL,NULL,'2017-11-24 10:30:53','Bestell-Nr.: 000944',NULL,-1,10,NULL,9,'2017-11-24 09:30:53',9,'2017-11-24 09:30:53'),(1176,195,'packening',NULL,NULL,'2017-11-27 14:49:46','Bestell-Nr.: 001473',NULL,-1,9999360,NULL,9,'2017-11-27 13:49:46',9,'2017-11-27 13:49:46'),(1177,195,'packening',NULL,NULL,'2017-11-27 14:49:46','Bestell-Nr.: 001473',NULL,-1,9999359,NULL,9,'2017-11-27 13:49:46',9,'2017-11-27 13:49:46'),(1178,195,'packening',NULL,NULL,'2017-11-27 14:49:53','Bestell-Nr.: 001469',NULL,-1,9999358,NULL,9,'2017-11-27 13:49:53',9,'2017-11-27 13:49:53'),(1179,195,'packening',NULL,NULL,'2017-11-28 09:08:35','Bestell-Nr.: 001478',NULL,-1,9999357,NULL,9,'2017-11-28 08:08:35',9,'2017-11-28 08:08:35'),(1180,195,'packening',NULL,NULL,'2017-11-30 15:36:34','Bestell-Nr.: 001480',NULL,-1,9999356,NULL,9,'2017-11-30 14:36:34',9,'2017-11-30 14:36:34'),(1181,195,'packening',NULL,NULL,'2017-11-30 15:36:42','Bestell-Nr.: 001486',NULL,-1,9999355,NULL,9,'2017-11-30 14:36:42',9,'2017-11-30 14:36:42'),(1182,265,'packening',NULL,NULL,'2017-11-30 15:37:04','Bestell-Nr.: 001488',NULL,-1,9999979,NULL,9,'2017-11-30 14:37:04',9,'2017-11-30 14:37:04'),(1183,201,'packening',NULL,NULL,'2017-11-30 15:37:04','Bestell-Nr.: 001488',NULL,-1,999739,NULL,9,'2017-11-30 14:37:04',9,'2017-11-30 14:37:04'),(1184,201,'packening',NULL,NULL,'2017-11-30 15:37:08','Bestell-Nr.: 001507',NULL,-1,999738,NULL,9,'2017-11-30 14:37:08',9,'2017-11-30 14:37:08'),(1185,195,'packening',NULL,NULL,'2017-12-04 09:37:20','Bestell-Nr.: 001502',NULL,-1,9999354,NULL,9,'2017-12-04 08:37:20',9,'2017-12-04 08:37:20'),(1186,201,'packening',NULL,NULL,'2017-12-04 09:37:20','Bestell-Nr.: 001502',NULL,-1,999737,NULL,9,'2017-12-04 08:37:20',9,'2017-12-04 08:37:20'),(1187,304,'packening',NULL,NULL,'2017-12-04 09:37:20','Bestell-Nr.: 001502',NULL,-1,99985,NULL,9,'2017-12-04 08:37:20',9,'2017-12-04 08:37:20'),(1188,195,'packening',NULL,NULL,'2017-12-05 08:46:08','Bestell-Nr.: 001494',NULL,-1,9999353,NULL,9,'2017-12-05 07:46:08',9,'2017-12-05 07:46:08'),(1189,195,'packening',NULL,NULL,'2017-12-05 08:46:08','Bestell-Nr.: 001494',NULL,-1,9999352,NULL,9,'2017-12-05 07:46:08',9,'2017-12-05 07:46:08'),(1190,195,'packening',NULL,NULL,'2017-12-05 08:46:50','Bestell-Nr.: 001500',NULL,-1,9999351,NULL,9,'2017-12-05 07:46:50',9,'2017-12-05 07:46:50'),(1191,195,'packening',NULL,NULL,'2017-12-05 08:47:19','Bestell-Nr.: 001435',NULL,-1,9999350,NULL,9,'2017-12-05 07:47:19',9,'2017-12-05 07:47:19'),(1192,201,'packening',NULL,NULL,'2017-12-05 08:47:19','Bestell-Nr.: 001435',NULL,-1,999736,NULL,9,'2017-12-05 07:47:19',9,'2017-12-05 07:47:19'),(1193,304,'packening',NULL,NULL,'2017-12-05 08:47:19','Bestell-Nr.: 001435',NULL,-1,99984,NULL,9,'2017-12-05 07:47:19',9,'2017-12-05 07:47:19'),(1194,195,'packening',NULL,NULL,'2017-12-07 08:33:51','Bestell-Nr.: 001440',NULL,-1,9999349,NULL,9,'2017-12-07 07:33:51',9,'2017-12-07 07:33:51'),(1195,201,'packening',NULL,NULL,'2017-12-07 08:33:51','Bestell-Nr.: 001440',NULL,-1,999735,NULL,9,'2017-12-07 07:33:51',9,'2017-12-07 07:33:51'),(1196,195,'packening',NULL,NULL,'2017-12-07 11:37:54','Bestell-Nr.: 001510',NULL,-1,9999348,NULL,9,'2017-12-07 10:37:54',9,'2017-12-07 10:37:54'),(1197,201,'packening',NULL,NULL,'2017-12-07 11:37:54','Bestell-Nr.: 001510',NULL,-1,999734,NULL,9,'2017-12-07 10:37:54',9,'2017-12-07 10:37:54'),(1198,195,'packening',NULL,NULL,'2017-12-07 11:38:02','Bestell-Nr.: 001511',NULL,-1,9999347,NULL,9,'2017-12-07 10:38:02',9,'2017-12-07 10:38:02'),(1199,195,'packening',NULL,NULL,'2017-12-13 14:00:48','Bestell-Nr.: 001425',NULL,-1,9999346,NULL,9,'2017-12-13 13:00:48',9,'2017-12-13 13:00:48'),(1200,201,'packening',NULL,NULL,'2017-12-13 14:00:48','Bestell-Nr.: 001425',NULL,-1,999733,NULL,9,'2017-12-13 13:00:48',9,'2017-12-13 13:00:48'),(1201,195,'packening',NULL,NULL,'2017-12-13 14:00:52','Bestell-Nr.: 001517',NULL,-1,9999345,NULL,9,'2017-12-13 13:00:52',9,'2017-12-13 13:00:52'),(1202,201,'packening',NULL,NULL,'2017-12-13 14:00:53','Bestell-Nr.: 001517',NULL,-1,999732,NULL,9,'2017-12-13 13:00:53',9,'2017-12-13 13:00:53'),(1203,250,'backendchange',NULL,NULL,'2017-12-18 13:04:02',NULL,NULL,5,0,NULL,9,'2017-12-18 12:04:02',9,'2017-12-18 12:04:02'),(1204,249,'backendchange',NULL,NULL,'2017-12-18 13:04:12',NULL,NULL,5,0,NULL,9,'2017-12-18 12:04:12',9,'2017-12-18 12:04:12'),(1205,250,'packening',NULL,NULL,'2017-12-18 13:05:59','Bestell-Nr.: 001101',NULL,-1,5,NULL,9,'2017-12-18 12:05:59',9,'2017-12-18 12:05:59'),(1206,195,'packening',NULL,NULL,'2017-12-18 13:05:59','Bestell-Nr.: 001101',NULL,-1,9999344,NULL,9,'2017-12-18 12:05:59',9,'2017-12-18 12:05:59'),(1207,249,'packening',NULL,NULL,'2017-12-18 13:05:59','Bestell-Nr.: 001101',NULL,-1,5,NULL,9,'2017-12-18 12:05:59',9,'2017-12-18 12:05:59'),(1208,265,'packening',NULL,NULL,'2017-12-18 13:06:05','Bestell-Nr.: 001338',NULL,-1,9999978,NULL,9,'2017-12-18 12:06:05',9,'2017-12-18 12:06:05'),(1209,195,'packening',NULL,NULL,'2017-12-18 13:06:18','Bestell-Nr.: 001529',NULL,-1,9999343,NULL,9,'2017-12-18 12:06:18',9,'2017-12-18 12:06:18'),(1210,304,'packening',NULL,NULL,'2017-12-18 13:06:18','Bestell-Nr.: 001529',NULL,-1,99983,NULL,9,'2017-12-18 12:06:18',9,'2017-12-18 12:06:18'),(1211,195,'packening',NULL,NULL,'2017-12-18 13:06:18','Bestell-Nr.: 001529',NULL,-1,9999342,NULL,9,'2017-12-18 12:06:18',9,'2017-12-18 12:06:18'),(1212,195,'packening',NULL,NULL,'2017-12-18 13:06:18','Bestell-Nr.: 001529',NULL,-1,9999341,NULL,9,'2017-12-18 12:06:18',9,'2017-12-18 12:06:18'),(1213,201,'packening',NULL,NULL,'2017-12-18 13:06:18','Bestell-Nr.: 001529',NULL,-1,999731,NULL,9,'2017-12-18 12:06:18',9,'2017-12-18 12:06:18'),(1214,195,'packening',NULL,NULL,'2017-12-18 13:06:21','Bestell-Nr.: 001528',NULL,-1,9999340,NULL,9,'2017-12-18 12:06:21',9,'2017-12-18 12:06:21'),(1215,195,'packening',NULL,NULL,'2018-01-11 10:55:55','Bestell-Nr.: 001526',NULL,-1,9999339,NULL,9,'2018-01-11 09:55:55',9,'2018-01-11 09:55:55'),(1216,195,'packening',NULL,NULL,'2018-01-12 10:14:15','Bestell-Nr.: 001525',NULL,-1,9999338,NULL,9,'2018-01-12 09:14:15',9,'2018-01-12 09:14:15'),(1217,195,'packening',NULL,NULL,'2018-01-22 16:16:42','Bestell-Nr.: 000281',NULL,-1,9999337,NULL,9,'2018-01-22 15:16:42',9,'2018-01-22 15:16:42'),(1218,195,'packening',NULL,NULL,'2018-01-23 09:44:52','Bestell-Nr.: 001544',NULL,-1,9999336,NULL,9,'2018-01-23 08:44:52',9,'2018-01-23 08:44:52'),(1219,195,'packening',NULL,NULL,'2018-01-23 09:45:46','Bestell-Nr.: 001546',NULL,-1,9999335,NULL,9,'2018-01-23 08:45:46',9,'2018-01-23 08:45:46'),(1220,195,'packening',NULL,NULL,'2018-01-23 09:45:53','Bestell-Nr.: 001455',NULL,-1,9999334,NULL,9,'2018-01-23 08:45:53',9,'2018-01-23 08:45:53'),(1221,201,'packening',NULL,NULL,'2018-01-23 09:45:53','Bestell-Nr.: 001455',NULL,-2,999730,NULL,9,'2018-01-23 08:45:53',9,'2018-01-23 08:45:53'),(1222,195,'packening',NULL,NULL,'2018-01-23 09:46:02','Bestell-Nr.: 001547',NULL,-1,9999333,NULL,9,'2018-01-23 08:46:02',9,'2018-01-23 08:46:02'),(1223,201,'packening',NULL,NULL,'2018-01-23 09:46:02','Bestell-Nr.: 001547',NULL,-1,999728,NULL,9,'2018-01-23 08:46:02',9,'2018-01-23 08:46:02'),(1224,195,'packening',NULL,NULL,'2018-01-26 08:52:20','Bestell-Nr.: 001548',NULL,-1,9999332,NULL,9,'2018-01-26 07:52:20',9,'2018-01-26 07:52:20'),(1225,195,'packening',NULL,NULL,'2018-01-26 08:53:10','Bestell-Nr.: 001556',NULL,-1,9999331,NULL,9,'2018-01-26 07:53:10',9,'2018-01-26 07:53:10'),(1226,195,'packening',NULL,NULL,'2018-01-26 08:53:17','Bestell-Nr.: 001479',NULL,-1,9999330,NULL,9,'2018-01-26 07:53:17',9,'2018-01-26 07:53:17'),(1227,304,'packening',NULL,NULL,'2018-01-26 08:53:17','Bestell-Nr.: 001479',NULL,-1,99982,NULL,9,'2018-01-26 07:53:17',9,'2018-01-26 07:53:17'),(1228,195,'packening',NULL,NULL,'2018-01-29 09:58:39','Bestell-Nr.: 001472',NULL,-1,9999329,NULL,9,'2018-01-29 08:58:39',9,'2018-01-29 08:58:39'),(1229,195,'packening',NULL,NULL,'2018-01-29 11:42:30','Bestell-Nr.: 001552',NULL,-1,9999328,NULL,9,'2018-01-29 10:42:30',9,'2018-01-29 10:42:30'),(1230,195,'packening',NULL,NULL,'2018-02-05 09:32:15','Bestell-Nr.: 001568',NULL,-1,9999327,NULL,9,'2018-02-05 08:32:15',9,'2018-02-05 08:32:15'),(1231,195,'packening',NULL,NULL,'2018-02-05 09:32:20','Bestell-Nr.: 001420',NULL,-1,9999326,NULL,9,'2018-02-05 08:32:20',9,'2018-02-05 08:32:20'),(1232,195,'packening',NULL,NULL,'2018-02-08 16:02:22','Bestell-Nr.: 001574',NULL,-1,9999325,NULL,9,'2018-02-08 15:02:22',9,'2018-02-08 15:02:22'),(1233,201,'packening',NULL,NULL,'2018-02-08 16:02:22','Bestell-Nr.: 001574',NULL,-1,999727,NULL,9,'2018-02-08 15:02:22',9,'2018-02-08 15:02:22'),(1234,195,'packening',NULL,NULL,'2018-02-08 16:02:22','Bestell-Nr.: 001574',NULL,-1,9999324,NULL,9,'2018-02-08 15:02:22',9,'2018-02-08 15:02:22'),(1235,201,'packening',NULL,NULL,'2018-02-08 16:28:46','Bestell-Nr.: 001606',NULL,-1,999726,NULL,9,'2018-02-08 15:28:46',9,'2018-02-08 15:28:46'),(1236,195,'packening',NULL,NULL,'2018-02-15 13:06:47','Bestell-Nr.: 001577',NULL,-1,9999323,NULL,9,'2018-02-15 12:06:47',9,'2018-02-15 12:06:47'),(1237,195,'packening',NULL,NULL,'2018-02-15 13:06:50','Bestell-Nr.: 001583',NULL,-1,9999322,NULL,9,'2018-02-15 12:06:50',9,'2018-02-15 12:06:50'),(1238,195,'packening',NULL,NULL,'2018-02-19 11:28:18','Bestell-Nr.: 000596',NULL,-1,9999321,NULL,9,'2018-02-19 10:28:18',9,'2018-02-19 10:28:18'),(1239,195,'packening',NULL,NULL,'2018-02-19 11:28:18','Bestell-Nr.: 000596',NULL,-1,9999320,NULL,9,'2018-02-19 10:28:18',9,'2018-02-19 10:28:18'),(1240,195,'packening',NULL,NULL,'2018-02-19 11:28:18','Bestell-Nr.: 000596',NULL,-1,9999319,NULL,9,'2018-02-19 10:28:18',9,'2018-02-19 10:28:18'),(1241,201,'packening',NULL,NULL,'2018-02-19 11:28:18','Bestell-Nr.: 000596',NULL,-1,999725,NULL,9,'2018-02-19 10:28:18',9,'2018-02-19 10:28:18'),(1242,195,'packening',NULL,NULL,'2018-02-19 11:28:30','Bestell-Nr.: 001562',NULL,-1,9999318,NULL,9,'2018-02-19 10:28:30',9,'2018-02-19 10:28:30'),(1243,195,'packening',NULL,NULL,'2018-02-22 09:33:18','Bestell-Nr.: 001591',NULL,-1,9999317,NULL,9,'2018-02-22 08:33:18',9,'2018-02-22 08:33:18'),(1244,195,'packening',NULL,NULL,'2018-02-22 09:33:27','Bestell-Nr.: 001611',NULL,-1,9999316,NULL,9,'2018-02-22 08:33:27',9,'2018-02-22 08:33:27'),(1245,201,'packening',NULL,NULL,'2018-02-22 09:33:27','Bestell-Nr.: 001611',NULL,-1,999724,NULL,9,'2018-02-22 08:33:27',9,'2018-02-22 08:33:27'),(1246,195,'packening',NULL,NULL,'2018-02-22 09:33:27','Bestell-Nr.: 001611',NULL,-2,9999315,NULL,9,'2018-02-22 08:33:27',9,'2018-02-22 08:33:27'),(1247,304,'packening',NULL,NULL,'2018-02-22 09:33:27','Bestell-Nr.: 001611',NULL,-1,99981,NULL,9,'2018-02-22 08:33:27',9,'2018-02-22 08:33:27'),(1248,195,'packening',NULL,NULL,'2018-02-23 11:35:25','Bestell-Nr.: 001515',NULL,-1,9999313,NULL,9,'2018-02-23 10:35:25',9,'2018-02-23 10:35:25'),(1249,195,'packening',NULL,NULL,'2018-02-23 11:35:30','Bestell-Nr.: 001619',NULL,-1,9999312,NULL,9,'2018-02-23 10:35:30',9,'2018-02-23 10:35:30'),(1250,195,'packening',NULL,NULL,'2018-02-28 09:03:28','Bestell-Nr.: 001490',NULL,-1,9999311,NULL,9,'2018-02-28 08:03:28',9,'2018-02-28 08:03:28'),(1251,195,'packening',NULL,NULL,'2018-03-01 09:46:30','Bestell-Nr.: 001627',NULL,-1,9999310,NULL,9,'2018-03-01 08:46:30',9,'2018-03-01 08:46:30'),(1252,195,'packening',NULL,NULL,'2018-03-06 13:01:42','Bestell-Nr.: 001634',NULL,-1,9999309,NULL,9,'2018-03-06 12:01:42',9,'2018-03-06 12:01:42'),(1253,201,'packening',NULL,NULL,'2018-03-06 13:01:42','Bestell-Nr.: 001634',NULL,-1,999723,NULL,9,'2018-03-06 12:01:42',9,'2018-03-06 12:01:42'),(1254,195,'packening',NULL,NULL,'2018-03-12 08:12:01','Bestell-Nr.: 001642',NULL,-1,9999308,NULL,9,'2018-03-12 07:12:01',9,'2018-03-12 07:12:01'),(1255,195,'packening',NULL,NULL,'2018-03-12 08:24:01','Bestell-Nr.: 001643',NULL,-1,9999307,NULL,9,'2018-03-12 07:24:01',9,'2018-03-12 07:24:01'),(1256,195,'packening',NULL,NULL,'2018-03-19 08:42:42','Bestell-Nr.: 001655',NULL,-1,9999306,NULL,9,'2018-03-19 07:42:42',9,'2018-03-19 07:42:42'),(1257,195,'packening',NULL,NULL,'2018-03-23 09:22:02','Bestell-Nr.: 001625',NULL,-1,9999305,NULL,9,'2018-03-23 08:22:02',9,'2018-03-23 08:22:02'),(1258,195,'packening',NULL,NULL,'2018-03-23 09:22:07','Bestell-Nr.: 001575',NULL,-1,9999304,NULL,9,'2018-03-23 08:22:07',9,'2018-03-23 08:22:07'),(1259,201,'packening',NULL,NULL,'2018-03-23 09:22:07','Bestell-Nr.: 001575',NULL,-2,999722,NULL,9,'2018-03-23 08:22:07',9,'2018-03-23 08:22:07'),(1260,195,'packening',NULL,NULL,'2018-03-28 13:53:23','Bestell-Nr.: 000931',NULL,-1,9999303,NULL,9,'2018-03-28 11:53:23',9,'2018-03-28 11:53:23'),(1261,195,'packening',NULL,NULL,'2018-03-28 13:54:03','Bestell-Nr.: 001681',NULL,-1,9999302,NULL,9,'2018-03-28 11:54:03',9,'2018-03-28 11:54:03'),(1262,195,'packening',NULL,NULL,'2018-03-28 13:54:37','Bestell-Nr.: 001693',NULL,-1,9999301,NULL,9,'2018-03-28 11:54:37',9,'2018-03-28 11:54:37'),(1263,195,'packening',NULL,NULL,'2018-03-28 14:03:04','Bestell-Nr.: 001639',NULL,-1,9999300,NULL,9,'2018-03-28 12:03:04',9,'2018-03-28 12:03:04'),(1264,195,'packening',NULL,NULL,'2018-03-28 14:03:04','Bestell-Nr.: 001639',NULL,-1,9999299,NULL,9,'2018-03-28 12:03:04',9,'2018-03-28 12:03:04'),(1265,195,'packening',NULL,NULL,'2018-04-04 11:11:14','Bestell-Nr.: 001667',NULL,-1,9999298,NULL,9,'2018-04-04 09:11:14',9,'2018-04-04 09:11:14'),(1266,195,'packening',NULL,NULL,'2018-04-10 09:56:44','Bestell-Nr.: 001644',NULL,-1,9999297,NULL,9,'2018-04-10 07:56:44',9,'2018-04-10 07:56:44'),(1267,195,'packening',NULL,NULL,'2018-04-10 14:12:23','Bestell-Nr.: 001707',NULL,-1,9999296,NULL,9,'2018-04-10 12:12:23',9,'2018-04-10 12:12:23'),(1268,195,'packening',NULL,NULL,'2018-04-11 10:46:01','Bestell-Nr.: 001701',NULL,-1,9999295,NULL,9,'2018-04-11 08:46:01',9,'2018-04-11 08:46:01'),(1269,195,'packening',NULL,NULL,'2018-04-11 10:46:01','Bestell-Nr.: 001701',NULL,-1,9999294,NULL,9,'2018-04-11 08:46:01',9,'2018-04-11 08:46:01'),(1270,195,'packening',NULL,NULL,'2018-04-11 10:46:13','Bestell-Nr.: 001710',NULL,-1,9999293,NULL,9,'2018-04-11 08:46:13',9,'2018-04-11 08:46:13'),(1271,304,'packening',NULL,NULL,'2018-04-11 10:46:13','Bestell-Nr.: 001710',NULL,-1,99980,NULL,9,'2018-04-11 08:46:13',9,'2018-04-11 08:46:13'),(1272,195,'packening',NULL,NULL,'2018-04-11 14:18:30','Bestell-Nr.: 001698',NULL,-1,9999292,NULL,9,'2018-04-11 12:18:30',9,'2018-04-11 12:18:30'),(1273,201,'packening',NULL,NULL,'2018-04-11 14:18:30','Bestell-Nr.: 001698',NULL,-1,999720,NULL,9,'2018-04-11 12:18:30',9,'2018-04-11 12:18:30'),(1274,195,'packening',NULL,NULL,'2018-04-12 11:01:13','Bestell-Nr.: 001709',NULL,-1,9999291,NULL,9,'2018-04-12 09:01:13',9,'2018-04-12 09:01:13'),(1275,201,'packening',NULL,NULL,'2018-04-12 11:01:13','Bestell-Nr.: 001709',NULL,-2,999719,NULL,9,'2018-04-12 09:01:13',9,'2018-04-12 09:01:13'),(1276,195,'packening',NULL,NULL,'2018-04-12 11:52:36','Bestell-Nr.: 001708',NULL,-1,9999290,NULL,9,'2018-04-12 09:52:36',9,'2018-04-12 09:52:36'),(1277,201,'packening',NULL,NULL,'2018-04-12 11:52:36','Bestell-Nr.: 001708',NULL,-1,999717,NULL,9,'2018-04-12 09:52:36',9,'2018-04-12 09:52:36'),(1278,195,'packening',NULL,NULL,'2018-04-12 11:57:02','Bestell-Nr.: 001699',NULL,-1,9999289,NULL,9,'2018-04-12 09:57:02',9,'2018-04-12 09:57:02'),(1279,201,'packening',NULL,NULL,'2018-04-12 11:57:02','Bestell-Nr.: 001699',NULL,-1,999716,NULL,9,'2018-04-12 09:57:02',9,'2018-04-12 09:57:02'),(1280,195,'packening',NULL,NULL,'2018-04-12 13:04:37','Bestell-Nr.: 001704',NULL,-1,9999288,NULL,9,'2018-04-12 11:04:37',9,'2018-04-12 11:04:37'),(1281,195,'packening',NULL,NULL,'2018-04-16 14:19:54','Bestell-Nr.: 001712',NULL,-1,9999287,NULL,9,'2018-04-16 12:19:54',9,'2018-04-16 12:19:54'),(1282,201,'packening',NULL,NULL,'2018-04-16 14:19:54','Bestell-Nr.: 001712',NULL,-1,999715,NULL,9,'2018-04-16 12:19:54',9,'2018-04-16 12:19:54'),(1283,195,'packening',NULL,NULL,'2018-04-19 09:47:18','Bestell-Nr.: 001713',NULL,-1,9999286,NULL,9,'2018-04-19 07:47:18',9,'2018-04-19 07:47:18'),(1284,195,'packening',NULL,NULL,'2018-04-24 15:04:01','Bestell-Nr.: 001718',NULL,-1,9999285,NULL,9,'2018-04-24 13:04:01',9,'2018-04-24 13:04:01'),(1285,195,'packening',NULL,NULL,'2018-04-25 15:46:04','Bestell-Nr.: 001600',NULL,-1,9999284,NULL,9,'2018-04-25 13:46:04',9,'2018-04-25 13:46:04'),(1286,195,'packening',NULL,NULL,'2018-04-25 15:46:52','Bestell-Nr.: 001727',NULL,-1,9999283,NULL,9,'2018-04-25 13:46:52',9,'2018-04-25 13:46:52'),(1287,195,'packening',NULL,NULL,'2018-04-26 09:49:11','Bestell-Nr.: 001720',NULL,-1,9999282,NULL,9,'2018-04-26 07:49:11',9,'2018-04-26 07:49:11'),(1288,195,'packening',NULL,NULL,'2018-04-26 09:49:43','Bestell-Nr.: 001702',NULL,-1,9999281,NULL,9,'2018-04-26 07:49:43',9,'2018-04-26 07:49:43'),(1289,195,'packening',NULL,NULL,'2018-04-27 10:18:44','Bestell-Nr.: 001726',NULL,-1,9999280,NULL,9,'2018-04-27 08:18:44',9,'2018-04-27 08:18:44'),(1290,201,'packening',NULL,NULL,'2018-04-27 10:18:44','Bestell-Nr.: 001726',NULL,-1,999714,NULL,9,'2018-04-27 08:18:44',9,'2018-04-27 08:18:44'),(1291,195,'packening',NULL,NULL,'2018-05-04 10:37:12','Bestell-Nr.: 001725',NULL,-1,9999279,NULL,9,'2018-05-04 08:37:12',9,'2018-05-04 08:37:12'),(1292,195,'packening',NULL,NULL,'2018-05-08 13:20:37','Bestell-Nr.: 001755',NULL,-1,9999278,NULL,9,'2018-05-08 11:20:37',9,'2018-05-08 11:20:37'),(1293,195,'packening',NULL,NULL,'2018-05-09 09:35:04','Bestell-Nr.: 001722',NULL,-1,9999277,NULL,9,'2018-05-09 07:35:04',9,'2018-05-09 07:35:04'),(1294,201,'packening',NULL,NULL,'2018-05-09 09:35:04','Bestell-Nr.: 001722',NULL,-2,999713,NULL,9,'2018-05-09 07:35:04',9,'2018-05-09 07:35:04'),(1295,195,'packening',NULL,NULL,'2018-05-16 11:28:00','Bestell-Nr.: 001747',NULL,-1,9999276,NULL,9,'2018-05-16 09:28:00',9,'2018-05-16 09:28:00'),(1296,195,'packening',NULL,NULL,'2018-05-16 11:28:00','Bestell-Nr.: 001747',NULL,-1,9999275,NULL,9,'2018-05-16 09:28:00',9,'2018-05-16 09:28:00'),(1297,195,'packening',NULL,NULL,'2018-05-22 11:47:22','Bestell-Nr.: 001743',NULL,-1,9999274,NULL,9,'2018-05-22 09:47:22',9,'2018-05-22 09:47:22'),(1298,195,'packening',NULL,NULL,'2018-05-23 11:03:45','Bestell-Nr.: 001721',NULL,-1,9999273,NULL,9,'2018-05-23 09:03:45',9,'2018-05-23 09:03:45'),(1299,195,'packening',NULL,NULL,'2018-05-23 11:05:52','Bestell-Nr.: 001744',NULL,-1,9999272,NULL,9,'2018-05-23 09:05:52',9,'2018-05-23 09:05:52'),(1300,195,'packening',NULL,NULL,'2018-05-23 11:07:32','Bestell-Nr.: 001748',NULL,-1,9999271,NULL,9,'2018-05-23 09:07:32',9,'2018-05-23 09:07:32'),(1301,201,'packening',NULL,NULL,'2018-05-23 11:07:32','Bestell-Nr.: 001748',NULL,-1,999711,NULL,9,'2018-05-23 09:07:32',9,'2018-05-23 09:07:32'),(1302,195,'packening',NULL,NULL,'2018-05-24 08:11:43','Bestell-Nr.: 001734',NULL,-1,9999270,NULL,9,'2018-05-24 06:11:43',9,'2018-05-24 06:11:43'),(1303,195,'packening',NULL,NULL,'2018-05-24 11:02:08','Bestell-Nr.: 001752',NULL,-1,9999269,NULL,9,'2018-05-24 09:02:08',9,'2018-05-24 09:02:08'),(1304,265,'packening',NULL,NULL,'2018-05-25 10:01:40','Bestell-Nr.: 001686',NULL,-1,9999977,NULL,9,'2018-05-25 08:01:40',9,'2018-05-25 08:01:40'),(1305,195,'packening',NULL,NULL,'2018-05-29 10:17:33','Bestell-Nr.: 001768',NULL,-1,9999268,NULL,9,'2018-05-29 08:17:33',9,'2018-05-29 08:17:33'),(1306,201,'packening',NULL,NULL,'2018-05-29 10:17:33','Bestell-Nr.: 001768',NULL,-1,999710,NULL,9,'2018-05-29 08:17:33',9,'2018-05-29 08:17:33'),(1307,195,'packening',NULL,NULL,'2018-05-29 11:05:39','Bestell-Nr.: 001778',NULL,-1,9999267,NULL,9,'2018-05-29 09:05:39',9,'2018-05-29 09:05:39'),(1308,304,'packening',NULL,NULL,'2018-05-29 11:05:39','Bestell-Nr.: 001778',NULL,-1,99979,NULL,9,'2018-05-29 09:05:39',9,'2018-05-29 09:05:39'),(1309,195,'packening',NULL,NULL,'2018-05-29 11:15:50','Bestell-Nr.: 001763',NULL,-1,9999266,NULL,9,'2018-05-29 09:15:50',9,'2018-05-29 09:15:50'),(1310,195,'packening',NULL,NULL,'2018-05-29 11:16:24','Bestell-Nr.: 001765',NULL,-1,9999265,NULL,9,'2018-05-29 09:16:24',9,'2018-05-29 09:16:24'),(1311,195,'packening',NULL,NULL,'2018-05-29 11:16:24','Bestell-Nr.: 001765',NULL,-1,9999264,NULL,9,'2018-05-29 09:16:24',9,'2018-05-29 09:16:24'),(1312,195,'packening',NULL,NULL,'2018-05-29 11:28:12','Bestell-Nr.: 001773',NULL,-1,9999263,NULL,9,'2018-05-29 09:28:12',9,'2018-05-29 09:28:12'),(1313,195,'packening',NULL,NULL,'2018-06-08 11:35:32','Bestell-Nr.: 001569',NULL,-1,9999262,NULL,9,'2018-06-08 09:35:32',9,'2018-06-08 09:35:32'),(1314,195,'packening',NULL,NULL,'2018-06-08 11:36:15','Bestell-Nr.: 001779',NULL,-1,9999261,NULL,9,'2018-06-08 09:36:15',9,'2018-06-08 09:36:15'),(1315,195,'packening',NULL,NULL,'2018-06-08 11:37:01','Bestell-Nr.: 001780',NULL,-1,9999260,NULL,9,'2018-06-08 09:37:01',9,'2018-06-08 09:37:01'),(1316,195,'packening',NULL,NULL,'2018-06-11 10:01:04','Bestell-Nr.: 001751',NULL,-1,9999259,NULL,9,'2018-06-11 08:01:04',9,'2018-06-11 08:01:04'),(1317,195,'packening',NULL,NULL,'2018-06-12 14:54:07','Bestell-Nr.: 001772',NULL,-1,9999258,NULL,9,'2018-06-12 12:54:07',9,'2018-06-12 12:54:07'),(1318,195,'packening',NULL,NULL,'2018-06-14 15:50:11','Bestell-Nr.: 001774',NULL,-1,9999257,NULL,9,'2018-06-14 13:50:11',9,'2018-06-14 13:50:11'),(1319,195,'packening',NULL,NULL,'2018-06-22 08:38:26','Bestell-Nr.: 001795',NULL,-1,9999256,NULL,9,'2018-06-22 06:38:26',9,'2018-06-22 06:38:26'),(1320,201,'packening',NULL,NULL,'2018-06-22 08:38:26','Bestell-Nr.: 001795',NULL,-2,999709,NULL,9,'2018-06-22 06:38:26',9,'2018-06-22 06:38:26'),(1321,195,'packening',NULL,NULL,'2018-06-22 08:47:02','Bestell-Nr.: 001785',NULL,-1,9999255,NULL,9,'2018-06-22 06:47:02',9,'2018-06-22 06:47:02'),(1322,195,'packening',NULL,NULL,'2018-06-22 08:47:02','Bestell-Nr.: 001785',NULL,-1,9999254,NULL,9,'2018-06-22 06:47:02',9,'2018-06-22 06:47:02'),(1323,195,'packening',NULL,NULL,'2018-06-22 08:47:02','Bestell-Nr.: 001785',NULL,-1,9999253,NULL,9,'2018-06-22 06:47:02',9,'2018-06-22 06:47:02'),(1324,195,'packening',NULL,NULL,'2018-06-22 08:47:02','Bestell-Nr.: 001785',NULL,-1,9999252,NULL,9,'2018-06-22 06:47:02',9,'2018-06-22 06:47:02'),(1325,195,'packening',NULL,NULL,'2018-06-22 08:47:02','Bestell-Nr.: 001785',NULL,-1,9999251,NULL,9,'2018-06-22 06:47:02',9,'2018-06-22 06:47:02'),(1326,195,'packening',NULL,NULL,'2018-06-22 08:51:44','Bestell-Nr.: 001782',NULL,-1,9999250,NULL,9,'2018-06-22 06:51:44',9,'2018-06-22 06:51:44'),(1327,201,'packening',NULL,NULL,'2018-06-22 08:51:44','Bestell-Nr.: 001782',NULL,-2,999707,NULL,9,'2018-06-22 06:51:44',9,'2018-06-22 06:51:44'),(1328,195,'packening',NULL,NULL,'2018-06-22 08:54:54','Bestell-Nr.: 001791',NULL,-1,9999249,NULL,9,'2018-06-22 06:54:54',9,'2018-06-22 06:54:54'),(1329,195,'packening',NULL,NULL,'2018-06-22 10:47:04','Bestell-Nr.: 001797',NULL,-1,9999248,NULL,9,'2018-06-22 08:47:04',9,'2018-06-22 08:47:04'),(1330,201,'packening',NULL,NULL,'2018-06-22 10:47:04','Bestell-Nr.: 001797',NULL,-1,999705,NULL,9,'2018-06-22 08:47:04',9,'2018-06-22 08:47:04'),(1331,265,'packening',NULL,NULL,'2018-06-25 13:37:35','Bestell-Nr.: 001227',NULL,-1,9999976,NULL,9,'2018-06-25 11:37:35',9,'2018-06-25 11:37:35'),(1332,195,'packening',NULL,NULL,'2018-06-26 11:30:59','Bestell-Nr.: 001758',NULL,-1,9999247,NULL,9,'2018-06-26 09:30:59',9,'2018-06-26 09:30:59'),(1333,195,'packening',NULL,NULL,'2018-07-09 14:13:38','Bestell-Nr.: 001815',NULL,-1,9999246,NULL,9,'2018-07-09 12:13:38',9,'2018-07-09 12:13:38'),(1334,195,'packening',NULL,NULL,'2018-07-16 10:55:23','Bestell-Nr.: 001809',NULL,-1,9999245,NULL,9,'2018-07-16 08:55:23',9,'2018-07-16 08:55:23'),(1335,195,'packening',NULL,NULL,'2018-07-17 16:32:45','Bestell-Nr.: 001820',NULL,-1,9999244,NULL,9,'2018-07-17 14:32:45',9,'2018-07-17 14:32:45'),(1336,195,'packening',NULL,NULL,'2018-07-24 13:33:50','Bestell-Nr.: 001805',NULL,-1,9999243,NULL,9,'2018-07-24 11:33:50',9,'2018-07-24 11:33:50'),(1337,201,'packening',NULL,NULL,'2018-07-24 13:33:51','Bestell-Nr.: 001805',NULL,-1,999704,NULL,9,'2018-07-24 11:33:51',9,'2018-07-24 11:33:51'),(1338,195,'packening',NULL,NULL,'2018-07-24 13:33:51','Bestell-Nr.: 001805',NULL,-1,9999242,NULL,9,'2018-07-24 11:33:51',9,'2018-07-24 11:33:51'),(1339,195,'packening',NULL,NULL,'2018-07-25 11:43:57','Bestell-Nr.: 001828',NULL,-1,9999241,NULL,9,'2018-07-25 09:43:57',9,'2018-07-25 09:43:57'),(1340,195,'packening',NULL,NULL,'2018-07-25 11:44:51','Bestell-Nr.: 001833',NULL,-1,9999240,NULL,9,'2018-07-25 09:44:51',9,'2018-07-25 09:44:51'),(1341,201,'packening',NULL,NULL,'2018-07-25 11:44:51','Bestell-Nr.: 001833',NULL,-1,999703,NULL,9,'2018-07-25 09:44:51',9,'2018-07-25 09:44:51'),(1342,195,'packening',NULL,NULL,'2018-07-25 11:52:29','Bestell-Nr.: 001837',NULL,-1,9999239,NULL,9,'2018-07-25 09:52:29',9,'2018-07-25 09:52:29'),(1343,195,'packening',NULL,NULL,'2018-07-26 10:36:17','Bestell-Nr.: 001829',NULL,-1,9999238,NULL,9,'2018-07-26 08:36:17',9,'2018-07-26 08:36:17'),(1344,195,'packening',NULL,NULL,'2018-07-26 10:37:16','Bestell-Nr.: 001824',NULL,-1,9999237,NULL,9,'2018-07-26 08:37:16',9,'2018-07-26 08:37:16'),(1345,195,'packening',NULL,NULL,'2018-07-27 13:55:17','Bestell-Nr.: 001831',NULL,-1,9999236,NULL,9,'2018-07-27 11:55:17',9,'2018-07-27 11:55:17'),(1346,195,'packening',NULL,NULL,'2018-07-27 13:55:17','Bestell-Nr.: 001831',NULL,-1,9999235,NULL,9,'2018-07-27 11:55:17',9,'2018-07-27 11:55:17'),(1347,195,'packening',NULL,NULL,'2018-07-27 13:55:17','Bestell-Nr.: 001831',NULL,-1,9999234,NULL,9,'2018-07-27 11:55:17',9,'2018-07-27 11:55:17'),(1348,195,'packening',NULL,NULL,'2018-07-27 13:55:17','Bestell-Nr.: 001831',NULL,-1,9999233,NULL,9,'2018-07-27 11:55:17',9,'2018-07-27 11:55:17'),(1349,195,'packening',NULL,NULL,'2018-07-27 13:55:17','Bestell-Nr.: 001831',NULL,-1,9999232,NULL,9,'2018-07-27 11:55:17',9,'2018-07-27 11:55:17'),(1350,195,'packening',NULL,NULL,'2018-07-27 13:55:17','Bestell-Nr.: 001831',NULL,-1,9999231,NULL,9,'2018-07-27 11:55:17',9,'2018-07-27 11:55:17'),(1351,195,'packening',NULL,NULL,'2018-08-08 15:10:29','Bestell-Nr.: 001840',NULL,-1,9999230,NULL,9,'2018-08-08 13:10:29',9,'2018-08-08 13:10:29'),(1352,195,'packening',NULL,NULL,'2018-08-24 11:27:06','Bestell-Nr.: 001865',NULL,-1,9999229,NULL,9,'2018-08-24 09:27:06',9,'2018-08-24 09:27:06'),(1353,195,'packening',NULL,NULL,'2018-08-24 11:27:06','Bestell-Nr.: 001865',NULL,-1,9999228,NULL,9,'2018-08-24 09:27:06',9,'2018-08-24 09:27:06'),(1354,195,'packening',NULL,NULL,'2018-08-24 11:27:06','Bestell-Nr.: 001865',NULL,-1,9999227,NULL,9,'2018-08-24 09:27:06',9,'2018-08-24 09:27:06'),(1355,195,'packening',NULL,NULL,'2018-08-24 11:27:06','Bestell-Nr.: 001865',NULL,-1,9999226,NULL,9,'2018-08-24 09:27:06',9,'2018-08-24 09:27:06'),(1356,195,'packening',NULL,NULL,'2018-08-24 11:27:06','Bestell-Nr.: 001865',NULL,-1,9999225,NULL,9,'2018-08-24 09:27:06',9,'2018-08-24 09:27:06'),(1357,195,'packening',NULL,NULL,'2018-09-04 14:04:49','Bestell-Nr.: 001871',NULL,-1,9999224,NULL,9,'2018-09-04 12:04:49',9,'2018-09-04 12:04:49'),(1358,195,'packening',NULL,NULL,'2018-09-06 10:15:26','Bestell-Nr.: 001800',NULL,-1,9999223,NULL,9,'2018-09-06 08:15:26',9,'2018-09-06 08:15:26'),(1359,195,'packening',NULL,NULL,'2018-09-06 10:15:50','Bestell-Nr.: 001864',NULL,-1,9999222,NULL,9,'2018-09-06 08:15:50',9,'2018-09-06 08:15:50'),(1360,201,'packening',NULL,NULL,'2018-09-06 10:15:50','Bestell-Nr.: 001864',NULL,-1,999702,NULL,9,'2018-09-06 08:15:50',9,'2018-09-06 08:15:50'),(1361,195,'packening',NULL,NULL,'2018-09-06 10:16:15','Bestell-Nr.: 001875',NULL,-1,9999221,NULL,9,'2018-09-06 08:16:15',9,'2018-09-06 08:16:15'),(1362,201,'packening',NULL,NULL,'2018-09-06 10:16:15','Bestell-Nr.: 001875',NULL,-1,999701,NULL,9,'2018-09-06 08:16:15',9,'2018-09-06 08:16:15'),(1363,195,'packening',NULL,NULL,'2018-09-14 11:20:48','Bestell-Nr.: 001847',NULL,-1,9999220,NULL,9,'2018-09-14 09:20:48',9,'2018-09-14 09:20:48'),(1364,201,'packening',NULL,NULL,'2018-09-14 11:20:48','Bestell-Nr.: 001847',NULL,-2,999700,NULL,9,'2018-09-14 09:20:48',9,'2018-09-14 09:20:48'),(1365,195,'packening',NULL,NULL,'2018-09-18 13:14:11','Bestell-Nr.: 001885',NULL,-1,9999219,NULL,9,'2018-09-18 11:14:11',9,'2018-09-18 11:14:11'),(1366,195,'packening',NULL,NULL,'2018-09-19 10:41:04','Bestell-Nr.: 001856',NULL,-1,9999218,NULL,9,'2018-09-19 08:41:04',9,'2018-09-19 08:41:04'),(1367,195,'packening',NULL,NULL,'2018-09-21 14:29:28','Bestell-Nr.: 001895',NULL,-1,9999217,NULL,9,'2018-09-21 12:29:28',9,'2018-09-21 12:29:28'),(1368,195,'packening',NULL,NULL,'2018-09-24 13:18:13','Bestell-Nr.: 001880',NULL,-1,9999216,NULL,9,'2018-09-24 11:18:13',9,'2018-09-24 11:18:13'),(1369,195,'packening',NULL,NULL,'2018-09-27 13:35:57','Bestell-Nr.: 001901',NULL,-1,9999215,NULL,9,'2018-09-27 11:35:57',9,'2018-09-27 11:35:57'),(1370,195,'packening',NULL,NULL,'2018-10-02 13:06:25','Bestell-Nr.: 001903',NULL,-1,9999214,NULL,9,'2018-10-02 11:06:25',9,'2018-10-02 11:06:25'),(1371,195,'packening',NULL,NULL,'2018-10-02 13:07:49','Bestell-Nr.: 001900',NULL,-1,9999213,NULL,9,'2018-10-02 11:07:49',9,'2018-10-02 11:07:49'),(1372,195,'packening',NULL,NULL,'2018-10-02 13:19:45','Bestell-Nr.: 001881',NULL,-1,9999212,NULL,9,'2018-10-02 11:19:45',9,'2018-10-02 11:19:45'),(1373,195,'packening',NULL,NULL,'2018-10-02 13:19:45','Bestell-Nr.: 001881',NULL,-1,9999211,NULL,9,'2018-10-02 11:19:45',9,'2018-10-02 11:19:45'),(1374,195,'packening',NULL,NULL,'2018-10-04 13:10:02','Bestell-Nr.: 001867',NULL,-1,9999210,NULL,9,'2018-10-04 11:10:02',9,'2018-10-04 11:10:02'),(1375,201,'packening',NULL,NULL,'2018-10-04 13:10:02','Bestell-Nr.: 001867',NULL,-1,999698,NULL,9,'2018-10-04 11:10:02',9,'2018-10-04 11:10:02'),(1376,195,'packening',NULL,NULL,'2018-10-04 13:10:02','Bestell-Nr.: 001867',NULL,-1,9999209,NULL,9,'2018-10-04 11:10:02',9,'2018-10-04 11:10:02'),(1377,195,'packening',NULL,NULL,'2018-10-09 11:10:47','Bestell-Nr.: 001883',NULL,-1,9999208,NULL,9,'2018-10-09 09:10:47',9,'2018-10-09 09:10:47'),(1378,195,'packening',NULL,NULL,'2018-10-10 07:55:44','Bestell-Nr.: 001827',NULL,-1,9999207,NULL,9,'2018-10-10 05:55:44',9,'2018-10-10 05:55:44'),(1379,195,'packening',NULL,NULL,'2018-10-10 07:56:04','Bestell-Nr.: 001902',NULL,-1,9999206,NULL,9,'2018-10-10 05:56:04',9,'2018-10-10 05:56:04'),(1380,195,'packening',NULL,NULL,'2018-10-10 07:56:31','Bestell-Nr.: 001767',NULL,-1,9999205,NULL,9,'2018-10-10 05:56:31',9,'2018-10-10 05:56:31'),(1381,201,'packening',NULL,NULL,'2018-10-10 07:56:31','Bestell-Nr.: 001767',NULL,-2,999697,NULL,9,'2018-10-10 05:56:31',9,'2018-10-10 05:56:31'),(1382,195,'packening',NULL,NULL,'2018-10-10 10:47:34','Bestell-Nr.: 001918',NULL,-1,9999204,NULL,9,'2018-10-10 08:47:34',9,'2018-10-10 08:47:34'),(1383,195,'packening',NULL,NULL,'2018-10-10 10:48:29','Bestell-Nr.: 001679',NULL,-1,9999203,NULL,9,'2018-10-10 08:48:29',9,'2018-10-10 08:48:29'),(1384,201,'packening',NULL,NULL,'2018-10-10 10:48:29','Bestell-Nr.: 001679',NULL,-1,999695,NULL,9,'2018-10-10 08:48:29',9,'2018-10-10 08:48:29'),(1385,195,'packening',NULL,NULL,'2018-10-10 10:49:05','Bestell-Nr.: 001890',NULL,-1,9999202,NULL,9,'2018-10-10 08:49:05',9,'2018-10-10 08:49:05'),(1386,195,'packening',NULL,NULL,'2018-10-11 14:52:33','Bestell-Nr.: 001788',NULL,-1,9999201,NULL,9,'2018-10-11 12:52:33',9,'2018-10-11 12:52:33'),(1387,201,'packening',NULL,NULL,'2018-10-11 14:52:33','Bestell-Nr.: 001788',NULL,-1,999694,NULL,9,'2018-10-11 12:52:33',9,'2018-10-11 12:52:33'),(1388,195,'packening',NULL,NULL,'2018-10-11 14:52:34','Bestell-Nr.: 001788',NULL,-1,9999200,NULL,9,'2018-10-11 12:52:34',9,'2018-10-11 12:52:34'),(1389,195,'packening',NULL,NULL,'2018-10-12 10:20:38','Bestell-Nr.: 001917',NULL,-1,9999199,NULL,9,'2018-10-12 08:20:38',9,'2018-10-12 08:20:38'),(1390,201,'packening',NULL,NULL,'2018-10-12 10:20:38','Bestell-Nr.: 001917',NULL,-1,999693,NULL,9,'2018-10-12 08:20:38',9,'2018-10-12 08:20:38'),(1391,195,'packening',NULL,NULL,'2018-10-16 10:12:22','Bestell-Nr.: 001906',NULL,-1,9999198,NULL,9,'2018-10-16 08:12:22',9,'2018-10-16 08:12:22'),(1392,195,'packening',NULL,NULL,'2018-10-17 13:33:08','Bestell-Nr.: 001924',NULL,-1,9999197,NULL,9,'2018-10-17 11:33:08',9,'2018-10-17 11:33:08'),(1393,195,'packening',NULL,NULL,'2018-10-17 13:33:09','Bestell-Nr.: 001924',NULL,-1,9999196,NULL,9,'2018-10-17 11:33:09',9,'2018-10-17 11:33:09'),(1394,195,'packening',NULL,NULL,'2018-10-18 14:38:11','Bestell-Nr.: 001915',NULL,-1,9999195,NULL,9,'2018-10-18 12:38:11',9,'2018-10-18 12:38:11'),(1395,195,'packening',NULL,NULL,'2018-10-19 07:52:34','Bestell-Nr.: 001921',NULL,-1,9999194,NULL,9,'2018-10-19 05:52:34',9,'2018-10-19 05:52:34'),(1396,195,'packening',NULL,NULL,'2018-10-19 09:52:12','Bestell-Nr.: 001922',NULL,-1,9999193,NULL,9,'2018-10-19 07:52:12',9,'2018-10-19 07:52:12'),(1397,201,'packening',NULL,NULL,'2018-10-19 09:52:12','Bestell-Nr.: 001922',NULL,-2,999692,NULL,9,'2018-10-19 07:52:12',9,'2018-10-19 07:52:12'),(1398,195,'packening',NULL,NULL,'2018-10-23 12:42:22','Bestell-Nr.: 001904',NULL,-1,9999192,NULL,9,'2018-10-23 10:42:22',9,'2018-10-23 10:42:22'),(1399,195,'packening',NULL,NULL,'2018-10-29 10:30:23','Bestell-Nr.: 001933',NULL,-1,9999191,NULL,9,'2018-10-29 09:30:23',9,'2018-10-29 09:30:23'),(1400,201,'packening',NULL,NULL,'2018-10-29 10:30:23','Bestell-Nr.: 001933',NULL,-3,999690,NULL,9,'2018-10-29 09:30:23',9,'2018-10-29 09:30:23'),(1401,195,'packening',NULL,NULL,'2018-10-29 10:31:00','Bestell-Nr.: 001934',NULL,-1,9999190,NULL,9,'2018-10-29 09:31:00',9,'2018-10-29 09:31:00'),(1402,195,'packening',NULL,NULL,'2018-11-07 10:52:09','Bestell-Nr.: 001923',NULL,-1,9999189,NULL,9,'2018-11-07 09:52:09',9,'2018-11-07 09:52:09'),(1403,195,'packening',NULL,NULL,'2018-11-07 10:52:09','Bestell-Nr.: 001923',NULL,-1,9999188,NULL,9,'2018-11-07 09:52:09',9,'2018-11-07 09:52:09'),(1404,195,'packening',NULL,NULL,'2018-11-08 09:29:46','Bestell-Nr.: 001942',NULL,-1,9999187,NULL,9,'2018-11-08 08:29:46',9,'2018-11-08 08:29:46'),(1405,195,'packening',NULL,NULL,'2018-11-16 08:28:30','Bestell-Nr.: 001943',NULL,-1,9999186,NULL,9,'2018-11-16 07:28:30',9,'2018-11-16 07:28:30'),(1406,195,'packening',NULL,NULL,'2018-11-16 08:29:02','Bestell-Nr.: 001945',NULL,-1,9999185,NULL,9,'2018-11-16 07:29:02',9,'2018-11-16 07:29:02'),(1407,195,'packening',NULL,NULL,'2018-11-23 07:45:55','Bestell-Nr.: 001876',NULL,-1,9999184,NULL,9,'2018-11-23 06:45:55',9,'2018-11-23 06:45:55'),(1408,195,'packening',NULL,NULL,'2018-11-23 07:45:55','Bestell-Nr.: 001876',NULL,-1,9999183,NULL,9,'2018-11-23 06:45:55',9,'2018-11-23 06:45:55'),(1409,195,'packening',NULL,NULL,'2018-11-23 07:46:29','Bestell-Nr.: 001951',NULL,-1,9999182,NULL,9,'2018-11-23 06:46:29',9,'2018-11-23 06:46:29'),(1410,195,'packening',NULL,NULL,'2018-11-23 07:46:52','Bestell-Nr.: 001963',NULL,-1,9999181,NULL,9,'2018-11-23 06:46:52',9,'2018-11-23 06:46:52'),(1411,195,'packening',NULL,NULL,'2018-11-23 07:47:11','Bestell-Nr.: 001969',NULL,-1,9999180,NULL,9,'2018-11-23 06:47:11',9,'2018-11-23 06:47:11'),(1412,195,'packening',NULL,NULL,'2018-11-23 07:47:11','Bestell-Nr.: 001969',NULL,-1,9999179,NULL,9,'2018-11-23 06:47:11',9,'2018-11-23 06:47:11'),(1413,195,'packening',NULL,NULL,'2018-11-23 07:48:17','Bestell-Nr.: 001965',NULL,-1,9999178,NULL,9,'2018-11-23 06:48:17',9,'2018-11-23 06:48:17'),(1414,195,'packening',NULL,NULL,'2018-11-23 07:48:37','Bestell-Nr.: 001940',NULL,-1,9999177,NULL,9,'2018-11-23 06:48:37',9,'2018-11-23 06:48:37'),(1415,195,'packening',NULL,NULL,'2018-11-23 07:48:57','Bestell-Nr.: 001967',NULL,-1,9999176,NULL,9,'2018-11-23 06:48:57',9,'2018-11-23 06:48:57'),(1416,195,'packening',NULL,NULL,'2018-11-27 09:13:51','Bestell-Nr.: 001960',NULL,-1,9999175,NULL,9,'2018-11-27 08:13:51',9,'2018-11-27 08:13:51'),(1417,195,'packening',NULL,NULL,'2018-11-27 09:13:51','Bestell-Nr.: 001960',NULL,-1,9999174,NULL,9,'2018-11-27 08:13:51',9,'2018-11-27 08:13:51'),(1418,195,'packening',NULL,NULL,'2018-11-28 13:33:01','Bestell-Nr.: 001948',NULL,-1,9999173,NULL,9,'2018-11-28 12:33:01',9,'2018-11-28 12:33:01'),(1419,195,'packening',NULL,NULL,'2018-11-29 16:33:46','Bestell-Nr.: 001982',NULL,-1,9999172,NULL,9,'2018-11-29 15:33:46',9,'2018-11-29 15:33:46'),(1420,195,'packening',NULL,NULL,'2018-12-04 10:43:49','Bestell-Nr.: 001989',NULL,-1,9999171,NULL,9,'2018-12-04 09:43:49',9,'2018-12-04 09:43:49'),(1421,304,'packening',NULL,NULL,'2018-12-04 10:43:49','Bestell-Nr.: 001989',NULL,-1,99978,NULL,9,'2018-12-04 09:43:49',9,'2018-12-04 09:43:49'),(1422,195,'packening',NULL,NULL,'2018-12-05 08:51:33','Bestell-Nr.: 001987',NULL,-1,9999170,NULL,9,'2018-12-05 07:51:33',9,'2018-12-05 07:51:33'),(1423,195,'packening',NULL,NULL,'2018-12-05 08:51:33','Bestell-Nr.: 001987',NULL,-1,9999169,NULL,9,'2018-12-05 07:51:33',9,'2018-12-05 07:51:33'),(1424,195,'packening',NULL,NULL,'2018-12-05 13:05:23','Bestell-Nr.: 001988',NULL,-1,9999168,NULL,9,'2018-12-05 12:05:23',9,'2018-12-05 12:05:23'),(1425,201,'packening',NULL,NULL,'2018-12-05 13:05:23','Bestell-Nr.: 001988',NULL,-6,999687,NULL,9,'2018-12-05 12:05:23',9,'2018-12-05 12:05:23'),(1426,195,'packening',NULL,NULL,'2018-12-07 09:19:09','Bestell-Nr.: 001998',NULL,-1,9999167,NULL,9,'2018-12-07 08:19:09',9,'2018-12-07 08:19:09'),(1427,265,'packening',NULL,NULL,'2018-12-10 11:25:36','Bestell-Nr.: 001986',NULL,-1,9999975,NULL,9,'2018-12-10 10:25:36',9,'2018-12-10 10:25:36'),(1428,201,'packening',NULL,NULL,'2018-12-10 11:25:36','Bestell-Nr.: 001986',NULL,-1,999681,NULL,9,'2018-12-10 10:25:36',9,'2018-12-10 10:25:36'),(1429,265,'packening',NULL,NULL,'2018-12-10 11:25:39','Bestell-Nr.: 001980',NULL,-1,9999974,NULL,9,'2018-12-10 10:25:39',9,'2018-12-10 10:25:39'),(1430,195,'packening',NULL,NULL,'2018-12-12 09:16:07','Bestell-Nr.: 001977',NULL,-1,9999166,NULL,9,'2018-12-12 08:16:07',9,'2018-12-12 08:16:07'),(1431,201,'packening',NULL,NULL,'2018-12-12 09:16:07','Bestell-Nr.: 001977',NULL,-1,999680,NULL,9,'2018-12-12 08:16:07',9,'2018-12-12 08:16:07'),(1432,195,'packening',NULL,NULL,'2018-12-13 10:51:24','Bestell-Nr.: 001984',NULL,-1,9999165,NULL,9,'2018-12-13 09:51:24',9,'2018-12-13 09:51:24'),(1433,195,'packening',NULL,NULL,'2018-12-14 08:04:57','Bestell-Nr.: 002005',NULL,-1,9999164,NULL,9,'2018-12-14 07:04:57',9,'2018-12-14 07:04:57'),(1434,195,'packening',NULL,NULL,'2018-12-14 08:05:18','Bestell-Nr.: 002007',NULL,-1,9999163,NULL,9,'2018-12-14 07:05:18',9,'2018-12-14 07:05:18'),(1435,195,'packening',NULL,NULL,'2018-12-14 08:05:38','Bestell-Nr.: 002004',NULL,-1,9999162,NULL,9,'2018-12-14 07:05:38',9,'2018-12-14 07:05:38'),(1436,195,'packening',NULL,NULL,'2018-12-17 10:26:47','Bestell-Nr.: 001985',NULL,-1,9999161,NULL,9,'2018-12-17 09:26:47',9,'2018-12-17 09:26:47'),(1437,195,'packening',NULL,NULL,'2018-12-17 10:37:36','Bestell-Nr.: 002002',NULL,-1,9999160,NULL,9,'2018-12-17 09:37:36',9,'2018-12-17 09:37:36'),(1438,201,'packening',NULL,NULL,'2018-12-17 10:37:36','Bestell-Nr.: 002002',NULL,-1,999679,NULL,9,'2018-12-17 09:37:36',9,'2018-12-17 09:37:36'),(1439,265,'packening',NULL,NULL,'2018-12-19 11:29:09','Bestell-Nr.: 002003',NULL,-1,9999973,NULL,9,'2018-12-19 10:29:09',9,'2018-12-19 10:29:09'),(1440,195,'packening',NULL,NULL,'2018-12-20 11:18:17','Bestell-Nr.: 002009',NULL,-1,9999159,NULL,9,'2018-12-20 10:18:17',9,'2018-12-20 10:18:17'),(1441,195,'packening',NULL,NULL,'2019-01-14 11:56:12','Bestell-Nr.: 002026',NULL,-1,9999158,NULL,9,'2019-01-14 10:56:12',9,'2019-01-14 10:56:12'),(1442,195,'packening',NULL,NULL,'2019-01-15 09:42:03','Bestell-Nr.: 002022',NULL,-1,9999157,NULL,9,'2019-01-15 08:42:03',9,'2019-01-15 08:42:03'),(1443,195,'packening',NULL,NULL,'2019-01-16 10:24:54','Bestell-Nr.: 002015',NULL,-1,9999156,NULL,9,'2019-01-16 09:24:54',9,'2019-01-16 09:24:54'),(1444,195,'packening',NULL,NULL,'2019-01-16 10:25:16','Bestell-Nr.: 002014',NULL,-1,9999155,NULL,9,'2019-01-16 09:25:16',9,'2019-01-16 09:25:16'),(1445,195,'packening',NULL,NULL,'2019-01-16 10:25:57','Bestell-Nr.: 002001',NULL,-1,9999154,NULL,9,'2019-01-16 09:25:57',9,'2019-01-16 09:25:57'),(1446,195,'packening',NULL,NULL,'2019-01-16 10:26:22','Bestell-Nr.: 002032',NULL,-1,9999153,NULL,9,'2019-01-16 09:26:22',9,'2019-01-16 09:26:22'),(1447,195,'packening',NULL,NULL,'2019-01-28 11:24:01','Bestell-Nr.: 002045',NULL,-1,9999152,NULL,9,'2019-01-28 10:24:01',9,'2019-01-28 10:24:01'),(1448,201,'packening',NULL,NULL,'2019-01-28 11:24:01','Bestell-Nr.: 002045',NULL,-2,999678,NULL,9,'2019-01-28 10:24:01',9,'2019-01-28 10:24:01'),(1449,195,'packening',NULL,NULL,'2019-01-28 15:29:18','Bestell-Nr.: 002051',NULL,-1,9999151,NULL,9,'2019-01-28 14:29:18',9,'2019-01-28 14:29:18'),(1450,195,'packening',NULL,NULL,'2019-01-30 09:28:51','Bestell-Nr.: 002034',NULL,-1,9999150,NULL,9,'2019-01-30 08:28:50',9,'2019-01-30 08:28:50'),(1451,195,'packening',NULL,NULL,'2019-02-12 10:33:12','Bestell-Nr.: 002063',NULL,-1,9999149,NULL,9,'2019-02-12 09:33:12',9,'2019-02-12 09:33:12'),(1452,201,'packening',NULL,NULL,'2019-02-12 10:33:12','Bestell-Nr.: 002063',NULL,-2,999676,NULL,9,'2019-02-12 09:33:12',9,'2019-02-12 09:33:12'),(1453,195,'packening',NULL,NULL,'2019-02-12 16:43:09','Bestell-Nr.: 002068',NULL,-1,9999148,NULL,9,'2019-02-12 15:43:09',9,'2019-02-12 15:43:09'),(1454,201,'packening',NULL,NULL,'2019-02-12 16:43:09','Bestell-Nr.: 002068',NULL,-1,999674,NULL,9,'2019-02-12 15:43:09',9,'2019-02-12 15:43:09'),(1455,195,'packening',NULL,NULL,'2019-02-13 10:04:39','Bestell-Nr.: 002031',NULL,-1,9999147,NULL,9,'2019-02-13 09:04:39',9,'2019-02-13 09:04:39'),(1456,201,'packening',NULL,NULL,'2019-02-13 10:04:39','Bestell-Nr.: 002031',NULL,-2,999673,NULL,9,'2019-02-13 09:04:39',9,'2019-02-13 09:04:39'),(1457,195,'packening',NULL,NULL,'2019-02-13 10:05:43','Bestell-Nr.: 002070',NULL,-1,9999146,NULL,9,'2019-02-13 09:05:43',9,'2019-02-13 09:05:43'),(1458,195,'packening',NULL,NULL,'2019-02-15 11:00:44','Bestell-Nr.: 002080',NULL,-1,9999145,NULL,9,'2019-02-15 10:00:44',9,'2019-02-15 10:00:44'),(1459,195,'packening',NULL,NULL,'2019-02-20 08:09:31','Bestell-Nr.: 002082',NULL,-1,9999144,NULL,9,'2019-02-20 07:09:31',9,'2019-02-20 07:09:31'),(1460,195,'packening',NULL,NULL,'2019-02-27 11:03:09','Bestell-Nr.: 002090',NULL,-1,9999143,NULL,9,'2019-02-27 10:03:09',9,'2019-02-27 10:03:09'),(1461,195,'packening',NULL,NULL,'2019-02-27 11:03:56','Bestell-Nr.: 002065',NULL,-1,9999142,NULL,9,'2019-02-27 10:03:56',9,'2019-02-27 10:03:56'),(1462,265,'packening',NULL,NULL,'2019-02-27 11:04:38','Bestell-Nr.: 002091',NULL,-1,9999972,NULL,9,'2019-02-27 10:04:38',9,'2019-02-27 10:04:38'),(1463,265,'packening',NULL,NULL,'2019-02-27 11:04:38','Bestell-Nr.: 002091',NULL,-1,9999971,NULL,9,'2019-02-27 10:04:38',9,'2019-02-27 10:04:38'),(1464,195,'packening',NULL,NULL,'2019-03-06 11:30:28','Bestell-Nr.: 002092',NULL,-1,9999141,NULL,9,'2019-03-06 10:30:28',9,'2019-03-06 10:30:28'),(1465,195,'packening',NULL,NULL,'2019-03-06 11:30:28','Bestell-Nr.: 002092',NULL,-1,9999140,NULL,9,'2019-03-06 10:30:28',9,'2019-03-06 10:30:28'),(1466,195,'packening',NULL,NULL,'2019-03-06 11:30:50','Bestell-Nr.: 002097',NULL,-1,9999139,NULL,9,'2019-03-06 10:30:50',9,'2019-03-06 10:30:50'),(1467,195,'packening',NULL,NULL,'2019-03-18 13:15:12','Bestell-Nr.: 002134',NULL,-1,9999138,NULL,9,'2019-03-18 12:15:12',9,'2019-03-18 12:15:12'),(1468,195,'packening',NULL,NULL,'2019-03-18 14:32:11','Bestell-Nr.: 002127',NULL,-1,9999137,NULL,9,'2019-03-18 13:32:11',9,'2019-03-18 13:32:11'),(1469,195,'packening',NULL,NULL,'2019-03-18 14:32:11','Bestell-Nr.: 002127',NULL,-1,9999136,NULL,9,'2019-03-18 13:32:11',9,'2019-03-18 13:32:11'),(1470,195,'packening',NULL,NULL,'2019-03-18 14:32:28','Bestell-Nr.: 002141',NULL,-1,9999135,NULL,9,'2019-03-18 13:32:28',9,'2019-03-18 13:32:28'),(1471,195,'packening',NULL,NULL,'2019-03-20 12:42:38','Bestell-Nr.: 002121',NULL,-1,9999134,NULL,9,'2019-03-20 11:42:38',9,'2019-03-20 11:42:38'),(1472,195,'packening',NULL,NULL,'2019-03-25 10:20:20','Bestell-Nr.: 002107',NULL,-1,9999133,NULL,9,'2019-03-25 09:20:20',9,'2019-03-25 09:20:20'),(1473,201,'packening',NULL,NULL,'2019-03-25 10:20:20','Bestell-Nr.: 002107',NULL,-2,999671,NULL,9,'2019-03-25 09:20:20',9,'2019-03-25 09:20:20'),(1474,195,'packening',NULL,NULL,'2019-03-25 10:22:35','Bestell-Nr.: 002152',NULL,-1,9999132,NULL,9,'2019-03-25 09:22:35',9,'2019-03-25 09:22:35'),(1475,195,'packening',NULL,NULL,'2019-03-27 11:51:57','Bestell-Nr.: 002148',NULL,-1,9999131,NULL,9,'2019-03-27 10:51:57',9,'2019-03-27 10:51:57'),(1476,195,'packening',NULL,NULL,'2019-03-27 11:52:16','Bestell-Nr.: 002150',NULL,-1,9999130,NULL,9,'2019-03-27 10:52:16',9,'2019-03-27 10:52:16'),(1477,195,'packening',NULL,NULL,'2019-03-28 09:03:42','Bestell-Nr.: 002140',NULL,-1,9999129,NULL,9,'2019-03-28 08:03:42',9,'2019-03-28 08:03:42'),(1478,195,'packening',NULL,NULL,'2019-03-29 13:02:20','Bestell-Nr.: 002176',NULL,-1,9999128,NULL,9,'2019-03-29 12:02:20',9,'2019-03-29 12:02:20'),(1479,201,'packening',NULL,NULL,'2019-04-01 13:09:33','Bestell-Nr.: 002167',NULL,-1,999669,NULL,9,'2019-04-01 11:09:33',9,'2019-04-01 11:09:33'),(1480,195,'packening',NULL,NULL,'2019-04-01 13:09:33','Bestell-Nr.: 002167',NULL,-1,9999127,NULL,9,'2019-04-01 11:09:33',9,'2019-04-01 11:09:33'),(1481,195,'packening',NULL,NULL,'2019-04-01 13:10:02','Bestell-Nr.: 002186',NULL,-1,9999126,NULL,9,'2019-04-01 11:10:02',9,'2019-04-01 11:10:02'),(1482,195,'packening',NULL,NULL,'2019-04-02 08:23:09','Bestell-Nr.: 002184',NULL,-1,9999125,NULL,9,'2019-04-02 06:23:09',9,'2019-04-02 06:23:09'),(1483,195,'packening',NULL,NULL,'2019-04-10 13:01:51','Bestell-Nr.: 002156',NULL,-1,9999124,NULL,9,'2019-04-10 11:01:51',9,'2019-04-10 11:01:51'),(1484,195,'packening',NULL,NULL,'2019-04-10 13:02:37','Bestell-Nr.: 002196',NULL,-1,9999123,NULL,9,'2019-04-10 11:02:37',9,'2019-04-10 11:02:37'),(1485,195,'packening',NULL,NULL,'2019-04-10 13:03:36','Bestell-Nr.: 002161',NULL,-1,9999122,NULL,9,'2019-04-10 11:03:36',9,'2019-04-10 11:03:36'),(1486,195,'packening',NULL,NULL,'2019-04-11 16:47:18','Bestell-Nr.: 002204',NULL,-1,9999121,NULL,9,'2019-04-11 14:47:18',9,'2019-04-11 14:47:18'),(1487,195,'packening',NULL,NULL,'2019-04-18 10:06:11','Bestell-Nr.: 002187',NULL,-1,9999120,NULL,9,'2019-04-18 08:06:11',9,'2019-04-18 08:06:11'),(1488,195,'packening',NULL,NULL,'2019-04-18 11:42:59','Bestell-Nr.: 002211',NULL,-1,9999119,NULL,9,'2019-04-18 09:42:59',9,'2019-04-18 09:42:59'),(1489,195,'packening',NULL,NULL,'2019-04-18 11:48:02','Bestell-Nr.: 002169',NULL,-1,9999118,NULL,9,'2019-04-18 09:48:02',9,'2019-04-18 09:48:02'),(1490,195,'packening',NULL,NULL,'2019-04-23 12:38:07','Bestell-Nr.: 002210',NULL,-1,9999117,NULL,9,'2019-04-23 10:38:07',9,'2019-04-23 10:38:07'),(1491,195,'packening',NULL,NULL,'2019-04-24 12:16:28','Bestell-Nr.: 002219',NULL,-1,9999116,NULL,9,'2019-04-24 10:16:28',9,'2019-04-24 10:16:28'),(1492,195,'packening',NULL,NULL,'2019-04-24 12:16:28','Bestell-Nr.: 002219',NULL,-1,9999115,NULL,9,'2019-04-24 10:16:28',9,'2019-04-24 10:16:28'),(1493,195,'packening',NULL,NULL,'2019-04-25 11:18:17','Bestell-Nr.: 002226',NULL,-1,9999114,NULL,9,'2019-04-25 09:18:17',9,'2019-04-25 09:18:17'),(1494,195,'packening',NULL,NULL,'2019-04-25 11:18:17','Bestell-Nr.: 002226',NULL,-1,9999113,NULL,9,'2019-04-25 09:18:17',9,'2019-04-25 09:18:17'),(1495,195,'packening',NULL,NULL,'2019-04-25 11:18:17','Bestell-Nr.: 002226',NULL,-1,9999112,NULL,9,'2019-04-25 09:18:17',9,'2019-04-25 09:18:17'),(1496,195,'packening',NULL,NULL,'2019-04-25 12:36:44','Bestell-Nr.: 002218',NULL,-1,9999111,NULL,9,'2019-04-25 10:36:44',9,'2019-04-25 10:36:44'),(1497,195,'packening',NULL,NULL,'2019-04-30 08:30:26','Bestell-Nr.: 002135',NULL,-1,9999110,NULL,9,'2019-04-30 06:30:26',9,'2019-04-30 06:30:26'),(1498,195,'packening',NULL,NULL,'2019-04-30 08:33:33','Bestell-Nr.: 001664',NULL,-1,9999109,NULL,9,'2019-04-30 06:33:33',9,'2019-04-30 06:33:33'),(1499,195,'packening',NULL,NULL,'2019-04-30 08:34:19','Bestell-Nr.: 002216',NULL,-1,9999108,NULL,9,'2019-04-30 06:34:19',9,'2019-04-30 06:34:19'),(1500,195,'packening',NULL,NULL,'2019-05-16 08:13:00','Bestell-Nr.: 002220',NULL,-1,9999107,NULL,9,'2019-05-16 06:13:00',9,'2019-05-16 06:13:00'),(1501,195,'packening',NULL,NULL,'2019-05-23 08:53:17','Bestell-Nr.: 002254',NULL,-1,9999106,NULL,9,'2019-05-23 06:53:17',9,'2019-05-23 06:53:17'),(1502,195,'packening',NULL,NULL,'2019-05-29 08:38:32','Bestell-Nr.: 002303',NULL,-1,9999105,NULL,9,'2019-05-29 06:38:32',9,'2019-05-29 06:38:32'),(1503,195,'packening',NULL,NULL,'2019-05-29 08:38:41','Bestell-Nr.: 002304',NULL,-1,9999104,NULL,9,'2019-05-29 06:38:41',9,'2019-05-29 06:38:41'),(1504,195,'packening',NULL,NULL,'2019-05-29 08:38:44','Bestell-Nr.: 002305',NULL,-1,9999103,NULL,9,'2019-05-29 06:38:44',9,'2019-05-29 06:38:44'),(1505,195,'packening',NULL,NULL,'2019-06-04 11:54:50','Bestell-Nr.: 002272',NULL,-1,9999102,NULL,9,'2019-06-04 09:54:50',9,'2019-06-04 09:54:50'),(1506,201,'packening',NULL,NULL,'2019-06-04 11:54:50','Bestell-Nr.: 002272',NULL,-1,999668,NULL,9,'2019-06-04 09:54:50',9,'2019-06-04 09:54:50'),(1507,195,'packening',NULL,NULL,'2019-06-04 11:54:54','Bestell-Nr.: 002284',NULL,-1,9999101,NULL,9,'2019-06-04 09:54:54',9,'2019-06-04 09:54:54'),(1508,201,'packening',NULL,NULL,'2019-06-04 11:54:54','Bestell-Nr.: 002284',NULL,-1,999667,NULL,9,'2019-06-04 09:54:54',9,'2019-06-04 09:54:54'),(1509,195,'packening',NULL,NULL,'2019-06-13 08:48:29','Bestell-Nr.: 002306',NULL,-1,9999100,NULL,9,'2019-06-13 06:48:29',9,'2019-06-13 06:48:29'),(1510,195,'packening',NULL,NULL,'2019-06-13 08:48:33','Bestell-Nr.: 002183',NULL,-1,9999099,NULL,9,'2019-06-13 06:48:33',9,'2019-06-13 06:48:33'),(1511,201,'packening',NULL,NULL,'2019-06-13 08:48:33','Bestell-Nr.: 002183',NULL,-1,999666,NULL,9,'2019-06-13 06:48:33',9,'2019-06-13 06:48:33'),(1512,195,'packening',NULL,NULL,'2019-06-17 08:08:53','Bestell-Nr.: 002314',NULL,-1,9999098,NULL,9,'2019-06-17 06:08:53',9,'2019-06-17 06:08:53'),(1513,195,'packening',NULL,NULL,'2019-06-19 08:08:58','Bestell-Nr.: 002326',NULL,-1,9999097,NULL,9,'2019-06-19 06:08:58',9,'2019-06-19 06:08:58'),(1514,195,'packening',NULL,NULL,'2019-06-26 08:23:54','Bestell-Nr.: 002327',NULL,-1,9999096,NULL,9,'2019-06-26 06:23:54',9,'2019-06-26 06:23:54'),(1515,201,'korrektur',NULL,NULL,'2019-06-26 14:51:07','Easylager',NULL,-1,999665,NULL,9,'2019-06-26 12:51:07',9,'2019-06-26 12:51:07'),(1516,195,'packening',NULL,NULL,'2019-06-26 15:20:18','Bestell-Nr.: 002325',NULL,-1,9999095,NULL,9,'2019-06-26 13:20:18',9,'2019-06-26 13:20:18'),(1517,265,'packening',NULL,NULL,'2019-06-27 08:38:31','Bestell-Nr.: 002282',NULL,-1,9999970,NULL,9,'2019-06-27 06:38:31',9,'2019-06-27 06:38:31'),(1518,195,'packening',NULL,NULL,'2019-07-02 08:06:06','Bestell-Nr.: 002329',NULL,-1,9999094,NULL,9,'2019-07-02 06:06:06',9,'2019-07-02 06:06:06'),(1519,195,'packening',NULL,NULL,'2019-07-02 08:57:52','Bestell-Nr.: 002308',NULL,-1,9999093,NULL,9,'2019-07-02 06:57:52',9,'2019-07-02 06:57:52'),(1520,195,'packening',NULL,NULL,'2019-07-02 08:57:52','Bestell-Nr.: 002308',NULL,-1,9999092,NULL,9,'2019-07-02 06:57:52',9,'2019-07-02 06:57:52'),(1521,265,'packening',NULL,NULL,'2019-07-05 13:16:50','Bestell-Nr.: 002331',NULL,-1,9999969,NULL,9,'2019-07-05 11:16:50',9,'2019-07-05 11:16:50'),(1522,265,'packening',NULL,NULL,'2019-07-05 13:16:50','Bestell-Nr.: 002331',NULL,-1,9999968,NULL,9,'2019-07-05 11:16:50',9,'2019-07-05 11:16:50'),(1523,195,'packening',NULL,NULL,'2019-07-18 08:39:39','Bestell-Nr.: 002348',NULL,-1,9999091,NULL,9,'2019-07-18 06:39:39',9,'2019-07-18 06:39:39'),(1524,201,'packening',NULL,NULL,'2019-07-18 08:39:39','Bestell-Nr.: 002348',NULL,-1,999664,NULL,9,'2019-07-18 06:39:39',9,'2019-07-18 06:39:39'),(1525,195,'packening',NULL,NULL,'2019-08-12 08:23:10','Bestell-Nr.: 002352',NULL,-1,9999090,NULL,9,'2019-08-12 06:23:10',9,'2019-08-12 06:23:10'),(1526,201,'packening',NULL,NULL,'2019-08-12 08:23:10','Bestell-Nr.: 002352',NULL,-2,999663,NULL,9,'2019-08-12 06:23:10',9,'2019-08-12 06:23:10'),(1527,195,'packening',NULL,NULL,'2019-08-21 08:14:55','Bestell-Nr.: 002355',NULL,-1,9999089,NULL,9,'2019-08-21 06:14:55',9,'2019-08-21 06:14:55'),(1528,195,'packening',NULL,NULL,'2019-09-03 16:14:11','Bestell-Nr.: 002321',NULL,-1,9999088,NULL,9,'2019-09-03 14:14:11',9,'2019-09-03 14:14:11'),(1529,195,'packening',NULL,NULL,'2019-09-03 16:14:11','Bestell-Nr.: 002321',NULL,-1,9999087,NULL,9,'2019-09-03 14:14:11',9,'2019-09-03 14:14:11');

--
-- Table structure for table `ShopWAWIJournalType`
--

CREATE TABLE `ShopWAWIJournalType` (
  `ShopWAWIJournalType_Code` varchar(40) NOT NULL,
  `ShopWAWIJournalType_Name` varchar(255) NOT NULL,
  `ShopWAWIJournalType_Order` int(11) NOT NULL,
  `Person_ID_Edit` int(10) unsigned DEFAULT NULL,
  `Table_Edit` timestamp NOT NULL DEFAULT CURRENT_TIMESTAMP ON UPDATE CURRENT_TIMESTAMP,
  `Person_ID_Create` int(10) unsigned DEFAULT NULL,
  `Table_Create` timestamp NOT NULL DEFAULT '0000-00-00 00:00:00',
  PRIMARY KEY (`ShopWAWIJournalType_Code`),
  KEY `IDX_ShopWAWIJournalType_Order` (`ShopWAWIJournalType_Order`),
  KEY `IDX_Person_Person_ID_Edit` (`Person_ID_Edit`),
  KEY `IDX_Person_Person_ID_Create` (`Person_ID_Create`),
  CONSTRAINT `ShopWAWIJournalType_ibfk_1` FOREIGN KEY (`Person_ID_Edit`) REFERENCES `Person` (`Person_ID`) ON DELETE NO ACTION ON UPDATE NO ACTION,
  CONSTRAINT `ShopWAWIJournalType_ibfk_2` FOREIGN KEY (`Person_ID_Create`) REFERENCES `Person` (`Person_ID`) ON DELETE NO ACTION ON UPDATE NO ACTION
) ENGINE=InnoDB DEFAULT CHARSET=utf8;

--
-- Dumping data for table `ShopWAWIJournalType`
--

INSERT INTO `ShopWAWIJournalType` VALUES ('abgelaufen','Abgelaufen / Beschädigt',3,1,'2008-02-04 09:54:05',1,'0000-00-00 00:00:00'),('backendchange','Manuelle Korrektur',0,NULL,'2008-08-13 06:41:04',NULL,'0000-00-00 00:00:00'),('eigenbedarf','Eigenbedarf',4,1,'2008-02-04 09:53:16',1,'0000-00-00 00:00:00'),('korrektur','Korrektur',1,1,'2008-02-04 09:54:39',1,'0000-00-00 00:00:00'),('lagereingang','Lagerzugang',5,NULL,'2010-04-21 11:31:13',NULL,'0000-00-00 00:00:00'),('packening','Verpackt',0,NULL,'2008-08-13 06:40:27',NULL,'0000-00-00 00:00:00'),('sonstiges','Sonstiges',2,1,'2008-02-04 09:55:50',1,'0000-00-00 00:00:00'),('stockdelivery','Lagereingang',0,NULL,'2008-08-13 06:40:50',NULL,'0000-00-00 00:00:00'),('storno','Storno',0,NULL,'2008-08-13 06:40:02',NULL,'0000-00-00 00:00:00'),('unpackening','Entpackt',0,NULL,'2008-08-13 06:40:35',NULL,'0000-00-00 00:00:00');

--
-- Table structure for table `ShopWAWIProduct`
--

CREATE TABLE `ShopWAWIProduct` (
  `ShopWAWIProduct_ID` int(11) NOT NULL AUTO_INCREMENT,
  `ShopWAWIProductGroup_ID` int(10) unsigned DEFAULT NULL,
  `ShopWAWISupplier_ID` int(11) DEFAULT NULL,
  `ShopWAWITax_Code` varchar(40) DEFAULT NULL,
  `ShopPriceType_Code` varchar(40) DEFAULT NULL,
  `Currency_Code` varchar(16) DEFAULT NULL,
  `Currency_Code_Supplier` varchar(16) DEFAULT NULL,
  `ShopWAWIProductUnit_Code` varchar(40) DEFAULT NULL,
  `ShopWAWIProduct_Show` enum('true','false') NOT NULL DEFAULT 'true',
  `ShopWAWIProduct_Active` enum('true','false') NOT NULL DEFAULT 'true',
  `ShopWAWIProduct_Order` int(11) NOT NULL,
  `ShopWAWIProduct_ArticleNumber` varchar(255) NOT NULL,
  `ShopWAWIProduct_ArticleNumber_Supplier` varchar(255) DEFAULT NULL,
  `ShopWAWIProduct_ArticleNumber_Manufacturer` varchar(255) DEFAULT NULL,
  `ShopWAWIProduct_EAN` varchar(255) DEFAULT NULL,
  `ShopWAWIProduct_Barcode` varchar(255) DEFAULT NULL,
  `ShopWAWIProduct_ASIN` varchar(10) DEFAULT NULL,
  `ShopWAWIProduct_Title` varchar(255) DEFAULT NULL,
  `ShopWAWIProduct_Einstandspreis` double DEFAULT NULL,
  `ShopWAWIProduct_Einstandspreis_Supplier` double DEFAULT NULL,
  `ShopWAWIProduct_Einkaufspreis` double DEFAULT NULL,
  `ShopWAWIProduct_Einkaufspreis_Supplier` double DEFAULT NULL,
  `ShopWAWIProduct_Listenpreis` double DEFAULT NULL,
  `ShopWAWIProduct_Listenpreis_Supplier` double DEFAULT NULL,
  `ShopWAWIProduct_UVP` double DEFAULT NULL,
  `ShopWAWIProduct_Description` text,
  `ShopWAWIProduct_Imported` enum('true','false') NOT NULL DEFAULT 'false',
  `ShopWAWIProduct_Contents` double DEFAULT NULL,
  `ShopWAWIProduct_Weight` double DEFAULT NULL,
  `ShopWAWIProduct_Stock` int(11) DEFAULT NULL,
  `ShopWAWIProduct_Stock_Min` int(11) DEFAULT '0',
  `ShopWAWIProduct_Stock_Forecast` int(11) DEFAULT NULL,
  `ShopWAWIProduct_Stock_Forecast_DeliveryTime` int(11) DEFAULT NULL,
  `ShopWAWIProduct_Stock_Queue` int(11) DEFAULT NULL,
  `ShopWAWIProduct_Stock_PerDay` float DEFAULT NULL,
  `ShopWAWIProduct_Stock_PreFill` enum('true','false') NOT NULL DEFAULT 'false',
  `ShopWAWIProduct_Delivery_Packing_Size` int(11) DEFAULT NULL,
  `ShopWAWIProduct_Delivery_Packing_Size_Modifier` int(11) DEFAULT '1',
  `ShopWAWIProduct_Fragile` enum('true','false') NOT NULL DEFAULT 'false',
  `ShopWAWIProduct_Virtual` enum('true','false') NOT NULL DEFAULT 'false',
  `ShopWAWIProduct_Position_1` varchar(255) DEFAULT NULL,
  `ShopWAWIProduct_Position_2` varchar(255) DEFAULT NULL,
  `ShopWAWIProduct_Position_3` varchar(255) DEFAULT NULL,
  `Person_ID_Edit` int(10) unsigned DEFAULT NULL,
  `Table_Edit` timestamp NOT NULL DEFAULT CURRENT_TIMESTAMP ON UPDATE CURRENT_TIMESTAMP,
  `Person_ID_Create` int(10) unsigned DEFAULT NULL,
  `Table_Create` timestamp NOT NULL DEFAULT '0000-00-00 00:00:00',
  PRIMARY KEY (`ShopWAWIProduct_ID`),
  UNIQUE KEY `IDX_ShopWAWIProduct_1` (`ShopWAWIProduct_ArticleNumber`),
  KEY `IDX_ShopWAWIProduct_2` (`ShopWAWITax_Code`),
  KEY `IDX_ShopWAWIProduct_3` (`ShopWAWISupplier_ID`),
  KEY `IDX_ShopWAWIProduct_4` (`ShopPriceType_Code`),
  KEY `IDX_ShopWAWIProduct_5` (`ShopWAWIProductUnit_Code`),
  KEY `IDX_ShopWAWIProduct_6` (`Currency_Code_Supplier`),
  KEY `IDX_ShopWAWIProduct_7` (`Currency_Code`),
  KEY `IDX_ShopWAWIProduct_8` (`ShopWAWIProduct_ArticleNumber_Supplier`),
  KEY `IDX_ShopWAWIProduct_9` (`ShopWAWIProduct_ArticleNumber_Manufacturer`),
  KEY `IDX_ShopWAWIProduct_Order` (`ShopWAWIProduct_Order`),
  KEY `ShopWAWIProductGroup_ShopWAWIProduct_7` (`ShopWAWIProductGroup_ID`),
  KEY `IDX_Person_Person_ID_Edit` (`Person_ID_Edit`),
  KEY `IDX_Person_Person_ID_Create` (`Person_ID_Create`),
  CONSTRAINT `Currency_ShopWAWIProduct_5` FOREIGN KEY (`Currency_Code_Supplier`) REFERENCES `Currency` (`Currency_Code`),
  CONSTRAINT `Currency_ShopWAWIProduct_6` FOREIGN KEY (`Currency_Code`) REFERENCES `Currency` (`Currency_Code`),
  CONSTRAINT `ShopPriceType_ShopWAWIProduct_3` FOREIGN KEY (`ShopPriceType_Code`) REFERENCES `ShopPriceType` (`ShopPriceType_Code`),
  CONSTRAINT `ShopWAWIProductGroup_ShopWAWIProduct_7` FOREIGN KEY (`ShopWAWIProductGroup_ID`) REFERENCES `ShopWAWIProductGroup` (`ShopWAWIProductGroup_ID`),
  CONSTRAINT `ShopWAWIProductUnit_ShopWAWIProduct_4` FOREIGN KEY (`ShopWAWIProductUnit_Code`) REFERENCES `ShopWAWIProductUnit` (`ShopWAWIProductUnit_Code`),
  CONSTRAINT `ShopWAWIProduct_ibfk_1` FOREIGN KEY (`Person_ID_Edit`) REFERENCES `Person` (`Person_ID`) ON DELETE NO ACTION ON UPDATE NO ACTION,
  CONSTRAINT `ShopWAWIProduct_ibfk_2` FOREIGN KEY (`Person_ID_Create`) REFERENCES `Person` (`Person_ID`) ON DELETE NO ACTION ON UPDATE NO ACTION,
  CONSTRAINT `ShopWAWISupplier_ShopWAWIProduct_2` FOREIGN KEY (`ShopWAWISupplier_ID`) REFERENCES `ShopWAWISupplier` (`ShopWAWISupplier_ID`),
  CONSTRAINT `ShopWAWITax_ShopWAWIProduct_1` FOREIGN KEY (`ShopWAWITax_Code`) REFERENCES `ShopWAWITax` (`ShopWAWITax_Code`)
) ENGINE=InnoDB AUTO_INCREMENT=312 DEFAULT CHARSET=utf8;

--
-- Dumping data for table `ShopWAWIProduct`
--

INSERT INTO `ShopWAWIProduct` VALUES (195,NULL,NULL,'std','netto','EUR',NULL,NULL,'true','true',1,'wallcover',NULL,NULL,NULL,NULL,NULL,'Individuelle Glasplatte',0,NULL,0,NULL,84,NULL,NULL,NULL,'false',0,0,9999086,NULL,0,0,0,0.373961,'false',1,1,'false','false',NULL,NULL,NULL,9,'2019-09-03 14:14:11',2,'2015-10-12 10:01:01'),(201,NULL,NULL,'std','netto','EUR',NULL,'Stk','true','true',7,'01013',NULL,NULL,NULL,NULL,NULL,'Silikon-Kleber 310 ml',0,NULL,0,NULL,35,NULL,NULL,NULL,'false',1,1,999661,NULL,0,0,0,0.112069,'false',1,1,'false','false',NULL,NULL,NULL,9,'2019-08-12 06:23:10',2,'2016-02-10 15:06:14'),(207,NULL,NULL,'std','netto','EUR',NULL,NULL,'true','true',13,'glassdoor_8mm_durchscheinend',NULL,NULL,NULL,NULL,NULL,'Glastür, 8mm, durchscheinend (m2)',0,NULL,0,NULL,117,NULL,NULL,NULL,'false',0,0,9999999,NULL,0,0,0,0,'false',1,1,'false','false',NULL,NULL,NULL,2,'2017-05-18 05:09:58',2,'2016-03-03 08:38:56'),(208,NULL,NULL,'std','netto','EUR',NULL,NULL,'true','true',14,'glassdoor_8mm_blickdicht',NULL,NULL,NULL,NULL,NULL,'Glastür, 8mm, blickdicht (m2)',0,NULL,0,NULL,117,NULL,NULL,NULL,'false',0,0,9999999,NULL,0,0,0,0,'false',1,1,'false','false',NULL,NULL,NULL,2,'2017-05-18 05:09:58',2,'2016-03-03 08:39:50'),(209,NULL,NULL,'std','netto','EUR',NULL,NULL,'true','true',15,'glassdoor_10mm_durchscheinend',NULL,NULL,NULL,NULL,NULL,'Glastür, 10mm, durchscheinend (m2)',0,NULL,0,NULL,146,NULL,NULL,NULL,'false',0,0,999,NULL,0,0,0,0,'false',1,1,'false','false',NULL,NULL,NULL,2,'2017-05-18 05:09:58',2,'2016-03-03 08:41:00'),(210,NULL,NULL,'std','netto','EUR',NULL,NULL,'true','true',16,'glassdoor_10mm_blickdicht',NULL,NULL,NULL,NULL,NULL,'Glastür, 10mm, blickdicht (m2)',0,NULL,0,NULL,146,NULL,NULL,NULL,'false',0,0,9999999,NULL,0,0,0,0,'false',1,1,'false','false',NULL,NULL,NULL,2,'2017-05-18 05:09:58',2,'2016-03-03 08:42:39'),(214,NULL,NULL,'std','netto','EUR',NULL,NULL,'true','true',20,'kitchenbackplane_6mm_durchscheinend',NULL,NULL,NULL,NULL,NULL,'Küchenrückwand, 6mm, durchscheinend (m2)',NULL,NULL,NULL,NULL,141.6,NULL,NULL,NULL,'false',NULL,NULL,9999999,NULL,0,0,0,0,'false',1,1,'false','false',NULL,NULL,NULL,2,'2016-07-07 10:52:06',2,'2016-03-03 08:46:00'),(216,NULL,NULL,'std','netto','EUR',NULL,NULL,'true','true',21,'wallcover_4mm_durchscheinend',NULL,NULL,NULL,NULL,NULL,'Wandverkleidung, 4mm, durchscheinend (m2)',0,NULL,0,NULL,76,NULL,NULL,NULL,'false',0,0,9999999,NULL,0,0,0,0,'false',1,1,'false','false',NULL,NULL,NULL,2,'2017-05-18 05:09:58',2,'2016-03-03 08:48:05'),(217,NULL,NULL,'std','netto','EUR',NULL,NULL,'true','true',22,'wallcover_4mm_blickdicht',NULL,NULL,NULL,NULL,NULL,'Wandverkleidung, 4mm, blickdicht (m2)',0,NULL,0,NULL,76,NULL,NULL,NULL,'false',0,0,9999999,NULL,0,0,0,0,'false',1,1,'false','false',NULL,NULL,NULL,2,'2017-05-18 05:09:58',2,'2016-03-03 08:48:36'),(218,NULL,NULL,'std','netto','EUR',NULL,NULL,'true','true',23,'wallcover_6mm_durchscheinend',NULL,NULL,NULL,NULL,NULL,'Wandverkleidung, 6mm, durchscheinend (m2)',0,NULL,0,NULL,104,NULL,NULL,NULL,'false',0,0,9999999,NULL,0,0,0,0,'false',1,1,'false','false',NULL,NULL,NULL,2,'2017-05-18 05:09:58',2,'2016-03-03 08:49:15'),(219,NULL,NULL,'std','netto','EUR',NULL,NULL,'true','true',24,'wallcover_6mm_blickdicht',NULL,NULL,NULL,NULL,NULL,'Wandverkleidung, 6mm, blickdicht (m2)',0,NULL,0,NULL,104,NULL,NULL,NULL,'false',0,0,9999999,NULL,0,0,0,0,'false',1,1,'false','false',NULL,NULL,NULL,2,'2017-05-18 05:09:58',2,'2016-03-03 08:49:49'),(220,NULL,NULL,'std','netto','EUR',NULL,NULL,'true','true',25,'wallcover_8mm_durchscheinend',NULL,NULL,NULL,NULL,NULL,'Wandverkleidung, 8mm, durchscheinend (m2)',0,NULL,0,NULL,117,NULL,NULL,NULL,'false',0,0,9999999,NULL,0,0,0,0,'false',1,1,'false','false',NULL,NULL,NULL,2,'2017-05-18 05:09:58',2,'2016-03-03 08:50:25'),(221,NULL,NULL,'std','netto','EUR',NULL,NULL,'true','true',26,'wallcover_8mm_blickdicht',NULL,NULL,NULL,NULL,NULL,'Wandverkleidung, 8mm, blickdicht (m2)',0,NULL,0,NULL,117,NULL,NULL,NULL,'false',0,0,9999999,NULL,0,0,0,0,'false',1,1,'false','false',NULL,NULL,NULL,2,'2017-05-18 05:09:58',2,'2016-03-03 08:50:53'),(222,NULL,NULL,'std','netto','EUR',NULL,NULL,'true','true',27,'wallcover_10mm_durchscheinend',NULL,NULL,NULL,NULL,NULL,'Wandverkleidung, 10mm, durchscheinend (m2)',0,NULL,0,NULL,146,NULL,NULL,NULL,'false',0,0,9999999,NULL,0,0,0,0,'false',1,1,'false','false',NULL,NULL,NULL,2,'2017-05-18 05:09:58',2,'2016-03-03 08:51:32'),(223,NULL,NULL,'std','netto','EUR',NULL,NULL,'true','true',28,'wallcover_10mm_blickdicht',NULL,NULL,NULL,NULL,NULL,'Wandverkleidung, 10mm, blickdicht (m2)',0,NULL,0,NULL,146,NULL,NULL,NULL,'false',0,0,9999999,NULL,0,0,0,0,'false',1,1,'false','false',NULL,NULL,NULL,2,'2017-05-18 05:09:58',2,'2016-03-03 08:52:35'),(224,NULL,NULL,'std','netto','EUR',NULL,NULL,'true','true',29,'kitchenbackplane_picture_custom',NULL,NULL,NULL,NULL,NULL,'Küchenrückwand, Eigenes Bild (m2)',0,NULL,0,NULL,255,NULL,NULL,NULL,'false',0,0,9999999,NULL,0,0,0,0,'false',1,1,'false','false',NULL,NULL,NULL,2,'2017-05-31 14:18:14',2,'2016-03-03 12:46:55'),(225,NULL,NULL,'std','netto','EUR',NULL,NULL,'true','true',30,'kitchenbackplane_picture_onecolor',NULL,NULL,NULL,NULL,NULL,'Küchenrückwand, Einfarbiges Bild (m2)',0,NULL,0,NULL,255,NULL,NULL,NULL,'false',0,0,9999999,NULL,0,0,0,0,'false',1,1,'false','false',NULL,NULL,NULL,9,'2019-04-24 08:49:17',2,'2016-03-03 12:48:01'),(226,NULL,NULL,'std','netto','EUR',NULL,NULL,'true','true',31,'kitchenbackplane_picture_structure',NULL,NULL,NULL,NULL,NULL,'Küchenrückwand, Strukturbild (m2)',0,NULL,0,NULL,255,NULL,NULL,NULL,'false',0,0,9999999,NULL,0,0,0,0,'false',1,1,'false','false',NULL,NULL,NULL,2,'2017-05-31 14:18:41',2,'2016-03-03 12:48:57'),(227,NULL,NULL,'std','netto','EUR',NULL,NULL,'true','true',32,'glassdoor_ausfraesung',NULL,NULL,NULL,NULL,NULL,'Glastür, Ausfräsung (Stk)',0,NULL,0,NULL,139.2,NULL,NULL,NULL,'false',0,0,9999999,NULL,0,0,0,0,'false',1,1,'false','false',NULL,NULL,NULL,2,'2017-05-18 05:09:58',2,'2016-03-03 16:24:45'),(228,NULL,NULL,'std','netto','EUR',NULL,NULL,'true','true',33,'kitchenbackplane_lochbohrung_bis_45mm',NULL,NULL,NULL,NULL,NULL,'Küchenrückwand, Lochbohrung kleiner als 45mm (Stk)',0,NULL,0,NULL,6.5,NULL,NULL,NULL,'false',0,0,9999999,NULL,0,0,0,0,'false',1,1,'false','false',NULL,NULL,NULL,2,'2017-05-18 05:09:58',2,'2016-03-03 16:27:48'),(229,NULL,NULL,'std','netto','EUR',NULL,NULL,'true','true',34,'kitchenbackplane_lochbohrung_von_45mm',NULL,NULL,NULL,NULL,NULL,'Küchenrückwand, Lochbohrung größer als 45mm (Stk)',0,NULL,0,NULL,19,NULL,NULL,NULL,'false',0,0,9999999,NULL,0,0,0,0,'false',1,1,'false','false',NULL,NULL,NULL,2,'2017-05-18 05:09:58',2,'2016-03-03 16:28:36'),(230,NULL,NULL,'std','netto','EUR',NULL,NULL,'true','true',35,'kitchenbackplane_dosenbohrung',NULL,NULL,NULL,NULL,NULL,'Küchenrückwand, Dosenbohrung (Stk)',0,NULL,0,NULL,19,NULL,NULL,NULL,'false',0,0,9999999,NULL,0,0,0,0,'false',1,1,'false','false',NULL,NULL,NULL,2,'2017-05-18 05:09:58',2,'2016-03-03 16:29:29'),(231,NULL,NULL,'std','netto','EUR',NULL,NULL,'true','true',36,'kitchenbackplane_ausfraesung_bis_50mm',NULL,NULL,NULL,NULL,NULL,'Küchenrückwand, Ausfräsung kleiner als 50mm (Stk)',0,NULL,0,NULL,75,NULL,NULL,NULL,'false',0,0,9999999,NULL,0,0,0,0,'false',1,1,'false','false',NULL,NULL,NULL,2,'2017-05-18 05:09:58',2,'2016-03-03 16:30:33'),(232,NULL,NULL,'std','netto','EUR',NULL,NULL,'true','true',37,'kitchenbackplane_ausfraesung_von_50mm',NULL,NULL,NULL,NULL,NULL,'Küchenrückwand, Ausfräsung größer als 50mm (Stk)',0,NULL,0,NULL,150,NULL,NULL,NULL,'false',0,0,9999999,NULL,0,0,0,0,'false',1,1,'false','false',NULL,NULL,NULL,2,'2017-05-18 05:09:58',2,'2016-03-03 16:31:30'),(233,NULL,NULL,'std','netto','EUR',NULL,NULL,'true','true',38,'wallcover_lochbohrung_bis_45mm',NULL,NULL,NULL,NULL,NULL,'Wandverkleidung, Lochbohrung kleiner als 45mm (Stk)',0,NULL,0,NULL,6.5,NULL,NULL,NULL,'false',0,0,9999999,NULL,0,0,0,0,'false',1,1,'false','false',NULL,NULL,NULL,2,'2017-05-18 05:09:58',2,'2016-03-03 16:32:32'),(234,NULL,NULL,'std','netto','EUR',NULL,NULL,'true','true',39,'wallcover_lochbohrung_von_45mm',NULL,NULL,NULL,NULL,NULL,'Wandverkleidung, Lochbohrung größer als 45mm (Stk)',0,NULL,0,NULL,19,NULL,NULL,NULL,'false',0,0,9999999,NULL,0,0,0,0,'false',1,1,'false','false',NULL,NULL,NULL,2,'2017-05-18 05:09:58',2,'2016-03-03 16:33:18'),(235,NULL,NULL,'std','netto','EUR',NULL,NULL,'true','true',40,'wallcover_dosenbohrung',NULL,NULL,NULL,NULL,NULL,'Wandverkleidung, Dosenbohrung (Stk)',0,NULL,0,NULL,19,NULL,NULL,NULL,'false',0,0,9999999,NULL,0,0,0,0,'false',1,1,'false','false',NULL,NULL,NULL,2,'2017-05-18 05:09:58',2,'2016-03-03 16:34:16'),(236,NULL,NULL,'std','netto','EUR',NULL,NULL,'true','true',41,'wallcover_ausfraesung_bis_50mm',NULL,NULL,NULL,NULL,NULL,'Wandverkleidung, Ausfräsung kleiner als 50mm (Stk)',0,NULL,0,NULL,75,NULL,NULL,NULL,'false',0,0,9999999,NULL,0,0,0,0,'false',1,1,'false','false',NULL,NULL,NULL,2,'2017-05-18 05:09:58',2,'2016-03-03 16:35:01'),(237,NULL,NULL,'std','netto','EUR',NULL,NULL,'true','true',42,'wallcover_ausfraesung_von_50mm',NULL,NULL,NULL,NULL,NULL,'Wandverkleidung, Ausfräsung größer als 50mm (Stk)',0,NULL,0,NULL,150,NULL,NULL,NULL,'false',0,0,9999999,NULL,0,0,0,0,'false',1,1,'false','false',NULL,NULL,NULL,2,'2017-05-18 05:09:58',2,'2016-03-03 16:35:41'),(238,NULL,NULL,'std','netto','EUR',NULL,NULL,'true','true',43,'glassdoor_lochbohrung',NULL,NULL,NULL,NULL,NULL,'Glastür, Lochbohrung - Sinderfräsung (Stk)',0,NULL,0,NULL,39,NULL,NULL,NULL,'false',0,0,9999999,NULL,0,0,0,0,'false',1,1,'false','false',NULL,NULL,NULL,2,'2017-05-18 05:09:58',2,'2016-03-17 16:56:56'),(239,NULL,NULL,'std','netto','EUR',NULL,NULL,'true','true',44,'kitchenbackplane_lochbohrung',NULL,NULL,NULL,NULL,NULL,'Küchenrückwand, Lochbohrung (Stk)',0,NULL,0,NULL,150,NULL,NULL,NULL,'false',0,0,9999999,NULL,0,0,0,0,'false',1,1,'false','false',NULL,NULL,NULL,2,'2017-05-18 05:09:58',2,'2016-03-21 17:03:37'),(240,NULL,NULL,'std','netto','EUR',NULL,NULL,'true','true',45,'wallcover_lochbohrung',NULL,NULL,NULL,NULL,NULL,'Wandverkleidung, Lochbohrung (Stk)',0,NULL,0,NULL,150,NULL,NULL,NULL,'false',0,0,9999999,NULL,0,0,0,0,'false',1,1,'false','false',NULL,NULL,NULL,2,'2017-05-18 05:09:58',2,'2016-03-21 17:03:57'),(241,NULL,NULL,'std','netto','EUR',NULL,NULL,'true','true',46,'01000',NULL,NULL,NULL,NULL,NULL,'Zargen Beschlagsset ohne Drücker',NULL,NULL,NULL,NULL,156,NULL,NULL,'Zargen Beschlagsset ohne Drücker Nirosta-Effekt für Glasdicken 8 & 10 mm.','false',NULL,2,0,NULL,0,0,0,0,'false',1,1,'false','false',NULL,NULL,NULL,2,'2016-07-07 11:01:51',9,'2016-03-25 10:50:48'),(242,NULL,NULL,'std','netto','EUR',NULL,NULL,'true','true',47,'01001',NULL,NULL,NULL,NULL,NULL,'Zargen Beschlagsset mit Drücker',NULL,NULL,NULL,NULL,184.56,NULL,NULL,'Zargen Beschlagsset mit Drücker Nirosta-Effekt für Glasdicken 8 & 10 mm.','false',NULL,3,0,NULL,0,0,0,0,'false',1,1,'false','false',NULL,NULL,NULL,9,'2016-09-20 12:33:48',9,'2016-03-25 10:53:27'),(243,NULL,NULL,'std','netto','EUR',NULL,NULL,'true','true',48,'01002',NULL,NULL,NULL,NULL,NULL,'Pendeltürband Wand/Glas',NULL,NULL,NULL,NULL,429.6,NULL,NULL,'Selbstschließendes Pendeltürband Nirosta-Effekt für Wand/Glas Montage.','false',NULL,3,1,NULL,0,0,0,0.0333333,'false',1,1,'false','false',NULL,NULL,NULL,9,'2017-08-23 09:58:40',9,'2016-03-25 11:00:43'),(244,NULL,NULL,'std','netto','EUR',NULL,NULL,'true','true',49,'01003',NULL,NULL,NULL,NULL,NULL,'Pendeltürband Glas/Glas',NULL,NULL,NULL,NULL,573.6,NULL,NULL,'Selbstschließendes Pendeltürband Nirosta-Effekt für Glas/Glas Montage.','false',NULL,3,0,NULL,0,0,0,0,'false',1,1,'false','false',NULL,NULL,NULL,2,'2016-07-07 10:55:18',9,'2016-03-25 12:17:56'),(245,NULL,NULL,'std','netto','EUR',NULL,NULL,'true','true',50,'01004',NULL,NULL,NULL,NULL,NULL,'Zargenband mit Anschraubplatte',NULL,NULL,NULL,NULL,108,NULL,NULL,'Zargenband mit Anschraubplatte Nirosta-Effekt für alle Zargen.','false',NULL,1,0,NULL,0,0,0,0,'false',1,1,'false','false',NULL,NULL,NULL,2,'2016-07-07 11:02:15',9,'2016-03-25 12:23:58'),(246,NULL,NULL,'std','netto','EUR',NULL,NULL,'true','true',51,'01005',NULL,NULL,NULL,NULL,NULL,'Überschub-Riegel für Fix- oder Seitenteil',NULL,NULL,NULL,NULL,79.2,NULL,NULL,'Überschub-Riegel für Fix- oder Seitenteil Nirosta-Effekt.','false',NULL,1,0,NULL,0,0,0,0,'false',1,1,'false','false',NULL,NULL,NULL,2,'2016-07-07 10:57:04',9,'2016-03-25 12:29:13'),(247,NULL,NULL,'std','netto','EUR',NULL,NULL,'true','true',52,'01006',NULL,NULL,NULL,NULL,NULL,'Gegenkasten für Doppeltüren oder Seitenteil',NULL,NULL,NULL,NULL,104.64,NULL,NULL,'Gegenkasten Nirosta-Effekt für Doppeltüren oder Seitenteil.','false',NULL,1,0,NULL,0,0,0,0,'false',1,1,'false','false',NULL,NULL,NULL,2,'2016-07-07 10:47:10',9,'2016-03-25 12:33:32'),(248,NULL,NULL,'std','netto','EUR',NULL,NULL,'true','true',53,'01007',NULL,NULL,NULL,NULL,NULL,'Muschelgriff',NULL,NULL,NULL,NULL,93.6,NULL,NULL,'Muschelgriff Nirosta-Effekt (Glasbohrung 50 mm DM), ideal für Schiebetüren.','false',NULL,1,1,1,0,0,0,0.00724638,'false',1,1,'false','false',NULL,NULL,NULL,9,'2017-05-19 07:45:18',9,'2016-03-25 12:50:59'),(249,NULL,NULL,'std','netto','EUR',NULL,NULL,'true','true',54,'01008',NULL,NULL,NULL,NULL,NULL,'Griffstange',NULL,NULL,NULL,NULL,199.2,NULL,NULL,'Griffstange (Länge 720 mm) für Glasdicken 8, 10 & 12 mm.','false',NULL,2,4,NULL,0,0,0,0.0333333,'false',1,1,'false','false',NULL,NULL,NULL,9,'2017-12-18 12:05:59',9,'2016-03-25 12:53:46'),(250,NULL,NULL,'std','netto','EUR',NULL,NULL,'true','true',55,'01009',NULL,NULL,NULL,NULL,NULL,'Schiebesystem (Länge 2000 mm)',NULL,NULL,NULL,NULL,451.2,NULL,NULL,'Schiebesystem für Schiebetüren (Länge 2000 mm) Nirosta-Effekt für Glasdicken 8 & 10 mm.','false',NULL,5,4,NULL,0,0,0,0.0333333,'false',1,1,'false','false',NULL,NULL,NULL,9,'2017-12-18 12:05:59',9,'2016-03-25 12:56:16'),(251,NULL,NULL,'std','netto','EUR',NULL,NULL,'true','true',56,'01010',NULL,NULL,NULL,NULL,NULL,'Schiebesystem (Länge 3000 mm)',NULL,NULL,NULL,NULL,669.6,NULL,NULL,'Schiebesystem für Schiebetüren (Länge 3000 mm) Nirosta-Effekt für Glasdicken 8 & 10 mm.','false',NULL,5,0,NULL,0,0,0,0,'false',1,1,'false','false',NULL,NULL,NULL,2,'2016-07-07 10:56:06',9,'2016-03-25 12:59:40'),(252,NULL,NULL,'std','netto','EUR',NULL,NULL,'true','true',57,'01011',NULL,NULL,NULL,NULL,NULL,'Senk-Punktbefestigung Set',NULL,NULL,NULL,NULL,28.56,NULL,NULL,'Senk-Punktbefestigung Set (4 Stk.) PVC-Schaft mit Abdeckung für Schrauben bis 6 mm DM, Außenmaß 22 mm DM, Lochbohrung im Glas 12/21 mm.','false',NULL,1,47,NULL,0,0,0,0.00949367,'false',1,1,'false','false',NULL,NULL,NULL,9,'2017-11-21 12:41:12',9,'2016-03-25 13:13:00'),(253,NULL,NULL,'std','netto','EUR',NULL,'Stk','true','true',58,'kitchenbackplane_lochbohrung_bis_0mm',NULL,NULL,NULL,NULL,NULL,'Küchenrückwand, Lochbohrung (lt. Skizze) (Stk)',0,NULL,0,NULL,24,NULL,NULL,NULL,'false',0,0,9999999,NULL,0,0,0,0,'false',1,1,'false','false',NULL,NULL,NULL,2,'2017-05-18 05:09:58',2,'2016-04-07 10:28:06'),(254,NULL,NULL,'std','netto','EUR',NULL,'Stk','true','true',59,'wallcover_lochbohrung_bis_0mm',NULL,NULL,NULL,NULL,NULL,'Wandverkleidung, Lochbohrung (lt. Skizze) (Stk)',0,NULL,0,NULL,24,NULL,NULL,NULL,'false',0,0,9999999,NULL,0,0,0,0,'false',1,1,'false','false',NULL,NULL,NULL,2,'2017-05-18 05:09:58',2,'2016-04-07 10:28:39'),(255,NULL,NULL,'std','netto','EUR',NULL,NULL,'true','true',60,'glassdoor_8mm_durchscheinend_einfaerbig',NULL,NULL,NULL,NULL,NULL,'Glastür, 8mm, durchscheinend einfärbig (m2)',NULL,NULL,NULL,NULL,257,NULL,NULL,NULL,'false',NULL,NULL,999999,NULL,0,0,0,0,'false',1,1,'false','false',NULL,NULL,NULL,2,'2017-05-31 14:42:53',2,'2016-06-30 15:11:46'),(256,NULL,NULL,'std','netto','EUR',NULL,NULL,'true','true',61,'glassdoor_8mm_blickdicht_einfaerbig',NULL,NULL,NULL,NULL,NULL,'Glastür, 8mm, blickdicht einfärbig (m2)',NULL,NULL,NULL,NULL,276,NULL,NULL,NULL,'false',NULL,NULL,999999,NULL,0,0,0,0,'false',1,1,'false','false',NULL,NULL,NULL,2,'2017-05-31 14:41:23',2,'2016-06-30 15:12:22'),(257,NULL,NULL,'std','netto','EUR',NULL,NULL,'true','true',62,'glassdoor_10mm_durchscheinend_einfaerbig',NULL,NULL,NULL,NULL,NULL,'Glastür, 10mm, durchscheinend einfärbig (m2)',NULL,NULL,NULL,NULL,261,NULL,NULL,NULL,'false',NULL,NULL,9999999,NULL,0,0,0,0,'false',1,1,'false','false',NULL,NULL,NULL,2,'2017-05-31 14:45:25',2,'2016-06-30 15:12:56'),(258,NULL,NULL,'std','netto','EUR',NULL,NULL,'true','true',63,'glassdoor_10mm_blickdicht_einfaerbig',NULL,NULL,NULL,NULL,NULL,'Glastür, 10mm, blickdicht einfärbig (m2)',NULL,NULL,NULL,NULL,280,NULL,NULL,NULL,'false',NULL,NULL,99999999,NULL,0,0,0,0,'false',1,1,'false','false',NULL,NULL,NULL,2,'2017-05-31 14:44:39',2,'2016-06-30 15:13:49'),(259,NULL,NULL,'std','netto','EUR',NULL,NULL,'true','true',64,'aludibond',NULL,NULL,NULL,NULL,NULL,'Alu Dibond (m2)',NULL,NULL,NULL,NULL,67.5,NULL,NULL,NULL,'false',NULL,NULL,9999999,NULL,0,0,0,0,'false',1,1,'false','false',NULL,NULL,NULL,9,'2016-09-12 11:55:43',2,'2016-09-02 17:21:11'),(260,NULL,NULL,'std','netto','EUR',NULL,NULL,'true','true',65,'aludibond_picture_custom',NULL,NULL,NULL,NULL,NULL,'Alu Dibond, Eigenes Bild (m2)',0,NULL,0,NULL,130,NULL,NULL,NULL,'false',0,0,9999999,NULL,0,0,0,0,'false',1,1,'false','false',NULL,NULL,NULL,2,'2017-05-31 14:54:15',2,'2016-09-02 18:05:46'),(261,NULL,NULL,'std','netto','EUR',NULL,NULL,'true','true',66,'aludibond_picture_structure',NULL,NULL,NULL,NULL,NULL,'Alu Dibond, Strukturbild (m2)',0,NULL,0,NULL,130,NULL,NULL,NULL,'false',0,0,9999999,NULL,0,0,0,0,'false',1,1,'false','false',NULL,NULL,NULL,2,'2017-05-31 14:54:30',2,'2016-09-02 18:06:08'),(262,NULL,NULL,'std','netto','EUR',NULL,NULL,'true','true',67,'aludibond_picture_onecolor',NULL,NULL,NULL,NULL,NULL,'Alu Dibond, Einfarbiges Bild (m2)',0,NULL,0,NULL,130,NULL,NULL,NULL,'false',0,0,9999999,NULL,0,0,0,0,'false',1,1,'false','false',NULL,NULL,NULL,9,'2019-03-07 09:23:20',2,'2016-09-02 18:06:29'),(263,NULL,NULL,'std','netto','EUR',NULL,'Stk','true','true',68,'01014',NULL,NULL,NULL,NULL,NULL,'Klett-Punktbefestigung Set',NULL,NULL,NULL,NULL,1.58,NULL,NULL,NULL,'false',1,NULL,9999988,NULL,0,0,0,0.111111,'false',1,1,'false','false',NULL,NULL,NULL,9,'2017-11-21 12:41:12',2,'2016-09-20 13:06:15'),(265,NULL,NULL,'std','netto','EUR',NULL,NULL,'true','true',69,'aludibondjaf',NULL,NULL,NULL,NULL,NULL,'Alu Dibond JAF (m2)',NULL,NULL,NULL,NULL,121.2,NULL,NULL,NULL,'false',NULL,NULL,9999967,NULL,0,0,0,0.0361991,'false',1,1,'false','false',NULL,NULL,NULL,9,'2019-07-05 11:16:50',2,'2016-10-17 12:12:54'),(266,NULL,NULL,'std','netto','EUR',NULL,NULL,'true','true',70,'aludibondjaf_4mm',NULL,NULL,NULL,NULL,NULL,'Alu Dibond JAF (m2)',0,NULL,0,0,121.2,NULL,NULL,NULL,'true',0,0,9999999,0,NULL,NULL,NULL,NULL,'false',1,1,'false','false',NULL,NULL,NULL,2,'2017-05-18 05:09:58',2,'2017-05-18 05:09:58'),(267,NULL,NULL,'std','netto','EUR',NULL,NULL,'true','true',71,'aludibond_4mm',NULL,NULL,NULL,NULL,NULL,'Alu Dibond (m2)',0,NULL,0,0,69,NULL,NULL,NULL,'true',0,0,9999999,0,NULL,NULL,NULL,NULL,'false',1,1,'false','false',NULL,NULL,NULL,2,'2017-05-18 05:09:58',2,'2017-05-18 05:09:58'),(269,NULL,NULL,'std','netto','EUR',NULL,NULL,'true','true',73,'glassdoor_10mm_blickdicht_picture_custom',NULL,NULL,NULL,NULL,NULL,'Glastür, 10mm, blickdicht Eigenes Bild (m2)',0,NULL,0,0,345,NULL,NULL,NULL,'true',0,0,0,0,0,0,0,0,'false',1,1,'false','false',NULL,NULL,NULL,2,'2017-05-31 14:44:17',2,'2017-05-18 05:09:58'),(270,NULL,NULL,'std','netto','EUR',NULL,NULL,'true','true',74,'glassdoor_10mm_blickdicht_picture_onecolor',NULL,NULL,NULL,NULL,NULL,'Glastür, 10mm, blickdicht einfärbig (m2)',0,NULL,0,0,345,NULL,NULL,NULL,'true',0,0,99999,0,0,0,0,0,'false',1,1,'false','false',NULL,NULL,NULL,9,'2019-03-07 09:24:32',2,'2017-05-18 05:09:58'),(271,NULL,NULL,'std','netto','EUR',NULL,NULL,'true','true',75,'glassdoor_10mm_durchscheinend_picture_custom',NULL,NULL,NULL,NULL,NULL,'Glastür, 10mm, durchscheinend Eigenes Bild (m2)',0,NULL,0,0,327,NULL,NULL,NULL,'true',0,0,0,0,0,0,0,0,'false',1,1,'false','false',NULL,NULL,NULL,2,'2017-05-31 14:45:09',2,'2017-05-18 05:09:58'),(272,NULL,NULL,'std','netto','EUR',NULL,NULL,'true','true',76,'glassdoor_10mm_durchscheinend_picture_onecolor',NULL,NULL,NULL,NULL,NULL,'Glastür, 10mm, durchscheinend einfärbig (m2)',0,NULL,0,0,327,NULL,NULL,NULL,'true',0,0,999999,0,0,0,0,0,'false',1,1,'false','false',NULL,NULL,NULL,9,'2019-03-07 09:24:56',2,'2017-05-18 05:09:58'),(273,NULL,NULL,'std','netto','EUR',NULL,NULL,'true','true',77,'glassdoor_8mm_blickdicht_picture_custom',NULL,NULL,NULL,NULL,NULL,'Glastür, 8mm, blickdicht Eigenes Bild (m2)',0,NULL,0,0,341,NULL,NULL,NULL,'true',0,0,0,0,0,0,0,0,'false',1,1,'false','false',NULL,NULL,NULL,2,'2017-05-31 14:40:30',2,'2017-05-18 05:09:58'),(274,NULL,NULL,'std','netto','EUR',NULL,NULL,'true','true',78,'glassdoor_8mm_blickdicht_picture_onecolor',NULL,NULL,NULL,NULL,NULL,'Glastür, 8mm, blickdicht einfärbig (m2)',0,NULL,0,0,341,NULL,NULL,NULL,'true',0,0,99999,0,0,0,0,0,'false',1,1,'false','false',NULL,NULL,NULL,9,'2019-03-07 09:25:14',2,'2017-05-18 05:09:58'),(275,NULL,NULL,'std','netto','EUR',NULL,NULL,'true','true',79,'glassdoor_8mm_durchscheinend_picture_custom',NULL,NULL,NULL,NULL,NULL,'Glastür, 8mm, durchscheinend Eigenes Bild (m2)',0,NULL,0,0,323,NULL,NULL,NULL,'true',0,0,0,0,0,0,0,0,'false',1,1,'false','false',NULL,NULL,NULL,2,'2017-05-31 14:42:10',2,'2017-05-18 05:09:58'),(276,NULL,NULL,'std','netto','EUR',NULL,NULL,'true','true',80,'glassdoor_8mm_durchscheinend_picture_onecolor',NULL,NULL,NULL,NULL,NULL,'Glastür, 8mm, durchscheinend einfärbig (m2)',0,NULL,0,0,323,NULL,NULL,NULL,'true',0,0,9999,0,0,0,0,0,'false',1,1,'false','false',NULL,NULL,NULL,9,'2019-03-07 09:25:31',2,'2017-05-18 05:09:58'),(277,NULL,NULL,'std','netto','EUR',NULL,NULL,'true','true',81,'kitchenbackplane_6mm_blickdicht',NULL,NULL,NULL,NULL,NULL,'Küchenrückwand, 6mm, blickdicht (m2)',0,NULL,0,0,104,NULL,NULL,NULL,'true',0,0,9999999,0,NULL,NULL,NULL,NULL,'false',1,1,'false','false',NULL,NULL,NULL,2,'2017-05-18 05:09:58',2,'2017-05-18 05:09:58'),(278,NULL,NULL,'std','netto','EUR',NULL,'Stk','true','true',82,'klebstoff001',NULL,NULL,NULL,NULL,NULL,'Silikon-Kleber',0,NULL,0,0,40.56,NULL,NULL,NULL,'true',1,1,999996,0,NULL,NULL,NULL,NULL,'false',1,1,'false','false',NULL,NULL,NULL,2,'2017-05-18 05:09:58',2,'2017-05-18 05:09:58'),(279,NULL,NULL,'std','netto','EUR',NULL,'Stk','true','true',83,'klettpunktbefestigung_set',NULL,NULL,NULL,NULL,NULL,'Klett-Punktbefestigung Set',0,NULL,0,0,1.58,NULL,NULL,NULL,'true',1,0,9999999,0,NULL,NULL,NULL,NULL,'false',1,1,'false','false',NULL,NULL,NULL,2,'2017-05-18 05:09:58',2,'2017-05-18 05:09:58'),(280,NULL,NULL,'std','netto','EUR',NULL,NULL,'true','true',84,'wallcover_10mm_blickdicht_picture_custom',NULL,NULL,NULL,NULL,NULL,'Wandverkleidung 10mm blickdicht, Eigenes Bild (m2)',0,NULL,0,0,255,NULL,NULL,NULL,'true',0,0,0,0,0,0,0,0,'false',1,1,'false','false',NULL,NULL,NULL,2,'2017-05-31 14:19:37',2,'2017-05-18 05:09:58'),(281,NULL,NULL,'std','netto','EUR',NULL,NULL,'true','true',85,'wallcover_10mm_blickdicht_picture_onecolor',NULL,NULL,NULL,NULL,NULL,'Wandverkleidung 10mm blickdicht, Einfarbiges Bild (m2)',0,NULL,0,0,255,NULL,NULL,NULL,'true',0,0,0,0,0,0,0,0,'false',1,1,'false','false',NULL,NULL,NULL,9,'2019-03-07 09:25:50',2,'2017-05-18 05:09:58'),(282,NULL,NULL,'std','netto','EUR',NULL,NULL,'true','true',86,'wallcover_10mm_blickdicht_picture_structure',NULL,NULL,NULL,NULL,NULL,'Wandverkleidung 10mm blickdicht, Struktur Bild (m2)',0,NULL,0,0,255,NULL,NULL,NULL,'true',0,0,0,0,0,0,0,0,'false',1,1,'false','false',NULL,NULL,NULL,2,'2017-05-31 14:26:16',2,'2017-05-18 05:09:58'),(283,NULL,NULL,'std','netto','EUR',NULL,NULL,'true','true',87,'wallcover_10mm_durchscheinend_picture_custom',NULL,NULL,NULL,NULL,NULL,'Wandverkleidung 10mm durchscheinend, Eigenes Bild (m2)',0,NULL,0,0,239,NULL,NULL,NULL,'true',0,0,0,0,0,0,0,0,'false',1,1,'false','false',NULL,NULL,NULL,2,'2017-05-31 14:26:44',2,'2017-05-18 05:09:58'),(284,NULL,NULL,'std','netto','EUR',NULL,NULL,'true','true',88,'wallcover_10mm_durchscheinend_picture_onecolor',NULL,NULL,NULL,NULL,NULL,'Wandverkleidung 10mm durchscheinend, Einfarbiges Bild (m2)',0,NULL,0,0,239,NULL,NULL,NULL,'true',0,0,0,0,0,0,0,0,'false',1,1,'false','false',NULL,NULL,NULL,9,'2019-03-07 09:26:06',2,'2017-05-18 05:09:58'),(285,NULL,NULL,'std','netto','EUR',NULL,NULL,'true','true',89,'wallcover_10mm_durchscheinend_picture_structure',NULL,NULL,NULL,NULL,NULL,'Wandverkleidung 10mm durchscheinend, Struktur Bild (m2)',0,NULL,0,0,239,NULL,NULL,NULL,'true',0,0,0,0,0,0,0,0,'false',1,1,'false','false',NULL,NULL,NULL,2,'2017-05-31 14:27:19',2,'2017-05-18 05:09:58'),(286,NULL,NULL,'std','netto','EUR',NULL,NULL,'true','true',90,'wallcover_4mm_blickdicht_picture_custom',NULL,NULL,NULL,NULL,NULL,'Wandverkleidung 4mm blickdicht, Eigenes Bild (m2)',0,NULL,0,0,255,NULL,NULL,NULL,'true',0,0,0,0,0,0,0,0,'false',1,1,'false','false',NULL,NULL,NULL,2,'2017-05-31 14:29:44',2,'2017-05-18 05:09:58'),(287,NULL,NULL,'std','netto','EUR',NULL,NULL,'true','true',91,'wallcover_4mm_blickdicht_picture_onecolor',NULL,NULL,NULL,NULL,NULL,'Wandverkleidung 4mm blickdicht, Einfarbiges Bild (m2)',0,NULL,0,0,255,NULL,NULL,NULL,'true',0,0,0,0,0,0,0,0,'false',1,1,'false','false',NULL,NULL,NULL,9,'2019-03-07 09:26:22',2,'2017-05-18 05:09:58'),(288,NULL,NULL,'std','netto','EUR',NULL,NULL,'true','true',92,'wallcover_4mm_blickdicht_picture_structure',NULL,NULL,NULL,NULL,NULL,'Wandverkleidung 4mm blickdicht, Struktur Bild (m2)',0,NULL,0,0,255,NULL,NULL,NULL,'true',0,0,0,0,0,0,0,0,'false',1,1,'false','false',NULL,NULL,NULL,2,'2017-05-31 14:28:18',2,'2017-05-18 05:09:58'),(289,NULL,NULL,'std','netto','EUR',NULL,NULL,'true','true',93,'wallcover_4mm_durchscheinend_picture_custom',NULL,NULL,NULL,NULL,NULL,'Wandverkleidung 4mm durchscheinend, Eigenes Bild (m2)',0,NULL,0,0,239,NULL,NULL,NULL,'true',0,0,0,0,0,0,0,0,'false',1,1,'false','false',NULL,NULL,NULL,2,'2017-05-31 14:28:37',2,'2017-05-18 05:09:58'),(290,NULL,NULL,'std','netto','EUR',NULL,NULL,'true','true',94,'wallcover_4mm_durchscheinend_picture_onecolor',NULL,NULL,NULL,NULL,NULL,'Wandverkleidung 4mm durchscheinend, Einfarbiges Bild (m2)',0,NULL,0,0,239,NULL,NULL,NULL,'true',0,0,0,0,0,0,0,0,'false',1,1,'false','false',NULL,NULL,NULL,9,'2019-03-07 09:26:57',2,'2017-05-18 05:09:58'),(291,NULL,NULL,'std','netto','EUR',NULL,NULL,'true','true',95,'wallcover_4mm_durchscheinend_picture_structure',NULL,NULL,NULL,NULL,NULL,'Wandverkleidung 4mm durchscheinend, Struktur Bild (m2)',0,NULL,0,0,239,NULL,NULL,NULL,'true',0,0,0,0,0,0,0,0,'false',1,1,'false','false',NULL,NULL,NULL,2,'2017-05-31 14:31:27',2,'2017-05-18 05:09:58'),(292,NULL,NULL,'std','netto','EUR',NULL,NULL,'true','true',96,'wallcover_6mm_blickdicht_picture_custom',NULL,NULL,NULL,NULL,NULL,'Wandverkleidung 6mm blickdicht, Eigenes Bild (m2)',0,NULL,0,0,255,NULL,NULL,NULL,'true',0,0,0,0,0,0,0,0,'false',1,1,'false','false',NULL,NULL,NULL,2,'2017-05-31 14:32:18',2,'2017-05-18 05:09:58'),(293,NULL,NULL,'std','netto','EUR',NULL,NULL,'true','true',97,'wallcover_6mm_blickdicht_picture_onecolor',NULL,NULL,NULL,NULL,NULL,'Wandverkleidung 6mm blickdicht, Einfarbiges Bild (m2)',0,NULL,0,0,255,NULL,NULL,NULL,'true',0,0,0,0,0,0,0,0,'false',1,1,'false','false',NULL,NULL,NULL,9,'2019-03-07 09:27:15',2,'2017-05-18 05:09:58'),(294,NULL,NULL,'std','netto','EUR',NULL,NULL,'true','true',98,'wallcover_6mm_blickdicht_picture_structure',NULL,NULL,NULL,NULL,NULL,'Wandverkleidung 6mm blickdicht, Struktur Bild (m2)',0,NULL,0,0,255,NULL,NULL,NULL,'true',0,0,0,0,0,0,0,0,'false',1,1,'false','false',NULL,NULL,NULL,2,'2017-05-31 14:32:49',2,'2017-05-18 05:09:58'),(295,NULL,NULL,'std','netto','EUR',NULL,NULL,'true','true',99,'wallcover_6mm_durchscheinend_picture_custom',NULL,NULL,NULL,NULL,NULL,'Wandverkleidung 6mm durchscheinend, Eigenes Bild (m2)',0,NULL,0,0,239,NULL,NULL,NULL,'true',0,0,0,0,0,0,0,0,'false',1,1,'false','false',NULL,NULL,NULL,9,'2019-03-07 09:27:51',2,'2017-05-18 05:09:58'),(296,NULL,NULL,'std','netto','EUR',NULL,NULL,'true','true',100,'wallcover_6mm_durchscheinend_picture_onecolor',NULL,NULL,NULL,NULL,NULL,'Wandverkleidung 6mm durchscheinend, Einfarbiges Bild (m2)',0,NULL,0,0,239,NULL,NULL,NULL,'true',0,0,0,0,0,0,0,0,'false',1,1,'false','false',NULL,NULL,NULL,9,'2019-03-07 09:27:39',2,'2017-05-18 05:09:58'),(297,NULL,NULL,'std','netto','EUR',NULL,NULL,'true','true',101,'wallcover_6mm_durchscheinend_picture_structure',NULL,NULL,NULL,NULL,NULL,'Wandverkleidung 6mm durchscheinend, Struktur Bild (m2)',0,NULL,0,0,239,NULL,NULL,NULL,'true',0,0,0,0,0,0,0,0,'false',1,1,'false','false',NULL,NULL,NULL,9,'2019-03-07 09:28:07',2,'2017-05-18 05:09:58'),(298,NULL,NULL,'std','netto','EUR',NULL,NULL,'true','true',102,'wallcover_8mm_blickdicht_picture_custom',NULL,NULL,NULL,NULL,NULL,'Wandverkleidung 8mm blickdicht, Eigenes Bild (m2)',0,NULL,0,0,255,NULL,NULL,NULL,'true',0,0,0,0,0,0,0,0,'false',1,1,'false','false',NULL,NULL,NULL,2,'2017-05-31 14:34:23',2,'2017-05-18 05:09:58'),(299,NULL,NULL,'std','netto','EUR',NULL,NULL,'true','true',103,'wallcover_8mm_blickdicht_picture_onecolor',NULL,NULL,NULL,NULL,NULL,'Wandverkleidung 8mm blickdicht, Einfarbiges Bild (m2)',0,NULL,0,0,255,NULL,NULL,NULL,'true',0,0,0,0,0,0,0,0,'false',1,1,'false','false',NULL,NULL,NULL,9,'2019-03-07 09:28:21',2,'2017-05-18 05:09:58'),(300,NULL,NULL,'std','netto','EUR',NULL,NULL,'true','true',104,'wallcover_8mm_blickdicht_picture_structure',NULL,NULL,NULL,NULL,NULL,'Wandverkleidung 8mm blickdicht, Struktur Bild (m2)',0,NULL,0,0,255,NULL,NULL,NULL,'true',0,0,0,0,0,0,0,0,'false',1,1,'false','false',NULL,NULL,NULL,2,'2017-05-31 14:34:57',2,'2017-05-18 05:09:58'),(301,NULL,NULL,'std','netto','EUR',NULL,NULL,'true','true',105,'wallcover_8mm_durchscheinend_picture_custom',NULL,NULL,NULL,NULL,NULL,'Wandverkleidung 8mm durchscheinend, Eigenes Bild (m2)',0,NULL,0,0,239,NULL,NULL,NULL,'true',0,0,0,0,0,0,0,0,'false',1,1,'false','false',NULL,NULL,NULL,2,'2017-05-31 14:35:13',2,'2017-05-18 05:09:58'),(302,NULL,NULL,'std','netto','EUR',NULL,NULL,'true','true',106,'wallcover_8mm_durchscheinend_picture_onecolor',NULL,NULL,NULL,NULL,NULL,'Wandverkleidung 8mm durchscheinend, Einfarbiges Bild (m2)',0,NULL,0,0,239,NULL,NULL,NULL,'true',0,0,0,0,0,0,0,0,'false',1,1,'false','false',NULL,NULL,NULL,9,'2019-03-07 09:28:33',2,'2017-05-18 05:09:58'),(303,NULL,NULL,'std','netto','EUR',NULL,NULL,'true','true',107,'wallcover_8mm_durchscheinend_picture_structure',NULL,NULL,NULL,NULL,NULL,'Wandverkleidung 8mm durchscheinend, Struktur Bild (m2)',0,NULL,0,0,239,NULL,NULL,NULL,'true',0,0,0,0,0,0,0,0,'false',1,1,'false','false',NULL,NULL,NULL,2,'2017-05-31 14:35:53',2,'2017-05-18 05:09:58'),(304,NULL,NULL,'std','netto','EUR',NULL,NULL,'true','true',108,'Expresslieferung',NULL,NULL,NULL,NULL,NULL,'Expresslieferung',NULL,NULL,NULL,NULL,65,NULL,NULL,NULL,'false',NULL,NULL,99977,NULL,0,0,0,0.00507614,'false',1,1,'false','false',NULL,NULL,NULL,9,'2019-06-13 06:48:29',2,'2017-05-18 05:16:13'),(305,NULL,NULL,'std','netto','EUR',NULL,NULL,'true','true',109,'mustertafel_glastueren',NULL,NULL,NULL,NULL,NULL,'Mustertafel, Glastüren',NULL,NULL,NULL,NULL,300,NULL,NULL,NULL,'false',NULL,NULL,999,NULL,0,0,0,0.0333333,'false',1,1,'false','false',NULL,NULL,NULL,9,'2017-09-12 11:19:07',2,'2017-05-18 06:09:26'),(306,NULL,NULL,'std','netto','EUR',NULL,NULL,'true','true',110,'mustertafel_kuechenrückwand',NULL,NULL,NULL,NULL,NULL,'Mustertafel, Küchenrückwand',NULL,NULL,NULL,NULL,300,NULL,NULL,NULL,'false',NULL,NULL,9,NULL,0,0,0,0,'false',1,1,'false','false',NULL,NULL,NULL,9,'2017-11-24 09:30:53',2,'2017-05-18 06:10:07'),(307,NULL,NULL,'std','netto','EUR',NULL,NULL,'true','true',111,'mustertafel_wandverkleidung',NULL,NULL,NULL,NULL,NULL,'Mustertafel, Wandverkleidung',NULL,NULL,NULL,NULL,300,NULL,NULL,NULL,'false',NULL,NULL,1000,NULL,0,0,0,0,'false',1,1,'false','false',NULL,NULL,NULL,9,'2017-05-18 09:39:04',2,'2017-05-18 06:11:06'),(308,NULL,NULL,'std','netto','EUR',NULL,NULL,'true','true',112,'a4_musterkoffer_austria_glas',NULL,NULL,NULL,NULL,NULL,'A4-Musterkoffer Austria Glas',NULL,NULL,NULL,NULL,156,NULL,NULL,NULL,'false',NULL,NULL,999,NULL,0,0,0,0.0333333,'false',1,1,'false','false',NULL,NULL,NULL,9,'2017-10-02 13:13:27',2,'2017-05-18 06:11:45'),(309,NULL,NULL,'std','netto','EUR',NULL,NULL,'true','true',113,'a4_muster_inkl_wunschmotiv',NULL,NULL,NULL,NULL,NULL,'A4-Muster inkl. Wunschmotiv',NULL,NULL,NULL,NULL,38.4,NULL,NULL,NULL,'false',NULL,NULL,999,NULL,0,0,0,0.0333333,'false',1,1,'false','false',NULL,NULL,NULL,9,'2017-09-04 11:40:13',2,'2017-05-18 06:12:14'),(310,NULL,NULL,'std','netto','EUR',NULL,NULL,'true','true',114,'highfb',NULL,NULL,NULL,NULL,NULL,'Höhere Feuchtigkeitsbeständigkeit',NULL,NULL,NULL,NULL,49.9,NULL,NULL,NULL,'false',NULL,NULL,999999999,NULL,0,0,0,0,'false',1,1,'false','false',NULL,NULL,NULL,2,'2017-11-27 09:08:34',2,'2017-11-27 09:08:34'),(311,NULL,NULL,'std','netto','EUR',NULL,NULL,'true','true',115,'extrablickdicht_m2',NULL,NULL,NULL,NULL,NULL,'Extra blickdichter Druck',NULL,NULL,NULL,NULL,49.9,NULL,NULL,NULL,'false',NULL,NULL,99999999,NULL,0,0,0,0,'false',1,1,'false','false',NULL,NULL,NULL,2,'2017-12-07 10:51:54',2,'2017-12-07 10:51:54');

--
